000
CDUS43 KGRR 240518
CLIAZO


CLIMATE REPORT
NATIONAL WEATHER SERVICE GRAND RAPIDS, MI
114 AM EDT THU JUL 24 2014


...................................

...THE KALAMAZOO MI CLIMATE SUMMARY FOR JULY 23 2014...

CLIMATE NORMAL PERIOD 1981 TO 2010
CLIMATE RECORD PERIOD 9999 TO 9999


WEATHER ITEM   OBSERVED TIME   NORMAL DEPARTURE LAST
                VALUE   (LST)  VALUE  FROM      YEAR
                                      NORMAL
......................................................
TEMPERATURE (F)
 YESTERDAY
  MAXIMUM         77    458 PM  83     -6       81
  MINIMUM         58   1159 PM  62     -4       58
  AVERAGE         68            73     -5       70

PRECIPITATION (IN)
  YESTERDAY        0.06          0.12  -0.06      T
  MONTH TO DATE    2.83          2.73   0.10     3.08
  SINCE JUN 1      6.70          6.31   0.39     9.37
  SINCE JAN 1     15.12         18.75  -3.63    24.43

DEGREE DAYS
 HEATING
  YESTERDAY        0             0      0        0
  MONTH TO DATE   14             0     14        2
  SINCE JUN 1     33            48    -15       41
  SINCE JUL 1     14             0     14        2

 COOLING
  YESTERDAY        3             8     -5        5
  MONTH TO DATE   93           181    -88      227
  SINCE JUN 1    273           326    -53      373
  SINCE JAN 1    327           367    -40      453
......................................................


WIND (MPH)
  RESULTANT WIND SPEED   9   RESULTANT WIND DIRECTION   N (0)
  HIGHEST WIND SPEED    21   HIGHEST WIND DIRECTION     W (280)
  HIGHEST GUST SPEED    26   HIGHEST GUST DIRECTION     W (280)
  AVERAGE WIND SPEED     9.6


SKY COVER
  AVERAGE SKY COVER 0.7


WEATHER CONDITIONS
 THE FOLLOWING WEATHER WAS RECORDED YESTERDAY.
  THUNDERSTORM
  LIGHT RAIN


RELATIVE HUMIDITY (PERCENT)
 HIGHEST    90           400 AM
 LOWEST     46           600 PM
 AVERAGE    68

..........................................................


THE KALAMAZOO MI CLIMATE NORMALS FOR TODAY
                         NORMAL
 MAXIMUM TEMPERATURE (F)   83
 MINIMUM TEMPERATURE (F)   62


SUNRISE AND SUNSET
JULY 24 2014..........SUNRISE   627 AM EDT   SUNSET   910 PM EDT
JULY 25 2014..........SUNRISE   628 AM EDT   SUNSET   909 PM EDT


-  INDICATES NEGATIVE NUMBERS.
R  INDICATES RECORD WAS SET OR TIED.
MM INDICATES DATA IS MISSING.
T  INDICATES TRACE AMOUNT.




$$
