000
CDUS43 KGRR 010518
CLIAZO


CLIMATE REPORT
NATIONAL WEATHER SERVICE GRAND RAPIDS, MI
118 AM EDT WED OCT 1 2014


...................................

...THE KALAMAZOO MI CLIMATE SUMMARY FOR SEPTEMBER 30 2014...

CLIMATE NORMAL PERIOD 1981 TO 2010
CLIMATE RECORD PERIOD 1998 TO 2014


WEATHER ITEM   OBSERVED TIME   NORMAL DEPARTURE LAST
                VALUE   (LST)  VALUE  FROM      YEAR
                                      NORMAL
......................................................
TEMPERATURE (F)
 YESTERDAY
  MAXIMUM         56    511 PM  67    -11       72
  MINIMUM         47    611 AM  46      1       46
  AVERAGE         52            56     -4       59

PRECIPITATION (IN)
  YESTERDAY        0.21          0.10   0.11     0.00
  MONTH TO DATE    2.82          3.82  -1.00     1.73
  SINCE SEP 1      2.82          3.82  -1.00     1.73
  SINCE JAN 1     19.61         27.41  -7.80    30.82

DEGREE DAYS
 HEATING
  YESTERDAY       13             9      4        6
  MONTH TO DATE  149           130     19      119
  SINCE SEP 1    149           133     16      119
  SINCE JUL 1    181           149     32      156

 COOLING
  YESTERDAY        0             1     -1        0
  MONTH TO DATE   58            56      2       81
  SINCE SEP 1     58            56      2       81
  SINCE JAN 1    609           667    -58      709
......................................................


WIND (MPH)
  RESULTANT WIND SPEED   6   RESULTANT WIND DIRECTION   N (340)
  HIGHEST WIND SPEED    16   HIGHEST WIND DIRECTION     N (340)
  HIGHEST GUST SPEED    20   HIGHEST GUST DIRECTION     N (340)
  AVERAGE WIND SPEED     7.2


SKY COVER
  AVERAGE SKY COVER 1.0


WEATHER CONDITIONS
 THE FOLLOWING WEATHER WAS RECORDED YESTERDAY.
  LIGHT RAIN
  FOG


RELATIVE HUMIDITY (PERCENT)
 HIGHEST    93          1200 AM
 LOWEST     72           300 PM
 AVERAGE    83

..........................................................


THE KALAMAZOO MI CLIMATE NORMALS FOR TODAY
                         NORMAL
 MAXIMUM TEMPERATURE (F)   66
 MINIMUM TEMPERATURE (F)   46


SUNRISE AND SUNSET
OCTOBER  1 2014.......SUNRISE   739 AM EDT   SUNSET   724 PM EDT
OCTOBER  2 2014.......SUNRISE   740 AM EDT   SUNSET   722 PM EDT


-  INDICATES NEGATIVE NUMBERS.
R  INDICATES RECORD WAS SET OR TIED.
MM INDICATES DATA IS MISSING.
T  INDICATES TRACE AMOUNT.




$$
