191
CDUS43 KGRR 220519
CLIAZO


CLIMATE REPORT
NATIONAL WEATHER SERVICE GRAND RAPIDS, MI
118 AM EDT SAT JUL 22 2017


...................................

...THE KALAMAZOO MI CLIMATE SUMMARY FOR JULY 21 2017...

CLIMATE NORMAL PERIOD 1981 TO 2010
CLIMATE RECORD PERIOD 1998 TO 2017


WEATHER ITEM   OBSERVED TIME   NORMAL DEPARTURE LAST
                VALUE   (LST)  VALUE  FROM      YEAR
                                      NORMAL
......................................................
TEMPERATURE (F)
 YESTERDAY
  MAXIMUM         89    319 PM  83      6       89
  MINIMUM         62    521 AM  62      0       71
  AVERAGE         76            73      3       80

PRECIPITATION (IN)
  YESTERDAY        0.10          0.12  -0.02     0.40
  MONTH TO DATE    3.05          2.48   0.57     3.36
  SINCE JUN 1      4.29          6.06  -1.77     5.26
  SINCE JAN 1     19.44         18.50   0.94    16.24

DEGREE DAYS
 HEATING
  YESTERDAY        0             0      0        0
  MONTH TO DATE    0             0      0        1
  SINCE JUN 1     19            48    -29       29
  SINCE JUL 1      0             0      0        1

 COOLING
  YESTERDAY       11             8      3       15
  MONTH TO DATE  178           165     13      174
  SINCE JUN 1    350           310     40      343
  SINCE JAN 1    389           351     38      410
......................................................


WIND (MPH)
  RESULTANT WIND SPEED   0   RESULTANT WIND DIRECTION  SW (210)
  HIGHEST WIND SPEED    14   HIGHEST WIND DIRECTION     S (190)
  HIGHEST GUST SPEED    21   HIGHEST GUST DIRECTION    SE (150)
  AVERAGE WIND SPEED     4.2


SKY COVER
  AVERAGE SKY COVER 0.2


WEATHER CONDITIONS
 THE FOLLOWING WEATHER WAS RECORDED YESTERDAY.
  RAIN
  LIGHT RAIN
  FOG
  FOG W/VISIBILITY <= 1/4 MILE


RELATIVE HUMIDITY (PERCENT)
 HIGHEST    93           300 AM
 LOWEST     43           200 PM
 AVERAGE    68

..........................................................


THE KALAMAZOO MI CLIMATE NORMALS FOR TODAY
                         NORMAL
 MAXIMUM TEMPERATURE (F)   83
 MINIMUM TEMPERATURE (F)   62


SUNRISE AND SUNSET
JULY 22 2017..........SUNRISE   626 AM EDT   SUNSET   911 PM EDT
JULY 23 2017..........SUNRISE   626 AM EDT   SUNSET   910 PM EDT


-  INDICATES NEGATIVE NUMBERS.
R  INDICATES RECORD WAS SET OR TIED.
MM INDICATES DATA IS MISSING.
T  INDICATES TRACE AMOUNT.




$$
