000
CDUS43 KGRR 210517
CLIAZO


CLIMATE REPORT
NATIONAL WEATHER SERVICE GRAND RAPIDS, MI
1217 AM EST SAT JAN 21 2017


...................................

...THE KALAMAZOO MI CLIMATE SUMMARY FOR JANUARY 20 2017...

CLIMATE NORMAL PERIOD 1981 TO 2010
CLIMATE RECORD PERIOD 1998 TO 2017


WEATHER ITEM   OBSERVED TIME   NORMAL DEPARTURE LAST
                VALUE   (LST)  VALUE  FROM      YEAR
                                      NORMAL
......................................................
TEMPERATURE (F)
 YESTERDAY
  MAXIMUM         44   1159 PM  31     13       22
  MINIMUM         37   1211 PM  18     19       10
  AVERAGE         41            24     17       16

PRECIPITATION (IN)
  YESTERDAY        0.38          0.06   0.32      T
  MONTH TO DATE    2.36          1.14   1.22     0.74
  SINCE DEC 1      3.41          3.12   0.29     3.93
  SINCE JAN 1      2.36          1.14   1.22     0.74

DEGREE DAYS
 HEATING
  YESTERDAY       24            41    -17       49
  MONTH TO DATE  730           812    -82      806
  SINCE DEC 1   1883          1936    -53     1571
  SINCE JUL 1   2783          3263   -480     2636

 COOLING
  YESTERDAY        0             0      0        0
  MONTH TO DATE    0             0      0        0
  SINCE DEC 1      0             0      0        0
  SINCE JAN 1      0             0      0        0
......................................................


WIND (MPH)
  RESULTANT WIND SPEED   3   RESULTANT WIND DIRECTION   E (110)
  HIGHEST WIND SPEED    10   HIGHEST WIND DIRECTION     E (100)
  HIGHEST GUST SPEED    14   HIGHEST GUST DIRECTION     E (80)
  AVERAGE WIND SPEED     4.6


SKY COVER
  AVERAGE SKY COVER 1.0


WEATHER CONDITIONS
 THE FOLLOWING WEATHER WAS RECORDED YESTERDAY.
  RAIN
  LIGHT RAIN
  FOG
  FOG W/VISIBILITY <= 1/4 MILE


RELATIVE HUMIDITY (PERCENT)
 HIGHEST    93           900 PM
 LOWEST     85           100 AM
 AVERAGE    89

..........................................................


THE KALAMAZOO MI CLIMATE NORMALS FOR TODAY
                         NORMAL
 MAXIMUM TEMPERATURE (F)   31
 MINIMUM TEMPERATURE (F)   18


SUNRISE AND SUNSET
JANUARY 21 2017.......SUNRISE   805 AM EST   SUNSET   543 PM EST
JANUARY 22 2017.......SUNRISE   804 AM EST   SUNSET   544 PM EST


-  INDICATES NEGATIVE NUMBERS.
R  INDICATES RECORD WAS SET OR TIED.
MM INDICATES DATA IS MISSING.
T  INDICATES TRACE AMOUNT.




$$
