000
CDUS43 KGRR 312123
CLIAZO


CLIMATE REPORT
NATIONAL WEATHER SERVICE GRAND RAPIDS, MI
523 PM EDT TUE MAY 31 2016


...................................

...THE KALAMAZOO MI CLIMATE SUMMARY FOR MAY 31 2016...
VALID TODAY AS OF 0500 PM LOCAL TIME.

CLIMATE NORMAL PERIOD 1981 TO 2010
CLIMATE RECORD PERIOD 1998 TO 2016


WEATHER ITEM   OBSERVED TIME   NORMAL DEPARTURE LAST
                VALUE   (LST)  VALUE  FROM      YEAR
                                      NORMAL
......................................................
TEMPERATURE (F)
 TODAY
  MAXIMUM         85    244 PM  75     10       56
  MINIMUM         56    511 AM  53      3       48
  AVERAGE         71            64      7       52

PRECIPITATION (IN)
  TODAY            0.00          0.12  -0.12     0.66
  MONTH TO DATE    3.33          3.87  -0.54     5.82
  SINCE MAR 1      9.42          9.20   0.22     8.18
  SINCE JAN 1     10.98         12.44  -1.46     9.71

DEGREE DAYS
 HEATING
  TODAY            0             4     -4       13
  MONTH TO DATE  229           225      4      146
  SINCE MAR 1   1439          1595   -156     1561
  SINCE JUL 1   5487          6368   -881     6847

 COOLING
  TODAY            6             3      3        0
  MONTH TO DATE   65            37     28       67
  SINCE MAR 1     67            41     26       67
  SINCE JAN 1     67            41     26       67
......................................................


WIND (MPH)
  RESULTANT WIND SPEED   2   RESULTANT WIND DIRECTION   E (90)
  HIGHEST WIND SPEED    12   HIGHEST WIND DIRECTION     S (160)
  HIGHEST GUST SPEED    19   HIGHEST GUST DIRECTION     S (170)
  AVERAGE WIND SPEED     2.7


SKY COVER
  AVERAGE SKY COVER 0.0


WEATHER CONDITIONS
 THE FOLLOWING WEATHER WAS RECORDED TODAY.
  FOG


RELATIVE HUMIDITY (PERCENT)
 HIGHEST    86           500 AM
 LOWEST     28          1200 PM
 AVERAGE    57

..........................................................


THE KALAMAZOO MI CLIMATE NORMALS FOR TOMORROW
                         NORMAL
 MAXIMUM TEMPERATURE (F)   75
 MINIMUM TEMPERATURE (F)   53


SUNRISE AND SUNSET
MAY 31 2016...........SUNRISE   609 AM EDT   SUNSET   912 PM EDT
JUNE  1 2016..........SUNRISE   608 AM EDT   SUNSET   912 PM EDT


-  INDICATES NEGATIVE NUMBERS.
R  INDICATES RECORD WAS SET OR TIED.
MM INDICATES DATA IS MISSING.
T  INDICATES TRACE AMOUNT.




$$
