000
CDUS43 KGRR 150536
CLIAZO


CLIMATE REPORT
NATIONAL WEATHER SERVICE GRAND RAPIDS, MI
1235 AM EST FRI DEC 15 2017


...................................

...THE KALAMAZOO MI CLIMATE SUMMARY FOR DECEMBER 14 2017...

CLIMATE NORMAL PERIOD 1981 TO 2010
CLIMATE RECORD PERIOD 1998 TO 2017


WEATHER ITEM   OBSERVED TIME   NORMAL DEPARTURE LAST
                VALUE   (LST)  VALUE  FROM      YEAR
                                      NORMAL
......................................................
TEMPERATURE (F)
 YESTERDAY
  MAXIMUM         22    504 PM  35    -13       20
  MINIMUM          4    855 AM  23    -19        9
  AVERAGE         13            29    -16       15

PRECIPITATION (IN)
  YESTERDAY        T             0.06  -0.06      T
  MONTH TO DATE    0.40          1.03  -0.63     0.64
  SINCE DEC 1      0.40          1.03  -0.63     0.64
  SINCE JAN 1     38.96         34.79   4.17    37.12

DEGREE DAYS
 HEATING
  YESTERDAY       52            36     16       50
  MONTH TO DATE  469           472     -3      503
  SINCE DEC 1    469           472     -3      503
  SINCE JUL 1   1632          1799   -167     1403

 COOLING
  YESTERDAY        0             0      0        0
  MONTH TO DATE    0             0      0        0
  SINCE DEC 1      0             0      0        0
  SINCE JAN 1    768           675     93      912
......................................................


WIND (MPH)
  RESULTANT WIND SPEED   3   RESULTANT WIND DIRECTION  NW (330)
  HIGHEST WIND SPEED    18   HIGHEST WIND DIRECTION     N (340)
  HIGHEST GUST SPEED    23   HIGHEST GUST DIRECTION     N (360)
  AVERAGE WIND SPEED     6.4


SKY COVER
  AVERAGE SKY COVER 0.7


WEATHER CONDITIONS
 THE FOLLOWING WEATHER WAS RECORDED YESTERDAY.
  LIGHT SNOW
  FOG
  FOG W/VISIBILITY <= 1/4 MILE
  HAZE


RELATIVE HUMIDITY (PERCENT)
 HIGHEST    92          1000 AM
 LOWEST     62           400 PM
 AVERAGE    77

..........................................................


THE KALAMAZOO MI CLIMATE NORMALS FOR TODAY
                         NORMAL
 MAXIMUM TEMPERATURE (F)   35
 MINIMUM TEMPERATURE (F)   23


SUNRISE AND SUNSET
DECEMBER 15 2017......SUNRISE   804 AM EST   SUNSET   511 PM EST
DECEMBER 16 2017......SUNRISE   805 AM EST   SUNSET   511 PM EST


-  INDICATES NEGATIVE NUMBERS.
R  INDICATES RECORD WAS SET OR TIED.
MM INDICATES DATA IS MISSING.
T  INDICATES TRACE AMOUNT.




$$
