000
CDUS41 KBOX 230548
CLIBDL


CLIMATE REPORT
NATIONAL WEATHER SERVICE TAUNTON MA
1247 AM EST TUE JAN 23 2018


...................................

...THE HARTFORD CT CLIMATE SUMMARY FOR JANUARY 22 2018...

CLIMATE NORMAL PERIOD 1981 TO 2010
CLIMATE RECORD PERIOD 1904 TO 2018


WEATHER ITEM   OBSERVED TIME   RECORD YEAR NORMAL DEPARTURE LAST
                VALUE   (LST)  VALUE       VALUE  FROM      YEAR
                                                  NORMAL
..................................................................
TEMPERATURE (F)
 YESTERDAY
  MAXIMUM         38    525 PM  58    1906  34      4       53
  MINIMUM         34   1159 PM -26    1961  18     16       35
  AVERAGE         36                        26     10       44

PRECIPITATION (IN)
  YESTERDAY        0.05          1.55 1987   0.11  -0.06      T
  MONTH TO DATE    2.95                      2.29   0.66     2.03
  SINCE DEC 1      5.36                      5.73  -0.37     4.76
  SINCE JAN 1      2.95                      2.29   0.66     2.03

SNOWFALL (IN)
  YESTERDAY        0.0          10.2  1987   0.4   -0.4      0.0
  MONTH TO DATE   13.2                       8.6    4.6      4.1
  SINCE DEC 1     23.0                      16.0    7.0     14.3
  SINCE JUL 1     23.0                      18.0    5.0     15.8
  SNOW DEPTH       0

DEGREE DAYS
 HEATING
  YESTERDAY       29                        39    -10       21
  MONTH TO DATE  923                       855     68      717
  SINCE DEC 1   2082                      1892    190     1727
  SINCE JUL 1   3073                      3099    -26     2764

 COOLING
  YESTERDAY        0                         0      0        0
  MONTH TO DATE    0                         0      0        0
  SINCE DEC 1      0                         0      0        0
  SINCE JAN 1      0                         0      0        0
..................................................................


WIND (MPH)
  RESULTANT WIND SPEED   5   RESULTANT WIND DIRECTION   N (10)
  HIGHEST WIND SPEED    10   HIGHEST WIND DIRECTION     N (20)
  HIGHEST GUST SPEED    14   HIGHEST GUST DIRECTION     N (350)
  AVERAGE WIND SPEED     4.7


SKY COVER
  POSSIBLE SUNSHINE  MM
  AVERAGE SKY COVER 1.0


WEATHER CONDITIONS
 THE FOLLOWING WEATHER WAS RECORDED YESTERDAY.
  LIGHT RAIN
  FOG


RELATIVE HUMIDITY (PERCENT)
 HIGHEST   100           300 AM
 LOWEST     82          1200 AM
 AVERAGE    91

..........................................................


THE HARTFORD CT CLIMATE NORMALS FOR TODAY
                         NORMAL    RECORD    YEAR
 MAXIMUM TEMPERATURE (F)   34        60      1967
                                             1906
 MINIMUM TEMPERATURE (F)   18       -19      1961


SUNRISE AND SUNSET
JANUARY 23 2018.......SUNRISE   711 AM EST   SUNSET   454 PM EST
JANUARY 24 2018.......SUNRISE   711 AM EST   SUNSET   456 PM EST


-  INDICATES NEGATIVE NUMBERS.
R  INDICATES RECORD WAS SET OR TIED.
MM INDICATES DATA IS MISSING.
T  INDICATES TRACE AMOUNT.




$$
