000
CDUS41 KBOX 290539
CLIBDL


CLIMATE REPORT
NATIONAL WEATHER SERVICE TAUNTON MA
135 AM EDT MON MAY 29 2017


...................................

...THE HARTFORD CT CLIMATE SUMMARY FOR MAY 28 2017...

CLIMATE NORMAL PERIOD 1981 TO 2010
CLIMATE RECORD PERIOD 1904 TO 2017


WEATHER ITEM   OBSERVED TIME   RECORD YEAR NORMAL DEPARTURE LAST
                VALUE   (LST)  VALUE       VALUE  FROM      YEAR
                                                  NORMAL
..................................................................
TEMPERATURE (F)
 YESTERDAY
  MAXIMUM         72    214 PM  93    2016  75     -3       93
                                      1977
  MINIMUM         55   1159 PM  38    1997  51      4       64
  AVERAGE         64                        63      1       79

PRECIPITATION (IN)
  YESTERDAY        0.00          2.16 1906   0.15  -0.15     0.00
  MONTH TO DATE    4.17                      3.86   0.31     1.83
  SINCE MAR 1     11.87                     11.20   0.67     6.47
  SINCE JAN 1     17.85                     17.32   0.53    13.30

SNOWFALL (IN)
  YESTERDAY        0.0           0.0  2002   0.0    0.0      0.0
                                      2001
                                      2000
  MONTH TO DATE    0.0                       0.0    0.0      0.0
  SINCE MAR 1     19.6                       7.8   11.8      9.8
  SINCE JUL 1     62.3                      40.5   21.8     26.9
  SNOW DEPTH       0

DEGREE DAYS
 HEATING
  YESTERDAY        1                         4     -3        0
  MONTH TO DATE  219                       193     26      208
  SINCE MAR 1   1561                      1508     53     1368
  SINCE JUL 1   5454                      5946   -492     5044

 COOLING
  YESTERDAY        0                         2     -2       14
  MONTH TO DATE   37                        26     11       41
  SINCE MAR 1     60                        32     28       43
  SINCE JAN 1     60                        32     28       43
..................................................................


WIND (MPH)
  RESULTANT WIND SPEED   7   RESULTANT WIND DIRECTION   S (170)
  HIGHEST WIND SPEED    16   HIGHEST WIND DIRECTION     S (170)
  HIGHEST GUST SPEED    20   HIGHEST GUST DIRECTION     S (160)
  AVERAGE WIND SPEED     6.9


SKY COVER
  POSSIBLE SUNSHINE  MM
  AVERAGE SKY COVER 1.0


WEATHER CONDITIONS
 THE FOLLOWING WEATHER WAS RECORDED YESTERDAY.
  NO SIGNIFICANT WEATHER WAS OBSERVED.


RELATIVE HUMIDITY (PERCENT)
 HIGHEST    87           700 AM
 LOWEST     56           700 PM
 AVERAGE    72

..........................................................


THE HARTFORD CT CLIMATE NORMALS FOR TODAY
                         NORMAL    RECORD    YEAR
 MAXIMUM TEMPERATURE (F)   75        93      2012
                                             1987
 MINIMUM TEMPERATURE (F)   52        37      1962


SUNRISE AND SUNSET
MAY 29 2017...........SUNRISE   519 AM EDT   SUNSET   817 PM EDT
MAY 30 2017...........SUNRISE   519 AM EDT   SUNSET   818 PM EDT


-  INDICATES NEGATIVE NUMBERS.
R  INDICATES RECORD WAS SET OR TIED.
MM INDICATES DATA IS MISSING.
T  INDICATES TRACE AMOUNT.




$$
