000
CDUS41 KOKX 010617
CLIBDR


CLIMATE REPORT
NATIONAL WEATHER SERVICE NEW YORK NY
117 AM EST SUN MAR 1 2015


...................................

...THE BRIDGEPORT CT CLIMATE SUMMARY FOR FEBRUARY 28 2015...

CLIMATE NORMAL PERIOD 1981 TO 2010
CLIMATE RECORD PERIOD 1948 TO 2015


WEATHER ITEM   OBSERVED TIME   RECORD YEAR NORMAL DEPARTURE LAST
                VALUE   (LST)  VALUE       VALUE  FROM      YEAR
                                                  NORMAL
..................................................................
TEMPERATURE (F)
 YESTERDAY
  MAXIMUM         27    445 PM  67    1976  43    -16       24
  MINIMUM          6R   645 AM   9    2014  27    -21        9
  AVERAGE         17                        35    -18       17

PRECIPITATION (IN)
  YESTERDAY        0.00          2.05 1984   0.12  -0.12     0.00
  MONTH TO DATE    2.23                      2.79  -0.56     4.20
  SINCE DEC 1     11.99                      9.22   2.77    11.31
  SINCE JAN 1      6.34                      5.89   0.45     6.98

SNOWFALL (IN)
  YESTERDAY        0.0          12.6  1949   0.3   -0.3      0.0
  MONTH TO DATE   21.4                       8.1   13.3     32.1
  SINCE OCT 1     41.0                      21.6   19.4     56.5
  SINCE JUL 1     41.0                      21.6   19.4     56.5
  SNOW DEPTH      12

DEGREE DAYS
 HEATING
  YESTERDAY       48                        30     18       48
  MONTH TO DATE 1257                       912    345     1004
  SINCE DEC 1   3200                      2913    287     3095
  SINCE JUL 1   4106                      3887    219     4048

 COOLING
  YESTERDAY        0                         0      0        0
  MONTH TO DATE    0                         0      0        0
  SINCE DEC 1      0                         0      0        0
  SINCE JAN 1      0                         0      0        0
..................................................................


WIND (MPH)
  HIGHEST WIND SPEED    15   HIGHEST WIND DIRECTION    SW (220)
  HIGHEST GUST SPEED    19   HIGHEST GUST DIRECTION     N (10)
  AVERAGE WIND SPEED     6.1


SKY COVER
  AVERAGE SKY COVER 0.0


WEATHER CONDITIONS
 THE FOLLOWING WEATHER WAS RECORDED YESTERDAY.
  NO SIGNIFICANT WEATHER WAS OBSERVED.


RELATIVE HUMIDITY (PERCENT)
 HIGHEST    73          1100 PM
 LOWEST     37           100 PM
 AVERAGE    55

..........................................................


THE BRIDGEPORT CT CLIMATE NORMALS FOR TODAY
                         NORMAL    RECORD    YEAR
 MAXIMUM TEMPERATURE (F)   43        59      1972
 MINIMUM TEMPERATURE (F)   28         6      1980


SUNRISE AND SUNSET
MARCH  1 2015.........SUNRISE   627 AM EST   SUNSET   543 PM EST
MARCH  2 2015.........SUNRISE   626 AM EST   SUNSET   544 PM EST


-  INDICATES NEGATIVE NUMBERS.
R  INDICATES RECORD WAS SET OR TIED.
MM INDICATES DATA IS MISSING.
T  INDICATES TRACE AMOUNT.




$$
