000
CDUS41 KOKX 180644
CLIBDR


CLIMATE REPORT
NATIONAL WEATHER SERVICE NEW YORK NY
244 AM EDT FRI AUG 18 2017


...................................

...THE BRIDGEPORT CT CLIMATE SUMMARY FOR AUGUST 17 2017...

CLIMATE NORMAL PERIOD 1981 TO 2010
CLIMATE RECORD PERIOD 1948 TO 2017


WEATHER ITEM   OBSERVED TIME   RECORD YEAR NORMAL DEPARTURE LAST
                VALUE   (LST)  VALUE       VALUE  FROM      YEAR
                                                  NORMAL
..................................................................
TEMPERATURE (F)
 YESTERDAY
  MAXIMUM         78    428 PM  92    1959  81     -3       86
  MINIMUM         65    530 AM  53    1981  66     -1       75
  AVERAGE         72                        74     -2       81

PRECIPITATION (IN)
  YESTERDAY        0.00          1.25 1977   0.13  -0.13      T
  MONTH TO DATE    2.41                      2.25   0.16     2.77
  SINCE JUN 1      7.35                      9.32  -1.97     8.83
  SINCE JAN 1     27.19                     27.19   0.00    24.37

SNOWFALL (IN)
  YESTERDAY        0.0           0.0  2002   0.0    0.0      0.0
                                      2001
  MONTH TO DATE    0.0                       0.0    0.0      0.0
  SINCE OCT 1     40.9                      27.6   13.3     27.3
  SINCE JUL 1      0.0                       0.0    0.0      0.0
  SNOW DEPTH       0

DEGREE DAYS
 HEATING
  YESTERDAY        0                         0      0        0
  MONTH TO DATE    0                         0      0        0
  SINCE JUN 1     25                        33     -8        4
  SINCE JUL 1      0                         1     -1        0

 COOLING
  YESTERDAY        7                         9     -2       16
  MONTH TO DATE  151                       158     -7      245
  SINCE JUN 1    688                       590     98      814
  SINCE JAN 1    732                       614    118      872
..................................................................


WIND (MPH)
  HIGHEST WIND SPEED    10   HIGHEST WIND DIRECTION    NE (30)
  HIGHEST GUST SPEED    14   HIGHEST GUST DIRECTION     N (20)
  AVERAGE WIND SPEED     5.8


SKY COVER
  AVERAGE SKY COVER 0.1


WEATHER CONDITIONS
 THE FOLLOWING WEATHER WAS RECORDED YESTERDAY.
  NO SIGNIFICANT WEATHER WAS OBSERVED.


RELATIVE HUMIDITY (PERCENT)
 HIGHEST    84          1100 PM
 LOWEST     43           100 PM
 AVERAGE    64

..........................................................


THE BRIDGEPORT CT CLIMATE NORMALS FOR TODAY
                         NORMAL    RECORD    YEAR
 MAXIMUM TEMPERATURE (F)   81        93      2002
                                             1956
 MINIMUM TEMPERATURE (F)   66        53      1981


SUNRISE AND SUNSET
AUGUST 18 2017........SUNRISE   605 AM EDT   SUNSET   747 PM EDT
AUGUST 19 2017........SUNRISE   606 AM EDT   SUNSET   745 PM EDT


-  INDICATES NEGATIVE NUMBERS.
R  INDICATES RECORD WAS SET OR TIED.
MM INDICATES DATA IS MISSING.
T  INDICATES TRACE AMOUNT.




$$
