000
CDUS41 KOKX 032044
CLIBDR


CLIMATE REPORT
NATIONAL WEATHER SERVICE NEW YORK NY
443 PM EDT WED JUN 3 2015


...................................

...THE BRIDGEPORT CT CLIMATE SUMMARY FOR JUNE 3 2015...
VALID TODAY AS OF 0400 PM LOCAL TIME.

CLIMATE NORMAL PERIOD 1981 TO 2010
CLIMATE RECORD PERIOD 1948 TO 2015


WEATHER ITEM   OBSERVED TIME   RECORD YEAR NORMAL DEPARTURE LAST
                VALUE   (LST)  VALUE       VALUE  FROM      YEAR
                                                  NORMAL
..................................................................
TEMPERATURE (F)
 TODAY
  MAXIMUM         67    253 PM  85    1999  73     -6       75
  MINIMUM         47    510 AM  44    1986  57    -10       60
  AVERAGE         57                        65     -8       68

PRECIPITATION (IN)
  TODAY            0.00          1.36 2006   0.15  -0.15     0.04
  MONTH TO DATE    0.92                      0.44   0.48     0.04
  SINCE JUN 1      0.92                      0.44   0.48     0.04
  SINCE JAN 1     15.22                     18.31  -3.09    21.70

SNOWFALL (IN)
  TODAY            0.0           0.0  2002   0.0    0.0      0.0
                                      2001
  MONTH TO DATE    0.0                       0.0    0.0      0.0
  SINCE OCT 1     59.7                      27.6   32.1     57.4
  SINCE JUL 1     59.7                      27.6   32.1     57.4
  SNOW DEPTH       0

DEGREE DAYS
 HEATING
  TODAY            8                         2      6        0
  MONTH TO DATE   32                         8     24        2
  SINCE JUN 1     32                         8     24        2
  SINCE JUL 1   5653                      5368    285     5616

 COOLING
  TODAY            0                         2     -2        3
  MONTH TO DATE    0                         6     -6        6
  SINCE JUN 1      0                         6     -6        6
  SINCE JAN 1     54                        30     24       29
..................................................................


WIND (MPH)
  HIGHEST WIND SPEED    MM   HIGHEST WIND DIRECTION    MM
  HIGHEST GUST SPEED    MM   HIGHEST GUST DIRECTION    MM
  AVERAGE WIND SPEED    MM


SKY COVER
  AVERAGE SKY COVER 0.2


WEATHER CONDITIONS
 THE FOLLOWING WEATHER WAS RECORDED TODAY.
  NO SIGNIFICANT WEATHER WAS OBSERVED.


RELATIVE HUMIDITY (PERCENT)
 HIGHEST    MM
 LOWEST     MM
 AVERAGE    MM

..........................................................


THE BRIDGEPORT CT CLIMATE NORMALS FOR TOMORROW
                         NORMAL    RECORD    YEAR
 MAXIMUM TEMPERATURE (F)   74        86      1971
 MINIMUM TEMPERATURE (F)   57        45      1976


SUNRISE AND SUNSET
JUNE  3 2015..........SUNRISE   521 AM EDT   SUNSET   820 PM EDT
JUNE  4 2015..........SUNRISE   521 AM EDT   SUNSET   821 PM EDT


-  INDICATES NEGATIVE NUMBERS.
R  INDICATES RECORD WAS SET OR TIED.
MM INDICATES DATA IS MISSING.
T  INDICATES TRACE AMOUNT.




$$
