000
CDUS41 KOKX 290617
CLIBDR


CLIMATE REPORT
NATIONAL WEATHER SERVICE NEW YORK NY
117 AM EST MON DEC 29 2014


...................................

...THE BRIDGEPORT CT CLIMATE SUMMARY FOR DECEMBER 28 2014...

CLIMATE NORMAL PERIOD 1981 TO 2010
CLIMATE RECORD PERIOD 1948 TO 2014


WEATHER ITEM   OBSERVED TIME   RECORD YEAR NORMAL DEPARTURE LAST
                VALUE   (LST)  VALUE       VALUE  FROM      YEAR
                                                  NORMAL
..................................................................
TEMPERATURE (F)
 YESTERDAY
  MAXIMUM         53    326 PM  59    2008  39     14       48
  MINIMUM         41   1159 PM   5    1950  25     16       29
  AVERAGE         47                        32     15       39

PRECIPITATION (IN)
  YESTERDAY        0.08          1.32 1967   0.09  -0.01     0.00
  MONTH TO DATE    5.65                      3.04   2.61     3.02
  SINCE DEC 1      5.65                      3.04   2.61     3.02
  SINCE JAN 1     46.21                     42.45   3.76    35.35

SNOWFALL (IN)
  YESTERDAY        0.0           7.1  1990   0.3   -0.3      0.0
  MONTH TO DATE    0.7                       4.4   -3.7     10.9
  SINCE OCT 1      0.9                       5.1   -4.2     11.0
  SINCE JUL 1      0.9                       5.1   -4.2     11.0
  SNOW DEPTH       0

DEGREE DAYS
 HEATING
  YESTERDAY       18                        33    -15       26
  MONTH TO DATE  697                       820   -123      824
  SINCE DEC 1    697                       820   -123      824
  SINCE JUL 1   1603                      1794   -191     1777

 COOLING
  YESTERDAY        0                         0      0        0
  MONTH TO DATE    0                         0      0        0
  SINCE DEC 1      0                         0      0        0
  SINCE JAN 1    884                       825     59     1003
..................................................................


WIND (MPH)
  HIGHEST WIND SPEED    17   HIGHEST WIND DIRECTION    NW (300)
  HIGHEST GUST SPEED    23   HIGHEST GUST DIRECTION     W (290)
  AVERAGE WIND SPEED     8.2


SKY COVER
  AVERAGE SKY COVER 0.6


WEATHER CONDITIONS
 THE FOLLOWING WEATHER WAS RECORDED YESTERDAY.
  LIGHT RAIN
  FOG


RELATIVE HUMIDITY (PERCENT)
 HIGHEST    92           900 AM
 LOWEST     56           700 PM
 AVERAGE    74

..........................................................


THE BRIDGEPORT CT CLIMATE NORMALS FOR TODAY
                         NORMAL    RECORD    YEAR
 MAXIMUM TEMPERATURE (F)   39        58      1984
 MINIMUM TEMPERATURE (F)   25        10      1993


SUNRISE AND SUNSET
DECEMBER 29 2014......SUNRISE   717 AM EST   SUNSET   432 PM EST
DECEMBER 30 2014......SUNRISE   718 AM EST   SUNSET   433 PM EST


-  INDICATES NEGATIVE NUMBERS.
R  INDICATES RECORD WAS SET OR TIED.
MM INDICATES DATA IS MISSING.
T  INDICATES TRACE AMOUNT.




$$
