000
CDAK48 PABE 271139
CLIBET

CLIMATE REPORT
NATIONAL WEATHER SERVICE BETHEL, AK
239 AM AKST SAT DEC 27 2014

...................................
...THE BETHEL AP CLIMATE SUMMARY FOR DECEMBER 26 2014...

CLIMATE NORMAL PERIOD  1981 TO  2010
CLIMATE RECORD PERIOD  1923 TO  2014

WEATHER ITEM   OBSERVED TIME    RECORD YEAR NORMAL DEPARTURE LAST
               VALUE    (LST)   VALUE       VALUE  FROM      YEAR
                                                   NORMAL
...................................................................
TEMPERATURE
YESTERDAY
 MAXIMUM            34  1159 PM    44  1985     15      19     -6
 MINIMUM             8  0837 AM   -40  1957      2       6     -9
 AVERAGE            21                           8      13     -8

PRECIPITATION
(INCHES)
 YESTERDAY        0.10           0.66  1936   0.04    0.06   0.00
 MONTH TO DATE    1.02                        0.96    0.06   1.88
 SINCE DEC 1      1.02                        0.96    0.06   1.88
 SINCE JAN 1     15.25                       18.38   -3.13  21.59

SNOWFALL
(INCHES)
 YESTERDAY         0.8            5.0  1934    0.4     0.4    0.0
 MONTH TO DATE     6.5                         9.7    -3.2    5.9
 SINCE DEC 1       6.5                         9.7    -3.2    5.9
 SINCE JUL 1      18.7                        27.6    -8.9   12.8
 SNOW DEPTH (IN)     4                                          2

DEGREE DAYS
 HEATING
  YESTERDAY         44                          57     -13     73
  MONTH TO DATE   1259                        1408    -149   1264
  SINCE DEC 1     1259                        1408    -149   1262
  SINCE JUL 1     4534                        5138    -604   4615

 COOLING
  YESTERDAY          0                           0       0      0
  MONTH TO DATE      0                           0       0      0
  SINCE DEC 1        0                           0       0      0
  SINCE JAN 1        0                           0       0     18
...................................................................

WIND (MPH)
 HIGHEST WIND SPEED    17     HIGHEST WIND DIRECTION    160
 HIGHEST GUST SPEED    21     HIGHEST GUST DIRECTION    160
 AVERAGE WIND SPEED   7.9

SKY COVER
  POSSIBLE SUNSHINE    MM          AVERAGE SKY COVER     MM

WEATHER CONDITIONS
 THE FOLLOWING WEATHER WAS RECORDED YESTERDAY.
  FOG
RAIN
SNOW


RELATIVE HUMIDITY
 HIGHEST RH     MM PERCENT       MM
 LOWEST  RH     MM PERCENT       MM
 AVERAGE RH     MM PERCENT       MM
...................................................................

THE BETHEL CLIMATE NORMALS FOR TODAY
                           NORMAL    RECORD   YEAR
 MAXIMUM TEMPERATURE (F)     14        40     1993
 MINIMUM TEMPERATURE (F)      2       -35     1974

SUNRISE AND SUNSET
 DEC 27 2014..........SUNRISE 10:59 AM      SUNSET  4:39 PM
 DEC 28 2014..........SUNRISE 10:59 AM      SUNSET  4:40 PM

-  INDICATES NEGATIVE NUMBERS.
R  INDICATES RECORD HAS BEEN SET OR TIED.
MM INDICATES DATA IS MISSING.
T  INDICATES TRACE OF PRECIPITATION.

&&
-------------------------------------------------------------------

AMOUNT OF DAYLIGHT TODAY  (HOUR:MIN)........5 HOURS 40 MINUTES
GAIN/LOSS SINCE YESTERDAY (HOUR:MIN:SEC)....+0:01:04

$$
ANDERSON
