000
CDAK48 PAFC 171306
CLIBET


CLIMATE REPORT
NATIONAL WEATHER SERVICE ANCHORAGE, AK
405 AM AKST SUN DEC 17 2017


...................................

...THE BETHEL CLIMATE SUMMARY FOR DECEMBER 16 2017...

CLIMATE NORMAL PERIOD 1981 TO 2010
CLIMATE RECORD PERIOD 1948 TO 2017


WEATHER ITEM   OBSERVED TIME   RECORD YEAR NORMAL DEPARTURE LAST
                VALUE   (LST)  VALUE       VALUE  FROM      YEAR
                                                  NORMAL
..................................................................
TEMPERATURE (F)
 YESTERDAY
  MAXIMUM         34    751 AM  46    1924  17     17       36
  MINIMUM         25   1159 PM -33    1998   4     21       32
  AVERAGE         30                        10     20       34

PRECIPITATION (IN)
  YESTERDAY        0.03          0.66 1992   0.04  -0.01     0.01
  MONTH TO DATE    0.51                      0.61  -0.10     0.06
  SINCE SEP 1      9.25                      6.61   2.64     4.44
  SINCE JAN 1     24.18                     18.03   6.15    15.36

SNOWFALL (IN)
  YESTERDAY        0.3           8.0  1992   0.3    0.0     MM
  MONTH TO DATE    3.6                       6.2   -2.6       T
  SINCE SEP 1     10.9                      24.1  -13.2      3.6
  SINCE JUL 1     10.9                      24.1  -13.2      3.6
  SNOW DEPTH       2

DEGREE DAYS
 HEATING
  YESTERDAY       35                        55    -20       31
  MONTH TO DATE  635                       850   -215      983
  SINCE DEC 1    635                       850   -215      983
  SINCE JUL 1   3801                      4573   -772     4211

 COOLING
  YESTERDAY        0                         0      0        0
  MONTH TO DATE    0                         0      0        0
  SINCE DEC 1      0                         0      0        0
  SINCE JAN 1      6                         4      2       13
..................................................................


WIND (MPH)
  RESULTANT WIND SPEED  12   RESULTANT WIND DIRECTION  SE (140)
  HIGHEST WIND SPEED    29   HIGHEST WIND DIRECTION     S (160)
  HIGHEST GUST SPEED    37   HIGHEST GUST DIRECTION    SE (150)
  AVERAGE WIND SPEED    13.0



WEATHER CONDITIONS
 THE FOLLOWING WEATHER WAS RECORDED YESTERDAY.
  LIGHT SNOW
  FOG


RELATIVE HUMIDITY (PERCENT)
 HIGHEST   100
 LOWEST     72
 AVERAGE    86

..........................................................


THE BETHEL CLIMATE NORMALS FOR TODAY
                         NORMAL    RECORD    YEAR
 MAXIMUM TEMPERATURE (F)   17        40      1945
 MINIMUM TEMPERATURE (F)    4       -39      1936


SUNRISE AND SUNSET
DECEMBER 17 2017......SUNRISE  1055 AM AKST  SUNSET   433 PM AKST
DECEMBER 18 2017......SUNRISE  1055 AM AKST  SUNSET   433 PM AKST


-  INDICATES NEGATIVE NUMBERS.
R  INDICATES RECORD WAS SET OR TIED.
MM INDICATES DATA IS MISSING.
T  INDICATES TRACE AMOUNT.




$$
