000
CDAK48 PABE 292205
CLIBET

CLIMATE REPORT
NATIONAL WEATHER SERVICE BETHEL, AK
205 PM AKDT FRI AUG 29 2014

...................................
...THE BETHEL AP CLIMATE SUMMARY FOR AUGUST 29 2014...
VALID TODAY AS OF 2:00 PM LOCAL TIME

CLIMATE NORMAL PERIOD  1981 TO  2010
CLIMATE RECORD PERIOD  1923 TO  2014

WEATHER ITEM   OBSERVED TIME    RECORD YEAR NORMAL DEPARTURE LAST
               VALUE    (LST)   VALUE       VALUE  FROM      YEAR
                                                   NORMAL
...................................................................
TEMPERATURE
TODAY
 MAXIMUM            52  1228 PM    78  1923     58      -6     60
 MINIMUM            42  0658 AM    30  1955     45      -3     41
 AVERAGE            47                          52      -5     51

PRECIPITATION
(INCHES)
 TODAY            0.00           1.72  2001   0.10   -0.10   0.00
 MONTH TO DATE    2.02                        3.05   -1.03   3.16
 SINCE JUN 1      6.27                        7.13   -0.86   7.06
 SINCE JAN 1      9.31                       11.22   -1.91  10.36

SNOWFALL
(INCHES)
 TODAY             0.0            0.0  2014    0.0     0.0    0.0
 MONTH TO DATE     0.0                         0.0     0.0    0.0
 SINCE JUN 1       0.0                         0.0     0.0    0.0
 SINCE JUL 1       0.0                         0.0     0.0    0.0
 SNOW DEPTH (IN)     0                                          0

DEGREE DAYS
 HEATING
  TODAY             18                          13       5     14
  MONTH TO DATE    213                         330    -117    288
  SINCE JUN 1      906                         991     -85    841
  SINCE JUL 1      486                         614    -128    553

 COOLING
  TODAY              0                           0       0      0
  MONTH TO DATE      0                           0       0      0
  SINCE JUN 1        0                           0       0     18
  SINCE JAN 1        0                           0       0     18
...................................................................

WIND (MPH)
 HIGHEST WIND SPEED    12     HIGHEST WIND DIRECTION    310
 HIGHEST GUST SPEED    15     HIGHEST GUST DIRECTION    290
 AVERAGE WIND SPEED    MM

SKY COVER
  POSSIBLE SUNSHINE  MM            AVERAGE SKY COVER MM

WEATHER CONDITIONS
 THE FOLLOWING WEATHER WAS RECORDED TODAY.
NO SIGNIFICANT WEATHER WAS OBSERVED.

RELATIVE HUMIDITY
 HIGHEST RH     MM PERCENT       MM
 LOWEST  RH     MM PERCENT       MM
 AVERAGE RH     MM PERCENT       MM
...................................................................

THE BETHEL CLIMATE NORMALS FOR TOMORROW
                        NORMAL    RECORD   YEAR
 MAXIMUM TEMPERATURE      58        66     1923
 MINIMUM TEMPERATURE      45        30     1927

SUNRISE AND SUNSET
 AUG 29 2014..........SUNRISE  7:34 AM      SUNSET 10:02 PM
 AUG 30 2014..........SUNRISE  7:36 AM      SUNSET  9:59 PM

-  INDICATES NEGATIVE NUMBERS.
R  INDICATES RECORD HAS BEEN SET OR TIED.
MM INDICATES DATA IS MISSING.
T  INDICATES TRACE OF PRECIPITATION.

&&
-------------------------------------------------------------------

AMOUNT OF DAYLIGHT TODAY  (HOUR:MIN)........14 HOURS 28 MINUTES
GAIN/LOSS SINCE YESTERDAY (HOUR:MIN:SEC)....-0:05:32

$$
BW AUG 14
