000
CDAK48 PAFC 171300
CLIBET


CLIMATE REPORT
NATIONAL WEATHER SERVICE ANCHORAGE, AK
500 AM AKDT THU AUG 17 2017


...................................

...THE BETHEL CLIMATE SUMMARY FOR AUGUST 16 2017...

CLIMATE NORMAL PERIOD 1981 TO 2010
CLIMATE RECORD PERIOD 1948 TO 2017


WEATHER ITEM   OBSERVED TIME   RECORD YEAR NORMAL DEPARTURE LAST
                VALUE   (LST)  VALUE       VALUE  FROM      YEAR
                                                  NORMAL
..................................................................
TEMPERATURE (F)
 YESTERDAY
  MAXIMUM         55        MM  79    1950  60     -5       70
  MINIMUM         44        MM  34    1981  47     -3       55
  AVERAGE         50                        54     -4       63

PRECIPITATION (IN)
  YESTERDAY        0.05          0.86 1957   0.11  -0.06     0.10
  MONTH TO DATE    3.50                      1.68   1.82     1.34
  SINCE JUN 1      8.50                      5.76   2.74     5.75
  SINCE JAN 1     13.47                      9.85   3.62     8.99

SNOWFALL (IN)
  YESTERDAY        0.0          MM      MM   0.0    0.0      0.0
  MONTH TO DATE    0.0                       0.0    0.0      0.0
  SINCE JUN 1      0.0                       T      0.0      0.0
  SINCE JUL 1      0.0                       0.0    0.0      0.0
  SNOW DEPTH       0

DEGREE DAYS
 HEATING
  YESTERDAY       15                        11      4        2
  MONTH TO DATE  118                       170    -52       95
  SINCE JUN 1    608                       826   -218      532
  SINCE JUL 1    333                       448   -115      259

 COOLING
  YESTERDAY        0                         0      0        0
  MONTH TO DATE    3                         0      3        0
  SINCE JUN 1      6                         3      3       13
  SINCE JAN 1      6                         3      3       13
..................................................................


WIND (MPH)
  RESULTANT WIND SPEED   6   RESULTANT WIND DIRECTION   W (290)
  HIGHEST WIND SPEED    13   HIGHEST WIND DIRECTION     W (250)
  HIGHEST GUST SPEED    MM   HIGHEST GUST DIRECTION    MM
  AVERAGE WIND SPEED     7.9



WEATHER CONDITIONS
 THE FOLLOWING WEATHER WAS RECORDED YESTERDAY.
  LIGHT RAIN
  FOG


RELATIVE HUMIDITY (PERCENT)
 HIGHEST    93
 LOWEST     54
 AVERAGE    74

..........................................................


THE BETHEL CLIMATE NORMALS FOR TODAY
                         NORMAL    RECORD    YEAR
 MAXIMUM TEMPERATURE (F)   60        79      2004
 MINIMUM TEMPERATURE (F)   47        34      1960


SUNRISE AND SUNSET
AUGUST 17 2017........SUNRISE   704 AM AKDT  SUNSET  1036 PM AKDT
AUGUST 18 2017........SUNRISE   706 AM AKDT  SUNSET  1034 PM AKDT


-  INDICATES NEGATIVE NUMBERS.
R  INDICATES RECORD WAS SET OR TIED.
MM INDICATES DATA IS MISSING.
T  INDICATES TRACE AMOUNT.




$$
