608
CDUS41 KCTP 240626
CLIBFD


CLIMATE REPORT
NATIONAL WEATHER SERVICE STATE COLLEGE PA
225 AM EDT TUE MAY 24 2016


...................................

...THE BRADFORD CLIMATE SUMMARY FOR MAY 23 2016...

CLIMATE NORMAL PERIOD 1981 TO 2010
CLIMATE RECORD PERIOD 1957 TO 2016


WEATHER ITEM   OBSERVED TIME   RECORD YEAR NORMAL DEPARTURE LAST
                VALUE   (LST)  VALUE       VALUE  FROM      YEAR
                                                  NORMAL
..................................................................
TEMPERATURE (F)
 YESTERDAY
  MAXIMUM         75    309 PM  84    1991  68      7       67
  MINIMUM         41    134 AM  24    2015  43     -2       24
  AVERAGE         58                        55      3       46

PRECIPITATION (IN)
  YESTERDAY        0.00          1.07 1984   0.15  -0.15     0.00
  MONTH TO DATE    3.21                      3.04   0.17     1.48
  SINCE MAR 1      9.82                      9.96  -0.14     8.05
  SINCE JAN 1     14.43                     15.60  -1.17    10.89

DEGREE DAYS
 HEATING
  YESTERDAY        7                         6      1       19
  MONTH TO DATE  355                       200    155      189
  SINCE MAR 1   1790                      1881    -91     1978
  SINCE JUL 1   6490                      7451   -961     7877

 COOLING
  YESTERDAY        0                         0      0        0
  MONTH TO DATE    0                         0      0       30
  SINCE MAR 1      0                         2     -2       30
  SINCE JAN 1      0                         2     -2       30
..................................................................


WIND (MPH)
  HIGHEST WIND SPEED    15   HIGHEST WIND DIRECTION     N (360)
  HIGHEST GUST SPEED    22   HIGHEST GUST DIRECTION     N (350)
  AVERAGE WIND SPEED     5.8


SKY COVER
  POSSIBLE SUNSHINE  MM
  AVERAGE SKY COVER 0.2


WEATHER CONDITIONS
 THE FOLLOWING WEATHER WAS RECORDED YESTERDAY.
  FOG
  FOG W/VISIBILITY <= 1/4 MILE


RELATIVE HUMIDITY (PERCENT)
 HIGHEST   100           500 AM
 LOWEST     27           200 PM
 AVERAGE    64

..........................................................


THE BRADFORD CLIMATE NORMALS FOR TODAY
                         NORMAL    RECORD    YEAR
 MAXIMUM TEMPERATURE (F)   68        85      1972
 MINIMUM TEMPERATURE (F)   43        22      1963


SUNRISE AND SUNSET
MAY 24 2016...........SUNRISE   547 AM EDT   SUNSET   837 PM EDT
MAY 25 2016...........SUNRISE   546 AM EDT   SUNSET   838 PM EDT


-  INDICATES NEGATIVE NUMBERS.
R  INDICATES RECORD WAS SET OR TIED.
MM INDICATES DATA IS MISSING.
T  INDICATES TRACE AMOUNT.




$$
