000
CDUS41 KCTP 220623
CLIBFD


CLIMATE REPORT
NATIONAL WEATHER SERVICE STATE COLLEGE PA
223 AM EDT TUE AUG 22 2017


...................................

...THE BRADFORD CLIMATE SUMMARY FOR AUGUST 21 2017...

CLIMATE NORMAL PERIOD 1981 TO 2010
CLIMATE RECORD PERIOD 1957 TO 2017


WEATHER ITEM   OBSERVED TIME   RECORD YEAR NORMAL DEPARTURE LAST
                VALUE   (LST)  VALUE       VALUE  FROM      YEAR
                                                  NORMAL
..................................................................
TEMPERATURE (F)
 YESTERDAY
  MAXIMUM         82    501 PM  86    1959  75      7       72
  MINIMUM         54   1231 AM  34    1984  52      2       56
  AVERAGE         68                        64      4       64

PRECIPITATION (IN)
  YESTERDAY        0.03          1.58 1964   0.15  -0.12     1.03
  MONTH TO DATE    1.02                      2.83  -1.81     6.66
  SINCE JUN 1     12.60                     11.93   0.67    14.19
  SINCE JAN 1     33.80                     28.67   5.13    28.62

DEGREE DAYS
 HEATING
  YESTERDAY        0                         1     -1        1
  MONTH TO DATE   26                        13     13        1
  SINCE JUN 1    182                       222    -40      124
  SINCE JUL 1     50                        77    -27       32

 COOLING
  YESTERDAY        3                         2      1        0
  MONTH TO DATE   37                        42     -5      122
  SINCE JUN 1    198                       156     42      275
  SINCE JAN 1    217                       166     51      294
..................................................................


WIND (MPH)
  HIGHEST WIND SPEED    13   HIGHEST WIND DIRECTION     W (290)
  HIGHEST GUST SPEED    19   HIGHEST GUST DIRECTION    SW (240)
  AVERAGE WIND SPEED     3.9


SKY COVER
  POSSIBLE SUNSHINE  MM
  AVERAGE SKY COVER 0.2


WEATHER CONDITIONS
 THE FOLLOWING WEATHER WAS RECORDED YESTERDAY.
  THUNDERSTORM
  LIGHT RAIN
  FOG


RELATIVE HUMIDITY (PERCENT)
 HIGHEST   100          1200 AM
 LOWEST     43           500 PM
 AVERAGE    72

..........................................................


THE BRADFORD CLIMATE NORMALS FOR TODAY
                         NORMAL    RECORD    YEAR
 MAXIMUM TEMPERATURE (F)   75        83      1959
 MINIMUM TEMPERATURE (F)   52        32      1982


SUNRISE AND SUNSET
AUGUST 22 2017........SUNRISE   630 AM EDT   SUNSET   804 PM EDT
AUGUST 23 2017........SUNRISE   631 AM EDT   SUNSET   802 PM EDT


-  INDICATES NEGATIVE NUMBERS.
R  INDICATES RECORD WAS SET OR TIED.
MM INDICATES DATA IS MISSING.
T  INDICATES TRACE AMOUNT.




$$
