615
CDUS41 KCTP 280617
CLIBFD


CLIMATE REPORT
NATIONAL WEATHER SERVICE STATE COLLEGE PA
217 AM EDT THU JUL 28 2016


...................................

...THE BRADFORD CLIMATE SUMMARY FOR JULY 27 2016...

CLIMATE NORMAL PERIOD 1981 TO 2010
CLIMATE RECORD PERIOD 1957 TO 2016


WEATHER ITEM   OBSERVED TIME   RECORD YEAR NORMAL DEPARTURE LAST
                VALUE   (LST)  VALUE       VALUE  FROM      YEAR
                                                  NORMAL
..................................................................
TEMPERATURE (F)
 YESTERDAY
  MAXIMUM         83    433 PM  85    1983  77      6       84
  MINIMUM         51    510 AM  38    2001  53     -2       56
  AVERAGE         67                        65      2       70

PRECIPITATION (IN)
  YESTERDAY        0.00          1.22 1984   0.13  -0.13     0.00
  MONTH TO DATE    3.86                      3.65   0.21     2.45
  SINCE JUN 1      6.88                      8.56  -1.68     9.92
  SINCE JAN 1     21.31                     25.30  -3.99    22.35

DEGREE DAYS
 HEATING
  YESTERDAY        0                         0      0        0
  MONTH TO DATE   31                         1     30       47
  SINCE JUN 1    123                       146    -23      154
  SINCE JUL 1     31                         1     30       47

 COOLING
  YESTERDAY        2                         2      0        5
  MONTH TO DATE  103                        62     41       58
  SINCE JUN 1    135                       102     33       96
  SINCE JAN 1    154                       112     42      140
..................................................................


WIND (MPH)
  HIGHEST WIND SPEED    13   HIGHEST WIND DIRECTION     N (340)
  HIGHEST GUST SPEED    15   HIGHEST GUST DIRECTION     W (270)
  AVERAGE WIND SPEED     2.8


SKY COVER
  POSSIBLE SUNSHINE  MM
  AVERAGE SKY COVER 0.1


WEATHER CONDITIONS
 THE FOLLOWING WEATHER WAS RECORDED YESTERDAY.
  FOG


RELATIVE HUMIDITY (PERCENT)
 HIGHEST    96           300 AM
 LOWEST     43           400 PM
 AVERAGE    70

..........................................................


THE BRADFORD CLIMATE NORMALS FOR TODAY
                         NORMAL    RECORD    YEAR
 MAXIMUM TEMPERATURE (F)   77        86      2015
                                             1964
 MINIMUM TEMPERATURE (F)   53        37      1971


SUNRISE AND SUNSET
JULY 28 2016..........SUNRISE   605 AM EDT   SUNSET   836 PM EDT
JULY 29 2016..........SUNRISE   606 AM EDT   SUNSET   835 PM EDT


-  INDICATES NEGATIVE NUMBERS.
R  INDICATES RECORD WAS SET OR TIED.
MM INDICATES DATA IS MISSING.
T  INDICATES TRACE AMOUNT.




$$
