000
CDUS41 KCTP 072122
CLIBFD


CLIMATE REPORT
NATIONAL WEATHER SERVICE STATE COLLEGE PA
522 PM EDT TUE JUL 7 2015


...................................

...THE BRADFORD CLIMATE SUMMARY FOR JULY 7 2015...
VALID TODAY AS OF 0500 PM LOCAL TIME.

CLIMATE NORMAL PERIOD 1981 TO 2010
CLIMATE RECORD PERIOD 1957 TO 2015


WEATHER ITEM   OBSERVED TIME   RECORD YEAR NORMAL DEPARTURE LAST
                VALUE   (LST)  VALUE       VALUE  FROM      YEAR
                                                  NORMAL
..................................................................
TEMPERATURE (F)
 TODAY
  MAXIMUM         82    309 PM  93    1988  77      5       76
  MINIMUM         67    643 AM  34    1983  53     14       60
  AVERAGE         75                        65     10       68

PRECIPITATION (IN)
  TODAY            0.00          1.54 1958   0.14  -0.14      T
  MONTH TO DATE    0.19                      0.94  -0.75     0.73
  SINCE JUN 1      7.66                      5.85   1.81     6.77
  SINCE JAN 1     20.09                     22.59  -2.50    22.72

DEGREE DAYS
 HEATING
  TODAY            0                         0      0        0
  MONTH TO DATE   18                         1     17       17
  SINCE JUN 1    125                       146    -21      102
  SINCE JUL 1     18                         1     17       17

 COOLING
  TODAY           10                         3      7        3
  MONTH TO DATE   11                        15     -4       24
  SINCE JUN 1     49                        55     -6       80
  SINCE JAN 1     93                        65     28       98
..................................................................


WIND (MPH)
  HIGHEST WIND SPEED    14   HIGHEST WIND DIRECTION    SW (210)
  HIGHEST GUST SPEED    20   HIGHEST GUST DIRECTION     S (200)
  AVERAGE WIND SPEED     7.2


SKY COVER
  POSSIBLE SUNSHINE  MM
  AVERAGE SKY COVER 0.7


WEATHER CONDITIONS
 THE FOLLOWING WEATHER WAS RECORDED TODAY.
  FOG
  HAZE


RELATIVE HUMIDITY (PERCENT)
 HIGHEST    93          1200 AM
 LOWEST     54           200 PM
 AVERAGE    74

..........................................................


THE BRADFORD CLIMATE NORMALS FOR TOMORROW
                         NORMAL    RECORD    YEAR
 MAXIMUM TEMPERATURE (F)   77        94      1988
 MINIMUM TEMPERATURE (F)   53        39      1984


SUNRISE AND SUNSET
JULY  7 2015..........SUNRISE   547 AM EDT   SUNSET   852 PM EDT
JULY  8 2015..........SUNRISE   547 AM EDT   SUNSET   851 PM EDT


-  INDICATES NEGATIVE NUMBERS.
R  INDICATES RECORD WAS SET OR TIED.
MM INDICATES DATA IS MISSING.
T  INDICATES TRACE AMOUNT.




$$
