000
CDUS41 KCTP 230653
CLIBFD


CLIMATE REPORT
NATIONAL WEATHER SERVICE STATE COLLEGE PA
253 AM EDT FRI JUN 23 2017


...................................

...THE BRADFORD CLIMATE SUMMARY FOR JUNE 22 2017...

CLIMATE NORMAL PERIOD 1981 TO 2010
CLIMATE RECORD PERIOD 1957 TO 2017


WEATHER ITEM   OBSERVED TIME   RECORD YEAR NORMAL DEPARTURE LAST
                VALUE   (LST)  VALUE       VALUE  FROM      YEAR
                                                  NORMAL
..................................................................
TEMPERATURE (F)
 YESTERDAY
  MAXIMUM         78   1231 PM  86    1975  75      3       74
  MINIMUM         45    430 AM  35    1963  51     -6       53
  AVERAGE         62                        63     -1       64

PRECIPITATION (IN)
  YESTERDAY        0.31          2.86 1972   0.16   0.15      T
  MONTH TO DATE    4.78                      3.63   1.15     2.75
  SINCE JUN 1      4.78                      3.63   1.15     2.75
  SINCE JAN 1     25.98                     20.37   5.61    17.18

DEGREE DAYS
 HEATING
  YESTERDAY        3                         1      2        1
  MONTH TO DATE   92                        51     41       76
  SINCE JUN 1     92                        51     41       76
  SINCE JUL 1   6517                      7679  -1162     6579

 COOLING
  YESTERDAY        0                         2     -2        0
  MONTH TO DATE   57                        25     32       18
  SINCE JUN 1     57                        25     32       18
  SINCE JAN 1     76                        35     41       37
..................................................................


WIND (MPH)
  HIGHEST WIND SPEED    12   HIGHEST WIND DIRECTION     W (280)
  HIGHEST GUST SPEED    19   HIGHEST GUST DIRECTION    SW (230)
  AVERAGE WIND SPEED     4.3


SKY COVER
  POSSIBLE SUNSHINE  MM
  AVERAGE SKY COVER 0.3


WEATHER CONDITIONS
 THE FOLLOWING WEATHER WAS RECORDED YESTERDAY.
  THUNDERSTORM
  HEAVY RAIN
  RAIN
  LIGHT RAIN
  FOG


RELATIVE HUMIDITY (PERCENT)
 HIGHEST   100          1200 AM
 LOWEST     54          1100 AM
 AVERAGE    77

..........................................................


THE BRADFORD CLIMATE NORMALS FOR TODAY
                         NORMAL    RECORD    YEAR
 MAXIMUM TEMPERATURE (F)   76        86      2013
 MINIMUM TEMPERATURE (F)   51        32      1992


SUNRISE AND SUNSET
JUNE 23 2017..........SUNRISE   540 AM EDT   SUNSET   853 PM EDT
JUNE 24 2017..........SUNRISE   541 AM EDT   SUNSET   853 PM EDT


-  INDICATES NEGATIVE NUMBERS.
R  INDICATES RECORD WAS SET OR TIED.
MM INDICATES DATA IS MISSING.
T  INDICATES TRACE AMOUNT.




$$
