000
CDUS41 KCTP 220642
CLIBFD


CLIMATE REPORT
NATIONAL WEATHER SERVICE STATE COLLEGE PA
142 AM EST WED FEB 22 2017


...................................

...THE BRADFORD CLIMATE SUMMARY FOR FEBRUARY 21 2017...

CLIMATE NORMAL PERIOD 1981 TO 2010
CLIMATE RECORD PERIOD 1957 TO 2017


WEATHER ITEM   OBSERVED TIME   RECORD YEAR NORMAL DEPARTURE LAST
                VALUE   (LST)  VALUE       VALUE  FROM      YEAR
                                                  NORMAL
..................................................................
TEMPERATURE (F)
 YESTERDAY
  MAXIMUM         50    458 PM  64    1997  34     16       42
  MINIMUM         33    143 AM  -8    1968  15     18       27
  AVERAGE         42                        25     17       35

PRECIPITATION (IN)
  YESTERDAY        0.00          1.04 1989   0.08  -0.08     0.00
  MONTH TO DATE    1.92                      1.73   0.19     2.38
  SINCE DEC 1      9.73                      8.42   1.31     8.33
  SINCE JAN 1      6.49                      5.02   1.47     3.53

DEGREE DAYS
 HEATING
  YESTERDAY       23                        35    -12       30
  MONTH TO DATE  745                       765    -20      856
  SINCE DEC 1   3047                      3341   -294     2963
  SINCE JUL 1   4435                      5176   -741     4443

 COOLING
  YESTERDAY        0                         0      0        0
  MONTH TO DATE    0                         0      0        0
  SINCE DEC 1      0                         0      0        0
  SINCE JAN 1      0                         0      0        0
..................................................................


WIND (MPH)
  HIGHEST WIND SPEED    15   HIGHEST WIND DIRECTION    SE (150)
  HIGHEST GUST SPEED    22   HIGHEST GUST DIRECTION    SE (150)
  AVERAGE WIND SPEED     8.5


SKY COVER
  POSSIBLE SUNSHINE  MM
  AVERAGE SKY COVER 0.1


WEATHER CONDITIONS
 THE FOLLOWING WEATHER WAS RECORDED YESTERDAY.
  NO SIGNIFICANT WEATHER WAS OBSERVED.


RELATIVE HUMIDITY (PERCENT)
 HIGHEST    62          1100 PM
 LOWEST     38          1200 PM
 AVERAGE    50

..........................................................


THE BRADFORD CLIMATE NORMALS FOR TODAY
                         NORMAL    RECORD    YEAR
 MAXIMUM TEMPERATURE (F)   34        57      1975
 MINIMUM TEMPERATURE (F)   16       -12      1963


SUNRISE AND SUNSET
FEBRUARY 22 2017......SUNRISE   700 AM EST   SUNSET   557 PM EST
FEBRUARY 23 2017......SUNRISE   658 AM EST   SUNSET   558 PM EST


-  INDICATES NEGATIVE NUMBERS.
R  INDICATES RECORD WAS SET OR TIED.
MM INDICATES DATA IS MISSING.
T  INDICATES TRACE AMOUNT.




$$
