000
CDUS41 KCTP 300629
CLIBFD


CLIMATE REPORT
NATIONAL WEATHER SERVICE STATE COLLEGE PA
229 AM EDT WED JUL 30 2014


...................................

...THE BRADFORD CLIMATE SUMMARY FOR JULY 29 2014...

CLIMATE NORMAL PERIOD 1981 TO 2010
CLIMATE RECORD PERIOD 1957 TO 2014


WEATHER ITEM   OBSERVED TIME   RECORD YEAR NORMAL DEPARTURE LAST
                VALUE   (LST)  VALUE       VALUE  FROM      YEAR
                                                  NORMAL
..................................................................
TEMPERATURE (F)
 YESTERDAY
  MAXIMUM         63    552 PM  87    1988  77    -14       69
  MINIMUM         45   1159 PM  43    1972  53     -8       46
  AVERAGE         54                        65    -11       58

PRECIPITATION (IN)
  YESTERDAY        0.00          3.17 1980   0.13  -0.13      T
  MONTH TO DATE    3.40                      3.92  -0.52     2.62
  SINCE JUN 1      9.44                      8.83   0.61     7.23
  SINCE JAN 1     25.39                     25.57  -0.18    18.26

DEGREE DAYS
 HEATING
  YESTERDAY       11                         0     11        7
  MONTH TO DATE   81                         1     80       44
  SINCE JUN 1    166                       146     20      148
  SINCE JUL 1     81                         1     80       44

 COOLING
  YESTERDAY        0                         2     -2        0
  MONTH TO DATE   63                        66     -3      148
  SINCE JUN 1    119                       106     13      198
  SINCE JAN 1    137                       116     21      241
..................................................................


WIND (MPH)
  HIGHEST WIND SPEED    12   HIGHEST WIND DIRECTION    NW (300)
  HIGHEST GUST SPEED    14   HIGHEST GUST DIRECTION    NW (320)
  AVERAGE WIND SPEED     4.2


SKY COVER
  POSSIBLE SUNSHINE  MM
  AVERAGE SKY COVER 0.8


WEATHER CONDITIONS
 THE FOLLOWING WEATHER WAS RECORDED YESTERDAY.
  FOG


RELATIVE HUMIDITY (PERCENT)
 HIGHEST    96           700 AM
 LOWEST     60           600 PM
 AVERAGE    78

..........................................................


THE BRADFORD CLIMATE NORMALS FOR TODAY
                         NORMAL    RECORD    YEAR
 MAXIMUM TEMPERATURE (F)   77        88      1999
 MINIMUM TEMPERATURE (F)   53        40      1971


SUNRISE AND SUNSET
JULY 30 2014..........SUNRISE   607 AM EDT   SUNSET   835 PM EDT
JULY 31 2014..........SUNRISE   607 AM EDT   SUNSET   834 PM EDT


-  INDICATES NEGATIVE NUMBERS.
R  INDICATES RECORD WAS SET OR TIED.
MM INDICATES DATA IS MISSING.
T  INDICATES TRACE AMOUNT.




$$
