000
CDUS41 KCTP 060633
CLIBFD


CLIMATE REPORT
NATIONAL WEATHER SERVICE STATE COLLEGE PA
232 AM EDT FRI MAY 6 2016


...................................

...THE BRADFORD CLIMATE SUMMARY FOR MAY 5 2016...

CLIMATE NORMAL PERIOD 1981 TO 2010
CLIMATE RECORD PERIOD 1957 TO 2016


WEATHER ITEM   OBSERVED TIME   RECORD YEAR NORMAL DEPARTURE LAST
                VALUE   (LST)  VALUE       VALUE  FROM      YEAR
                                                  NORMAL
..................................................................
TEMPERATURE (F)
 YESTERDAY
  MAXIMUM         58    232 PM  81    1999  63     -5       72
  MINIMUM         43    242 AM  18    1974  38      5       55
  AVERAGE         51                        50      1       64

PRECIPITATION (IN)
  YESTERDAY        T             0.71 1978   0.13  -0.13     0.50
  MONTH TO DATE    1.01                      0.62   0.39     0.51
  SINCE MAR 1      7.62                      7.54   0.08     7.08
  SINCE JAN 1     12.23                     13.18  -0.95     9.92

DEGREE DAYS
 HEATING
  YESTERDAY       14                        10      4        1
  MONTH TO DATE   80                        54     26       43
  SINCE MAR 1   1515                      1735   -220     1832
  SINCE JUL 1   6215                      7305  -1090     7731

 COOLING
  YESTERDAY        0                         0      0        0
  MONTH TO DATE    0                         0      0        0
  SINCE MAR 1      0                         2     -2        0
  SINCE JAN 1      0                         2     -2        0
..................................................................


WIND (MPH)
  HIGHEST WIND SPEED    17   HIGHEST WIND DIRECTION     N (350)
  HIGHEST GUST SPEED    22   HIGHEST GUST DIRECTION     N (20)
  AVERAGE WIND SPEED     6.5


SKY COVER
  POSSIBLE SUNSHINE  MM
  AVERAGE SKY COVER 0.8


WEATHER CONDITIONS
 THE FOLLOWING WEATHER WAS RECORDED YESTERDAY.
  LIGHT RAIN


RELATIVE HUMIDITY (PERCENT)
 HIGHEST    93           600 AM
 LOWEST     55           300 PM
 AVERAGE    74

..........................................................


THE BRADFORD CLIMATE NORMALS FOR TODAY
                         NORMAL    RECORD    YEAR
 MAXIMUM TEMPERATURE (F)   63        85      1959
 MINIMUM TEMPERATURE (F)   38        26      1968


SUNRISE AND SUNSET
MAY  6 2016...........SUNRISE   604 AM EDT   SUNSET   819 PM EDT
MAY  7 2016...........SUNRISE   603 AM EDT   SUNSET   820 PM EDT


-  INDICATES NEGATIVE NUMBERS.
R  INDICATES RECORD WAS SET OR TIED.
MM INDICATES DATA IS MISSING.
T  INDICATES TRACE AMOUNT.




$$
