683
CDUS41 KCTP 150643
CLIBFD


CLIMATE REPORT
NATIONAL WEATHER SERVICE STATE COLLEGE PA
143 AM EST FRI DEC 15 2017


...................................

...THE BRADFORD CLIMATE SUMMARY FOR DECEMBER 14 2017...

CLIMATE NORMAL PERIOD 1981 TO 2010
CLIMATE RECORD PERIOD 1957 TO 2017


WEATHER ITEM   OBSERVED TIME   RECORD YEAR NORMAL DEPARTURE LAST
                VALUE   (LST)  VALUE       VALUE  FROM      YEAR
                                                  NORMAL
..................................................................
TEMPERATURE (F)
 YESTERDAY
  MAXIMUM         17    223 PM  64    2015  33    -16       26
  MINIMUM         10    648 AM -11    2005  19     -9       14
  AVERAGE         14                        26    -12       20

PRECIPITATION (IN)
  YESTERDAY        0.04          1.39 1977   0.11  -0.07      T
  MONTH TO DATE    1.07                      1.64  -0.57     1.30
  SINCE DEC 1      1.07                      1.64  -0.57     1.30
  SINCE JAN 1     48.28                     42.70   5.58    42.56

DEGREE DAYS
 HEATING
  YESTERDAY       51                        34     17       45
  MONTH TO DATE  538                       448     90      517
  SINCE DEC 1    538                       448     90      517
  SINCE JUL 1   2072                      2283   -211     1905

 COOLING
  YESTERDAY        0                         0      0        0
  MONTH TO DATE    0                         0      0        0
  SINCE DEC 1      0                         0      0        0
  SINCE JAN 1    264                       193     71      370
..................................................................


WIND (MPH)
  HIGHEST WIND SPEED    23   HIGHEST WIND DIRECTION    NW (300)
  HIGHEST GUST SPEED    31   HIGHEST GUST DIRECTION     W (290)
  AVERAGE WIND SPEED     6.9


SKY COVER
  POSSIBLE SUNSHINE  MM
  AVERAGE SKY COVER 0.0


WEATHER CONDITIONS
 THE FOLLOWING WEATHER WAS RECORDED YESTERDAY.
  LIGHT SNOW
  FOG
  HAZE


RELATIVE HUMIDITY (PERCENT)
 HIGHEST    96           600 AM
 LOWEST     64           100 PM
 AVERAGE    80

..........................................................


THE BRADFORD CLIMATE NORMALS FOR TODAY
                         NORMAL    RECORD    YEAR
 MAXIMUM TEMPERATURE (F)   33        57      1971
 MINIMUM TEMPERATURE (F)   18        -3      1989


SUNRISE AND SUNSET
DECEMBER 15 2017......SUNRISE   735 AM EST   SUNSET   445 PM EST
DECEMBER 16 2017......SUNRISE   736 AM EST   SUNSET   445 PM EST


-  INDICATES NEGATIVE NUMBERS.
R  INDICATES RECORD WAS SET OR TIED.
MM INDICATES DATA IS MISSING.
T  INDICATES TRACE AMOUNT.




$$
