000
CDUS41 KCTP 312123
CLIBFD


CLIMATE REPORT
NATIONAL WEATHER SERVICE STATE COLLEGE PA
520 PM EDT WED AUG 31 2016


...................................

...THE BRADFORD CLIMATE SUMMARY FOR AUGUST 31 2016...
VALID TODAY AS OF 0500 PM LOCAL TIME.

CLIMATE NORMAL PERIOD 1981 TO 2010
CLIMATE RECORD PERIOD 1957 TO 2016


WEATHER ITEM   OBSERVED TIME   RECORD YEAR NORMAL DEPARTURE LAST
                VALUE   (LST)  VALUE       VALUE  FROM      YEAR
                                                  NORMAL
..................................................................
TEMPERATURE (F)
 TODAY
  MAXIMUM         69    359 PM  87    1993  73     -4       83
  MINIMUM         60    332 AM  31    1976  50     10       56
  AVERAGE         65                        62      3       70

PRECIPITATION (IN)
  TODAY            0.11          1.67 2005   0.12  -0.01     0.00
  MONTH TO DATE    7.04                      4.11   2.93     1.25
  SINCE JUN 1     14.57                     13.21   1.36    11.41
  SINCE JAN 1     29.00                     29.95  -0.95    23.84

DEGREE DAYS
 HEATING
  TODAY            0                         1     -1        0
  MONTH TO DATE   12                        23    -11       79
  SINCE JUN 1    135                       298   -163      233
  SINCE JUL 1     43                       153   -110      126

 COOLING
  TODAY            0                         1     -1        5
  MONTH TO DATE  153                        53    100       54
  SINCE JUN 1    306                       167    139      164
  SINCE JAN 1    325                       177    148      208
..................................................................


WIND (MPH)
  HIGHEST WIND SPEED     8   HIGHEST WIND DIRECTION    SW (220)
  HIGHEST GUST SPEED    12   HIGHEST GUST DIRECTION     S (200)
  AVERAGE WIND SPEED     2.7


SKY COVER
  POSSIBLE SUNSHINE  MM
  AVERAGE SKY COVER 0.7


WEATHER CONDITIONS
 THE FOLLOWING WEATHER WAS RECORDED TODAY.
  LIGHT RAIN
  FOG


RELATIVE HUMIDITY (PERCENT)
 HIGHEST   100          1200 AM
 LOWEST     73           800 AM
 AVERAGE    87

..........................................................


THE BRADFORD CLIMATE NORMALS FOR TOMORROW
                         NORMAL    RECORD    YEAR
 MAXIMUM TEMPERATURE (F)   73        84      1973
 MINIMUM TEMPERATURE (F)   50        34      2009


SUNRISE AND SUNSET
AUGUST 31 2016........SUNRISE   640 AM EDT   SUNSET   749 PM EDT
SEPTEMBER  1 2016.....SUNRISE   641 AM EDT   SUNSET   747 PM EDT


-  INDICATES NEGATIVE NUMBERS.
R  INDICATES RECORD WAS SET OR TIED.
MM INDICATES DATA IS MISSING.
T  INDICATES TRACE AMOUNT.




$$
