115
CDUS41 KCTP 220606
CLIBFD


CLIMATE REPORT
NATIONAL WEATHER SERVICE STATE COLLEGE PA
206 AM EDT SUN OCT 22 2017


...................................

...THE BRADFORD CLIMATE SUMMARY FOR OCTOBER 21 2017...

CLIMATE NORMAL PERIOD 1981 TO 2010
CLIMATE RECORD PERIOD 1957 TO 2017


WEATHER ITEM   OBSERVED TIME   RECORD YEAR NORMAL DEPARTURE LAST
                VALUE   (LST)  VALUE       VALUE  FROM      YEAR
                                                  NORMAL
..................................................................
TEMPERATURE (F)
 YESTERDAY
  MAXIMUM         72    246 PM  75    1979  55     17       55
  MINIMUM         33    630 AM  21    1972  35     -2       41
  AVERAGE         53                        45      8       48

PRECIPITATION (IN)
  YESTERDAY        0.00          2.26 2016   0.10  -0.10     2.26
  MONTH TO DATE    2.85                      2.37   0.48     5.07
  SINCE SEP 1      5.24                      6.29  -1.05     7.62
  SINCE JAN 1     40.39                     36.24   4.15    36.62

DEGREE DAYS
 HEATING
  YESTERDAY       12                        15     -3       17
  MONTH TO DATE  189                       266    -77      234
  SINCE SEP 1    365                       530   -165      374
  SINCE JUL 1    474                       683   -209      417

 COOLING
  YESTERDAY        0                         0      0        0
  MONTH TO DATE    7                         0      7        3
  SINCE SEP 1     40                        15     25       45
  SINCE JAN 1    264                       192     72      370
..................................................................


WIND (MPH)
  HIGHEST WIND SPEED    12   HIGHEST WIND DIRECTION    SW (210)
  HIGHEST GUST SPEED    16   HIGHEST GUST DIRECTION     S (200)
  AVERAGE WIND SPEED     3.6


SKY COVER
  POSSIBLE SUNSHINE  MM
  AVERAGE SKY COVER 0.0


WEATHER CONDITIONS
 THE FOLLOWING WEATHER WAS RECORDED YESTERDAY.
  FOG


RELATIVE HUMIDITY (PERCENT)
 HIGHEST   100           500 AM
 LOWEST     29           200 PM
 AVERAGE    65

..........................................................


THE BRADFORD CLIMATE NORMALS FOR TODAY
                         NORMAL    RECORD    YEAR
 MAXIMUM TEMPERATURE (F)   55        78      1979
 MINIMUM TEMPERATURE (F)   34        24      1969


SUNRISE AND SUNSET
OCTOBER 22 2017.......SUNRISE   735 AM EDT   SUNSET   622 PM EDT
OCTOBER 23 2017.......SUNRISE   736 AM EDT   SUNSET   621 PM EDT


-  INDICATES NEGATIVE NUMBERS.
R  INDICATES RECORD WAS SET OR TIED.
MM INDICATES DATA IS MISSING.
T  INDICATES TRACE AMOUNT.




$$
