000
CDUS41 KCTP 300633
CLIBFD


CLIMATE REPORT
NATIONAL WEATHER SERVICE STATE COLLEGE PA
133 AM EST FRI JAN 30 2015


...................................

...THE BRADFORD CLIMATE SUMMARY FOR JANUARY 29 2015...

CLIMATE NORMAL PERIOD 1981 TO 2010
CLIMATE RECORD PERIOD 1957 TO 2015


WEATHER ITEM   OBSERVED TIME   RECORD YEAR NORMAL DEPARTURE LAST
                VALUE   (LST)  VALUE       VALUE  FROM      YEAR
                                                  NORMAL
..................................................................
TEMPERATURE (F)
 YESTERDAY
  MAXIMUM         31   1042 PM  57    2002  30      1       12
  MINIMUM         -2    152 AM -25    1977  14    -16       -9
  AVERAGE         15                        22     -7        2

PRECIPITATION (IN)
  YESTERDAY        0.14          1.22 1975   0.09   0.05     0.00
  MONTH TO DATE    1.83                      3.09  -1.26     1.94
  SINCE DEC 1      4.03                      6.49  -2.46     4.76
  SINCE JAN 1      1.83                      3.09  -1.26     1.94

DEGREE DAYS
 HEATING
  YESTERDAY       50                        38     12       63
  MONTH TO DATE 1386                      1102    284     1351
  SINCE DEC 1   2458                      2323    135     2499
  SINCE JUL 1   4276                      4158    118     4287

 COOLING
  YESTERDAY        0                         0      0        0
  MONTH TO DATE    0                         0      0        0
  SINCE DEC 1      0                         0      0        0
  SINCE JAN 1      0                         0      0        0
..................................................................


WIND (MPH)
  HIGHEST WIND SPEED    21   HIGHEST WIND DIRECTION    NW (300)
  HIGHEST GUST SPEED    29   HIGHEST GUST DIRECTION    NW (300)
  AVERAGE WIND SPEED     7.6


SKY COVER
  POSSIBLE SUNSHINE  MM
  AVERAGE SKY COVER 0.8


WEATHER CONDITIONS
 THE FOLLOWING WEATHER WAS RECORDED YESTERDAY.
  LT FREEZING RAIN
  HEAVY SNOW
  LIGHT SNOW
  FOG
  HAZE


RELATIVE HUMIDITY (PERCENT)
 HIGHEST    92           900 PM
 LOWEST     31          1200 PM
 AVERAGE    62

..........................................................


THE BRADFORD CLIMATE NORMALS FOR TODAY
                         NORMAL    RECORD    YEAR
 MAXIMUM TEMPERATURE (F)   30        59      2013
 MINIMUM TEMPERATURE (F)   14       -14      1965


SUNRISE AND SUNSET
JANUARY 30 2015.......SUNRISE   729 AM EST   SUNSET   527 PM EST
JANUARY 31 2015.......SUNRISE   728 AM EST   SUNSET   528 PM EST


-  INDICATES NEGATIVE NUMBERS.
R  INDICATES RECORD WAS SET OR TIED.
MM INDICATES DATA IS MISSING.
T  INDICATES TRACE AMOUNT.




$$
