000
CDUS41 KCTP 090639
CLIBFD


CLIMATE REPORT
NATIONAL WEATHER SERVICE STATE COLLEGE PA
138 AM EST TUE FEB 9 2016


...................................

...THE BRADFORD CLIMATE SUMMARY FOR FEBRUARY 8 2016...

CLIMATE NORMAL PERIOD 1981 TO 2010
CLIMATE RECORD PERIOD 1957 TO 2016


WEATHER ITEM   OBSERVED TIME   RECORD YEAR NORMAL DEPARTURE LAST
                VALUE   (LST)  VALUE       VALUE  FROM      YEAR
                                                  NORMAL
..................................................................
TEMPERATURE (F)
 YESTERDAY
  MAXIMUM         39    224 PM  50    1990  31      8       43
  MINIMUM         25    322 AM -14    1967  14     11       35
  AVERAGE         32                        23      9       39

PRECIPITATION (IN)
  YESTERDAY        T             0.66 1971   0.08  -0.08      T
  MONTH TO DATE    0.84                      0.67   0.17     0.67
  SINCE DEC 1      6.79                      7.36  -0.57     4.71
  SINCE JAN 1      1.99                      3.96  -1.97     2.51

DEGREE DAYS
 HEATING
  YESTERDAY       33                        37     -4       26
  MONTH TO DATE  268                       298    -30      358
  SINCE DEC 1   2375                      2874   -499     2920
  SINCE JUL 1   3855                      4709   -854     4738

 COOLING
  YESTERDAY        0                         0      0        0
  MONTH TO DATE    0                         0      0        0
  SINCE DEC 1      0                         0      0        0
  SINCE JAN 1      0                         0      0        0
..................................................................


WIND (MPH)
  HIGHEST WIND SPEED    15   HIGHEST WIND DIRECTION    SE (130)
  HIGHEST GUST SPEED    21   HIGHEST GUST DIRECTION    SE (120)
  AVERAGE WIND SPEED     6.9


SKY COVER
  POSSIBLE SUNSHINE  MM
  AVERAGE SKY COVER 0.7


WEATHER CONDITIONS
 THE FOLLOWING WEATHER WAS RECORDED YESTERDAY.
  LIGHT SNOW


RELATIVE HUMIDITY (PERCENT)
 HIGHEST    81           400 AM
 LOWEST     48           300 PM
 AVERAGE    65

..........................................................


THE BRADFORD CLIMATE NORMALS FOR TODAY
                         NORMAL    RECORD    YEAR
 MAXIMUM TEMPERATURE (F)   31        59      2001
 MINIMUM TEMPERATURE (F)   14       -12      1963


SUNRISE AND SUNSET
FEBRUARY  9 2016......SUNRISE   718 AM EST   SUNSET   540 PM EST
FEBRUARY 10 2016......SUNRISE   717 AM EST   SUNSET   541 PM EST


-  INDICATES NEGATIVE NUMBERS.
R  INDICATES RECORD WAS SET OR TIED.
MM INDICATES DATA IS MISSING.
T  INDICATES TRACE AMOUNT.




$$
