000
CDUS41 KCTP 160643
CLIBFD


CLIMATE REPORT
NATIONAL WEATHER SERVICE STATE COLLEGE PA
243 AM EDT WED APR 16 2014


...................................

...THE BRADFORD CLIMATE SUMMARY FOR APRIL 15 2014...

CLIMATE NORMAL PERIOD 1981 TO 2010
CLIMATE RECORD PERIOD 1957 TO 2014


WEATHER ITEM   OBSERVED TIME   RECORD YEAR NORMAL DEPARTURE LAST
                VALUE   (LST)  VALUE       VALUE  FROM      YEAR
                                                  NORMAL
..................................................................
TEMPERATURE (F)
 YESTERDAY
  MAXIMUM         59    402 AM  79    1994  55      4       47
  MINIMUM         20   1159 PM  19    1997  32    -12       33
  AVERAGE         40                        44     -4       40

PRECIPITATION (IN)
  YESTERDAY        0.41          1.01 1983   0.12   0.29     0.00
  MONTH TO DATE    2.92                      1.82   1.10     1.69
  SINCE MAR 1      4.92                      5.19  -0.27     3.20
  SINCE JAN 1      8.45                     10.83  -2.38     5.99

DEGREE DAYS
 HEATING
  YESTERDAY       25                        16      9       25
  MONTH TO DATE  302                       283     19      355
  SINCE MAR 1   1479                      1320    159     1457
  SINCE JUL 1   7145                      6890    255     6365

 COOLING
  YESTERDAY        0                         0      0        0
  MONTH TO DATE    2                         0      2        0
  SINCE MAR 1      2                         0      2        0
  SINCE JAN 1      2                         0      2        0
..................................................................


WIND (MPH)
  HIGHEST WIND SPEED    25   HIGHEST WIND DIRECTION    NW (320)
  HIGHEST GUST SPEED    31   HIGHEST GUST DIRECTION    NW (310)
  AVERAGE WIND SPEED    14.5


SKY COVER
  POSSIBLE SUNSHINE  MM
  AVERAGE SKY COVER 0.9


WEATHER CONDITIONS
 THE FOLLOWING WEATHER WAS RECORDED YESTERDAY.
  HEAVY RAIN
  RAIN
  LIGHT RAIN
  SNOW
  LIGHT SNOW
  FOG


RELATIVE HUMIDITY (PERCENT)
 HIGHEST    89           700 AM
 LOWEST     71           900 PM
 AVERAGE    80

..........................................................


THE BRADFORD CLIMATE NORMALS FOR TODAY
                         NORMAL    RECORD    YEAR
 MAXIMUM TEMPERATURE (F)   55        81      2002
 MINIMUM TEMPERATURE (F)   33        18      1980


SUNRISE AND SUNSET
APRIL 16 2014.........SUNRISE   633 AM EDT   SUNSET   756 PM EDT
APRIL 17 2014.........SUNRISE   631 AM EDT   SUNSET   758 PM EDT


-  INDICATES NEGATIVE NUMBERS.
R  INDICATES RECORD WAS SET OR TIED.
MM INDICATES DATA IS MISSING.
T  INDICATES TRACE AMOUNT.




$$
