000
CDUS41 KCTP 270624
CLIBFD


CLIMATE REPORT
NATIONAL WEATHER SERVICE STATE COLLEGE PA
224 AM EDT WED AUG 27 2014


...................................

...THE BRADFORD CLIMATE SUMMARY FOR AUGUST 26 2014...

CLIMATE NORMAL PERIOD 1981 TO 2010
CLIMATE RECORD PERIOD 1957 TO 2014


WEATHER ITEM   OBSERVED TIME   RECORD YEAR NORMAL DEPARTURE LAST
                VALUE   (LST)  VALUE       VALUE  FROM      YEAR
                                                  NORMAL
..................................................................
TEMPERATURE (F)
 YESTERDAY
  MAXIMUM         80    416 PM  88    1959  74      6       81
  MINIMUM         49    605 AM  36    1958  51     -2       63
  AVERAGE         65                        63      2       72

PRECIPITATION (IN)
  YESTERDAY        0.00          0.90 2001   0.13  -0.13     0.30
  MONTH TO DATE    5.09                      3.48   1.61     2.71
  SINCE JUN 1     14.71                     12.58   2.13     9.94
  SINCE JAN 1     30.66                     29.32   1.34    20.97

DEGREE DAYS
 HEATING
  YESTERDAY        0                         1     -1        0
  MONTH TO DATE   73                        18     55       84
  SINCE JUN 1    252                       227     25      240
  SINCE JUL 1    167                        82     85      136

 COOLING
  YESTERDAY        0                         1     -1        7
  MONTH TO DATE   22                        47    -25       21
  SINCE JUN 1    141                       161    -20      219
  SINCE JAN 1    159                       171    -12      262
..................................................................


WIND (MPH)
  HIGHEST WIND SPEED    10   HIGHEST WIND DIRECTION     S (190)
  HIGHEST GUST SPEED    13   HIGHEST GUST DIRECTION     S (170)
  AVERAGE WIND SPEED     3.6


SKY COVER
  POSSIBLE SUNSHINE  MM
  AVERAGE SKY COVER 0.2


WEATHER CONDITIONS
 THE FOLLOWING WEATHER WAS RECORDED YESTERDAY.
  FOG
  FOG W/VISIBILITY <= 1/4 MILE


RELATIVE HUMIDITY (PERCENT)
 HIGHEST   100           600 AM
 LOWEST     54           100 PM
 AVERAGE    77

..........................................................


THE BRADFORD CLIMATE NORMALS FOR TODAY
                         NORMAL    RECORD    YEAR
 MAXIMUM TEMPERATURE (F)   74        89      1993
 MINIMUM TEMPERATURE (F)   51        36      1958


SUNRISE AND SUNSET
AUGUST 27 2014........SUNRISE   635 AM EDT   SUNSET   756 PM EDT
AUGUST 28 2014........SUNRISE   636 AM EDT   SUNSET   754 PM EDT


-  INDICATES NEGATIVE NUMBERS.
R  INDICATES RECORD WAS SET OR TIED.
MM INDICATES DATA IS MISSING.
T  INDICATES TRACE AMOUNT.




$$
