000
CDUS41 KCTP 220625
CLIBFD


CLIMATE REPORT
NATIONAL WEATHER SERVICE STATE COLLEGE PA
125 AM EST MON DEC 22 2014


...................................

...THE BRADFORD CLIMATE SUMMARY FOR DECEMBER 21 2014...

CLIMATE NORMAL PERIOD 1981 TO 2010
CLIMATE RECORD PERIOD 1957 TO 2014


WEATHER ITEM   OBSERVED TIME   RECORD YEAR NORMAL DEPARTURE LAST
                VALUE   (LST)  VALUE       VALUE  FROM      YEAR
                                                  NORMAL
..................................................................
TEMPERATURE (F)
 YESTERDAY
  MAXIMUM         26    638 PM  58    2013  31     -5       58
  MINIMUM         20   1000 PM  -8    1980  16      4       48
  AVERAGE         23                        24     -1       53

PRECIPITATION (IN)
  YESTERDAY        0.00          1.33 1998   0.10  -0.10     1.05
  MONTH TO DATE    1.40                      2.37  -0.97     2.06
  SINCE DEC 1      1.40                      2.37  -0.97     2.06
  SINCE JAN 1     41.54                     43.43  -1.89    34.09

DEGREE DAYS
 HEATING
  YESTERDAY       42                        36      6       12
  MONTH TO DATE  752                       695     57      802
  SINCE DEC 1    752                       695     57      802
  SINCE JUL 1   2570                      2530     40     2590

 COOLING
  YESTERDAY        0                         0      0        0
  MONTH TO DATE    0                         0      0        0
  SINCE DEC 1      0                         0      0        0
  SINCE JAN 1    196                       193      3      334
..................................................................


WIND (MPH)
  HIGHEST WIND SPEED    13   HIGHEST WIND DIRECTION    SE (120)
  HIGHEST GUST SPEED    16   HIGHEST GUST DIRECTION    SE (120)
  AVERAGE WIND SPEED     3.5


SKY COVER
  POSSIBLE SUNSHINE  MM
  AVERAGE SKY COVER 1.0


WEATHER CONDITIONS
 THE FOLLOWING WEATHER WAS RECORDED YESTERDAY.
  FOG
  HAZE


RELATIVE HUMIDITY (PERCENT)
 HIGHEST    88          1200 AM
 LOWEST     75          1200 PM
 AVERAGE    82

..........................................................


THE BRADFORD CLIMATE NORMALS FOR TODAY
                         NORMAL    RECORD    YEAR
 MAXIMUM TEMPERATURE (F)   31        61      2013
 MINIMUM TEMPERATURE (F)   16        -9      1958


SUNRISE AND SUNSET
DECEMBER 22 2014......SUNRISE   739 AM EST   SUNSET   447 PM EST
DECEMBER 23 2014......SUNRISE   739 AM EST   SUNSET   448 PM EST


-  INDICATES NEGATIVE NUMBERS.
R  INDICATES RECORD WAS SET OR TIED.
MM INDICATES DATA IS MISSING.
T  INDICATES TRACE AMOUNT.




$$
