000
CDUS41 KCTP 080631
CLIBFD


CLIMATE REPORT
NATIONAL WEATHER SERVICE STATE COLLEGE PA
131 AM EST THU DEC 8 2016


...................................

...THE BRADFORD CLIMATE SUMMARY FOR DECEMBER 7 2016...

CLIMATE NORMAL PERIOD 1981 TO 2010
CLIMATE RECORD PERIOD 1957 TO 2016


WEATHER ITEM   OBSERVED TIME   RECORD YEAR NORMAL DEPARTURE LAST
                VALUE   (LST)  VALUE       VALUE  FROM      YEAR
                                                  NORMAL
..................................................................
TEMPERATURE (F)
 YESTERDAY
  MAXIMUM         36    401 PM  63    1998  36      0       45
  MINIMUM         29   1159 PM   0    1970  21      8       21
  AVERAGE         33                        28      5       33

PRECIPITATION (IN)
  YESTERDAY        0.00          1.04 1966   0.11  -0.11     0.00
  MONTH TO DATE    0.61                      0.82  -0.21     0.62
  SINCE DEC 1      0.61                      0.82  -0.21     0.62
  SINCE JAN 1     41.87                     41.88  -0.01    35.05

DEGREE DAYS
 HEATING
  YESTERDAY       32                        32      0       32
  MONTH TO DATE  221                       215      6      205
  SINCE DEC 1    221                       215      6      205
  SINCE JUL 1   1609                      2050   -441     1685

 COOLING
  YESTERDAY        0                         0      0        0
  MONTH TO DATE    0                         0      0        0
  SINCE DEC 1      0                         0      0        0
  SINCE JAN 1    370                       193    177      260
..................................................................


WIND (MPH)
  HIGHEST WIND SPEED    18   HIGHEST WIND DIRECTION     W (280)
  HIGHEST GUST SPEED    25   HIGHEST GUST DIRECTION     W (280)
  AVERAGE WIND SPEED     6.9


SKY COVER
  POSSIBLE SUNSHINE  MM
  AVERAGE SKY COVER 0.5


WEATHER CONDITIONS
 THE FOLLOWING WEATHER WAS RECORDED YESTERDAY.
  FOG


RELATIVE HUMIDITY (PERCENT)
 HIGHEST   100           100 AM
 LOWEST     59           100 PM
 AVERAGE    80

..........................................................


THE BRADFORD CLIMATE NORMALS FOR TODAY
                         NORMAL    RECORD    YEAR
 MAXIMUM TEMPERATURE (F)   35        60      1966
 MINIMUM TEMPERATURE (F)   21        -2      1970


SUNRISE AND SUNSET
DECEMBER  8 2016......SUNRISE   730 AM EST   SUNSET   444 PM EST
DECEMBER  9 2016......SUNRISE   730 AM EST   SUNSET   444 PM EST


-  INDICATES NEGATIVE NUMBERS.
R  INDICATES RECORD WAS SET OR TIED.
MM INDICATES DATA IS MISSING.
T  INDICATES TRACE AMOUNT.




$$
