000
CDUS45 KCYS 310745
CLIBFF


CLIMATE REPORT
NATIONAL WEATHER SERVICE CHEYENNE WY
145 AM MDT SUN AUG 31 2014


...................................

...THE SCOTTSBLUFF NEBRASKA AIRPORT CLIMATE SUMMARY FOR AUGUST 30 2014...

CLIMATE NORMAL PERIOD 1981 TO 2010
CLIMATE RECORD PERIOD 1871 TO 2014


WEATHER ITEM   OBSERVED TIME   RECORD YEAR NORMAL DEPARTURE LAST
                VALUE   (LST)  VALUE       VALUE  FROM      YEAR
                                                  NORMAL
..................................................................
TEMPERATURE (F)
 YESTERDAY
  MAXIMUM         93    220 PM 102    1990  85      8       98
                                      1985
  MINIMUM         53    419 AM  37    1964  53      0       63
  AVERAGE         73                        69      4       81

PRECIPITATION (IN)
  YESTERDAY        T             1.33 1901   0.03  -0.03     0.17
  MONTH TO DATE    1.57                      1.26   0.31     0.79
  SINCE JAN 1     11.95                     12.26  -0.31     7.85

SNOWFALL (IN)
  YESTERDAY        0.0           1.0  1901   0.0    0.0      0.0
  MONTH TO DATE    0.0                       0.0    0.0      0.0
  SINCE JUL 1      0.0                       0.0    0.0      0.0
  SNOW DEPTH       0

DEGREE DAYS
 HEATING
  YESTERDAY        0                         1     -1        0
  MONTH TO DATE    5                         9     -4        0
  SINCE JUN 1     65                        75    -10       23
  SINCE JUL 1     12                        15     -3        2

 COOLING
  YESTERDAY        8                         5      3       16
  MONTH TO DATE  239                       224     15      311
  SINCE JUN 1    616                       637    -21      823
  SINCE JAN 1    643                       660    -17      877
..................................................................


WIND (MPH)
  HIGHEST WIND SPEED    32   HIGHEST WIND DIRECTION     S (200)
  HIGHEST GUST SPEED    44   HIGHEST GUST DIRECTION    SW (220)
  AVERAGE WIND SPEED    10.0


SKY COVER
  AVERAGE SKY COVER 0.1


WEATHER CONDITIONS
 THE FOLLOWING WEATHER WAS RECORDED YESTERDAY.
  THUNDERSTORM
  LIGHT RAIN


RELATIVE HUMIDITY (PERCENT)
 HIGHEST   100           400 AM
 LOWEST     20           200 PM
 AVERAGE    60

..........................................................


THE SCOTTSBLUFF NEBRASKA AIRPORT CLIMATE NORMALS FOR TODAY
                         NORMAL    RECORD    YEAR
 MAXIMUM TEMPERATURE (F)   85       100      1985
                                             1984
                                             1954
 MINIMUM TEMPERATURE (F)   52        35      1932


SUNRISE AND SUNSET
AUGUST 31 2014........SUNRISE   619 AM MDT   SUNSET   729 PM MDT
SEPTEMBER  1 2014.....SUNRISE   620 AM MDT   SUNSET   728 PM MDT


-  INDICATES NEGATIVE NUMBERS.
R  INDICATES RECORD WAS SET OR TIED.
MM INDICATES DATA IS MISSING.
T  INDICATES TRACE AMOUNT.




$$
