000
CDUS45 KCYS 220728
CLIBFF


CLIMATE REPORT
NATIONAL WEATHER SERVICE CHEYENNE WY
127 AM MDT WED OCT 22 2014


...................................

...THE SCOTTSBLUFF NEBRASKA AIRPORT CLIMATE SUMMARY FOR OCTOBER 21 2014...

CLIMATE NORMAL PERIOD 1981 TO 2010
CLIMATE RECORD PERIOD 1871 TO 2014


WEATHER ITEM   OBSERVED TIME   RECORD YEAR NORMAL DEPARTURE LAST
                VALUE   (LST)  VALUE       VALUE  FROM      YEAR
                                                  NORMAL
..................................................................
TEMPERATURE (F)
 YESTERDAY
  MAXIMUM         79    243 PM  84    2003  62     17       60
                                      1947
                                      1927
  MINIMUM         42    631 AM  18    1996  31     11       29
                                      1933
                                      1911
  AVERAGE         61                        47     14       45

PRECIPITATION (IN)
  YESTERDAY        0.02          1.20 1906   0.03  -0.01      T
  MONTH TO DATE    0.07                      0.83  -0.76     1.56
  SINCE JAN 1     16.37                     14.31   2.06    11.78

SNOWFALL (IN)
  YESTERDAY       MM            12.0  1906   0.1   MM        0.0
  MONTH TO DATE    0.0                       1.5   -1.5      6.3
  SINCE JUL 1      T                         2.0   -2.0      6.3
  SNOW DEPTH       0

DEGREE DAYS
 HEATING
  YESTERDAY        4                        18    -14       20
  MONTH TO DATE  213                       309    -96      374
  SINCE SEP 1    324                       468   -144      460
  SINCE JUL 1    337                       488   -151      462

 COOLING
  YESTERDAY        0                         0      0        0
  MONTH TO DATE    0                         0      0        0
  SINCE SEP 1     76                        58     18      155
  SINCE JAN 1    719                       723     -4     1047
..................................................................


WIND (MPH)
  HIGHEST WIND SPEED    21   HIGHEST WIND DIRECTION     W (260)
  HIGHEST GUST SPEED    27   HIGHEST GUST DIRECTION     W (260)
  AVERAGE WIND SPEED     7.6


SKY COVER
  AVERAGE SKY COVER 0.2


WEATHER CONDITIONS
 THE FOLLOWING WEATHER WAS RECORDED YESTERDAY.
  LIGHT RAIN


RELATIVE HUMIDITY (PERCENT)
 HIGHEST    89           600 AM
 LOWEST     31           300 PM
 AVERAGE    60

..........................................................


THE SCOTTSBLUFF NEBRASKA AIRPORT CLIMATE NORMALS FOR TODAY
                         NORMAL    RECORD    YEAR
 MAXIMUM TEMPERATURE (F)   62        84      2003
                                             1915
 MINIMUM TEMPERATURE (F)   31        13      1895


SUNRISE AND SUNSET
OCTOBER 22 2014.......SUNRISE   715 AM MDT   SUNSET   602 PM MDT
OCTOBER 23 2014.......SUNRISE   716 AM MDT   SUNSET   601 PM MDT


-  INDICATES NEGATIVE NUMBERS.
R  INDICATES RECORD WAS SET OR TIED.
MM INDICATES DATA IS MISSING.
T  INDICATES TRACE AMOUNT.




$$
