000
CDUS45 KCYS 010726
CLIBFF


CLIMATE REPORT
NATIONAL WEATHER SERVICE CHEYENNE WY
126 AM MDT TUE SEP 1 2015


...................................

...THE SCOTTSBLUFF NE AIRPORT CLIMATE SUMMARY FOR AUGUST 31 2015...

CLIMATE NORMAL PERIOD 1981 TO 2010
CLIMATE RECORD PERIOD 1871 TO 2015


WEATHER ITEM   OBSERVED TIME   RECORD YEAR NORMAL DEPARTURE LAST
                VALUE   (LST)  VALUE       VALUE  FROM      YEAR
                                                  NORMAL
..................................................................
TEMPERATURE (F)
 YESTERDAY
  MAXIMUM         88    140 PM 100    1985  85      3       79
                                      1984
                                      1954
  MINIMUM         59   1153 PM  35    1932  52      7       49
  AVERAGE         74                        68      6       64

PRECIPITATION (IN)
  YESTERDAY        0.02          0.54 1951   0.04  -0.02     0.09
                                      1946
  MONTH TO DATE    1.26                      1.30  -0.04     1.66
  SINCE JAN 1     19.49                     12.30   7.19    12.04

SNOWFALL (IN)
  YESTERDAY        0.0          MM      MM   0.0    0.0      0.0
  MONTH TO DATE    0.0                       0.0    0.0      0.0
  SINCE JUL 1      0.0                       0.0    0.0      0.0
  SNOW DEPTH       0

DEGREE DAYS
 HEATING
  YESTERDAY        0                         1     -1        1
  MONTH TO DATE   27                        10     17        6
  SINCE JUN 1     36                        80    -44       66
  SINCE JUL 1     33                        20     13       13

 COOLING
  YESTERDAY        9                         5      4        0
  MONTH TO DATE  248                       229     19      239
  SINCE JUN 1    680                       642     38      616
  SINCE JAN 1    680                       665     15      643
..................................................................


WIND (MPH)
  HIGHEST WIND SPEED    24   HIGHEST WIND DIRECTION    SW (210)
  HIGHEST GUST SPEED    32   HIGHEST GUST DIRECTION     N (20)
  AVERAGE WIND SPEED     6.8


SKY COVER
  AVERAGE SKY COVER 0.2


WEATHER CONDITIONS
 THE FOLLOWING WEATHER WAS RECORDED YESTERDAY.
  THUNDERSTORM
  LIGHT RAIN


RELATIVE HUMIDITY (PERCENT)
 HIGHEST    78          1100 PM
 LOWEST     26          1200 PM
 AVERAGE    52

..........................................................


THE SCOTTSBLUFF NE AIRPORT CLIMATE NORMALS FOR TODAY
                         NORMAL    RECORD    YEAR
 MAXIMUM TEMPERATURE (F)   84       100      1929
 MINIMUM TEMPERATURE (F)   52        35      1908


SUNRISE AND SUNSET
SEPTEMBER  1 2015.....SUNRISE   620 AM MDT   SUNSET   728 PM MDT
SEPTEMBER  2 2015.....SUNRISE   621 AM MDT   SUNSET   727 PM MDT


-  INDICATES NEGATIVE NUMBERS.
R  INDICATES RECORD WAS SET OR TIED.
MM INDICATES DATA IS MISSING.
T  INDICATES TRACE AMOUNT.




$$
