000
CDUS45 KCYS 102243
CLIBFF


CLIMATE REPORT
NATIONAL WEATHER SERVICE CHEYENNE WY
343 PM MST SAT DEC 10 2016


...................................

...THE SCOTTSBLUFF NE AIRPORT CLIMATE SUMMARY FOR DECEMBER 10 2016...
VALID AS OF 0300 PM LOCAL TIME.

CLIMATE NORMAL PERIOD 1981 TO 2010
CLIMATE RECORD PERIOD 1871 TO 2016


WEATHER ITEM   OBSERVED TIME   RECORD YEAR NORMAL DEPARTURE LAST
                VALUE   (LST)  VALUE       VALUE  FROM      YEAR
                                                  NORMAL
..................................................................
TEMPERATURE (F)
 TODAY
  MAXIMUM         29    340 PM  69    1990  40    -11       55
                                      1896
  MINIMUM         14    602 AM -22    1919  13      1       26
  AVERAGE         22                        26     -4       41

PRECIPITATION (IN)
  TODAY            0.00          0.31 1970   0.01  -0.01     0.00
  MONTH TO DATE    0.06                      0.16  -0.10      T
  SINCE DEC 1      0.06                      0.16  -0.10      T
  SINCE JAN 1     15.25                     15.44  -0.19    22.85

SNOWFALL (IN)
  TODAY            0.0           3.4  1970   0.2   -0.2      0.0
  MONTH TO DATE    0.1                       2.2   -2.1       T
  SINCE JUL 1      0.5                      11.1  -10.6      4.8
  SNOW DEPTH       0

DEGREE DAYS
 HEATING
  TODAY           43                        39      4       24
  MONTH TO DATE  436                       377     59      240
  SINCE DEC 1    436                       377     59      240
  SINCE JUL 1   1513                      1942   -429     1515

 COOLING
  TODAY            0                         0      0        0
  MONTH TO DATE    0                         0      0        0
  SINCE DEC 1      0                         0      0        0
  SINCE JAN 1    898                       724    174      792
..................................................................


WIND (MPH)
  HIGHEST WIND SPEED    20   HIGHEST WIND DIRECTION     E (110)
  HIGHEST GUST SPEED    23   HIGHEST GUST DIRECTION    SE (120)
  AVERAGE WIND SPEED     9.6


SKY COVER
  AVERAGE SKY COVER 0.6


WEATHER CONDITIONS
 THE FOLLOWING WEATHER WAS RECORDED TODAY.
  NO SIGNIFICANT WEATHER WAS OBSERVED.


RELATIVE HUMIDITY (PERCENT)
 HIGHEST    80           300 AM
 LOWEST     69           200 PM
 AVERAGE    75

..........................................................


THE SCOTTSBLUFF NE AIRPORT CLIMATE NORMALS FOR TOMORROW
                         NORMAL    RECORD    YEAR
 MAXIMUM TEMPERATURE (F)   39        72      1939
 MINIMUM TEMPERATURE (F)   12       -22      1985
                                             1932


SUNRISE AND SUNSET
DECEMBER 10 2016......SUNRISE   711 AM MST   SUNSET   423 PM MST
DECEMBER 11 2016......SUNRISE   712 AM MST   SUNSET   423 PM MST


-  INDICATES NEGATIVE NUMBERS.
R  INDICATES RECORD WAS SET OR TIED.
MM INDICATES DATA IS MISSING.
T  INDICATES TRACE AMOUNT.




$$
