000
CDUS45 KCYS 190735
CLIBFF


CLIMATE REPORT
NATIONAL WEATHER SERVICE CHEYENNE WY
1235 AM MST FRI DEC 19 2014


...................................

...THE SCOTTSBLUFF NEBRASKA AIRPORT CLIMATE SUMMARY FOR DECEMBER 18 2014...

CLIMATE NORMAL PERIOD 1981 TO 2010
CLIMATE RECORD PERIOD 1871 TO 2014


WEATHER ITEM   OBSERVED TIME   RECORD YEAR NORMAL DEPARTURE LAST
                VALUE   (LST)  VALUE       VALUE  FROM      YEAR
                                                  NORMAL
..................................................................
TEMPERATURE (F)
 YESTERDAY
  MAXIMUM         22    125 PM  69    1979  39    -17       62
  MINIMUM          6   1038 PM -25    1983  12     -6       35
  AVERAGE         14                        25    -11       49

PRECIPITATION (IN)
  YESTERDAY        T             0.75 1973   0.02  -0.02     0.00
  MONTH TO DATE    0.80                      0.30   0.50     0.55
  SINCE JAN 1     18.60                     15.58   3.02    13.29

SNOWFALL (IN)
  YESTERDAY        T             5.2  1973   0.2   -0.2      0.0
  MONTH TO DATE   10.5                       4.1    6.4      9.6
  SINCE JUL 1     16.1                      13.0    3.1     22.5
  SNOW DEPTH      10

DEGREE DAYS
 HEATING
  YESTERDAY       51                        40     11       16
  MONTH TO DATE  598                       693    -95      741
  SINCE DEC 1    598                       693    -95      741
  SINCE JUL 1   2043                      2258   -215     2246

 COOLING
  YESTERDAY        0                         0      0        0
  MONTH TO DATE    0                         0      0        0
  SINCE DEC 1      0                         0      0        0
  SINCE JAN 1    719                       724     -5     1047
..................................................................


WIND (MPH)
  HIGHEST WIND SPEED     9   HIGHEST WIND DIRECTION     N (360)
  HIGHEST GUST SPEED    11   HIGHEST GUST DIRECTION    NW (310)
  AVERAGE WIND SPEED     4.0


SKY COVER
  AVERAGE SKY COVER 0.5


WEATHER CONDITIONS
 THE FOLLOWING WEATHER WAS RECORDED YESTERDAY.
  LIGHT SNOW
  FOG
  FOG W/VISIBILITY <= 1/4 MILE
  HAZE


RELATIVE HUMIDITY (PERCENT)
 HIGHEST    96           100 AM
 LOWEST     80          1200 PM
 AVERAGE    88

..........................................................


THE SCOTTSBLUFF NEBRASKA AIRPORT CLIMATE NORMALS FOR TODAY
                         NORMAL    RECORD    YEAR
 MAXIMUM TEMPERATURE (F)   39        63      1917
 MINIMUM TEMPERATURE (F)   12       -21      1907


SUNRISE AND SUNSET
DECEMBER 19 2014......SUNRISE   718 AM MST   SUNSET   426 PM MST
DECEMBER 20 2014......SUNRISE   718 AM MST   SUNSET   426 PM MST


-  INDICATES NEGATIVE NUMBERS.
R  INDICATES RECORD WAS SET OR TIED.
MM INDICATES DATA IS MISSING.
T  INDICATES TRACE AMOUNT.




$$
