000
CDUS45 KCYS 300729
CLIBFF


CLIMATE REPORT
NATIONAL WEATHER SERVICE CHEYENNE WY
129 AM MDT MON MAY 30 2016


...................................

...THE SCOTTSBLUFF NE AIRPORT CLIMATE SUMMARY FOR MAY 29 2016...

CLIMATE NORMAL PERIOD 1981 TO 2010
CLIMATE RECORD PERIOD 1871 TO 2016


WEATHER ITEM   OBSERVED TIME   RECORD YEAR NORMAL DEPARTURE LAST
                VALUE   (LST)  VALUE       VALUE  FROM      YEAR
                                                  NORMAL
..................................................................
TEMPERATURE (F)
 YESTERDAY
  MAXIMUM         80   1227 PM 103    2003  76      4       60
  MINIMUM         43    444 AM  18    1947  47     -4       45
  AVERAGE         62                        62      0       53

PRECIPITATION (IN)
  YESTERDAY        0.00          1.74 1936   0.11  -0.11     0.87
  MONTH TO DATE    1.61                      2.28  -0.67     7.95
  SINCE JAN 1      9.11                      6.12   2.99    12.16

SNOWFALL (IN)
  YESTERDAY        0.0          MM      MM   0.0    0.0      0.0
  MONTH TO DATE    0.0                       0.5   -0.5      8.0
  SINCE JUL 1     34.6                      42.1   -7.5     51.7
  SNOW DEPTH       0

DEGREE DAYS
 HEATING
  YESTERDAY        3                         5     -2       12
  MONTH TO DATE  289                       254     35      346
  SINCE MAR 1   1481                      1635   -154     1435
  SINCE JUL 1   5911                      6547   -636     6150

 COOLING
  YESTERDAY        0                         1     -1        0
  MONTH TO DATE    4                        18    -14        0
  SINCE MAR 1      4                        20    -16        0
  SINCE JAN 1      4                        20    -16        0
..................................................................


WIND (MPH)
  HIGHEST WIND SPEED    13   HIGHEST WIND DIRECTION    SE (120)
  HIGHEST GUST SPEED    18   HIGHEST GUST DIRECTION    SW (230)
  AVERAGE WIND SPEED     5.6


SKY COVER
  AVERAGE SKY COVER 0.0


WEATHER CONDITIONS
 THE FOLLOWING WEATHER WAS RECORDED YESTERDAY.
  NO SIGNIFICANT WEATHER WAS OBSERVED.


RELATIVE HUMIDITY (PERCENT)
 HIGHEST    93           300 AM
 LOWEST     27          1200 PM
 AVERAGE    60

..........................................................


THE SCOTTSBLUFF NE AIRPORT CLIMATE NORMALS FOR TODAY
                         NORMAL    RECORD    YEAR
 MAXIMUM TEMPERATURE (F)   76        99      1939
 MINIMUM TEMPERATURE (F)   48        30      1947


SUNRISE AND SUNSET
MAY 30 2016...........SUNRISE   523 AM MDT   SUNSET   822 PM MDT
MAY 31 2016...........SUNRISE   522 AM MDT   SUNSET   823 PM MDT


-  INDICATES NEGATIVE NUMBERS.
R  INDICATES RECORD WAS SET OR TIED.
MM INDICATES DATA IS MISSING.
T  INDICATES TRACE AMOUNT.




$$
