000
CDUS46 KHNX 040823
CLIBFL


CLIMATE REPORT
NATIONAL WEATHER SERVICE SAN JOAQUIN VALLEY, CA
1222 AM PST SUN DEC 4 2016


...................................

...THE BAKERSFIELD CLIMATE SUMMARY FOR DECEMBER 3 2016...

CLIMATE NORMAL PERIOD 1981 TO 2010
CLIMATE RECORD PERIOD 1889 TO 2016


WEATHER ITEM   OBSERVED TIME   RECORD YEAR NORMAL DEPARTURE
                VALUE   (LST)  VALUE       VALUE  FROM
                                                  NORMAL
...............................................................
TEMPERATURE (F)
 YESTERDAY
  MAXIMUM         57    400 PM  83    1979  59     -2
  MINIMUM         36    707 AM  27    1908  40     -4
  AVERAGE         47                        50     -3

PRECIPITATION (IN)
  YESTERDAY        0.00          0.60 1941   0.02  -0.02
  MONTH TO DATE    0.00                      0.07  -0.07
  SINCE OCT 1      0.62                      1.01  -0.39
  SINCE JAN 1      4.72                      5.52  -0.80

SNOWFALL (IN)
  YESTERDAY        0.0
  MONTH TO DATE    0.0
  SINCE DEC 1      0.0
  SINCE JUL 1      0.0
  SNOW DEPTH       0

DEGREE DAYS
 HEATING
  YESTERDAY       18                                3
  MONTH TO DATE   52                                7
  SINCE DEC 1     52                                7
  SINCE JUL 1    257                             -146

 COOLING
  YESTERDAY        0                                0
  MONTH TO DATE    0                                0
  SINCE DEC 1      0                                0
  SINCE JAN 1   2738                              480
...............................................................


WIND (MPH)
  HIGHEST WIND SPEED     7   HIGHEST WIND DIRECTION     S (180)
  HIGHEST GUST SPEED    10   HIGHEST GUST DIRECTION     S (160)
  AVERAGE WIND SPEED     2.1




RELATIVE HUMIDITY (PERCENT)
 HIGHEST    85
 LOWEST     43
 AVERAGE    64

..........................................................


THE BAKERSFIELD CLIMATE NORMALS FOR TODAY
                         NORMAL    RECORD    YEAR
 MAXIMUM TEMPERATURE (F)   59        82      1939
 MINIMUM TEMPERATURE (F)   40        28      2004
                                             1908


SUNRISE AND SUNSET
DECEMBER  4 2016......SUNRISE   650 AM PST   SUNSET   443 PM PST
DECEMBER  5 2016......SUNRISE   651 AM PST   SUNSET   443 PM PST


-  INDICATES NEGATIVE NUMBERS.
R  INDICATES RECORD WAS SET OR TIED.
MM INDICATES DATA IS MISSING.
T  INDICATES TRACE AMOUNT.




$$
