575
CDUS46 KHNX 170824
CLIBFL


CLIMATE REPORT
NATIONAL WEATHER SERVICE SAN JOAQUIN VALLEY, CA
1223 AM PST FRI NOV 17 2017


...................................

...THE BAKERSFIELD CLIMATE SUMMARY FOR NOVEMBER 16 2017...

CLIMATE NORMAL PERIOD 1981 TO 2010
CLIMATE RECORD PERIOD 1889 TO 2017


WEATHER ITEM   OBSERVED TIME   RECORD YEAR NORMAL DEPARTURE
                VALUE   (LST)  VALUE       VALUE  FROM
                                                  NORMAL
...............................................................
TEMPERATURE (F)
 YESTERDAY
  MAXIMUM         79    229 PM  82    1979  65     14
  MINIMUM         62    636 AM  27    1916  44     18
  AVERAGE         71                        55     16

PRECIPITATION (IN)
  YESTERDAY        0.00          0.58 1965   0.02  -0.02
  MONTH TO DATE    0.02                      0.31  -0.29
  SINCE OCT 1      0.02                      0.61  -0.59
  SINCE JAN 1      5.33                      5.12   0.21

SNOWFALL (IN)
  YESTERDAY        0.0
  MONTH TO DATE    0.0
  SINCE SEP 1      0.0
  SINCE JUL 1      0.0
  SNOW DEPTH       0

DEGREE DAYS
 HEATING
  YESTERDAY        0                              -10
  MONTH TO DATE   67                              -54
  SINCE SEP 1     96                              -83
  SINCE JUL 1     96                              -83

 COOLING
  YESTERDAY        6                                6
  MONTH TO DATE    6                                3
  SINCE SEP 1    576                               87
  SINCE JAN 1   2944                              687
...............................................................


WIND (MPH)
  HIGHEST WIND SPEED    16   HIGHEST WIND DIRECTION     N (360)
  HIGHEST GUST SPEED    23   HIGHEST GUST DIRECTION     N (360)
  AVERAGE WIND SPEED     4.8




RELATIVE HUMIDITY (PERCENT)
 HIGHEST    60
 LOWEST     28
 AVERAGE    44

..........................................................


THE BAKERSFIELD CLIMATE NORMALS FOR TODAY
                         NORMAL    RECORD    YEAR
 MAXIMUM TEMPERATURE (F)   65        84      2008
 MINIMUM TEMPERATURE (F)   44        29      1905


SUNRISE AND SUNSET
NOVEMBER 17 2017......SUNRISE   634 AM PST   SUNSET   448 PM PST
NOVEMBER 18 2017......SUNRISE   635 AM PST   SUNSET   448 PM PST


-  INDICATES NEGATIVE NUMBERS.
R  INDICATES RECORD WAS SET OR TIED.
MM INDICATES DATA IS MISSING.
T  INDICATES TRACE AMOUNT.




$$
