000
CDUS46 KHNX 310825
CLIBFL


CLIMATE REPORT
NATIONAL WEATHER SERVICE SAN JOAQUIN VALLEY, CA
124 AM PDT FRI JUL 31 2015


...................................

...THE BAKERSFIELD CLIMATE SUMMARY FOR JULY 30 2015...

CLIMATE NORMAL PERIOD 1981 TO 2010
CLIMATE RECORD PERIOD 1889 TO 2015


WEATHER ITEM   OBSERVED TIME   RECORD YEAR NORMAL DEPARTURE
                VALUE   (LST)  VALUE       VALUE  FROM
                                                  NORMAL
...............................................................
TEMPERATURE (F)
 YESTERDAY
  MAXIMUM         99   1239 PM 112    1908  98      1
  MINIMUM         80    446 AM  48    1914  71      9
  AVERAGE         90                        84      6

PRECIPITATION (IN)
  YESTERDAY        T             0.30 1965   0.00   0.00
  MONTH TO DATE    0.04                      0.00   0.04
  SINCE OCT 1      5.33                      6.35  -1.02
  SINCE JAN 1      2.66                      4.39  -1.73

SNOWFALL (IN)
  YESTERDAY        0.0
  MONTH TO DATE    0.0
  SINCE JUN 1      0.0
  SINCE JUL 1      0.0
  SNOW DEPTH       0

DEGREE DAYS
 HEATING
  YESTERDAY        0                                0
  MONTH TO DATE    0                                0
  SINCE JUN 1      0                               -2
  SINCE JUL 1      0                                0

 COOLING
  YESTERDAY       25                                6
  MONTH TO DATE  582                               17
  SINCE JUN 1   1135                              191
  SINCE JAN 1   1480                              269
...............................................................


WIND (MPH)
  HIGHEST WIND SPEED    13   HIGHEST WIND DIRECTION    NW (310)
  HIGHEST GUST SPEED    17   HIGHEST GUST DIRECTION    NW (320)
  AVERAGE WIND SPEED     4.7




RELATIVE HUMIDITY (PERCENT)
 HIGHEST    34
 LOWEST     10
 AVERAGE    22

..........................................................


THE BAKERSFIELD CLIMATE NORMALS FOR TODAY
                         NORMAL    RECORD    YEAR
 MAXIMUM TEMPERATURE (F)   98       110      1943
                                             1908
 MINIMUM TEMPERATURE (F)   71        55      1905
                                             1899


SUNRISE AND SUNSET
JULY 31 2015..........SUNRISE   604 AM PDT   SUNSET   801 PM PDT
AUGUST  1 2015........SUNRISE   605 AM PDT   SUNSET   800 PM PDT


-  INDICATES NEGATIVE NUMBERS.
R  INDICATES RECORD WAS SET OR TIED.
MM INDICATES DATA IS MISSING.
T  INDICATES TRACE AMOUNT.




$$
