332
CDUS46 KHNX 220823
CLIBFL


CLIMATE REPORT
NATIONAL WEATHER SERVICE SAN JOAQUIN VALLEY, CA
1223 AM PST SUN JAN 22 2017


...................................

...THE BAKERSFIELD CLIMATE SUMMARY FOR JANUARY 21 2017...

CLIMATE NORMAL PERIOD 1981 TO 2010
CLIMATE RECORD PERIOD 1889 TO 2017


WEATHER ITEM   OBSERVED TIME   RECORD YEAR NORMAL DEPARTURE
                VALUE   (LST)  VALUE       VALUE  FROM
                                                  NORMAL
...............................................................
TEMPERATURE (F)
 YESTERDAY
  MAXIMUM         58    314 PM  79    1981  57      1
  MINIMUM         39    520 AM  19    1937  39      0
  AVERAGE         49                        48      1

PRECIPITATION (IN)
  YESTERDAY        T             0.53 1943   0.04  -0.04
  MONTH TO DATE    2.50                      0.78   1.72
  SINCE OCT 1      5.53                      2.74   2.79
  SINCE JAN 1      2.50                      0.78   1.72

SNOWFALL (IN)
  YESTERDAY        0.0
  MONTH TO DATE    0.0
  SINCE DEC 1      0.0
  SINCE JUL 1      0.0
  SNOW DEPTH       0

DEGREE DAYS
 HEATING
  YESTERDAY       16                               -1
  MONTH TO DATE  294                              -78
  SINCE DEC 1    754                             -151
  SINCE JUL 1    959                             -304

 COOLING
  YESTERDAY        0                                0
  MONTH TO DATE    2                                2
  SINCE DEC 1      2                                2
  SINCE JAN 1      2                                2
...............................................................


WIND (MPH)
  HIGHEST WIND SPEED    15   HIGHEST WIND DIRECTION    SE (130)
  HIGHEST GUST SPEED    17   HIGHEST GUST DIRECTION    SE (130)
  AVERAGE WIND SPEED     4.2




RELATIVE HUMIDITY (PERCENT)
 HIGHEST    83
 LOWEST     47
 AVERAGE    65

..........................................................


THE BAKERSFIELD CLIMATE NORMALS FOR TODAY
                         NORMAL    RECORD    YEAR
 MAXIMUM TEMPERATURE (F)   57        76      1981
                                             1970
 MINIMUM TEMPERATURE (F)   40        19      1937


SUNRISE AND SUNSET
JANUARY 22 2017.......SUNRISE   702 AM PST   SUNSET   514 PM PST
JANUARY 23 2017.......SUNRISE   701 AM PST   SUNSET   515 PM PST


-  INDICATES NEGATIVE NUMBERS.
R  INDICATES RECORD WAS SET OR TIED.
MM INDICATES DATA IS MISSING.
T  INDICATES TRACE AMOUNT.




$$
