000
CDUS46 KHNX 270824
CLIBFL


CLIMATE REPORT
NATIONAL WEATHER SERVICE SAN JOAQUIN VALLEY, CA
124 AM PDT TUE JUN 27 2017


...................................

...THE BAKERSFIELD CLIMATE SUMMARY FOR JUNE 26 2017...

CLIMATE NORMAL PERIOD 1981 TO 2010
CLIMATE RECORD PERIOD 1889 TO 2017


WEATHER ITEM   OBSERVED TIME   RECORD YEAR NORMAL DEPARTURE
                VALUE   (LST)  VALUE       VALUE  FROM
                                                  NORMAL
...............................................................
TEMPERATURE (F)
 YESTERDAY
  MAXIMUM        104        MM 111    1925  94     10
  MINIMUM         71        MM  41    1907  67      4
  AVERAGE         88                        80      8

PRECIPITATION (IN)
  YESTERDAY        0.00          0.36 1913   0.01  -0.01
  MONTH TO DATE    0.00                      0.08  -0.08
  SINCE OCT 1      7.82                      6.35   1.47
  SINCE JAN 1      4.79                      4.39   0.40

SNOWFALL (IN)
  YESTERDAY        0.0
  MONTH TO DATE    0.0
  SINCE JUN 1      0.0
  SINCE JUL 1      0.0
  SNOW DEPTH       0

DEGREE DAYS
 HEATING
  YESTERDAY        0                                0
  MONTH TO DATE    1                                1
  SINCE JUN 1      1                                1
  SINCE JUL 1   1616                             -557

 COOLING
  YESTERDAY       23                                8
  MONTH TO DATE  469                              155
  SINCE JUN 1    469                              155
  SINCE JAN 1    818                              237
...............................................................


WIND (MPH)
  HIGHEST WIND SPEED    15   HIGHEST WIND DIRECTION    NW (320)
  HIGHEST GUST SPEED    18   HIGHEST GUST DIRECTION    NW (310)
  AVERAGE WIND SPEED     7.3




RELATIVE HUMIDITY (PERCENT)
 HIGHEST    53
 LOWEST     11
 AVERAGE    32

..........................................................


THE BAKERSFIELD CLIMATE NORMALS FOR TODAY
                         NORMAL    RECORD    YEAR
 MAXIMUM TEMPERATURE (F)   94       111      1925
 MINIMUM TEMPERATURE (F)   67        42      1913


SUNRISE AND SUNSET
JUNE 27 2017..........SUNRISE   543 AM PDT   SUNSET   815 PM PDT
JUNE 28 2017..........SUNRISE   544 AM PDT   SUNSET   815 PM PDT


-  INDICATES NEGATIVE NUMBERS.
R  INDICATES RECORD WAS SET OR TIED.
MM INDICATES DATA IS MISSING.
T  INDICATES TRACE AMOUNT.




$$
