000
CDUS46 KHNX 280822
CLIBFL


CLIMATE REPORT
NATIONAL WEATHER SERVICE SAN JOAQUIN VALLEY, CA
1222 AM PST SUN DEC 28 2014


...................................

...THE BAKERSFIELD CLIMATE SUMMARY FOR DECEMBER 27 2014...

CLIMATE NORMAL PERIOD 1981 TO 2010
CLIMATE RECORD PERIOD 1889 TO 2014


WEATHER ITEM   OBSERVED TIME   RECORD YEAR NORMAL DEPARTURE
                VALUE   (LST)  VALUE       VALUE  FROM
                                                  NORMAL
...............................................................
TEMPERATURE (F)
 YESTERDAY
  MAXIMUM         58    303 PM  72    1991  55      3
                                      1917
  MINIMUM         34    728 AM  23    1930  39     -5
                                      1912
                                      1901
  AVERAGE         46                        47     -1

PRECIPITATION (IN)
  YESTERDAY        0.00          1.02 1936   0.04  -0.04
  MONTH TO DATE    1.91                      0.87   1.04
  SINCE JUL 1      2.57                      1.93   0.64
  SINCE JAN 1      3.91                      6.32  -2.41

SNOWFALL (IN)
  YESTERDAY        0.0
  MONTH TO DATE    0.0
  SINCE DEC 1      0.0
  SINCE JUL 1      0.0
  SNOW DEPTH       0

DEGREE DAYS
 HEATING
  YESTERDAY       19                                1
  MONTH TO DATE  253                             -207
  SINCE DEC 1    253                             -207
  SINCE JUL 1    427                             -391

 COOLING
  YESTERDAY        0                                0
  MONTH TO DATE    0                                0
  SINCE DEC 1      0                                0
  SINCE JAN 1   2983                              725
...............................................................


WIND (MPH)
  HIGHEST WIND SPEED    10   HIGHEST WIND DIRECTION     N (360)
  HIGHEST GUST SPEED    12   HIGHEST GUST DIRECTION     N (360)
  AVERAGE WIND SPEED     3.8




RELATIVE HUMIDITY (PERCENT)
 HIGHEST    89
 LOWEST     30
 AVERAGE    60

..........................................................


THE BAKERSFIELD CLIMATE NORMALS FOR TODAY
                         NORMAL    RECORD    YEAR
 MAXIMUM TEMPERATURE (F)   55        73      1977
 MINIMUM TEMPERATURE (F)   39        24      1930
                                             1912
                                             1904


SUNRISE AND SUNSET
DECEMBER 28 2014......SUNRISE   704 AM PST   SUNSET   451 PM PST
DECEMBER 29 2014......SUNRISE   705 AM PST   SUNSET   452 PM PST


-  INDICATES NEGATIVE NUMBERS.
R  INDICATES RECORD WAS SET OR TIED.
MM INDICATES DATA IS MISSING.
T  INDICATES TRACE AMOUNT.




$$
