000
CDUS46 KHNX 060823
CLIBFL


CLIMATE REPORT
NATIONAL WEATHER SERVICE SAN JOAQUIN VALLEY, CA
122 AM PDT FRI MAY 6 2016


...................................

...THE BAKERSFIELD CLIMATE SUMMARY FOR MAY 5 2016...

CLIMATE NORMAL PERIOD 1981 TO 2010
CLIMATE RECORD PERIOD 1889 TO 2016


WEATHER ITEM   OBSERVED TIME   RECORD YEAR NORMAL DEPARTURE
                VALUE   (LST)  VALUE       VALUE  FROM
                                                  NORMAL
...............................................................
TEMPERATURE (F)
 YESTERDAY
  MAXIMUM         75    302 PM 100    1990  81     -6
  MINIMUM         58   1159 PM  42    1930  55      3
  AVERAGE         67                        68     -1

PRECIPITATION (IN)
  YESTERDAY        0.02          0.81 1901   0.01   0.01
  MONTH TO DATE    0.02                      0.05  -0.03
  SINCE OCT 1      4.90                      6.14  -1.24
  SINCE JAN 1      3.57                      4.18  -0.61

SNOWFALL (IN)
  YESTERDAY        0.0
  MONTH TO DATE    0.0
  SINCE MAR 1      0.0
  SINCE JUL 1      0.0
  SNOW DEPTH       0

DEGREE DAYS
 HEATING
  YESTERDAY        0                               -2
  MONTH TO DATE    0                              -10
  SINCE MAR 1    168                             -210
  SINCE JUL 1   1686                             -466

 COOLING
  YESTERDAY        2                               -3
  MONTH TO DATE   40                               19
  SINCE MAR 1    142                               55
  SINCE JAN 1    142                               55
...............................................................


WIND (MPH)
  HIGHEST WIND SPEED    21   HIGHEST WIND DIRECTION    NW (300)
  HIGHEST GUST SPEED    26   HIGHEST GUST DIRECTION     W (270)
  AVERAGE WIND SPEED     8.9




RELATIVE HUMIDITY (PERCENT)
 HIGHEST    80
 LOWEST     35
 AVERAGE    58

..........................................................


THE BAKERSFIELD CLIMATE NORMALS FOR TODAY
                         NORMAL    RECORD    YEAR
 MAXIMUM TEMPERATURE (F)   81       104      1987
 MINIMUM TEMPERATURE (F)   55        42      1988
                                             1984
                                             1933


SUNRISE AND SUNSET
MAY  6 2016...........SUNRISE   559 AM PDT   SUNSET   747 PM PDT
MAY  7 2016...........SUNRISE   558 AM PDT   SUNSET   748 PM PDT


-  INDICATES NEGATIVE NUMBERS.
R  INDICATES RECORD WAS SET OR TIED.
MM INDICATES DATA IS MISSING.
T  INDICATES TRACE AMOUNT.




$$
