000
CDUS46 KHNX 310833
CLIBFL


CLIMATE REPORT
NATIONAL WEATHER SERVICE SAN JOAQUIN VALLEY, CA
1232 AM PST SAT JAN 31 2015


...................................

...THE BAKERSFIELD CLIMATE SUMMARY FOR JANUARY 30 2015...

CLIMATE NORMAL PERIOD 1981 TO 2010
CLIMATE RECORD PERIOD 1889 TO 2015


WEATHER ITEM   OBSERVED TIME   RECORD YEAR NORMAL DEPARTURE
                VALUE   (LST)  VALUE       VALUE  FROM
                                                  NORMAL
...............................................................
TEMPERATURE (F)
 YESTERDAY
  MAXIMUM         63    312 PM  77    1911  59      4
  MINIMUM         47   1044 PM  23    1902  40      7
  AVERAGE         55                        49      6

PRECIPITATION (IN)
  YESTERDAY        0.00          0.70 1966   0.05  -0.05
  MONTH TO DATE    0.69                      1.12  -0.43
  SINCE OCT 1      3.36                      3.08   0.28
  SINCE JAN 1      0.69                      1.12  -0.43

SNOWFALL (IN)
  YESTERDAY        0.0
  MONTH TO DATE    0.0
  SINCE DEC 1      0.0
  SINCE JUL 1      0.0
  SNOW DEPTH       0

DEGREE DAYS
 HEATING
  YESTERDAY       10                               -6
  MONTH TO DATE  438                              -81
  SINCE DEC 1    783                             -269
  SINCE JUL 1    957                             -453

 COOLING
  YESTERDAY        0                                0
  MONTH TO DATE    0                                0
  SINCE DEC 1      0                                0
  SINCE JAN 1      0                                0
...............................................................


WIND (MPH)
  HIGHEST WIND SPEED     7   HIGHEST WIND DIRECTION     E (90)
  HIGHEST GUST SPEED    13   HIGHEST GUST DIRECTION     S (170)
  AVERAGE WIND SPEED     1.8




RELATIVE HUMIDITY (PERCENT)
 HIGHEST    96
 LOWEST     60
 AVERAGE    78

..........................................................


THE BAKERSFIELD CLIMATE NORMALS FOR TODAY
                         NORMAL    RECORD    YEAR
 MAXIMUM TEMPERATURE (F)   59        82      1984
 MINIMUM TEMPERATURE (F)   40        23      1902


SUNRISE AND SUNSET
JANUARY 31 2015.......SUNRISE   657 AM PST   SUNSET   523 PM PST
FEBRUARY  1 2015......SUNRISE   656 AM PST   SUNSET   524 PM PST


-  INDICATES NEGATIVE NUMBERS.
R  INDICATES RECORD WAS SET OR TIED.
MM INDICATES DATA IS MISSING.
T  INDICATES TRACE AMOUNT.




$$
