000
CDUS46 KHNX 230826
CLIBFL


CLIMATE REPORT
NATIONAL WEATHER SERVICE SAN JOAQUIN VALLEY, CA
1224 AM PST THU FEB 23 2017


...................................

...THE BAKERSFIELD CLIMATE SUMMARY FOR FEBRUARY 22 2017...

CLIMATE NORMAL PERIOD 1981 TO 2010
CLIMATE RECORD PERIOD 1889 TO 2017


WEATHER ITEM   OBSERVED TIME   RECORD YEAR NORMAL DEPARTURE
                VALUE   (LST)  VALUE       VALUE  FROM
                                                  NORMAL
...............................................................
TEMPERATURE (F)
 YESTERDAY
  MAXIMUM         59    344 PM  87    1989  65     -6
  MINIMUM         42   1159 PM  32    2006  44     -2
                                      1953
  AVERAGE         51                        54     -3

PRECIPITATION (IN)
  YESTERDAY        0.00          0.63 1943   0.05  -0.05
  MONTH TO DATE    1.46                      0.98   0.48
  SINCE OCT 1      7.25                      4.10   3.15
  SINCE JAN 1      4.22                      2.14   2.08

SNOWFALL (IN)
  YESTERDAY        0.0
  MONTH TO DATE    0.0
  SINCE DEC 1      0.0
  SINCE JUL 1      0.0
  SNOW DEPTH       0

DEGREE DAYS
 HEATING
  YESTERDAY       14                                3
  MONTH TO DATE  139                             -148
  SINCE DEC 1   1054                             -301
  SINCE JUL 1   1259                             -454

 COOLING
  YESTERDAY        0                                0
  MONTH TO DATE    0                                0
  SINCE DEC 1      2                                2
  SINCE JAN 1      2                                2
...............................................................


WIND (MPH)
  HIGHEST WIND SPEED    18   HIGHEST WIND DIRECTION    NW (320)
  HIGHEST GUST SPEED    22   HIGHEST GUST DIRECTION    NW (320)
  AVERAGE WIND SPEED     9.8




RELATIVE HUMIDITY (PERCENT)
 HIGHEST    86
 LOWEST     47
 AVERAGE    67

..........................................................


THE BAKERSFIELD CLIMATE NORMALS FOR TODAY
                         NORMAL    RECORD    YEAR
 MAXIMUM TEMPERATURE (F)   65        81      1981
 MINIMUM TEMPERATURE (F)   44        31      1942
                                             1893


SUNRISE AND SUNSET
FEBRUARY 23 2017......SUNRISE   633 AM PST   SUNSET   546 PM PST
FEBRUARY 24 2017......SUNRISE   632 AM PST   SUNSET   547 PM PST


-  INDICATES NEGATIVE NUMBERS.
R  INDICATES RECORD WAS SET OR TIED.
MM INDICATES DATA IS MISSING.
T  INDICATES TRACE AMOUNT.




$$
