536
CDUS44 KAMA 230633
CLIBGD


CLIMATE REPORT
NATIONAL WEATHER SERVICE AMARILLO TX
132 AM CDT WED AUG 23 2017


...................................

...THE BORGER CLIMATE SUMMARY FOR AUGUST 22 2017...

CLIMATE NORMAL PERIOD 1981 TO 2010
CLIMATE RECORD PERIOD 1949 TO 2017


WEATHER ITEM   OBSERVED TIME   RECORD YEAR NORMAL DEPARTURE LAST
                VALUE   (LST)  VALUE       VALUE  FROM      YEAR
                                                  NORMAL
..................................................................
TEMPERATURE (F)
 YESTERDAY
  MAXIMUM         83    526 PM 102    2011  91     -8       90
  MINIMUM         67    500 AM  56    1964  67      0       64
  AVERAGE         75                        79     -4       77

PRECIPITATION (IN)
  YESTERDAY        0.00          1.79 1974   0.12  -0.12     0.00
  MONTH TO DATE    6.00                      2.20   3.80     1.18
  SINCE JUN 1      9.85                      7.99   1.86     3.86
  SINCE JAN 1     21.00                     15.04   5.96    12.73

SNOWFALL (IN)
  YESTERDAY        0.0           0.0  2013                   0.0
                                      2012
                                      2011
  MONTH TO DATE    0.0                                       0.0
  SINCE JUN 1      0.0                                       0.0
  SINCE JUL 1      0.0                                       0.0
  SNOW DEPTH       0

DEGREE DAYS
 HEATING
  YESTERDAY        0                         0      0        0
  MONTH TO DATE    0                         0      0        0
  SINCE JUN 1      0                         3     -3        0
  SINCE JUL 1      0                         0      0        0

 COOLING
  YESTERDAY       10                        14     -4       12
  MONTH TO DATE  265                       351    -86      349
  SINCE JUN 1   1333                      1235     98     1436
  SINCE JAN 1   1573                      1432    141     1623
..................................................................


WIND (MPH)
  RESULTANT WIND SPEED   3   RESULTANT WIND DIRECTION   N (0)
  HIGHEST WIND SPEED    17   HIGHEST WIND DIRECTION     N (20)
  HIGHEST GUST SPEED    20   HIGHEST GUST DIRECTION     N (10)
  AVERAGE WIND SPEED     8.1


SKY COVER
  AVERAGE SKY COVER 0.4


WEATHER CONDITIONS
 THE FOLLOWING WEATHER WAS RECORDED YESTERDAY.
  THUNDERSTORM


RELATIVE HUMIDITY (PERCENT)
 HIGHEST    90          1100 PM
 LOWEST     65           500 PM
 AVERAGE    78

..........................................................


THE BORGER CLIMATE NORMALS FOR TODAY
                         NORMAL    RECORD    YEAR
 MAXIMUM TEMPERATURE (F)   91       102      2011
                                             2010
 MINIMUM TEMPERATURE (F)   67        50      1961


SUNRISE AND SUNSET
AUGUST 23 2017........SUNRISE   711 AM CDT   SUNSET   825 PM CDT
AUGUST 24 2017........SUNRISE   712 AM CDT   SUNSET   823 PM CDT


-  INDICATES NEGATIVE NUMBERS.
R  INDICATES RECORD WAS SET OR TIED.
MM INDICATES DATA IS MISSING.
T  INDICATES TRACE AMOUNT.




$$
