000
CDUS44 KAMA 130730
CLIBGD


CLIMATE REPORT
NATIONAL WEATHER SERVICE AMARILLO TX
128 AM CST WED DEC 13 2017


...................................

...THE BORGER CLIMATE SUMMARY FOR DECEMBER 12 2017...

CLIMATE NORMAL PERIOD 1981 TO 2010
CLIMATE RECORD PERIOD 1949 TO 2017


WEATHER ITEM   OBSERVED TIME   RECORD YEAR NORMAL DEPARTURE LAST
                VALUE   (LST)  VALUE       VALUE  FROM      YEAR
                                                  NORMAL
..................................................................
TEMPERATURE (F)
 YESTERDAY
  MAXIMUM         62    435 PM  75    1977  50     12       63
  MINIMUM         26    628 AM  -2    1961  27     -1       25
  AVERAGE         44                        39      5       44

PRECIPITATION (IN)
  YESTERDAY        0.00          0.41 2015   0.02  -0.02     0.00
  MONTH TO DATE    0.00                      0.21  -0.21     0.11
  SINCE DEC 1      0.00                      0.21  -0.21     0.11
  SINCE JAN 1     26.10                     21.16   4.94    15.67

SNOWFALL (IN)
  YESTERDAY        0.0          MM      MM                   0.0
  MONTH TO DATE    0.0                                       0.0
  SINCE DEC 1      0.0                                       0.0
  SINCE JUL 1      0.8                                       0.0
  SNOW DEPTH       0

DEGREE DAYS
 HEATING
  YESTERDAY       21                        26     -5       21
  MONTH TO DATE  233                       297    -64      317
  SINCE DEC 1    233                       297    -64      317
  SINCE JUL 1    756                      1014   -258      690

 COOLING
  YESTERDAY        0                         0      0        0
  MONTH TO DATE    0                         0      0        0
  SINCE DEC 1      0                         0      0        0
  SINCE JAN 1   2001                      1839    162     2180
..................................................................


WIND (MPH)
  RESULTANT WIND SPEED   7   RESULTANT WIND DIRECTION   W (260)
  HIGHEST WIND SPEED    22   HIGHEST WIND DIRECTION     W (250)
  HIGHEST GUST SPEED    29   HIGHEST GUST DIRECTION     W (250)
  AVERAGE WIND SPEED     9.9


SKY COVER
  AVERAGE SKY COVER 0.0


WEATHER CONDITIONS
 THE FOLLOWING WEATHER WAS RECORDED YESTERDAY.
  NO SIGNIFICANT WEATHER WAS OBSERVED.


RELATIVE HUMIDITY (PERCENT)
 HIGHEST    57           700 AM
 LOWEST     12           300 PM
 AVERAGE    35

..........................................................


THE BORGER CLIMATE NORMALS FOR TODAY
                         NORMAL    RECORD    YEAR
 MAXIMUM TEMPERATURE (F)   50        77      2005
 MINIMUM TEMPERATURE (F)   27         8      1958


SUNRISE AND SUNSET
DECEMBER 13 2017......SUNRISE   747 AM CST   SUNSET   533 PM CST
DECEMBER 14 2017......SUNRISE   748 AM CST   SUNSET   533 PM CST


-  INDICATES NEGATIVE NUMBERS.
R  INDICATES RECORD WAS SET OR TIED.
MM INDICATES DATA IS MISSING.
T  INDICATES TRACE AMOUNT.




$$
