000
CDUS44 KAMA 191514
CLIBGD


CLIMATE REPORT
NATIONAL WEATHER SERVICE AMARILLO TX
914 AM CST MON FEB 19 2018


...................................

...THE BORGER CLIMATE SUMMARY FOR FEBRUARY 19 2018...
VALID AS OF 0900 AM LOCAL TIME.

CLIMATE NORMAL PERIOD 1981 TO 2010
CLIMATE RECORD PERIOD 1949 TO 2018


WEATHER ITEM   OBSERVED TIME   RECORD YEAR NORMAL DEPARTURE LAST
                VALUE   (LST)  VALUE       VALUE  FROM      YEAR
                                                  NORMAL
..................................................................
TEMPERATURE (F)
 TODAY
  MINIMUM         49    759 AM  11    1978  30     19       46

PRECIPITATION (IN)
  TODAY            0.00          0.37 1998   0.02  -0.02      T
  MONTH TO DATE    0.00                      0.45  -0.45     0.37
  SINCE DEC 1      0.01                      1.81  -1.80     3.70
  SINCE JAN 1      0.01                      1.04  -1.03     3.48

SNOWFALL (IN)
  TODAY            0.0           3.5  1987                  MM
  MONTH TO DATE    0.0                                        T
  SINCE DEC 1      1.2                                       3.6
  SINCE JUL 1      2.0                                       3.6
  SNOW DEPTH       0

..................................................................


WIND (MPH)
  RESULTANT WIND SPEED  13   RESULTANT WIND DIRECTION  SW (210)
  HIGHEST WIND SPEED    24   HIGHEST WIND DIRECTION    SW (230)
  HIGHEST GUST SPEED    35   HIGHEST GUST DIRECTION    SW (230)
  AVERAGE WIND SPEED    13.3


SKY COVER
  AVERAGE SKY COVER 0.0


WEATHER CONDITIONS
 THE FOLLOWING WEATHER WAS RECORDED TODAY.
  NO SIGNIFICANT WEATHER WAS OBSERVED.


RELATIVE HUMIDITY (PERCENT)
 HIGHEST    66           800 AM
 LOWEST     40           100 AM
 AVERAGE    53

..........................................................


THE BORGER CLIMATE NORMALS FOR TOMORROW
                         NORMAL    RECORD    YEAR
 MAXIMUM TEMPERATURE (F)   56        84      1981
 MINIMUM TEMPERATURE (F)   30         6      1955


SUNRISE AND SUNSET
FEBRUARY 19 2018......SUNRISE   728 AM CST   SUNSET   631 PM CST
FEBRUARY 20 2018......SUNRISE   727 AM CST   SUNSET   632 PM CST


-  INDICATES NEGATIVE NUMBERS.
R  INDICATES RECORD WAS SET OR TIED.
MM INDICATES DATA IS MISSING.
T  INDICATES TRACE AMOUNT.




$$
