000
CDUS44 KAMA 230631
CLIBGD


CLIMATE REPORT
NATIONAL WEATHER SERVICE AMARILLO TX
130 AM CDT THU MAR 23 2017


...................................

...THE BORGER CLIMATE SUMMARY FOR MARCH 22 2017...

CLIMATE NORMAL PERIOD 1981 TO 2010
CLIMATE RECORD PERIOD 1949 TO 2017


WEATHER ITEM   OBSERVED TIME   RECORD YEAR NORMAL DEPARTURE LAST
                VALUE   (LST)  VALUE       VALUE  FROM      YEAR
                                                  NORMAL
..................................................................
TEMPERATURE (F)
 YESTERDAY
  MAXIMUM         72    518 PM  85    2016  65      7       85
  MINIMUM         43    713 AM  17    1955  38      5       59
  AVERAGE         58                        52      6       72

PRECIPITATION (IN)
  YESTERDAY        0.00          1.18 2000   0.04  -0.04     0.00
  MONTH TO DATE    0.00                      0.92  -0.92      T
  SINCE MAR 1      0.00                      0.92  -0.92      T
  SINCE JAN 1      3.48                      2.13   1.35     0.92

SNOWFALL (IN)
  YESTERDAY        0.0           0.4  1983                   0.0
  MONTH TO DATE    0.0                                       0.0
  SINCE MAR 1      0.0                                       0.0
  SINCE JUL 1      0.1                                       6.2
  SNOW DEPTH       0

DEGREE DAYS
 HEATING
  YESTERDAY        7                        14     -7        0
  MONTH TO DATE  204                       373   -169      216
  SINCE MAR 1    204                       373   -169      216
  SINCE JUL 1   2539                      3366   -827     2711

 COOLING
  YESTERDAY        0                         0      0        7
  MONTH TO DATE   28                         0     28       11
  SINCE MAR 1     28                         0     28       11
  SINCE JAN 1     42                         0     42       17
..................................................................


WIND (MPH)
  RESULTANT WIND SPEED   5   RESULTANT WIND DIRECTION   E (100)
  HIGHEST WIND SPEED    17   HIGHEST WIND DIRECTION     S (170)
  HIGHEST GUST SPEED    23   HIGHEST GUST DIRECTION    SE (140)
  AVERAGE WIND SPEED     8.5


SKY COVER
  AVERAGE SKY COVER 0.3


WEATHER CONDITIONS
 THE FOLLOWING WEATHER WAS RECORDED YESTERDAY.
  NO SIGNIFICANT WEATHER WAS OBSERVED.


RELATIVE HUMIDITY (PERCENT)
 HIGHEST    82           700 AM
 LOWEST     44           200 PM
 AVERAGE    63

..........................................................


THE BORGER CLIMATE NORMALS FOR TODAY
                         NORMAL    RECORD    YEAR
 MAXIMUM TEMPERATURE (F)   66        84      2002
 MINIMUM TEMPERATURE (F)   38        16      1952


SUNRISE AND SUNSET
MARCH 23 2017.........SUNRISE   745 AM CDT   SUNSET   800 PM CDT
MARCH 24 2017.........SUNRISE   743 AM CDT   SUNSET   801 PM CDT


-  INDICATES NEGATIVE NUMBERS.
R  INDICATES RECORD WAS SET OR TIED.
MM INDICATES DATA IS MISSING.
T  INDICATES TRACE AMOUNT.




$$
