000
CDUS44 KAMA 222131
CLIBGD


CLIMATE REPORT
NATIONAL WEATHER SERVICE AMARILLO TX
430 PM CDT FRI AUG 22 2014


...................................

...THE BORGER CLIMATE SUMMARY FOR AUGUST 22 2014...
VALID TODAY AS OF 0400 PM LOCAL TIME.

CLIMATE NORMAL PERIOD 1981 TO 2013
CLIMATE RECORD PERIOD 1949 TO 2014


WEATHER ITEM   OBSERVED TIME   RECORD YEAR NORMAL DEPARTURE LAST
                VALUE   (LST)  VALUE       VALUE  FROM      YEAR
                                                  NORMAL
..................................................................
TEMPERATURE (F)
 TODAY
  MAXIMUM        100    238 PM 102    2011  91      9       96
  MINIMUM         79    648 AM  56    1964  67     12       66
  AVERAGE         90                        79     11       81

PRECIPITATION (IN)
  TODAY            0.02          1.79 1974   0.12  -0.10     0.00
  MONTH TO DATE    0.58                      2.20  -1.62     2.73
  SINCE JUN 1      5.49                      7.99  -2.50     7.09
  SINCE JAN 1      7.61                     15.04  -7.43    11.56

SNOWFALL (IN)
  TODAY            0.0           0.0  2013                   0.0
                                      2012
                                      2011
  MONTH TO DATE    0.0                                       0.0
  SINCE JUN 1      0.0                                       0.0
  SINCE JUL 1      0.0                                       0.0
  SNOW DEPTH       0

DEGREE DAYS
 HEATING
  TODAY            0                         0      0        0
  MONTH TO DATE    0                         0      0        0
  SINCE JUN 1      4                         3      1        0
  SINCE JUL 1      1                         0      1        0

 COOLING
  TODAY           25                        14     11       16
  MONTH TO DATE  381                       351     30      345
  SINCE JUN 1   1258                      1235     23     1342
  SINCE JAN 1   1572                      1432    140     1630
..................................................................


WIND (MPH)
  RESULTANT WIND SPEED  12   RESULTANT WIND DIRECTION   S (200)
  HIGHEST WIND SPEED    20   HIGHEST WIND DIRECTION    SE (150)
  HIGHEST GUST SPEED    28   HIGHEST GUST DIRECTION    SW (210)
  AVERAGE WIND SPEED    12.4


SKY COVER
  AVERAGE SKY COVER 0.1


WEATHER CONDITIONS
 THE FOLLOWING WEATHER WAS RECORDED TODAY.
  LIGHT RAIN


RELATIVE HUMIDITY (PERCENT)
 HIGHEST    54           500 AM
 LOWEST     24           100 PM
 AVERAGE    39

..........................................................


THE BORGER CLIMATE NORMALS FOR TOMORROW
                         NORMAL    RECORD    YEAR
 MAXIMUM TEMPERATURE (F)   91       102      2011
                                             2010
 MINIMUM TEMPERATURE (F)   67        50      1961


SUNRISE AND SUNSET
AUGUST 22 2014........SUNRISE   710 AM CDT   SUNSET   826 PM CDT
AUGUST 23 2014........SUNRISE   711 AM CDT   SUNSET   825 PM CDT


-  INDICATES NEGATIVE NUMBERS.
R  INDICATES RECORD WAS SET OR TIED.
MM INDICATES DATA IS MISSING.
T  INDICATES TRACE AMOUNT.




$$
