000
CDUS44 KAMA 282128
CLIBGD


CLIMATE REPORT
NATIONAL WEATHER SERVICE AMARILLO TX
427 PM CDT THU APR 28 2016


...................................

...THE BORGER CLIMATE SUMMARY FOR APRIL 28 2016...
VALID TODAY AS OF 0427 PM LOCAL TIME.

CLIMATE NORMAL PERIOD 1981 TO 2010
CLIMATE RECORD PERIOD 1949 TO 2016


WEATHER ITEM   OBSERVED TIME   RECORD YEAR NORMAL DEPARTURE LAST
                VALUE   (LST)  VALUE       VALUE  FROM      YEAR
                                                  NORMAL
..................................................................
TEMPERATURE (F)
 TODAY
  MAXIMUM         73    253 PM  89    2013  76     -3       66
                                      2010
  MINIMUM         45    606 AM  30    1994  49     -4       43
  AVERAGE         59                        62     -3       55

PRECIPITATION (IN)
  TODAY            0.00          2.41 1957   0.03  -0.03      T
  MONTH TO DATE    1.60                      1.46   0.14     4.40
  SINCE MAR 1      1.60                      2.87  -1.27     4.67
  SINCE JAN 1      2.32                      4.08  -1.76     6.52

SNOWFALL (IN)
  TODAY            0.0           0.5  1994                   0.0
  MONTH TO DATE    0.0                                       0.0
  SINCE MAR 1      0.0                                        T
  SINCE JUL 1      6.2                                      17.5
  SNOW DEPTH       0

DEGREE DAYS
 HEATING
  TODAY            6                         5      1       10
  MONTH TO DATE  145                       218    -73      134
  SINCE MAR 1    416                       702   -286      494
  SINCE JUL 1   2911                      3695   -784     3366

 COOLING
  TODAY            0                         2     -2        0
  MONTH TO DATE   34                        33      1       47
  SINCE MAR 1     45                        40      5       54
  SINCE JAN 1     51                        40     11       54
..................................................................


WIND (MPH)
  RESULTANT WIND SPEED  10   RESULTANT WIND DIRECTION   E (90)
  HIGHEST WIND SPEED    22   HIGHEST WIND DIRECTION     E (110)
  HIGHEST GUST SPEED    31   HIGHEST GUST DIRECTION    SE (120)
  AVERAGE WIND SPEED    11.5


SKY COVER
  AVERAGE SKY COVER 0.1


WEATHER CONDITIONS
 THE FOLLOWING WEATHER WAS RECORDED TODAY.
  NO SIGNIFICANT WEATHER WAS OBSERVED.


RELATIVE HUMIDITY (PERCENT)
 HIGHEST    65           600 AM
 LOWEST     37           100 PM
 AVERAGE    51

..........................................................


THE BORGER CLIMATE NORMALS FOR TOMORROW
                         NORMAL    RECORD    YEAR
 MAXIMUM TEMPERATURE (F)   76        96      2011
 MINIMUM TEMPERATURE (F)   49        30      1994


SUNRISE AND SUNSET
APRIL 28 2016.........SUNRISE   656 AM CDT   SUNSET   830 PM CDT
APRIL 29 2016.........SUNRISE   655 AM CDT   SUNSET   831 PM CDT


-  INDICATES NEGATIVE NUMBERS.
R  INDICATES RECORD WAS SET OR TIED.
MM INDICATES DATA IS MISSING.
T  INDICATES TRACE AMOUNT.




$$
