000
CDUS44 KAMA 292138
CLIBGD


CLIMATE REPORT
NATIONAL WEATHER SERVICE AMARILLO TX
438 PM CDT SUN MAR 29 2015


...................................

...THE BORGER CLIMATE SUMMARY FOR MARCH 29 2015...
VALID TODAY AS OF 0400 PM LOCAL TIME.

CLIMATE NORMAL PERIOD 1981 TO 2013
CLIMATE RECORD PERIOD 1949 TO 2015


WEATHER ITEM   OBSERVED TIME   RECORD YEAR NORMAL DEPARTURE LAST
                VALUE   (LST)  VALUE       VALUE  FROM      YEAR
                                                  NORMAL
..................................................................
TEMPERATURE (F)
 TODAY
  MAXIMUM         75    328 PM  89    2012  68      7       72
                                      1967
  MINIMUM         54    658 AM  14    1987  40     14       35
  AVERAGE         65                        54     11       54

PRECIPITATION (IN)
  TODAY            0.00          0.72 1990   0.06  -0.06     0.00
  MONTH TO DATE    0.27                      1.30  -1.03     0.07
  SINCE MAR 1      0.27                      1.30  -1.03     0.07
  SINCE JAN 1      2.12                      2.51  -0.39     0.45

SNOWFALL (IN)
  TODAY            0.0           1.5  1980                   0.0
  MONTH TO DATE    T                                         1.0
  SINCE MAR 1      T                                         1.0
  SINCE JUL 1     17.5                                      13.6
  SNOW DEPTH       0

DEGREE DAYS
 HEATING
  TODAY            0                        12    -12       11
  MONTH TO DATE  358                       462   -104      502
  SINCE MAR 1    358                       462   -104      502
  SINCE JUL 1   3230                      3455   -225     3580

 COOLING
  TODAY            0                         0      0        0
  MONTH TO DATE    4                         0      4        0
  SINCE MAR 1      4                         0      4        0
  SINCE JAN 1      4                         0      4        0
..................................................................


WIND (MPH)
  RESULTANT WIND SPEED   7   RESULTANT WIND DIRECTION   N (10)
  HIGHEST WIND SPEED    35   HIGHEST WIND DIRECTION     N (20)
  HIGHEST GUST SPEED    42   HIGHEST GUST DIRECTION     N (360)
  AVERAGE WIND SPEED    17.5


SKY COVER
  AVERAGE SKY COVER 0.0


WEATHER CONDITIONS
 THE FOLLOWING WEATHER WAS RECORDED TODAY.
  NO SIGNIFICANT WEATHER WAS OBSERVED.


RELATIVE HUMIDITY (PERCENT)
 HIGHEST    54           700 AM
 LOWEST     13           300 PM
 AVERAGE    34

..........................................................


THE BORGER CLIMATE NORMALS FOR TOMORROW
                         NORMAL    RECORD    YEAR
 MAXIMUM TEMPERATURE (F)   68        90      2010
 MINIMUM TEMPERATURE (F)   40        13      1987


SUNRISE AND SUNSET
MARCH 29 2015.........SUNRISE   737 AM CDT   SUNSET   805 PM CDT
MARCH 30 2015.........SUNRISE   735 AM CDT   SUNSET   806 PM CDT


-  INDICATES NEGATIVE NUMBERS.
R  INDICATES RECORD WAS SET OR TIED.
MM INDICATES DATA IS MISSING.
T  INDICATES TRACE AMOUNT.




$$
