000
CDUS44 KAMA 262141
CLIBGD


CLIMATE REPORT
NATIONAL WEATHER SERVICE AMARILLO TX
441 PM CDT THU MAY 26 2016


...................................

...THE BORGER CLIMATE SUMMARY FOR MAY 26 2016...
VALID TODAY AS OF 0400 PM LOCAL TIME.

CLIMATE NORMAL PERIOD 1981 TO 2010
CLIMATE RECORD PERIOD 1949 TO 2016


WEATHER ITEM   OBSERVED TIME   RECORD YEAR NORMAL DEPARTURE LAST
                VALUE   (LST)  VALUE       VALUE  FROM      YEAR
                                                  NORMAL
..................................................................
TEMPERATURE (F)
 TODAY
  MAXIMUM         93    246 PM 101    1953  84      9       80
  MINIMUM         64    639 AM  40    1950  59      5       53
  AVERAGE         79                        71      8       67

PRECIPITATION (IN)
  TODAY            0.00          1.53 1987   0.12  -0.12     0.00
  MONTH TO DATE    1.99                      2.22  -0.23     8.70
  SINCE MAR 1      5.52                      5.17   0.35    13.37
  SINCE JAN 1      6.24                      6.38  -0.14    15.22

SNOWFALL (IN)
  TODAY            0.0           T    1982                   0.0
  MONTH TO DATE    0.0                                       0.0
  SINCE MAR 1      0.0                                        T
  SINCE JUL 1      6.2                                      17.5
  SNOW DEPTH       0

DEGREE DAYS
 HEATING
  TODAY            0                         1     -1        0
  MONTH TO DATE  105                        59     46       77
  SINCE MAR 1    552                       769   -217      578
  SINCE JUL 1   3047                      3762   -715     3450

 COOLING
  TODAY           14                         7      7        2
  MONTH TO DATE  121                       116      5       50
  SINCE MAR 1    166                       160      6      106
  SINCE JAN 1    172                       160     12      106
..................................................................


WIND (MPH)
  RESULTANT WIND SPEED   8   RESULTANT WIND DIRECTION  SW (210)
  HIGHEST WIND SPEED    24   HIGHEST WIND DIRECTION    SW (240)
  HIGHEST GUST SPEED    33   HIGHEST GUST DIRECTION    SW (240)
  AVERAGE WIND SPEED     9.8


SKY COVER
  AVERAGE SKY COVER 0.0


WEATHER CONDITIONS
 THE FOLLOWING WEATHER WAS RECORDED TODAY.
  NO SIGNIFICANT WEATHER WAS OBSERVED.


RELATIVE HUMIDITY (PERCENT)
 HIGHEST    60           600 AM
 LOWEST      8           300 PM
 AVERAGE    34

..........................................................


THE BORGER CLIMATE NORMALS FOR TOMORROW
                         NORMAL    RECORD    YEAR
 MAXIMUM TEMPERATURE (F)   84       100      2013
                                             2006
 MINIMUM TEMPERATURE (F)   59        41      1950


SUNRISE AND SUNSET
MAY 26 2016...........SUNRISE   633 AM CDT   SUNSET   853 PM CDT
MAY 27 2016...........SUNRISE   633 AM CDT   SUNSET   853 PM CDT


-  INDICATES NEGATIVE NUMBERS.
R  INDICATES RECORD WAS SET OR TIED.
MM INDICATES DATA IS MISSING.
T  INDICATES TRACE AMOUNT.




$$
