000
CDUS44 KAMA 230643
CLIBGD


CLIMATE REPORT
NATIONAL WEATHER SERVICE AMARILLO TX
138 AM CDT WED APR 23 2014


...................................

...THE BORGER CLIMATE SUMMARY FOR APRIL 22 2014...

CLIMATE NORMAL PERIOD 1981 TO 2013
CLIMATE RECORD PERIOD 1949 TO 2014


WEATHER ITEM   OBSERVED TIME   RECORD YEAR NORMAL DEPARTURE LAST
                VALUE   (LST)  VALUE       VALUE  FROM      YEAR
                                                  NORMAL
..................................................................
TEMPERATURE (F)
 YESTERDAY
  MAXIMUM         86    450 PM  99    1965  74     12       89
  MINIMUM         53    517 AM  29    1959  47      6       34
  AVERAGE         70                        60     10       62

PRECIPITATION (IN)
  YESTERDAY        T             0.99 1997   0.05  -0.05     0.00
  MONTH TO DATE    0.11                      1.24  -1.13     0.05
  SINCE MAR 1      0.18                      2.65  -2.47     0.34
  SINCE JAN 1      0.56                      3.86  -3.30     3.39

SNOWFALL (IN)
  YESTERDAY        0.0           0.0  2013                    T
                                      2012
                                      2011
  MONTH TO DATE    1.1                                        T
  SINCE MAR 1      2.1                                       0.3
  SINCE JUL 1     14.7                                      27.5
  SNOW DEPTH       0

DEGREE DAYS
 HEATING
  YESTERDAY        0                         6     -6        3
  MONTH TO DATE  166                       186    -20      268
  SINCE MAR 1    668                       670     -2      726
  SINCE JUL 1   3746                      3663     83     3448

 COOLING
  YESTERDAY        5                         2      3        0
  MONTH TO DATE   29                        21      8        7
  SINCE MAR 1     31                        28      3        7
  SINCE JAN 1     31                        28      3        7
..................................................................


WIND (MPH)
  RESULTANT WIND SPEED  10   RESULTANT WIND DIRECTION   S (170)
  HIGHEST WIND SPEED    28   HIGHEST WIND DIRECTION     S (170)
  HIGHEST GUST SPEED    38   HIGHEST GUST DIRECTION     S (170)
  AVERAGE WIND SPEED    12.0


SKY COVER
  AVERAGE SKY COVER 0.1


WEATHER CONDITIONS
 THE FOLLOWING WEATHER WAS RECORDED YESTERDAY.
  LIGHT RAIN


RELATIVE HUMIDITY (PERCENT)
 HIGHEST    67           300 AM
 LOWEST     19           600 PM
 AVERAGE    43

..........................................................


THE BORGER CLIMATE NORMALS FOR TODAY
                         NORMAL    RECORD    YEAR
 MAXIMUM TEMPERATURE (F)   75        96      2006
 MINIMUM TEMPERATURE (F)   47        27      2013


SUNRISE AND SUNSET
APRIL 23 2014.........SUNRISE   703 AM CDT   SUNSET   826 PM CDT
APRIL 24 2014.........SUNRISE   702 AM CDT   SUNSET   826 PM CDT


-  INDICATES NEGATIVE NUMBERS.
R  INDICATES RECORD WAS SET OR TIED.
MM INDICATES DATA IS MISSING.
T  INDICATES TRACE AMOUNT.




$$
