000
CDUS44 KAMA 022131
CLIBGD


CLIMATE REPORT
NATIONAL WEATHER SERVICE AMARILLO TX
430 PM CDT SUN AUG 2 2015


...................................

...THE BORGER CLIMATE SUMMARY FOR AUGUST 2 2015...
VALID TODAY AS OF 0400 PM LOCAL TIME.

CLIMATE NORMAL PERIOD 1981 TO 2013
CLIMATE RECORD PERIOD 1949 TO 2015


WEATHER ITEM   OBSERVED TIME   RECORD YEAR NORMAL DEPARTURE LAST
                VALUE   (LST)  VALUE       VALUE  FROM      YEAR
                                                  NORMAL
..................................................................
TEMPERATURE (F)
 TODAY
  MAXIMUM         91    201 PM 107    2012  94     -3       91
  MINIMUM         70    732 AM  57    1973  70      0       64
  AVERAGE         81                        82     -1       78

PRECIPITATION (IN)
  TODAY            0.08          1.29 1999   0.08   0.00     0.00
  MONTH TO DATE    0.41                      0.16   0.25     0.00
  SINCE JUN 1     14.08                      5.95   8.13     4.91
  SINCE JAN 1     29.60                     13.00  16.60     7.03

SNOWFALL (IN)
  TODAY            0.0           0.0  2013                   0.0
                                      2012
                                      2011
  MONTH TO DATE    0.0                                       0.0
  SINCE JUN 1      0.0                                       0.0
  SINCE JUL 1      0.0                                       0.0
  SNOW DEPTH       0

DEGREE DAYS
 HEATING
  TODAY            0                         0      0        0
  MONTH TO DATE    0                         0      0        0
  SINCE JUN 1      0                         3     -3        4
  SINCE JUL 1      0                         0      0        1

 COOLING
  TODAY           16                        17     -1       13
  MONTH TO DATE   28                        34     -6       23
  SINCE JUN 1    944                       918     26      900
  SINCE JAN 1   1068                      1115    -47     1214
..................................................................


WIND (MPH)
  RESULTANT WIND SPEED   6   RESULTANT WIND DIRECTION   S (200)
  HIGHEST WIND SPEED    17   HIGHEST WIND DIRECTION    SW (240)
  HIGHEST GUST SPEED    22   HIGHEST GUST DIRECTION    SW (240)
  AVERAGE WIND SPEED     8.1


SKY COVER
  AVERAGE SKY COVER 0.1


WEATHER CONDITIONS
 THE FOLLOWING WEATHER WAS RECORDED TODAY.
  THUNDERSTORM
  RAIN
  LIGHT RAIN
  FOG


RELATIVE HUMIDITY (PERCENT)
 HIGHEST    93           200 AM
 LOWEST     50          1200 PM
 AVERAGE    72

..........................................................


THE BORGER CLIMATE NORMALS FOR TOMORROW
                         NORMAL    RECORD    YEAR
 MAXIMUM TEMPERATURE (F)   94       108      2012
 MINIMUM TEMPERATURE (F)   70        56      1974


SUNRISE AND SUNSET
AUGUST  2 2015........SUNRISE   654 AM CDT   SUNSET   849 PM CDT
AUGUST  3 2015........SUNRISE   655 AM CDT   SUNSET   848 PM CDT


-  INDICATES NEGATIVE NUMBERS.
R  INDICATES RECORD WAS SET OR TIED.
MM INDICATES DATA IS MISSING.
T  INDICATES TRACE AMOUNT.




$$
