000
CDUS41 KBGM 300550
CLIBGM


CLIMATE REPORT
NATIONAL WEATHER SERVICE BINGHAMTON NY
150 AM EDT MON MAY 30 2016


...................................

...THE BINGHAMTON NY CLIMATE SUMMARY FOR MAY 29 2016...

CLIMATE NORMAL PERIOD 1981 TO 2010
CLIMATE RECORD PERIOD 1951 TO 2016


WEATHER ITEM   OBSERVED TIME   RECORD YEAR NORMAL DEPARTURE LAST
                VALUE   (LST)  VALUE       VALUE  FROM      YEAR
                                                  NORMAL
..................................................................
TEMPERATURE (F)
 YESTERDAY
  MAXIMUM         86    301 PM  87    1987  69     17       79
                                      1969
  MINIMUM         65   1132 PM  38    2008  50     15       50
                                      1964
                                      1953
  AVERAGE         76                        60     16       65

PRECIPITATION (IN)
  YESTERDAY        0.04          1.20 1955   0.12  -0.08     0.00
  MONTH TO DATE    2.84                      3.31  -0.47     3.02
  SINCE MAR 1      7.07                      9.73  -2.66     9.22
  SINCE JAN 1     12.38                     14.49  -2.11    13.16

SNOWFALL (IN)
  YESTERDAY        0.0           T    1955   0.0    0.0      0.0
  MONTH TO DATE    T                         0.1   -0.1      0.0
  SINCE MAR 1     10.3                      19.5   -9.2     17.6
  SINCE JUL 1     32.0                      83.4  -51.4     93.4
  SNOW DEPTH       0

DEGREE DAYS
 HEATING
  YESTERDAY        0                         6     -6        0
  MONTH TO DATE  321                       293     28      148
  SINCE MAR 1   1771                      1893   -122     1921
  SINCE JUL 1   6129                      7092   -963     7453

 COOLING
  YESTERDAY       11                         1     10        0
  MONTH TO DATE   37                        17     20       64
  SINCE MAR 1     37                        21     16       64
  SINCE JAN 1     37                        21     16       64
..................................................................


WIND (MPH)
  HIGHEST WIND SPEED    17   HIGHEST WIND DIRECTION    NW (320)
  HIGHEST GUST SPEED    25   HIGHEST GUST DIRECTION    NW (320)
  AVERAGE WIND SPEED     6.7


SKY COVER
  AVERAGE SKY COVER 0.3


WEATHER CONDITIONS
 THE FOLLOWING WEATHER WAS RECORDED YESTERDAY.
  LIGHT RAIN
  FOG
  HAZE


RELATIVE HUMIDITY (PERCENT)
 HIGHEST    90           600 AM
 LOWEST     48           100 PM
 AVERAGE    69

..........................................................


THE BINGHAMTON NY CLIMATE NORMALS FOR TODAY
                         NORMAL    RECORD    YEAR
 MAXIMUM TEMPERATURE (F)   70        88      2006
                                             1987
 MINIMUM TEMPERATURE (F)   51        35      1961


SUNRISE AND SUNSET
MAY 30 2016...........SUNRISE   531 AM EDT   SUNSET   833 PM EDT
MAY 31 2016...........SUNRISE   530 AM EDT   SUNSET   833 PM EDT


-  INDICATES NEGATIVE NUMBERS.
R  INDICATES RECORD WAS SET OR TIED.
MM INDICATES DATA IS MISSING.
T  INDICATES TRACE AMOUNT.




$$
