000
CDUS41 KBGM 190522
CLIBGM


CLIMATE REPORT
NATIONAL WEATHER SERVICE BINGHAMTON NY
120 AM EDT THU OCT 19 2017


...................................

...THE BINGHAMTON NY CLIMATE SUMMARY FOR OCTOBER 18 2017...

CLIMATE NORMAL PERIOD 1981 TO 2010
CLIMATE RECORD PERIOD 1951 TO 2017


WEATHER ITEM   OBSERVED TIME   RECORD YEAR NORMAL DEPARTURE LAST
                VALUE   (LST)  VALUE       VALUE  FROM      YEAR
                                                  NORMAL
..................................................................
TEMPERATURE (F)
 YESTERDAY
  MAXIMUM         66    358 PM  77    2016  56     10       77
  MINIMUM         43    643 AM  22    1974  39      4       60
  AVERAGE         55                        48      7       69

PRECIPITATION (IN)
  YESTERDAY        0.00          1.48 1967   0.11  -0.11     0.02
  MONTH TO DATE    1.55                      1.98  -0.43     0.67
  SINCE SEP 1      2.81                      5.61  -2.80     1.70
  SINCE JAN 1     42.55                     31.82  10.73    25.25

SNOWFALL (IN)
  YESTERDAY        0.0           0.7  1972   0.0    0.0      0.0
  MONTH TO DATE    0.0                       0.2   -0.2      0.0
  SINCE SEP 1      0.0                       0.2   -0.2      0.0
  SINCE JUL 1      0.0                       0.2   -0.2      0.0
  SNOW DEPTH       0

DEGREE DAYS
 HEATING
  YESTERDAY       10                        17     -7        0
  MONTH TO DATE  145                       261   -116      205
  SINCE SEP 1    300                       455   -155      319
  SINCE JUL 1    381                       518   -137      328

 COOLING
  YESTERDAY        0                         0      0        4
  MONTH TO DATE    9                         0      9        4
  SINCE SEP 1     78                        31     47       52
  SINCE JAN 1    349                       379    -30      563
..................................................................


WIND (MPH)
  HIGHEST WIND SPEED    13   HIGHEST WIND DIRECTION    SW (220)
  HIGHEST GUST SPEED    18   HIGHEST GUST DIRECTION     W (270)
  AVERAGE WIND SPEED     7.1


SKY COVER
  AVERAGE SKY COVER 0.0


WEATHER CONDITIONS
 THE FOLLOWING WEATHER WAS RECORDED YESTERDAY.
  NO SIGNIFICANT WEATHER WAS OBSERVED.


RELATIVE HUMIDITY (PERCENT)
 HIGHEST    76           600 AM
 LOWEST     42           300 PM
 AVERAGE    59

..........................................................


THE BINGHAMTON NY CLIMATE NORMALS FOR TODAY
                         NORMAL    RECORD    YEAR
 MAXIMUM TEMPERATURE (F)   56        77      1963
 MINIMUM TEMPERATURE (F)   39        20      1974


SUNRISE AND SUNSET
OCTOBER 19 2017.......SUNRISE   722 AM EDT   SUNSET   615 PM EDT
OCTOBER 20 2017.......SUNRISE   723 AM EDT   SUNSET   614 PM EDT


-  INDICATES NEGATIVE NUMBERS.
R  INDICATES RECORD WAS SET OR TIED.
MM INDICATES DATA IS MISSING.
T  INDICATES TRACE AMOUNT.

$$
