000
CDUS41 KBGM 160323
CLIBGM


CLIMATE REPORT
NATIONAL WEATHER SERVICE BINGHAMTON NY
1017 PM EST FRI DEC 15 2017


...................................

...THE BINGHAMTON NY CLIMATE SUMMARY FOR DECEMBER 15 2017...
VALID AS OF 1000 PM LOCAL TIME.

CLIMATE NORMAL PERIOD 1981 TO 2010
CLIMATE RECORD PERIOD 1951 TO 2017


WEATHER ITEM   OBSERVED TIME   RECORD YEAR NORMAL DEPARTURE LAST
                VALUE   (LST)  VALUE       VALUE  FROM      YEAR
                                                  NORMAL
..................................................................
TEMPERATURE (F)
 TODAY
  MAXIMUM         19    343 PM  56    2015  33    -14       18
                                      1971
  MINIMUM          6    344 AM   1    1962  21    -15        9
  AVERAGE         13                        27    -14       14

PRECIPITATION (IN)
  TODAY            0.00          0.89 1972   0.09  -0.09     0.08
  MONTH TO DATE    0.52                      1.49  -0.97     2.02
  SINCE DEC 1      0.52                      1.49  -0.97     2.02
  SINCE JAN 1     47.41                     37.96   9.45    34.54

SNOWFALL (IN)
  TODAY            0.0           6.3  1989   0.6   -0.6      1.4
  MONTH TO DATE    4.0                       7.8   -3.8     20.6
  SINCE DEC 1      4.0                       7.8   -3.8     20.6
  SINCE JUL 1      5.8                      14.6   -8.8     49.2
  SNOW DEPTH       0

DEGREE DAYS
 HEATING
  TODAY           52                        38     14       51
  MONTH TO DATE  564                       529     35      557
  SINCE DEC 1    564                       529     35      557
  SINCE JUL 1   1962                      2104   -142     1906

 COOLING
  TODAY            0                         0      0        0
  MONTH TO DATE    0                         0      0        0
  SINCE DEC 1      0                         0      0        0
  SINCE JAN 1    349                       381    -32      563
..................................................................


WIND (MPH)
  HIGHEST WIND SPEED    12   HIGHEST WIND DIRECTION    SW (230)
  HIGHEST GUST SPEED    17   HIGHEST GUST DIRECTION     S (200)
  AVERAGE WIND SPEED     6.2


SKY COVER
  AVERAGE SKY COVER 0.4


WEATHER CONDITIONS
 THE FOLLOWING WEATHER WAS RECORDED TODAY.
  NO SIGNIFICANT WEATHER WAS OBSERVED.


RELATIVE HUMIDITY (PERCENT)
 HIGHEST    88           500 AM
 LOWEST     62           300 PM
 AVERAGE    75

..........................................................


THE BINGHAMTON NY CLIMATE NORMALS FOR TOMORROW
                         NORMAL    RECORD    YEAR
 MAXIMUM TEMPERATURE (F)   33        54      1971
 MINIMUM TEMPERATURE (F)   21        -1      1961
                                             1951


SUNRISE AND SUNSET
DECEMBER 15 2017......SUNRISE   726 AM EST   SUNSET   433 PM EST
DECEMBER 16 2017......SUNRISE   726 AM EST   SUNSET   433 PM EST


-  INDICATES NEGATIVE NUMBERS.
R  INDICATES RECORD WAS SET OR TIED.
MM INDICATES DATA IS MISSING.
T  INDICATES TRACE AMOUNT.




$$
