000
CDUS41 KCAR 010529
CLIBGR


CLIMATE REPORT
NATIONAL WEATHER SERVICE CARIBOU, ME
129 AM EDT WED OCT 1 2014


...................................

...THE BANGOR ME CLIMATE SUMMARY FOR SEPTEMBER 30 2014...

CLIMATE NORMAL PERIOD 1981 TO 2010
CLIMATE RECORD PERIOD 1925 TO 2014


WEATHER ITEM   OBSERVED TIME   RECORD YEAR NORMAL DEPARTURE LAST
                VALUE   (LST)  VALUE       VALUE  FROM      YEAR
                                                  NORMAL
..................................................................
TEMPERATURE (F)
 YESTERDAY
  MAXIMUM         60    238 PM  86    1948  64     -4       67
  MINIMUM         48    838 AM  27    1942  42      6       41
                                      1941
  AVERAGE         54                        53      1       54

PRECIPITATION (IN)
  YESTERDAY        0.01          2.14 1946   0.15  -0.14     0.00
  MONTH TO DATE    0.89                      3.83  -2.94     7.17
  SINCE SEP 1      0.89                      3.83  -2.94     7.17
  SINCE JAN 1     28.63                     30.08  -1.45    32.35

SNOWFALL (IN)
  YESTERDAY        0.0           0.0  2002   0.0             0.0
                                      2001
  MONTH TO DATE    0.0                       0.0             0.0
  SINCE SEP 1      0.0                       0.0             0.0
  SINCE JUL 1      0.0                       0.0             0.0
  SNOW DEPTH       0

DEGREE DAYS
 HEATING
  YESTERDAY       11                        12     -1       11
  MONTH TO DATE  214                       209      5      202
  SINCE SEP 1    214                       209      5      202
  SINCE JUL 1    235                       272    -37      234

 COOLING
  YESTERDAY        0                         0      0        0
  MONTH TO DATE   47                        23     24       33
  SINCE SEP 1     47                        23     24       33
  SINCE JAN 1    361                       317     44      355
..................................................................


WIND (MPH)
  RESULTANT WIND SPEED   6   RESULTANT WIND DIRECTION   N (20)
  HIGHEST WIND SPEED    10   HIGHEST WIND DIRECTION     N (10)
  HIGHEST GUST SPEED    13   HIGHEST GUST DIRECTION    NE (30)


SKY COVER
  POSSIBLE SUNSHINE  MM
  AVERAGE SKY COVER 1.0


WEATHER CONDITIONS
 THE FOLLOWING WEATHER WAS RECORDED YESTERDAY.
  LIGHT RAIN
  FOG


RELATIVE HUMIDITY (PERCENT)
 HIGHEST    93
 LOWEST     67
 AVERAGE    80

..........................................................


THE BANGOR ME CLIMATE NORMALS FOR TODAY
                         NORMAL    RECORD    YEAR
 MAXIMUM TEMPERATURE (F)   64        85      1948
 MINIMUM TEMPERATURE (F)   42        26      1928


SUNRISE AND SUNSET
OCTOBER  1 2014.......SUNRISE   633 AM EDT   SUNSET   616 PM EDT
OCTOBER  2 2014.......SUNRISE   634 AM EDT   SUNSET   614 PM EDT


-  INDICATES NEGATIVE NUMBERS.
R  INDICATES RECORD WAS SET OR TIED.
MM INDICATES DATA IS MISSING.
T  INDICATES TRACE AMOUNT.




$$
