000
CDUS41 KCAR 300526
CLIBGR


CLIMATE REPORT
NATIONAL WEATHER SERVICE CARIBOU, ME
126 AM EDT THU MAR 30 2017


...................................

...THE BANGOR ME CLIMATE SUMMARY FOR MARCH 29 2017...

CLIMATE NORMAL PERIOD 1981 TO 2010
CLIMATE RECORD PERIOD 1925 TO 2017


WEATHER ITEM   OBSERVED TIME   RECORD YEAR NORMAL DEPARTURE LAST
                VALUE   (LST)  VALUE       VALUE  FROM      YEAR
                                                  NORMAL
..................................................................
TEMPERATURE (F)
 YESTERDAY
  MAXIMUM         40    244 PM  79    1946  45     -5       40
  MINIMUM         33    701 AM   6    1974  26      7       33
  AVERAGE         37                        35      2       37

PRECIPITATION (IN)
  YESTERDAY        T             1.55 2010   0.12  -0.12     0.45
  MONTH TO DATE    2.07                      3.14  -1.07     3.27
  SINCE MAR 1      2.07                      3.14  -1.07     3.27
  SINCE JAN 1      7.96                      8.55  -0.59     9.54

SNOWFALL (IN)
  YESTERDAY        0.0           2.8  1961   0.3              T
  MONTH TO DATE   17.0                      11.2             6.0
  SINCE MAR 1     17.0                      11.2             6.0
  SINCE JUL 1     80.3                      61.9            44.6
  SNOW DEPTH       4

DEGREE DAYS
 HEATING
  YESTERDAY       28                        30     -2       28
  MONTH TO DATE 1154                      1018    136      945
  SINCE MAR 1   1154                      1018    136      945
  SINCE JUL 1   6282                      6664   -382     5860

 COOLING
  YESTERDAY        0                         0      0        0
  MONTH TO DATE    0                         0      0        0
  SINCE MAR 1      0                         0      0        0
  SINCE JAN 1      0                         0      0        0
..................................................................


WIND (MPH)
  RESULTANT WIND SPEED  10   RESULTANT WIND DIRECTION   N (350)
  HIGHEST WIND SPEED    18   HIGHEST WIND DIRECTION    NW (330)
  HIGHEST GUST SPEED    23   HIGHEST GUST DIRECTION    NW (330)


SKY COVER
  POSSIBLE SUNSHINE  MM
  AVERAGE SKY COVER 0.9


WEATHER CONDITIONS
 THE FOLLOWING WEATHER WAS RECORDED YESTERDAY.
  LIGHT RAIN
  FOG


RELATIVE HUMIDITY (PERCENT)
 HIGHEST   100
 LOWEST     64
 AVERAGE    82

..........................................................


THE BANGOR ME CLIMATE NORMALS FOR TODAY
                         NORMAL    RECORD    YEAR
 MAXIMUM TEMPERATURE (F)   45        71      1977
 MINIMUM TEMPERATURE (F)   26        13      1943


SUNRISE AND SUNSET
MARCH 30 2017.........SUNRISE   619 AM EDT   SUNSET   701 PM EDT
MARCH 31 2017.........SUNRISE   618 AM EDT   SUNSET   702 PM EDT


-  INDICATES NEGATIVE NUMBERS.
R  INDICATES RECORD WAS SET OR TIED.
MM INDICATES DATA IS MISSING.
T  INDICATES TRACE AMOUNT.




$$
