000
CDUS41 KCAR 290540
CLIBGR


CLIMATE REPORT
NATIONAL WEATHER SERVICE CARIBOU, ME
139 AM EDT WED JUL 29 2015


...................................

...THE BANGOR ME CLIMATE SUMMARY FOR JULY 28 2015...

CLIMATE NORMAL PERIOD 1981 TO 2010
CLIMATE RECORD PERIOD 1925 TO 2015


WEATHER ITEM   OBSERVED TIME   RECORD YEAR NORMAL DEPARTURE LAST
                VALUE   (LST)  VALUE       VALUE  FROM      YEAR
                                                  NORMAL
..................................................................
TEMPERATURE (F)
 YESTERDAY
  MAXIMUM         81    112 PM  96    1949  80      1       72
  MINIMUM         62   1159 PM  43    1946  58      4       65
  AVERAGE         72                        69      3       69

PRECIPITATION (IN)
  YESTERDAY        0.11          3.04 1969   0.12  -0.01     0.51
  MONTH TO DATE    1.03                      3.11  -2.08     6.78
  SINCE JUN 1      5.93                      6.87  -0.94    10.37
  SINCE JAN 1     16.98                     22.92  -5.94    24.78

SNOWFALL (IN)
  YESTERDAY        0.0           0.0  2002   0.0             0.0
                                      2001
  MONTH TO DATE    0.0                       0.0             0.0
  SINCE JUN 1      0.0                       0.0             0.0
  SINCE JUL 1      0.0                       0.0             0.0
  SNOW DEPTH       0

DEGREE DAYS
 HEATING
  YESTERDAY        0                         1     -1        0
  MONTH TO DATE   29                        28      1        5
  SINCE JUN 1    205                       135     70       76
  SINCE JUL 1     29                        28      1        5

 COOLING
  YESTERDAY        7                         5      2        4
  MONTH TO DATE   76                       121    -45      165
  SINCE JUN 1    100                       173    -73      211
  SINCE JAN 1    123                       179    -56      211
..................................................................


WIND (MPH)
  RESULTANT WIND SPEED   4   RESULTANT WIND DIRECTION   S (180)
  HIGHEST WIND SPEED    15   HIGHEST WIND DIRECTION     N (340)
  HIGHEST GUST SPEED    17   HIGHEST GUST DIRECTION     S (180)


SKY COVER
  POSSIBLE SUNSHINE  MM
  AVERAGE SKY COVER 0.7


WEATHER CONDITIONS
 THE FOLLOWING WEATHER WAS RECORDED YESTERDAY.
  THUNDERSTORM
  HEAVY RAIN
  RAIN
  LIGHT RAIN
  FOG
  FOG W/VISIBILITY <= 1/4 MILE


RELATIVE HUMIDITY (PERCENT)
 HIGHEST   100
 LOWEST     62
 AVERAGE    81

..........................................................


THE BANGOR ME CLIMATE NORMALS FOR TODAY
                         NORMAL    RECORD    YEAR
 MAXIMUM TEMPERATURE (F)   80        98      1949
 MINIMUM TEMPERATURE (F)   58        46      1987


SUNRISE AND SUNSET
JULY 29 2015..........SUNRISE   518 AM EDT   SUNSET   805 PM EDT
JULY 30 2015..........SUNRISE   519 AM EDT   SUNSET   804 PM EDT


-  INDICATES NEGATIVE NUMBERS.
R  INDICATES RECORD WAS SET OR TIED.
MM INDICATES DATA IS MISSING.
T  INDICATES TRACE AMOUNT.




$$
