000
CDUS41 KCAR 270528
CLIBGR


CLIMATE REPORT
NATIONAL WEATHER SERVICE CARIBOU, ME
1228 AM EST FRI FEB 27 2015


...................................

...THE BANGOR ME CLIMATE SUMMARY FOR FEBRUARY 26 2015...

CLIMATE NORMAL PERIOD 1981 TO 2010
CLIMATE RECORD PERIOD 1925 TO 2015


WEATHER ITEM   OBSERVED TIME   RECORD YEAR NORMAL DEPARTURE LAST
                VALUE   (LST)  VALUE       VALUE  FROM      YEAR
                                                  NORMAL
..................................................................
TEMPERATURE (F)
 YESTERDAY
  MAXIMUM         16    429 PM  51    1931  34    -18       23
  MINIMUM         -4   1230 AM -15    1929  14    -18       -2
  AVERAGE          6                        24    -18       11

PRECIPITATION (IN)
  YESTERDAY        0.00          1.26 1961   0.09  -0.09      T
  MONTH TO DATE    2.20                      2.32  -0.12     1.99
  SINCE DEC 1     10.12                      8.69   1.43     8.10
  SINCE JAN 1      4.89                      5.21  -0.32     5.17

SNOWFALL (IN)
  YESTERDAY        0.0          13.2  1972   0.4             0.1
  MONTH TO DATE   42.4                      13.7            25.2
  SINCE DEC 1     91.2                      47.3            62.5
  SINCE JUL 1    117.1                      49.7            63.2
  SNOW DEPTH      53

DEGREE DAYS
 HEATING
  YESTERDAY       59                        41     18       54
  MONTH TO DATE 1522                      1157    365     1200
  SINCE DEC 1   4188                      3895    293     4057
  SINCE JUL 1   5772                      5564    208     5642

 COOLING
  YESTERDAY        0                         0      0        0
  MONTH TO DATE    0                         0      0        0
  SINCE DEC 1      0                         0      0        0
  SINCE JAN 1      0                         0      0        0
..................................................................


WIND (MPH)
  RESULTANT WIND SPEED   8   RESULTANT WIND DIRECTION  NW (320)
  HIGHEST WIND SPEED    15   HIGHEST WIND DIRECTION    NW (320)
  HIGHEST GUST SPEED    18   HIGHEST GUST DIRECTION    NW (320)


SKY COVER
  POSSIBLE SUNSHINE  MM
  AVERAGE SKY COVER 0.7


WEATHER CONDITIONS
 THE FOLLOWING WEATHER WAS RECORDED YESTERDAY.
  NO SIGNIFICANT WEATHER WAS OBSERVED.


RELATIVE HUMIDITY (PERCENT)
 HIGHEST    87
 LOWEST     36
 AVERAGE    62

..........................................................


THE BANGOR ME CLIMATE NORMALS FOR TODAY
                         NORMAL    RECORD    YEAR
 MAXIMUM TEMPERATURE (F)   35        54      1976
 MINIMUM TEMPERATURE (F)   14       -17      1963


SUNRISE AND SUNSET
FEBRUARY 27 2015......SUNRISE   617 AM EST   SUNSET   520 PM EST
FEBRUARY 28 2015......SUNRISE   615 AM EST   SUNSET   521 PM EST


-  INDICATES NEGATIVE NUMBERS.
R  INDICATES RECORD WAS SET OR TIED.
MM INDICATES DATA IS MISSING.
T  INDICATES TRACE AMOUNT.




$$
