000
CDUS41 KCAR 210528
CLIBGR


CLIMATE REPORT
NATIONAL WEATHER SERVICE CARIBOU, ME
127 AM EDT THU AUG 21 2014


...................................

...THE BANGOR ME CLIMATE SUMMARY FOR AUGUST 20 2014...

CLIMATE NORMAL PERIOD 1981 TO 2010
CLIMATE RECORD PERIOD 1925 TO 2014


WEATHER ITEM   OBSERVED TIME   RECORD YEAR NORMAL DEPARTURE LAST
                VALUE   (LST)  VALUE       VALUE  FROM      YEAR
                                                  NORMAL
..................................................................
TEMPERATURE (F)
 YESTERDAY
  MAXIMUM         83    342 PM  94    1938  78      5       85
  MINIMUM         52    430 AM  42    1944  55     -3       60
  AVERAGE         68                        67      1       73

PRECIPITATION (IN)
  YESTERDAY        0.00          1.19 1984   0.09  -0.09     0.00
  MONTH TO DATE    2.81                      1.99   0.82     3.26
  SINCE JUN 1     13.18                      9.21   3.97    12.46
  SINCE JAN 1     27.59                     25.26   2.33    23.75

SNOWFALL (IN)
  YESTERDAY        0.0           0.0  2002   0.0             0.0
                                      2001
  MONTH TO DATE    0.0                       0.0             0.0
  SINCE JUN 1      0.0                       0.0             0.0
  SINCE JUL 1      0.0                       0.0             0.0
  SNOW DEPTH       0

DEGREE DAYS
 HEATING
  YESTERDAY        0                         1     -1        0
  MONTH TO DATE    8                        20    -12       11
  SINCE JUN 1     84                       150    -66      119
  SINCE JUL 1     13                        43    -30       19

 COOLING
  YESTERDAY        3                         3      0        8
  MONTH TO DATE   51                        74    -23       28
  SINCE JUN 1    270                       258     12      270
  SINCE JAN 1    270                       264      6      278
..................................................................


WIND (MPH)
  RESULTANT WIND SPEED   1   RESULTANT WIND DIRECTION  SW (230)
  HIGHEST WIND SPEED     8   HIGHEST WIND DIRECTION    SW (220)
  HIGHEST GUST SPEED    11   HIGHEST GUST DIRECTION    SW (220)


SKY COVER
  POSSIBLE SUNSHINE  MM
  AVERAGE SKY COVER 0.3


WEATHER CONDITIONS
 THE FOLLOWING WEATHER WAS RECORDED YESTERDAY.
  FOG


RELATIVE HUMIDITY (PERCENT)
 HIGHEST    97
 LOWEST     42
 AVERAGE    70

..........................................................


THE BANGOR ME CLIMATE NORMALS FOR TODAY
                         NORMAL    RECORD    YEAR
 MAXIMUM TEMPERATURE (F)   78        95      1937
 MINIMUM TEMPERATURE (F)   55        38      1940


SUNRISE AND SUNSET
AUGUST 21 2014........SUNRISE   544 AM EDT   SUNSET   731 PM EDT
AUGUST 22 2014........SUNRISE   546 AM EDT   SUNSET   730 PM EDT


-  INDICATES NEGATIVE NUMBERS.
R  INDICATES RECORD WAS SET OR TIED.
MM INDICATES DATA IS MISSING.
T  INDICATES TRACE AMOUNT.




$$
