005
CDUS41 KCAR 220528
CLIBGR


CLIMATE REPORT
NATIONAL WEATHER SERVICE CARIBOU, ME
1228 AM EST WED NOV 22 2017


...................................

...THE BANGOR ME CLIMATE SUMMARY FOR NOVEMBER 21 2017...

CLIMATE NORMAL PERIOD 1981 TO 2010
CLIMATE RECORD PERIOD 1925 TO 2017


WEATHER ITEM   OBSERVED TIME   RECORD YEAR NORMAL DEPARTURE LAST
                VALUE   (LST)  VALUE       VALUE  FROM      YEAR
                                                  NORMAL
..................................................................
TEMPERATURE (F)
 YESTERDAY
  MAXIMUM         50    238 PM  65    1991  43      7       39
  MINIMUM         13    210 AM  11    1939  27    -14       29
                                      1933
  AVERAGE         32                        35     -3       34

PRECIPITATION (IN)
  YESTERDAY        0.00          2.14 1961   0.14  -0.14     0.06
  MONTH TO DATE    2.11                      2.92  -0.81     2.38
  SINCE SEP 1     10.39                     10.92  -0.53     6.81
  SINCE JAN 1     36.56                     37.17  -0.61    28.80

SNOWFALL (IN)
  YESTERDAY        0.0           5.2  1961   0.1              T
  MONTH TO DATE    T                         0.8              T
  SINCE SEP 1      T                         0.9              T
  SINCE JUL 1      T                         0.9              T
  SNOW DEPTH       0

DEGREE DAYS
 HEATING
  YESTERDAY       33                        30      3       31
  MONTH TO DATE  579                       554     25      478
  SINCE SEP 1    941                      1317   -376     1117
  SINCE JUL 1    988                      1380   -392     1144

 COOLING
  YESTERDAY        0                         0      0        0
  MONTH TO DATE    0                         0      0        0
  SINCE SEP 1     86                        24     62       59
  SINCE JAN 1    368                       318     50      448
..................................................................


WIND (MPH)
  RESULTANT WIND SPEED   7   RESULTANT WIND DIRECTION   S (190)
  HIGHEST WIND SPEED    18   HIGHEST WIND DIRECTION     S (180)
  HIGHEST GUST SPEED    22   HIGHEST GUST DIRECTION     S (190)


SKY COVER
  POSSIBLE SUNSHINE  MM
  AVERAGE SKY COVER 0.3


WEATHER CONDITIONS
 THE FOLLOWING WEATHER WAS RECORDED YESTERDAY.
  NO SIGNIFICANT WEATHER WAS OBSERVED.


RELATIVE HUMIDITY (PERCENT)
 HIGHEST    80
 LOWEST     53
 AVERAGE    67

..........................................................


THE BANGOR ME CLIMATE NORMALS FOR TODAY
                         NORMAL    RECORD    YEAR
 MAXIMUM TEMPERATURE (F)   43        72      1931
 MINIMUM TEMPERATURE (F)   27        11      1978


SUNRISE AND SUNSET
NOVEMBER 22 2017......SUNRISE   642 AM EST   SUNSET   401 PM EST
NOVEMBER 23 2017......SUNRISE   643 AM EST   SUNSET   400 PM EST


-  INDICATES NEGATIVE NUMBERS.
R  INDICATES RECORD WAS SET OR TIED.
MM INDICATES DATA IS MISSING.
T  INDICATES TRACE AMOUNT.




$$
