000
CDUS41 KCAR 260532
CLIBGR


CLIMATE REPORT
NATIONAL WEATHER SERVICE CARIBOU, ME
131 AM EDT WED JUL 26 2017


...................................

...THE BANGOR ME CLIMATE SUMMARY FOR JULY 25 2017...

CLIMATE NORMAL PERIOD 1981 TO 2010
CLIMATE RECORD PERIOD 1925 TO 2017


WEATHER ITEM   OBSERVED TIME   RECORD YEAR NORMAL DEPARTURE LAST
                VALUE   (LST)  VALUE       VALUE  FROM      YEAR
                                                  NORMAL
..................................................................
TEMPERATURE (F)
 YESTERDAY
  MAXIMUM         78    458 PM  98    1941  80     -2       85
  MINIMUM         54   1159 PM  44    2002  58     -4       62
  AVERAGE         66                        69     -3       74

PRECIPITATION (IN)
  YESTERDAY        T             1.05 1967   0.12  -0.12      T
  MONTH TO DATE    1.76                      2.75  -0.99     2.66
  SINCE JUN 1      6.08                      6.51  -0.43     5.51
  SINCE JAN 1     24.38                     22.56   1.82    19.72

SNOWFALL (IN)
  YESTERDAY        0.0           0.0  2002   0.0             0.0
                                      2001
  MONTH TO DATE    0.0                       0.0             0.0
  SINCE JUN 1      T                         0.0             0.0
  SINCE JUL 1      0.0                       0.0             0.0
  SNOW DEPTH       0

DEGREE DAYS
 HEATING
  YESTERDAY        0                         1     -1        0
  MONTH TO DATE   14                        25    -11       23
  SINCE JUN 1    105                       132    -27      126
  SINCE JUL 1     14                        25    -11       23

 COOLING
  YESTERDAY        1                         5     -4        9
  MONTH TO DATE   92                       106    -14      140
  SINCE JUN 1    145                       158    -13      162
  SINCE JAN 1    152                       164    -12      172
..................................................................


WIND (MPH)
  RESULTANT WIND SPEED   4   RESULTANT WIND DIRECTION   N (10)
  HIGHEST WIND SPEED    15   HIGHEST WIND DIRECTION    NW (330)
  HIGHEST GUST SPEED    17   HIGHEST GUST DIRECTION     N (10)


SKY COVER
  POSSIBLE SUNSHINE  MM
  AVERAGE SKY COVER 0.7


WEATHER CONDITIONS
 THE FOLLOWING WEATHER WAS RECORDED YESTERDAY.
  LIGHT RAIN


RELATIVE HUMIDITY (PERCENT)
 HIGHEST    93
 LOWEST     33
 AVERAGE    63

..........................................................


THE BANGOR ME CLIMATE NORMALS FOR TODAY
                         NORMAL    RECORD    YEAR
 MAXIMUM TEMPERATURE (F)   80        96      1963
 MINIMUM TEMPERATURE (F)   58        44      1929
                                             1926


SUNRISE AND SUNSET
JULY 26 2017..........SUNRISE   515 AM EDT   SUNSET   808 PM EDT
JULY 27 2017..........SUNRISE   516 AM EDT   SUNSET   807 PM EDT


-  INDICATES NEGATIVE NUMBERS.
R  INDICATES RECORD WAS SET OR TIED.
MM INDICATES DATA IS MISSING.
T  INDICATES TRACE AMOUNT.




$$
