000
CDUS41 KCAR 140526
CLIBGR


CLIMATE REPORT
NATIONAL WEATHER SERVICE CARIBOU, ME
1226 AM EST SUN FEB 14 2016


...................................

...THE BANGOR ME CLIMATE SUMMARY FOR FEBRUARY 13 2016...

CLIMATE NORMAL PERIOD 1981 TO 2010
CLIMATE RECORD PERIOD 1925 TO 2016


WEATHER ITEM   OBSERVED TIME   RECORD YEAR NORMAL DEPARTURE LAST
                VALUE   (LST)  VALUE       VALUE  FROM      YEAR
                                                  NORMAL
..................................................................
TEMPERATURE (F)
 YESTERDAY
  MAXIMUM         13    355 PM  51    1937  31    -18       10
  MINIMUM         -7    106 AM -20    2003  10    -17       -6
                                      1929
  AVERAGE          3                        20    -17        2

PRECIPITATION (IN)
  YESTERDAY        0.03          1.60 2008   0.09  -0.06     0.00
  MONTH TO DATE    1.26                      1.14   0.12     1.22
  SINCE DEC 1      7.70                      7.51   0.19     9.14
  SINCE JAN 1      3.64                      4.03  -0.39     3.91

SNOWFALL (IN)
  YESTERDAY        0.6           6.3  1977   0.6             0.0
  MONTH TO DATE   14.8                       7.0            21.9
  SINCE DEC 1     31.3                      40.6            70.7
  SINCE JUL 1     33.8                      43.0            96.6
  SNOW DEPTH      10

DEGREE DAYS
 HEATING
  YESTERDAY       62                        45     17       63
  MONTH TO DATE  549                       600    -51      773
  SINCE DEC 1   2815                      3338   -523     3439
  SINCE JUL 1   4316                      5007   -691     5023

 COOLING
  YESTERDAY        0                         0      0        0
  MONTH TO DATE    0                         0      0        0
  SINCE DEC 1      0                         0      0        0
  SINCE JAN 1      0                         0      0        0
..................................................................


WIND (MPH)
  RESULTANT WIND SPEED  10   RESULTANT WIND DIRECTION  NW (320)
  HIGHEST WIND SPEED    26   HIGHEST WIND DIRECTION    NW (320)
  HIGHEST GUST SPEED    30   HIGHEST GUST DIRECTION    NW (330)


SKY COVER
  POSSIBLE SUNSHINE  MM
  AVERAGE SKY COVER 0.9


WEATHER CONDITIONS
 THE FOLLOWING WEATHER WAS RECORDED YESTERDAY.
  HEAVY SNOW
  SNOW
  LIGHT SNOW
  FOG
  FOG W/VISIBILITY <= 1/4 MILE
  HAZE
  BLOWING SNOW


RELATIVE HUMIDITY (PERCENT)
 HIGHEST    92
 LOWEST     72
 AVERAGE    82

..........................................................


THE BANGOR ME CLIMATE NORMALS FOR TODAY
                         NORMAL    RECORD    YEAR
 MAXIMUM TEMPERATURE (F)   31        51      1937
 MINIMUM TEMPERATURE (F)   10       -23      2015


SUNRISE AND SUNSET
FEBRUARY 14 2016......SUNRISE   638 AM EST   SUNSET   501 PM EST
FEBRUARY 15 2016......SUNRISE   637 AM EST   SUNSET   503 PM EST


-  INDICATES NEGATIVE NUMBERS.
R  INDICATES RECORD WAS SET OR TIED.
MM INDICATES DATA IS MISSING.
T  INDICATES TRACE AMOUNT.




$$
