000
CDUS44 KBMX 070818
CLIBHM


CLIMATE REPORT
NATIONAL WEATHER SERVICE BIRMINGHAM, AL
218 AM CST SUN FEB 7 2016


...................................

...THE BIRMINGHAM CLIMATE SUMMARY FOR FEBRUARY 6 2016...

CLIMATE NORMAL PERIOD 1981 TO 2010
CLIMATE RECORD PERIOD 1895 TO 2016


WEATHER ITEM   OBSERVED TIME   RECORD YEAR NORMAL DEPARTURE LAST
                VALUE   (LST)  VALUE       VALUE  FROM      YEAR
                                                  NORMAL
..................................................................
TEMPERATURE (F)
 YESTERDAY
  MAXIMUM         51    335 PM  76    1999  56     -5       55
  MINIMUM         30    730 AM  15    1988  35     -5       20
  AVERAGE         41                        46     -5       38

PRECIPITATION (IN)
  YESTERDAY        0.00          3.42 2006   0.16  -0.16     0.00
  MONTH TO DATE    3.05                      0.97   2.08     0.29
  SINCE DEC 1     16.86                     10.26   6.60    11.82
  SINCE JAN 1      6.33                      5.81   0.52     4.67

SNOWFALL (IN)
  YESTERDAY        0.0                       0.0    0.0      0.0
  MONTH TO DATE    0.0                       0.0    0.0      0.0
  SINCE DEC 1      T                         0.7   -0.7       T
  SINCE JUL 1      T                         0.7   -0.7       T
  SNOW DEPTH       0

DEGREE DAYS
 HEATING
  YESTERDAY       24                        19      5       27
  MONTH TO DATE   82                       119    -37      147
  SINCE DEC 1   1052                      1366   -314     1342
  SINCE JUL 1   1323                      1824   -501     1904
..................................................................


WIND (MPH)
  HIGHEST WIND SPEED    15   HIGHEST WIND DIRECTION     N (360)
  HIGHEST GUST SPEED    18   HIGHEST GUST DIRECTION    NE (30)
  AVERAGE WIND SPEED     2.6


SKY COVER
  AVERAGE SKY COVER 0.4


WEATHER CONDITIONS
 THE FOLLOWING WEATHER WAS RECORDED YESTERDAY.
  NO SIGNIFICANT WEATHER WAS OBSERVED.


RELATIVE HUMIDITY (PERCENT)
 HIGHEST    78           600 AM
 LOWEST     21           400 PM
 AVERAGE    50

..........................................................


THE BIRMINGHAM CLIMATE NORMALS FOR TODAY
                         NORMAL    RECORD    YEAR
 MAXIMUM TEMPERATURE (F)   56        76      1999
                                             1957
 MINIMUM TEMPERATURE (F)   35        12      1988


SUNRISE AND SUNSET
FEBRUARY  7 2016......SUNRISE   639 AM CST   SUNSET   524 PM CST
FEBRUARY  8 2016......SUNRISE   638 AM CST   SUNSET   525 PM CST


-  INDICATES NEGATIVE NUMBERS.
R  INDICATES RECORD WAS SET OR TIED.
MM INDICATES DATA IS MISSING.
T  INDICATES TRACE AMOUNT.




$$
