000
CDUS44 KBMX 280748
CLIBHM


CLIMATE REPORT
NATIONAL WEATHER SERVICE BIRMINGHAM, AL
248 AM CDT SUN AUG 28 2016


...................................

...THE BIRMINGHAM CLIMATE SUMMARY FOR AUGUST 27 2016...

CLIMATE NORMAL PERIOD 1981 TO 2010
CLIMATE RECORD PERIOD 1895 TO 2016


WEATHER ITEM   OBSERVED TIME   RECORD YEAR NORMAL DEPARTURE LAST
                VALUE   (LST)  VALUE       VALUE  FROM      YEAR
                                                  NORMAL
..................................................................
TEMPERATURE (F)
 YESTERDAY
  MAXIMUM         95    358 PM 103    1943  90      5       87
                                      1938
  MINIMUM         75   1258 AM  58    1968  70      5       60
                                      1966
                                      1958
  AVERAGE         85                        80      5       74

PRECIPITATION (IN)
  YESTERDAY        0.00          1.77 1992   0.12  -0.12     0.00
  MONTH TO DATE    2.46                      3.47  -1.01     5.88
  SINCE JUN 1     13.50                     12.65   0.85    14.99
  SINCE JAN 1     35.11                     36.62  -1.51    40.72

DEGREE DAYS
 COOLING
  YESTERDAY       20                        15      5        9
  MONTH TO DATE  492                       426     66      410
  SINCE JUN 1   1561                      1307    254     1434
  SINCE JAN 1   1884                      1589    295     1769
..................................................................


WIND (MPH)
  HIGHEST WIND SPEED    14   HIGHEST WIND DIRECTION    SE (120)
  HIGHEST GUST SPEED    19   HIGHEST GUST DIRECTION    SE (120)
  AVERAGE WIND SPEED     3.3


SKY COVER
  AVERAGE SKY COVER 0.2


WEATHER CONDITIONS
 THE FOLLOWING WEATHER WAS RECORDED YESTERDAY.
  NO SIGNIFICANT WEATHER WAS OBSERVED.


RELATIVE HUMIDITY (PERCENT)
 HIGHEST    94          1200 AM
 LOWEST     39           400 PM
 AVERAGE    67

..........................................................


THE BIRMINGHAM CLIMATE NORMALS FOR TODAY
                         NORMAL    RECORD    YEAR
 MAXIMUM TEMPERATURE (F)   90       103      1924
 MINIMUM TEMPERATURE (F)   70        56      1952


SUNRISE AND SUNSET
AUGUST 28 2016........SUNRISE   619 AM CDT   SUNSET   717 PM CDT
AUGUST 29 2016........SUNRISE   619 AM CDT   SUNSET   716 PM CDT


-  INDICATES NEGATIVE NUMBERS.
R  INDICATES RECORD WAS SET OR TIED.
MM INDICATES DATA IS MISSING.
T  INDICATES TRACE AMOUNT.




$$
