661
CDUS44 KBMX 030232
CLIBHM


CLIMATE REPORT
NATIONAL WEATHER SERVICE BIRMINGHAM, AL
832 PM CST FRI DEC 2 2016


...................................

...THE BIRMINGHAM CLIMATE SUMMARY FOR DECEMBER 2 2016...
VALID TODAY AS OF 0700 PM LOCAL TIME.

CLIMATE NORMAL PERIOD 1981 TO 2010
CLIMATE RECORD PERIOD 1895 TO 2016


WEATHER ITEM   OBSERVED TIME   RECORD YEAR NORMAL DEPARTURE LAST
                VALUE   (LST)  VALUE       VALUE  FROM      YEAR
                                                  NORMAL
..................................................................
TEMPERATURE (F)
 TODAY
  MAXIMUM         62    247 PM  76    1991  59      3       56
                                      1982
                                      1922
  MINIMUM         33    650 AM  20    1960  39     -6       44
  AVERAGE         48                        49     -1       50

PRECIPITATION (IN)
  TODAY            0.00          2.45 1983   0.17  -0.17     0.16
  MONTH TO DATE    0.00                      0.33  -0.33     2.35
  SINCE DEC 1      0.00                      0.33  -0.33     2.35
  SINCE JAN 1     37.92                     49.60 -11.68    52.74

SNOWFALL (IN)
  TODAY            0.0                       0.0    0.0      0.0
  MONTH TO DATE    0.0                       0.0    0.0      0.0
  SINCE DEC 1      0.0                       0.0    0.0      0.0
  SINCE JUL 1      0.0                       0.0    0.0      0.0
  SNOW DEPTH       0

..................................................................


WIND (MPH)
  HIGHEST WIND SPEED    13   HIGHEST WIND DIRECTION     N (360)
  HIGHEST GUST SPEED    16   HIGHEST GUST DIRECTION     N (350)
  AVERAGE WIND SPEED     3.0


SKY COVER
  AVERAGE SKY COVER 0.2


WEATHER CONDITIONS
 THE FOLLOWING WEATHER WAS RECORDED TODAY.
  NO SIGNIFICANT WEATHER WAS OBSERVED.


RELATIVE HUMIDITY (PERCENT)
 HIGHEST    96           300 AM
 LOWEST     26          1200 PM
 AVERAGE    61

..........................................................


THE BIRMINGHAM CLIMATE NORMALS FOR TOMORROW
                         NORMAL    RECORD    YEAR
 MAXIMUM TEMPERATURE (F)   59        76      1982
                                             1933
 MINIMUM TEMPERATURE (F)   39        13      1929


SUNRISE AND SUNSET
DECEMBER  2 2016......SUNRISE   634 AM CST   SUNSET   439 PM CST
DECEMBER  3 2016......SUNRISE   635 AM CST   SUNSET   439 PM CST


-  INDICATES NEGATIVE NUMBERS.
R  INDICATES RECORD WAS SET OR TIED.
MM INDICATES DATA IS MISSING.
T  INDICATES TRACE AMOUNT.




$$
