000
CDUS44 KBMX 280929
CLIBHM


CLIMATE REPORT
NATIONAL WEATHER SERVICE BIRMINGHAM, AL
428 AM CDT FRI AUG 28 2015


...................................

...THE BIRMINGHAM CLIMATE SUMMARY FOR AUGUST 27 2015...

CLIMATE NORMAL PERIOD 1981 TO 2010
CLIMATE RECORD PERIOD 2014 TO 2015


WEATHER ITEM   OBSERVED TIME   RECORD YEAR NORMAL DEPARTURE LAST
                VALUE   (LST)  VALUE       VALUE  FROM      YEAR
                                                  NORMAL
..................................................................
TEMPERATURE (F)
 YESTERDAY
  MAXIMUM         87    404 PM 103    1943  90     -3       92
                                      1938
  MINIMUM         60    531 AM  58    1968  70    -10       65
                                      1966
                                      1958
  AVERAGE         74                        80     -6       79

PRECIPITATION (IN)
  YESTERDAY        0.00          1.77 1992   0.12  -0.12     0.00
  MONTH TO DATE    5.88                      3.47   2.41     3.08
  SINCE JUN 1     14.99                     12.65   2.34     8.81
  SINCE JAN 1     40.72                     36.62   4.10    31.67

DEGREE DAYS
 COOLING
  YESTERDAY        9                        15     -6       14
  MONTH TO DATE  410                       426    -16      447
  SINCE JUN 1   1434                      1307    127     1285
  SINCE JAN 1   1769                      1589    180     1578
..................................................................


WIND (MPH)
  HIGHEST WIND SPEED    12   HIGHEST WIND DIRECTION     E (100)
  HIGHEST GUST SPEED    16   HIGHEST GUST DIRECTION    NE (60)
  AVERAGE WIND SPEED     3.4


SKY COVER
  AVERAGE SKY COVER 0.2


WEATHER CONDITIONS
 THE FOLLOWING WEATHER WAS RECORDED YESTERDAY.
  NO SIGNIFICANT WEATHER WAS OBSERVED.


RELATIVE HUMIDITY (PERCENT)
 HIGHEST   100           400 AM
 LOWEST     44           200 PM
 AVERAGE    72

..........................................................


THE BIRMINGHAM CLIMATE NORMALS FOR TODAY
                         NORMAL    RECORD    YEAR
 MAXIMUM TEMPERATURE (F)   90       103      1924
 MINIMUM TEMPERATURE (F)   70        56      1952


SUNRISE AND SUNSET
AUGUST 28 2015........SUNRISE   618 AM CDT   SUNSET   718 PM CDT
AUGUST 29 2015........SUNRISE   619 AM CDT   SUNSET   717 PM CDT


-  INDICATES NEGATIVE NUMBERS.
R  INDICATES RECORD WAS SET OR TIED.
MM INDICATES DATA IS MISSING.
T  INDICATES TRACE AMOUNT.




$$
