000
CDUS44 KBMX 260741
CLIBHM


CLIMATE REPORT
NATIONAL WEATHER SERVICE BIRMINGHAM, AL
241 AM CDT THU MAY 26 2016


...................................

...THE BIRMINGHAM CLIMATE SUMMARY FOR MAY 25 2016...

CLIMATE NORMAL PERIOD 1981 TO 2010
CLIMATE RECORD PERIOD 1895 TO 2016


WEATHER ITEM   OBSERVED TIME   RECORD YEAR NORMAL DEPARTURE LAST
                VALUE   (LST)  VALUE       VALUE  FROM      YEAR
                                                  NORMAL
..................................................................
TEMPERATURE (F)
 YESTERDAY
  MAXIMUM         89    336 PM  95    1962  84      5       78
  MINIMUM         65    516 AM  45    1979  62      3       67
  AVERAGE         77                        73      4       73

PRECIPITATION (IN)
  YESTERDAY        0.00          1.73 1987   0.16  -0.16     0.03
  MONTH TO DATE    1.38                      4.07  -2.69     0.93
  SINCE MAR 1     10.83                     13.68  -2.85    15.40
  SINCE JAN 1     21.57                     23.05  -1.48    24.10

DEGREE DAYS
 COOLING
  YESTERDAY       12                         8      4        8
  MONTH TO DATE  124                       145    -21      193
  SINCE MAR 1    232                       225      7      275
  SINCE JAN 1    239                       229     10      275
..................................................................


WIND (MPH)
  HIGHEST WIND SPEED    18   HIGHEST WIND DIRECTION     S (200)
  HIGHEST GUST SPEED    24   HIGHEST GUST DIRECTION     S (200)
  AVERAGE WIND SPEED     5.6


SKY COVER
  AVERAGE SKY COVER 0.5


WEATHER CONDITIONS
 THE FOLLOWING WEATHER WAS RECORDED YESTERDAY.
  NO SIGNIFICANT WEATHER WAS OBSERVED.


RELATIVE HUMIDITY (PERCENT)
 HIGHEST    73           100 AM
 LOWEST     31           100 PM
 AVERAGE    52

..........................................................


THE BIRMINGHAM CLIMATE NORMALS FOR TODAY
                         NORMAL    RECORD    YEAR
 MAXIMUM TEMPERATURE (F)   84        97      1962
 MINIMUM TEMPERATURE (F)   63        41      1979


SUNRISE AND SUNSET
MAY 26 2016...........SUNRISE   540 AM CDT   SUNSET   749 PM CDT
MAY 27 2016...........SUNRISE   539 AM CDT   SUNSET   749 PM CDT


-  INDICATES NEGATIVE NUMBERS.
R  INDICATES RECORD WAS SET OR TIED.
MM INDICATES DATA IS MISSING.
T  INDICATES TRACE AMOUNT.




$$
