000
CDUS44 KBMX 180734
CLIBHM


CLIMATE REPORT
NATIONAL WEATHER SERVICE BIRMINGHAM, AL
234 AM CDT FRI AUG 18 2017


...................................

...THE BIRMINGHAM CLIMATE SUMMARY FOR AUGUST 17 2017...

CLIMATE NORMAL PERIOD 1981 TO 2010
CLIMATE RECORD PERIOD 1895 TO 2017


WEATHER ITEM   OBSERVED TIME   RECORD YEAR NORMAL DEPARTURE LAST
                VALUE   (LST)  VALUE       VALUE  FROM      YEAR
                                                  NORMAL
..................................................................
TEMPERATURE (F)
 YESTERDAY
  MAXIMUM         92    210 PM 102    1995  91      1       93
  MINIMUM         75    527 AM  63    1992  71      4       74
  AVERAGE         84                        81      3       84

PRECIPITATION (IN)
  YESTERDAY        0.00          1.47 1928   0.13  -0.13     0.08
  MONTH TO DATE    3.65                      2.24   1.41     1.06
  SINCE JUN 1     23.94                     11.42  12.52    12.10
  SINCE JAN 1     51.60                     35.39  16.21    33.71

DEGREE DAYS
 COOLING
  YESTERDAY       19                        16      3       19
  MONTH TO DATE  265                       272     -7      316
  SINCE JUN 1   1155                      1153      2     1385
  SINCE JAN 1   1617                      1435    182     1708
..................................................................


WIND (MPH)
  HIGHEST WIND SPEED    16   HIGHEST WIND DIRECTION     W (250)
  HIGHEST GUST SPEED    24   HIGHEST GUST DIRECTION    SW (240)
  AVERAGE WIND SPEED     9.0


SKY COVER
  AVERAGE SKY COVER 0.4


WEATHER CONDITIONS
 THE FOLLOWING WEATHER WAS RECORDED YESTERDAY.
  NO SIGNIFICANT WEATHER WAS OBSERVED.


RELATIVE HUMIDITY (PERCENT)
 HIGHEST    91           100 AM
 LOWEST     52           200 PM
 AVERAGE    72

..........................................................


THE BIRMINGHAM CLIMATE NORMALS FOR TODAY
                         NORMAL    RECORD    YEAR
 MAXIMUM TEMPERATURE (F)   91       103      1995
 MINIMUM TEMPERATURE (F)   71        59      1992


SUNRISE AND SUNSET
AUGUST 18 2017........SUNRISE   612 AM CDT   SUNSET   729 PM CDT
AUGUST 19 2017........SUNRISE   612 AM CDT   SUNSET   728 PM CDT


-  INDICATES NEGATIVE NUMBERS.
R  INDICATES RECORD WAS SET OR TIED.
MM INDICATES DATA IS MISSING.
T  INDICATES TRACE AMOUNT.




$$
