000
CDUS44 KBMX 010754
CLIBHM


CLIMATE REPORT
NATIONAL WEATHER SERVICE BIRMINGHAM, AL
253 AM CDT SAT OCT 1 2016


...................................

...THE BIRMINGHAM CLIMATE SUMMARY FOR SEPTEMBER 30 2016...

CLIMATE NORMAL PERIOD 1981 TO 2010
CLIMATE RECORD PERIOD 1895 TO 2016


WEATHER ITEM   OBSERVED TIME   RECORD YEAR NORMAL DEPARTURE LAST
                VALUE   (LST)  VALUE       VALUE  FROM      YEAR
                                                  NORMAL
..................................................................
TEMPERATURE (F)
 YESTERDAY
  MAXIMUM         78    300 PM  95    1904  80     -2       82
  MINIMUM         50    508 AM  37    1967  59     -9       66
  AVERAGE         64                        70     -6       74

PRECIPITATION (IN)
  YESTERDAY        0.00          2.86 1915   0.13  -0.13      T
  MONTH TO DATE    0.68                      3.90  -3.22     1.39
  SINCE SEP 1      0.68                      3.90  -3.22     1.39
  SINCE JAN 1     35.85                     40.98  -5.13    43.46

DEGREE DAYS
 HEATING
  YESTERDAY        1                         1      0        0
  MONTH TO DATE    1                         8     -7        1
  SINCE SEP 1      1                         9     -8        1
  SINCE JUL 1      1                         9     -8        1

 COOLING
  YESTERDAY        0                         6     -6        9
  MONTH TO DATE  470                       300    170      316
  SINCE SEP 1    470                       300    170      316
  SINCE JAN 1   2436                      1950    486     2130
..................................................................


WIND (MPH)
  HIGHEST WIND SPEED    14   HIGHEST WIND DIRECTION     W (250)
  HIGHEST GUST SPEED    18   HIGHEST GUST DIRECTION     N (340)
  AVERAGE WIND SPEED     3.5


SKY COVER
  AVERAGE SKY COVER 0.2


WEATHER CONDITIONS
 THE FOLLOWING WEATHER WAS RECORDED YESTERDAY.
  NO SIGNIFICANT WEATHER WAS OBSERVED.


RELATIVE HUMIDITY (PERCENT)
 HIGHEST    96           500 AM
 LOWEST     33           300 PM
 AVERAGE    65

..........................................................


THE BIRMINGHAM CLIMATE NORMALS FOR TODAY
                         NORMAL    RECORD    YEAR
 MAXIMUM TEMPERATURE (F)   80        94      1919
 MINIMUM TEMPERATURE (F)   58        40      1972
                                             1924
                                             1920


SUNRISE AND SUNSET
OCTOBER  1 2016.......SUNRISE   642 AM CDT   SUNSET   631 PM CDT
OCTOBER  2 2016.......SUNRISE   642 AM CDT   SUNSET   629 PM CDT


-  INDICATES NEGATIVE NUMBERS.
R  INDICATES RECORD WAS SET OR TIED.
MM INDICATES DATA IS MISSING.
T  INDICATES TRACE AMOUNT.




$$
