000
CDUS45 KVEF 250832
CLIBIH


CLIMATE REPORT
NATIONAL WEATHER SERVICE LAS VEGAS, NV
130 AM PDT MON SEP 25 2017


...................................

...THE BISHOP CA CLIMATE SUMMARY FOR SEPTEMBER 24 2017...

CLIMATE NORMAL PERIOD 1981 TO 2010
CLIMATE RECORD PERIOD 1943 TO 2017


WEATHER ITEM   OBSERVED TIME   RECORD YEAR NORMAL DEPARTURE LAST
                VALUE   (LST)  VALUE       VALUE  FROM      YEAR
                                                  NORMAL
..................................................................
TEMPERATURE (F)
 YESTERDAY
  MAXIMUM         72    325 PM  96    2003  85    -13       89
  MINIMUM         34    544 AM  31    2006  45    -11       54
  AVERAGE         53                        65    -12       72

PRECIPITATION (IN)
  YESTERDAY        0.00          0.73 1982   0.01  -0.01     0.00
  MONTH TO DATE    T                         0.14  -0.14      T
  SINCE OCT 1      9.18                      5.12   4.06     3.88
  SINCE JAN 1      8.82                      3.50   5.32     3.07

SNOWFALL (IN)
  YESTERDAY        0.0          MM      MM   0.0    0.0      0.0
  MONTH TO DATE    0.0                       0.0    0.0      0.0
  SINCE SEP 1      0.0                       0.0    0.0      0.0
  SINCE JUL 1      0.0                       0.0    0.0      0.0
  SNOW DEPTH       0

DEGREE DAYS
 HEATING
  YESTERDAY       12                         2     10        0
  MONTH TO DATE   46                        23     23       17
  SINCE SEP 1     46                        23     23       17
  SINCE JUL 1     46                        25     21       17

 COOLING
  YESTERDAY        0                         2     -2        7
  MONTH TO DATE  134                       109     25      114
  SINCE SEP 1    134                       109     25      114
  SINCE JAN 1   1407                      1086    321     1337
..................................................................


WIND (MPH)
  RESULTANT WIND SPEED   4   RESULTANT WIND DIRECTION   N (340)
  HIGHEST WIND SPEED    14   HIGHEST WIND DIRECTION     N (360)
  HIGHEST GUST SPEED    18   HIGHEST GUST DIRECTION     N (10)
  AVERAGE WIND SPEED     6.5


SKY COVER
  POSSIBLE SUNSHINE  MM
  AVERAGE SKY COVER 0.0


WEATHER CONDITIONS
 THE FOLLOWING WEATHER WAS RECORDED YESTERDAY.
  NO SIGNIFICANT WEATHER WAS OBSERVED.


RELATIVE HUMIDITY (PERCENT)
 HIGHEST    59           600 AM
 LOWEST     13           300 PM
 AVERAGE    36

..........................................................


THE BISHOP CA CLIMATE NORMALS FOR TODAY
                         NORMAL    RECORD    YEAR
 MAXIMUM TEMPERATURE (F)   85        96      2015
 MINIMUM TEMPERATURE (F)   44        32      1986


SUNRISE AND SUNSET
SEPTEMBER 25 2017.....SUNRISE   644 AM PDT   SUNSET   645 PM PDT
SEPTEMBER 26 2017.....SUNRISE   645 AM PDT   SUNSET   644 PM PDT


-  INDICATES NEGATIVE NUMBERS.
R  INDICATES RECORD WAS SET OR TIED.
MM INDICATES DATA IS MISSING.
T  INDICATES TRACE AMOUNT.




$$
