236
CDUS45 KVEF 160838
CLIBIH


CLIMATE REPORT
NATIONAL WEATHER SERVICE LAS VEGAS, NV
1238 AM PST MON JAN 16 2017


...................................

...THE BISHOP CA CLIMATE SUMMARY FOR JANUARY 15 2017...

CLIMATE NORMAL PERIOD 1981 TO 2010
CLIMATE RECORD PERIOD 1943 TO 2017


WEATHER ITEM   OBSERVED TIME   RECORD YEAR NORMAL DEPARTURE LAST
                VALUE   (LST)  VALUE       VALUE  FROM      YEAR
                                                  NORMAL
..................................................................
TEMPERATURE (F)
 YESTERDAY
  MAXIMUM         56    249 PM  71    2014  54      2       58
                                      2011
  MINIMUM         28    538 AM   6    1949  23      5       25
  AVERAGE         42                        38      4       42

PRECIPITATION (IN)
  YESTERDAY        0.00          3.32 1952   0.03  -0.03     0.00
  MONTH TO DATE    3.70                      0.61   3.09     0.16
  SINCE OCT 1      4.06                      2.23   1.83     0.97
  SINCE JAN 1      3.70                      0.61   3.09     0.16

SNOWFALL (IN)
  YESTERDAY        0.0           9.0  1952   0.2   -0.2      0.0
  MONTH TO DATE    0.0                       3.1   -3.1      0.0
  SINCE DEC 1      T                         4.3   -4.3       T
  SINCE JUL 1      T                         4.6   -4.6       T
  SNOW DEPTH       0

DEGREE DAYS
 HEATING
  YESTERDAY       23                        27     -4       23
  MONTH TO DATE  386                       407    -21      446
  SINCE DEC 1   1175                      1253    -78     1357
  SINCE JUL 1   1918                      2154   -236     2171

 COOLING
  YESTERDAY        0                         0      0        0
  MONTH TO DATE    0                         0      0        0
  SINCE DEC 1      0                         0      0        0
  SINCE JAN 1      0                         0      0        0
..................................................................


WIND (MPH)
  RESULTANT WIND SPEED   8   RESULTANT WIND DIRECTION  NW (310)
  HIGHEST WIND SPEED    14   HIGHEST WIND DIRECTION    NW (330)
  HIGHEST GUST SPEED    24   HIGHEST GUST DIRECTION     N (340)
  AVERAGE WIND SPEED     8.0


SKY COVER
  POSSIBLE SUNSHINE  MM
  AVERAGE SKY COVER 0.0


WEATHER CONDITIONS
 THE FOLLOWING WEATHER WAS RECORDED YESTERDAY.
  NO SIGNIFICANT WEATHER WAS OBSERVED.


RELATIVE HUMIDITY (PERCENT)
 HIGHEST    85           200 AM
 LOWEST     26           300 PM
 AVERAGE    56

..........................................................


THE BISHOP CA CLIMATE NORMALS FOR TODAY
                         NORMAL    RECORD    YEAR
 MAXIMUM TEMPERATURE (F)   54        74      1976
 MINIMUM TEMPERATURE (F)   23         6      1993


SUNRISE AND SUNSET
JANUARY 16 2017.......SUNRISE   706 AM PST   SUNSET   501 PM PST
JANUARY 17 2017.......SUNRISE   706 AM PST   SUNSET   502 PM PST


-  INDICATES NEGATIVE NUMBERS.
R  INDICATES RECORD WAS SET OR TIED.
MM INDICATES DATA IS MISSING.
T  INDICATES TRACE AMOUNT.




$$
