000
CDUS45 KVEF 020841
CLIBIH


CLIMATE REPORT
NATIONAL WEATHER SERVICE LAS VEGAS, NV
1241 AM PST MON MAR 2 2015


...................................

...THE BISHOP CA CLIMATE SUMMARY FOR MARCH 1 2015...

CLIMATE NORMAL PERIOD 1981 TO 2010
CLIMATE RECORD PERIOD 1943 TO 2015


WEATHER ITEM   OBSERVED TIME   RECORD YEAR NORMAL DEPARTURE LAST
                VALUE   (LST)  VALUE       VALUE  FROM      YEAR
                                                  NORMAL
..................................................................
TEMPERATURE (F)
 YESTERDAY
  MAXIMUM         51    203 PM  78    1986  62    -11       55
  MINIMUM         34    618 AM   9    2007  29      5       33
                                      1969
  AVERAGE         43                        45     -2       44

PRECIPITATION (IN)
  YESTERDAY        0.01          1.49 1974   0.02  -0.01     0.00
  MONTH TO DATE    0.01                      0.02  -0.01     0.00
  SINCE OCT 1      0.73                      3.54  -2.81     2.13
  SINCE JAN 1      0.27                      1.92  -1.65     1.91

SNOWFALL (IN)
  YESTERDAY       MM             T    2003   0.0   MM        0.0
                                      1979
  MONTH TO DATE   MM                         0.0   MM        0.0
  SINCE MAR 1     MM                         0.0   MM        0.0
  SINCE JUL 1      0.0                       5.9   -5.9      0.5
  SNOW DEPTH       0

DEGREE DAYS
 HEATING
  YESTERDAY       22                        20      2       21
  MONTH TO DATE   22                        20      2       21
  SINCE MAR 1     22                        20      2       21
  SINCE JUL 1   2463                      3227   -764     2971

 COOLING
  YESTERDAY        0                         0      0        0
  MONTH TO DATE    0                         0      0        0
  SINCE MAR 1      0                         0      0        0
  SINCE JAN 1      0                         0      0        0
..................................................................


WIND (MPH)
  RESULTANT WIND SPEED   1   RESULTANT WIND DIRECTION  SE (150)
  HIGHEST WIND SPEED    16   HIGHEST WIND DIRECTION     S (170)
  HIGHEST GUST SPEED    20   HIGHEST GUST DIRECTION     S (170)
  AVERAGE WIND SPEED     5.0


SKY COVER
  POSSIBLE SUNSHINE  MM
  AVERAGE SKY COVER 1.0


WEATHER CONDITIONS
 THE FOLLOWING WEATHER WAS RECORDED YESTERDAY.
  LIGHT RAIN


RELATIVE HUMIDITY (PERCENT)
 HIGHEST    92           800 AM
 LOWEST     42           300 PM
 AVERAGE    67

..........................................................


THE BISHOP CA CLIMATE NORMALS FOR TODAY
                         NORMAL    RECORD    YEAR
 MAXIMUM TEMPERATURE (F)   62        76      1972
                                             1967
 MINIMUM TEMPERATURE (F)   29         9      1971


SUNRISE AND SUNSET
MARCH  2 2015.........SUNRISE   624 AM PST   SUNSET   548 PM PST
MARCH  3 2015.........SUNRISE   622 AM PST   SUNSET   549 PM PST


-  INDICATES NEGATIVE NUMBERS.
R  INDICATES RECORD WAS SET OR TIED.
MM INDICATES DATA IS MISSING.
T  INDICATES TRACE AMOUNT.




$$
