000
CDUS45 KVEF 310038
CLIBIH


CLIMATE REPORT
NATIONAL WEATHER SERVICE LAS VEGAS, NV
537 PM PDT SAT JUL 30 2016


...................................

...THE BISHOP CA CLIMATE SUMMARY FOR JULY 30 2016...
VALID TODAY AS OF 0500 PM LOCAL TIME.

CLIMATE NORMAL PERIOD 1981 TO 2010
CLIMATE RECORD PERIOD 1943 TO 2016


WEATHER ITEM   OBSERVED RECORD YEAR NORMAL DEPARTURE LAST
                VALUE   VALUE       VALUE  FROM      YEAR
                                           NORMAL
...........................................................
TEMPERATURE (F)
 TODAY
  MAXIMUM        103    105    1977  99      4       97
  MINIMUM         62     47    1975  56      6       60
  AVERAGE         83

PRECIPITATION (IN)
  TODAY            0.00   0.40 1968   0.01  -0.01      T
  MONTH TO DATE    T                  0.16  -0.16     0.46
  SINCE OCT 1      3.88               4.85  -0.97     2.98
  SINCE JAN 1      3.07               3.23  -0.16     2.52

SNOWFALL (IN)
  TODAY            0.0   MM      MM   0.0    0.0      0.0
  MONTH TO DATE    0.0                0.0    0.0      0.0
  SINCE JUN 1      0.0                0.0    0.0      0.0
  SINCE JUL 1      0.0                0.0    0.0      0.0
  SNOW DEPTH       0

DEGREE DAYS
 HEATING
  TODAY            0                  0      0        0
  MONTH TO DATE    0                  0      0        0
  SINCE JUN 1      3                 19    -16        0
  SINCE JUL 1      0                  0      0        0

 COOLING
  TODAY           18                 13      5       14
  MONTH TO DATE  408                373     35      347
  SINCE JUN 1    768                587    181      681
  SINCE JAN 1    815                655    160      732
...........................................................


WIND (MPH)
  RESULTANT WIND SPEED   1   RESULTANT WIND DIRECTION  SW (230)
  HIGHEST WIND SPEED    23   HIGHEST WIND DIRECTION     S (160)
  HIGHEST GUST SPEED    29   HIGHEST GUST DIRECTION    SE (150)
  AVERAGE WIND SPEED     7.9


SKY COVER
  POSSIBLE SUNSHINE  MM
  AVERAGE SKY COVER 0.0


WEATHER CONDITIONS
 THE FOLLOWING WEATHER WAS RECORDED TODAY.
  NO SIGNIFICANT WEATHER WAS OBSERVED.


RELATIVE HUMIDITY (PERCENT)
 HIGHEST    52           300 AM
 LOWEST     11           200 PM
 AVERAGE    32

..........................................................


THE BISHOP CA CLIMATE NORMALS FOR TOMORROW
                         NORMAL    RECORD    YEAR
 MAXIMUM TEMPERATURE (F)   99       109      2000
 MINIMUM TEMPERATURE (F)   56        47      1985


SUNRISE AND SUNSET
JULY 30 2016..........SUNRISE   557 AM PDT   SUNSET   803 PM PDT
JULY 31 2016..........SUNRISE   558 AM PDT   SUNSET   802 PM PDT


-  INDICATES NEGATIVE NUMBERS.
R  INDICATES RECORD WAS SET OR TIED.
MM INDICATES DATA IS MISSING.
T  INDICATES TRACE AMOUNT.




$$
