000
CDUS45 KVEF 290826
CLIBIH


CLIMATE REPORT
NATIONAL WEATHER SERVICE LAS VEGAS, NV
125 AM PDT SAT APR 29 2017


...................................

...THE BISHOP CA CLIMATE SUMMARY FOR APRIL 28 2017...

CLIMATE NORMAL PERIOD 1981 TO 2010
CLIMATE RECORD PERIOD 1943 TO 2017


WEATHER ITEM   OBSERVED TIME   RECORD YEAR NORMAL DEPARTURE LAST
                VALUE   (LST)  VALUE       VALUE  FROM      YEAR
                                                  NORMAL
..................................................................
TEMPERATURE (F)
 YESTERDAY
  MAXIMUM         66    100 PM  92    2013  76    -10       67
  MINIMUM         40   1159 PM  26    1955  40      0       42
  AVERAGE         53                        58     -5       55

PRECIPITATION (IN)
  YESTERDAY        0.00          0.09 1944   0.01  -0.01     0.00
  MONTH TO DATE    0.92                      0.25   0.67     1.04
  SINCE OCT 1      8.81                      4.30   4.51     3.04
  SINCE JAN 1      8.45                      2.68   5.77     2.23

SNOWFALL (IN)
  YESTERDAY        0.0          MM      MM   0.0    0.0      0.0
  MONTH TO DATE    0.0                       0.1   -0.1      0.0
  SINCE MAR 1      T                         0.6   -0.6       T
  SINCE JUL 1      8.6                       8.0    0.6      2.0
  SNOW DEPTH       0

DEGREE DAYS
 HEATING
  YESTERDAY       12                         7      5       10
  MONTH TO DATE  256                       305    -49      190
  SINCE MAR 1    665                       821   -156      585
  SINCE JUL 1   3665                      4028   -363     3641

 COOLING
  YESTERDAY        0                         0      0        0
  MONTH TO DATE    0                         0      0        0
  SINCE MAR 1      0                         0      0        0
  SINCE JAN 1      0                         0      0        0
..................................................................


WIND (MPH)
  RESULTANT WIND SPEED  20   RESULTANT WIND DIRECTION   N (350)
  HIGHEST WIND SPEED    38   HIGHEST WIND DIRECTION     N (360)
  HIGHEST GUST SPEED    51   HIGHEST GUST DIRECTION     N (10)
  AVERAGE WIND SPEED    20.4


SKY COVER
  POSSIBLE SUNSHINE  MM
  AVERAGE SKY COVER 0.0


WEATHER CONDITIONS
 THE FOLLOWING WEATHER WAS RECORDED YESTERDAY.
  NO SIGNIFICANT WEATHER WAS OBSERVED.


RELATIVE HUMIDITY (PERCENT)
 HIGHEST    37           600 AM
 LOWEST     10          1100 AM
 AVERAGE    24

..........................................................


THE BISHOP CA CLIMATE NORMALS FOR TODAY
                         NORMAL    RECORD    YEAR
 MAXIMUM TEMPERATURE (F)   77        91      2013
 MINIMUM TEMPERATURE (F)   40        27      1984


SUNRISE AND SUNSET
APRIL 29 2017.........SUNRISE   600 AM PDT   SUNSET   742 PM PDT
APRIL 30 2017.........SUNRISE   559 AM PDT   SUNSET   743 PM PDT


-  INDICATES NEGATIVE NUMBERS.
R  INDICATES RECORD WAS SET OR TIED.
MM INDICATES DATA IS MISSING.
T  INDICATES TRACE AMOUNT.




$$
