000
CDUS45 KVEF 300825
CLIBIH


CLIMATE REPORT
NATIONAL WEATHER SERVICE LAS VEGAS, NV
125 AM PDT FRI SEP 30 2016


...................................

...THE BISHOP CA CLIMATE SUMMARY FOR SEPTEMBER 29 2016...

CLIMATE NORMAL PERIOD 1981 TO 2010
CLIMATE RECORD PERIOD 1943 TO 2016


WEATHER ITEM   OBSERVED TIME   RECORD YEAR NORMAL DEPARTURE LAST
                VALUE   (LST)  VALUE       VALUE  FROM      YEAR
                                                  NORMAL
..................................................................
TEMPERATURE (F)
 YESTERDAY
  MAXIMUM         86    253 PM  99    2010  83      3       90
  MINIMUM         47    539 AM  31    1971  43      4       56
  AVERAGE         67                        63      4       73

PRECIPITATION (IN)
  YESTERDAY        0.00          0.31 1976   0.01  -0.01     0.00
  MONTH TO DATE    T                         0.18  -0.18     0.01
  SINCE OCT 1      3.88                      5.16  -1.28     3.02
  SINCE JAN 1      3.07                      3.54  -0.47     2.56

SNOWFALL (IN)
  YESTERDAY        0.0          MM      MM   0.0    0.0      0.0
  MONTH TO DATE    0.0                       0.0    0.0      0.0
  SINCE SEP 1      0.0                       0.0    0.0      0.0
  SINCE JUL 1      0.0                       0.0    0.0      0.0
  SNOW DEPTH       0

DEGREE DAYS
 HEATING
  YESTERDAY        0                         3     -3        0
  MONTH TO DATE   17                        37    -20        5
  SINCE SEP 1     17                        37    -20        5
  SINCE JUL 1     17                        39    -22        5

 COOLING
  YESTERDAY        2                         1      1        8
  MONTH TO DATE  126                       117      9      188
  SINCE SEP 1    126                       117      9      188
  SINCE JAN 1   1349                      1094    255     1338
..................................................................


WIND (MPH)
  RESULTANT WIND SPEED   5   RESULTANT WIND DIRECTION   S (170)
  HIGHEST WIND SPEED    18   HIGHEST WIND DIRECTION     S (170)
  HIGHEST GUST SPEED    23   HIGHEST GUST DIRECTION     S (160)
  AVERAGE WIND SPEED     7.8


SKY COVER
  POSSIBLE SUNSHINE  MM
  AVERAGE SKY COVER 0.0


WEATHER CONDITIONS
 THE FOLLOWING WEATHER WAS RECORDED YESTERDAY.
  NO SIGNIFICANT WEATHER WAS OBSERVED.


RELATIVE HUMIDITY (PERCENT)
 HIGHEST    61           600 AM
 LOWEST     19           100 PM
 AVERAGE    40

..........................................................


THE BISHOP CA CLIMATE NORMALS FOR TODAY
                         NORMAL    RECORD    YEAR
 MAXIMUM TEMPERATURE (F)   83        95      1980
 MINIMUM TEMPERATURE (F)   43        32      2007
                                             1954


SUNRISE AND SUNSET
SEPTEMBER 30 2016.....SUNRISE   649 AM PDT   SUNSET   637 PM PDT
OCTOBER  1 2016.......SUNRISE   649 AM PDT   SUNSET   636 PM PDT


-  INDICATES NEGATIVE NUMBERS.
R  INDICATES RECORD WAS SET OR TIED.
MM INDICATES DATA IS MISSING.
T  INDICATES TRACE AMOUNT.




$$
