000
CDUS45 KVEF 270829
CLIBIH


CLIMATE REPORT
NATIONAL WEATHER SERVICE LAS VEGAS, NV
128 AM PDT SAT AUG 27 2016


...................................

...THE BISHOP CA CLIMATE SUMMARY FOR AUGUST 26 2016...

CLIMATE NORMAL PERIOD 1981 TO 2010
CLIMATE RECORD PERIOD 1943 TO 2016


WEATHER ITEM   OBSERVED TIME   RECORD YEAR NORMAL DEPARTURE LAST
                VALUE   (LST)  VALUE       VALUE  FROM      YEAR
                                                  NORMAL
..................................................................
TEMPERATURE (F)
 YESTERDAY
  MAXIMUM         94    302 PM 102    2001  95     -1       99
  MINIMUM         50    558 AM  42    1954  52     -2       63
  AVERAGE         72                        73     -1       81

PRECIPITATION (IN)
  YESTERDAY        0.00          0.16 1999   0.00   0.00      T
  MONTH TO DATE    T                         0.11  -0.11     0.02
  SINCE OCT 1      3.88                      4.96  -1.08     3.01
  SINCE JAN 1      3.07                      3.34  -0.27     2.55

SNOWFALL (IN)
  YESTERDAY        0.0          MM      MM   0.0    0.0      0.0
  MONTH TO DATE    0.0                       0.0    0.0      0.0
  SINCE JUN 1      0.0                       0.0    0.0      0.0
  SINCE JUL 1      0.0                       0.0    0.0      0.0
  SNOW DEPTH       0

DEGREE DAYS
 HEATING
  YESTERDAY        0                         0      0        0
  MONTH TO DATE    0                         0      0        0
  SINCE JUN 1      3                        20    -17        0
  SINCE JUL 1      0                         1     -1        0

 COOLING
  YESTERDAY        7                         8     -1       16
  MONTH TO DATE  303                       274     29      343
  SINCE JUN 1   1122                       870    252     1039
  SINCE JAN 1   1169                       938    231     1090
..................................................................


WIND (MPH)
  RESULTANT WIND SPEED   5   RESULTANT WIND DIRECTION   S (160)
  HIGHEST WIND SPEED    25   HIGHEST WIND DIRECTION     S (160)
  HIGHEST GUST SPEED    31   HIGHEST GUST DIRECTION     S (160)
  AVERAGE WIND SPEED     9.7


SKY COVER
  POSSIBLE SUNSHINE  MM
  AVERAGE SKY COVER 0.0


WEATHER CONDITIONS
 THE FOLLOWING WEATHER WAS RECORDED YESTERDAY.
  NO SIGNIFICANT WEATHER WAS OBSERVED.


RELATIVE HUMIDITY (PERCENT)
 HIGHEST    42           600 AM
 LOWEST      7           200 PM
 AVERAGE    25

..........................................................


THE BISHOP CA CLIMATE NORMALS FOR TODAY
                         NORMAL    RECORD    YEAR
 MAXIMUM TEMPERATURE (F)   94       103      1950
 MINIMUM TEMPERATURE (F)   52        41      1973


SUNRISE AND SUNSET
AUGUST 27 2016........SUNRISE   620 AM PDT   SUNSET   729 PM PDT
AUGUST 28 2016........SUNRISE   621 AM PDT   SUNSET   727 PM PDT


-  INDICATES NEGATIVE NUMBERS.
R  INDICATES RECORD WAS SET OR TIED.
MM INDICATES DATA IS MISSING.
T  INDICATES TRACE AMOUNT.




$$
