000
CDUS45 KVEF 280826
CLIBIH


CLIMATE REPORT
NATIONAL WEATHER SERVICE LAS VEGAS, NV
126 AM PDT WED JUN 28 2017


...................................

...THE BISHOP CA CLIMATE SUMMARY FOR JUNE 27 2017...

CLIMATE NORMAL PERIOD 1981 TO 2010
CLIMATE RECORD PERIOD 1943 TO 2017


WEATHER ITEM   OBSERVED TIME   RECORD YEAR NORMAL DEPARTURE LAST
                VALUE   (LST)  VALUE       VALUE  FROM      YEAR
                                                  NORMAL
..................................................................
TEMPERATURE (F)
 YESTERDAY
  MAXIMUM        100    323 PM 106    2016  96      4      106
                                      2015
  MINIMUM         49    515 AM  41    1996  54     -5       58
  AVERAGE         75                        75      0       82

PRECIPITATION (IN)
  YESTERDAY        0.00          0.14 1973   0.01  -0.01     0.00
  MONTH TO DATE    T                         0.18  -0.18     0.50
  SINCE OCT 1      9.16                      4.68   4.48     3.88
  SINCE JAN 1      8.80                      3.06   5.74     3.07

SNOWFALL (IN)
  YESTERDAY        0.0          MM      MM   0.0    0.0      0.0
  MONTH TO DATE    0.0                       0.0    0.0      0.0
  SINCE JUN 1      0.0                       0.0    0.0      0.0
  SINCE JUL 1      8.6                       8.0    0.6      2.0
  SNOW DEPTH       0

DEGREE DAYS
 HEATING
  YESTERDAY        0                         0      0        0
  MONTH TO DATE   14                        17     -3        3
  SINCE JUN 1     14                        17     -3        3
  SINCE JUL 1   3797                      4175   -378     3757

 COOLING
  YESTERDAY       10                        10      0       17
  MONTH TO DATE  295                       182    113      305
  SINCE JUN 1    295                       182    113      305
  SINCE JAN 1    352                       250    102      352
..................................................................


WIND (MPH)
  RESULTANT WIND SPEED   2   RESULTANT WIND DIRECTION  NW (330)
  HIGHEST WIND SPEED    17   HIGHEST WIND DIRECTION     N (360)
  HIGHEST GUST SPEED    23   HIGHEST GUST DIRECTION     N (360)
  AVERAGE WIND SPEED     6.4


SKY COVER
  POSSIBLE SUNSHINE  MM
  AVERAGE SKY COVER 0.0


WEATHER CONDITIONS
 THE FOLLOWING WEATHER WAS RECORDED YESTERDAY.
  NO SIGNIFICANT WEATHER WAS OBSERVED.


RELATIVE HUMIDITY (PERCENT)
 HIGHEST    41           500 AM
 LOWEST      3          1200 PM
 AVERAGE    22

..........................................................


THE BISHOP CA CLIMATE NORMALS FOR TODAY
                         NORMAL    RECORD    YEAR
 MAXIMUM TEMPERATURE (F)   96       107      2013
 MINIMUM TEMPERATURE (F)   54        43      1989


SUNRISE AND SUNSET
JUNE 28 2017..........SUNRISE   535 AM PDT   SUNSET   818 PM PDT
JUNE 29 2017..........SUNRISE   536 AM PDT   SUNSET   818 PM PDT


-  INDICATES NEGATIVE NUMBERS.
R  INDICATES RECORD WAS SET OR TIED.
MM INDICATES DATA IS MISSING.
T  INDICATES TRACE AMOUNT.




$$
