066
CDUS45 KVEF 090827
CLIBIH


CLIMATE REPORT
NATIONAL WEATHER SERVICE LAS VEGAS, NV
1227 AM PST FRI DEC 9 2016


...................................

...THE BISHOP CA CLIMATE SUMMARY FOR DECEMBER 8 2016...

CLIMATE NORMAL PERIOD 1981 TO 2010
CLIMATE RECORD PERIOD 1943 TO 2016


WEATHER ITEM   OBSERVED TIME   RECORD YEAR NORMAL DEPARTURE LAST
                VALUE   (LST)  VALUE       VALUE  FROM      YEAR
                                                  NORMAL
..................................................................
TEMPERATURE (F)
 YESTERDAY
  MAXIMUM         50    242 PM  72    1962  54     -4       66
  MINIMUM         22   1127 PM   7    2013  23     -1       27
  AVERAGE         36                        38     -2       47

PRECIPITATION (IN)
  YESTERDAY        T             0.06 1991   0.02  -0.02     0.00
  MONTH TO DATE    T                         0.15  -0.15     0.00
  SINCE OCT 1      0.09                      0.97  -0.88     0.75
  SINCE JAN 1      3.16                      4.52  -1.36     3.31

SNOWFALL (IN)
  YESTERDAY        T             1.0  1947   0.0    0.0      0.0
  MONTH TO DATE    T                         0.1   -0.1      0.0
  SINCE DEC 1      T                         0.1   -0.1      0.0
  SINCE JUL 1      T                         0.4   -0.4      0.0
  SNOW DEPTH       0

DEGREE DAYS
 HEATING
  YESTERDAY       29                        27      2       18
  MONTH TO DATE  190                       209    -19      201
  SINCE DEC 1    190                       209    -19      201
  SINCE JUL 1    933                      1110   -177     1015

 COOLING
  YESTERDAY        0                         0      0        0
  MONTH TO DATE    0                         0      0        0
  SINCE DEC 1      0                         0      0        0
  SINCE JAN 1   1361                      1104    257     1376
..................................................................


WIND (MPH)
  RESULTANT WIND SPEED   1   RESULTANT WIND DIRECTION   W (270)
  HIGHEST WIND SPEED    10   HIGHEST WIND DIRECTION     N (350)
  HIGHEST GUST SPEED    14   HIGHEST GUST DIRECTION    SE (140)
  AVERAGE WIND SPEED     4.5


SKY COVER
  POSSIBLE SUNSHINE  MM
  AVERAGE SKY COVER 0.3


WEATHER CONDITIONS
 THE FOLLOWING WEATHER WAS RECORDED YESTERDAY.
  LIGHT SNOW


RELATIVE HUMIDITY (PERCENT)
 HIGHEST    57           900 PM
 LOWEST     26           300 PM
 AVERAGE    42

..........................................................


THE BISHOP CA CLIMATE NORMALS FOR TODAY
                         NORMAL    RECORD    YEAR
 MAXIMUM TEMPERATURE (F)   54        74      1957
 MINIMUM TEMPERATURE (F)   22         5      2009


SUNRISE AND SUNSET
DECEMBER  9 2016......SUNRISE   656 AM PST   SUNSET   436 PM PST
DECEMBER 10 2016......SUNRISE   657 AM PST   SUNSET   436 PM PST


-  INDICATES NEGATIVE NUMBERS.
R  INDICATES RECORD WAS SET OR TIED.
MM INDICATES DATA IS MISSING.
T  INDICATES TRACE AMOUNT.




$$
