000
CDUS45 KVEF 270829
CLIBIH


CLIMATE REPORT
NATIONAL WEATHER SERVICE LAS VEGAS, NV
128 AM PDT WED MAY 27 2015


...................................

...THE BISHOP CA CLIMATE SUMMARY FOR MAY 26 2015...

CLIMATE NORMAL PERIOD 1981 TO 2010
CLIMATE RECORD PERIOD 1943 TO 2015


WEATHER ITEM   OBSERVED TIME   RECORD YEAR NORMAL DEPARTURE LAST
                VALUE   (LST)  VALUE       VALUE  FROM      YEAR
                                                  NORMAL
..................................................................
TEMPERATURE (F)
 YESTERDAY
  MAXIMUM         85    207 PM 101    1951  86     -1       98
  MINIMUM         54    526 AM  33    1980  47      7       54
  AVERAGE         70                        66      4       76

PRECIPITATION (IN)
  YESTERDAY        T             0.51 1981   0.01  -0.01     0.00
  MONTH TO DATE    1.39                      0.16   1.23     0.24
  SINCE OCT 1      2.13                      4.47  -2.34     2.48
  SINCE JAN 1      1.67                      2.85  -1.18     2.26

SNOWFALL (IN)
  YESTERDAY        0.0          MM      MM   0.0    0.0      0.0
  MONTH TO DATE    T                         0.0    0.0      0.0
  SINCE MAR 1      T                         0.9   -0.9      0.1
  SINCE JUL 1      T                         6.8   -6.8      0.6
  SNOW DEPTH       0

DEGREE DAYS
 HEATING
  YESTERDAY        0                         2     -2        0
  MONTH TO DATE  127                       107     20       88
  SINCE MAR 1    677                       942   -265      732
  SINCE JUL 1   3118                      4149  -1031     3682

 COOLING
  YESTERDAY        5                         3      2       11
  MONTH TO DATE    9                        44    -35       51
  SINCE MAR 1     13                        48    -35       55
  SINCE JAN 1     13                        48    -35       55
..................................................................


WIND (MPH)
  RESULTANT WIND SPEED   1   RESULTANT WIND DIRECTION   W (250)
  HIGHEST WIND SPEED    28   HIGHEST WIND DIRECTION     N (340)
  HIGHEST GUST SPEED    33   HIGHEST GUST DIRECTION     N (350)
  AVERAGE WIND SPEED     7.0


SKY COVER
  POSSIBLE SUNSHINE  MM
  AVERAGE SKY COVER 0.2


WEATHER CONDITIONS
 THE FOLLOWING WEATHER WAS RECORDED YESTERDAY.
  THUNDERSTORM
  LIGHT RAIN


RELATIVE HUMIDITY (PERCENT)
 HIGHEST    77           500 AM
 LOWEST     16           200 PM
 AVERAGE    47

..........................................................


THE BISHOP CA CLIMATE NORMALS FOR TODAY
                         NORMAL    RECORD    YEAR
 MAXIMUM TEMPERATURE (F)   86       100      2003
 MINIMUM TEMPERATURE (F)   47        27      1998


SUNRISE AND SUNSET
MAY 27 2015...........SUNRISE   537 AM PDT   SUNSET   805 PM PDT
MAY 28 2015...........SUNRISE   536 AM PDT   SUNSET   806 PM PDT


-  INDICATES NEGATIVE NUMBERS.
R  INDICATES RECORD WAS SET OR TIED.
MM INDICATES DATA IS MISSING.
T  INDICATES TRACE AMOUNT.




$$
