000
CDUS45 KBYZ 280935
CLIBIL


CLIMATE REPORT
NATIONAL WEATHER SERVICE BILLINGS MT
333 AM MDT WED SEP 28 2016


...................................

...THE BILLINGS MT CLIMATE SUMMARY FOR SEPTEMBER 27 2016...

CLIMATE NORMAL PERIOD 1981 TO 2010
CLIMATE RECORD PERIOD 1934 TO 2016


WEATHER ITEM   OBSERVED TIME   RECORD YEAR NORMAL DEPARTURE LAST
                VALUE   (LST)  VALUE       VALUE  FROM      YEAR
                                                  NORMAL
..................................................................
TEMPERATURE (F)
 YESTERDAY
  MAXIMUM         85    410 PM  91    1963  67     18       77
  MINIMUM         57   1030 PM  27    1951  43     14       54
  AVERAGE         71                        55     16       66

PRECIPITATION (IN)
  YESTERDAY        0.00          0.86 1974   0.05  -0.05      T
  MONTH TO DATE    1.58                      1.17   0.41     0.27
  SINCE OCT 1     12.18                     13.53  -1.35    11.68
  SINCE JAN 1      9.33                     11.22  -1.89    10.11

SNOWFALL (IN)
  YESTERDAY        0.0           6.0  1941   0.1   -0.1      0.0
  MONTH TO DATE    0.0                       0.9   -0.9      0.0
  SINCE SEP 1      0.0                       0.9   -0.9      0.0
  SINCE JUL 1      0.0                       0.9   -0.9       T
  SNOW DEPTH       0

DEGREE DAYS
 HEATING
  YESTERDAY        0                        10    -10        0
  MONTH TO DATE  155                       159     -4       66
  SINCE SEP 1    155                       159     -4       66
  SINCE JUL 1    183                       196    -13      109

 COOLING
  YESTERDAY        6                         0      6        1
  MONTH TO DATE   45                        50     -5       92
  SINCE SEP 1     45                        50     -5       92
  SINCE JAN 1    729                       632     97      744
..................................................................


WIND (MPH)
  HIGHEST WIND SPEED    25   HIGHEST WIND DIRECTION    SW (240)
  HIGHEST GUST SPEED    31   HIGHEST GUST DIRECTION    SW (240)
  AVERAGE WIND SPEED    13.6


SKY COVER
  POSSIBLE SUNSHINE  MM
  AVERAGE SKY COVER 0.0


WEATHER CONDITIONS
 THE FOLLOWING WEATHER WAS RECORDED YESTERDAY.
  NO SIGNIFICANT WEATHER WAS OBSERVED.


RELATIVE HUMIDITY (PERCENT)
 HIGHEST    55           200 AM
 LOWEST     17           300 PM
 AVERAGE    36

..........................................................


THE BILLINGS MT CLIMATE NORMALS FOR TODAY
                         NORMAL    RECORD    YEAR
 MAXIMUM TEMPERATURE (F)   67        92      2010
 MINIMUM TEMPERATURE (F)   43        26      1984


SUNRISE AND SUNSET
SEPTEMBER 28 2016.....SUNRISE   709 AM MDT   SUNSET   659 PM MDT
SEPTEMBER 29 2016.....SUNRISE   711 AM MDT   SUNSET   657 PM MDT


-  INDICATES NEGATIVE NUMBERS.
R  INDICATES RECORD WAS SET OR TIED.
MM INDICATES DATA IS MISSING.
T  INDICATES TRACE AMOUNT.





&&

...THE CLIMATE SUMMARY FOR SOUTHWEST BILLINGS FOR 27 SEPTEMBER 2016...

HIGH TEMPERATURE........................87
LOW TEMPERATURE.........................52

PRECIPITATION...........................0.00
MONTHLY PRECIPITATION TOTAL.............1.96
YEARLY PRECIPITATION TOTAL..............10.70

SNOWFALL................................0.0
MONTHLY SNOWFALL TOTAL..................0.0
TOTAL SNOWFALL SINCE JULY 1.............0.0

SNOW DEPTH AT MIDNIGHT..................0

$$
