000
CDUS45 KBYZ 241032
CLIBIL


CLIMATE REPORT
NATIONAL WEATHER SERVICE BILLINGS MT
331 AM MST MON NOV 24 2014


...................................

...THE BILLINGS MT CLIMATE SUMMARY FOR NOVEMBER 23 2014...

CLIMATE NORMAL PERIOD 1981 TO 2010
CLIMATE RECORD PERIOD 1934 TO 2014


WEATHER ITEM   OBSERVED TIME   RECORD YEAR NORMAL DEPARTURE LAST
                VALUE   (LST)  VALUE       VALUE  FROM      YEAR
                                                  NORMAL
..................................................................
TEMPERATURE (F)
 YESTERDAY
  MAXIMUM         44    236 PM  65    1942  41      3       36
  MINIMUM         30    812 AM -18    1985  23      7       14
  AVERAGE         37                        32      5       25

PRECIPITATION (IN)
  YESTERDAY        0.00          0.36 1988   0.02  -0.02     0.00
  MONTH TO DATE    0.22                      0.50  -0.28     0.34
  SINCE OCT 1      0.38                      1.68  -1.30     2.91
  SINCE JAN 1     12.84                     13.03  -0.19    14.72

SNOWFALL (IN)
  YESTERDAY        0.0           3.1  1988   0.3   -0.3      0.0
  MONTH TO DATE    2.4                       4.8   -2.4      6.0
  SINCE SEP 1      2.4                      10.0   -7.6     11.1
  SINCE JUL 1      2.4                      10.0   -7.6     11.1
  SNOW DEPTH       0

DEGREE DAYS
 HEATING
  YESTERDAY       28                        33     -5       40
  MONTH TO DATE  785                       636    149      673
  SINCE SEP 1   1312                      1351    -39     1410
  SINCE JUL 1   1360                      1388    -28     1410

 COOLING
  YESTERDAY        0                         0      0        0
  MONTH TO DATE    0                         0      0        0
  SINCE SEP 1     66                        54     12      103
  SINCE JAN 1    618                       636    -18      840
..................................................................


WIND (MPH)
  HIGHEST WIND SPEED    33   HIGHEST WIND DIRECTION    NW (300)
  HIGHEST GUST SPEED    39   HIGHEST GUST DIRECTION    NW (300)
  AVERAGE WIND SPEED    16.5


SKY COVER
  POSSIBLE SUNSHINE  MM
  AVERAGE SKY COVER 0.4


WEATHER CONDITIONS
 THE FOLLOWING WEATHER WAS RECORDED YESTERDAY.
  NO SIGNIFICANT WEATHER WAS OBSERVED.


RELATIVE HUMIDITY (PERCENT)
 HIGHEST    63           800 AM
 LOWEST     29           100 PM
 AVERAGE    46

..........................................................


THE BILLINGS MT CLIMATE NORMALS FOR TODAY
                         NORMAL    RECORD    YEAR
 MAXIMUM TEMPERATURE (F)   41        66      1990
 MINIMUM TEMPERATURE (F)   23       -14      2010


SUNRISE AND SUNSET
NOVEMBER 24 2014......SUNRISE   726 AM MST   SUNSET   435 PM MST
NOVEMBER 25 2014......SUNRISE   728 AM MST   SUNSET   434 PM MST


-  INDICATES NEGATIVE NUMBERS.
R  INDICATES RECORD WAS SET OR TIED.
MM INDICATES DATA IS MISSING.
T  INDICATES TRACE AMOUNT.





&&

...THE CLIMATE SUMMARY FOR SOUTHWEST BILLINGS FOR 23 NOVEMBER 2014...

HIGH TEMPERATURE........................45
LOW TEMPERATURE.........................31

PRECIPITATION...........................T
MONTHLY PRECIPITATION TOTAL.............0.30
YEARLY PRECIPITATION TOTAL..............14.18

SNOWFALL................................T
MONTHLY SNOWFALL TOTAL..................2.5
TOTAL SNOWFALL SINCE JULY 1.............2.5

SNOW DEPTH AT MIDNIGHT..................0

$$
