000
CDUS45 KBYZ 251032
CLIBIL


CLIMATE REPORT
NATIONAL WEATHER SERVICE BILLINGS MT
331 AM MST SAT FEB 25 2017


...................................

...THE BILLINGS MT CLIMATE SUMMARY FOR FEBRUARY 24 2017...

CLIMATE NORMAL PERIOD 1981 TO 2010
CLIMATE RECORD PERIOD 1934 TO 2017


WEATHER ITEM   OBSERVED TIME   RECORD YEAR NORMAL DEPARTURE LAST
                VALUE   (LST)  VALUE       VALUE  FROM      YEAR
                                                  NORMAL
..................................................................
TEMPERATURE (F)
 YESTERDAY
  MAXIMUM         30    416 PM  71    1995  43    -13       42
  MINIMUM         22   1120 PM -17    2003  22      0       23
  AVERAGE         26                        32     -6       33

PRECIPITATION (IN)
  YESTERDAY        0.04          0.45 1978   0.02   0.02     0.00
  MONTH TO DATE    0.83                      0.40   0.43     0.09
  SINCE OCT 1      7.02                      3.19   3.83     3.38
  SINCE JAN 1      1.46                      0.88   0.58     0.53

SNOWFALL (IN)
  YESTERDAY        0.6           7.7  1978   0.3    0.3      0.0
  MONTH TO DATE   12.4                       5.2    7.2      0.2
  SINCE DEC 1     55.0                      21.8   33.2     20.3
  SINCE JUL 1     60.3                      33.5   26.8     24.4
  SNOW DEPTH       T

DEGREE DAYS
 HEATING
  YESTERDAY       39                        33      6       32
  MONTH TO DATE  831                       841    -10      594
  SINCE DEC 1   3677                      3209    468     2777
  SINCE JUL 1   4936                      4837     99     4165

 COOLING
  YESTERDAY        0                         0      0        0
  MONTH TO DATE    0                         0      0        0
  SINCE DEC 1      0                         0      0        0
  SINCE JAN 1      0                         0      0        0
..................................................................


WIND (MPH)
  HIGHEST WIND SPEED    12   HIGHEST WIND DIRECTION    NE (50)
  HIGHEST GUST SPEED    13   HIGHEST GUST DIRECTION    NE (50)
  AVERAGE WIND SPEED     6.4


SKY COVER
  POSSIBLE SUNSHINE  MM
  AVERAGE SKY COVER 1.0


WEATHER CONDITIONS
 THE FOLLOWING WEATHER WAS RECORDED YESTERDAY.
  LIGHT SNOW
  FOG


RELATIVE HUMIDITY (PERCENT)
 HIGHEST   100           100 AM
 LOWEST     69           400 PM
 AVERAGE    85

..........................................................


THE BILLINGS MT CLIMATE NORMALS FOR TODAY
                         NORMAL    RECORD    YEAR
 MAXIMUM TEMPERATURE (F)   43        69      1995
 MINIMUM TEMPERATURE (F)   22       -14      2011


SUNRISE AND SUNSET
FEBRUARY 25 2017......SUNRISE   659 AM MST   SUNSET   556 PM MST
FEBRUARY 26 2017......SUNRISE   657 AM MST   SUNSET   557 PM MST


-  INDICATES NEGATIVE NUMBERS.
R  INDICATES RECORD WAS SET OR TIED.
MM INDICATES DATA IS MISSING.
T  INDICATES TRACE AMOUNT.





&&

...THE CLIMATE SUMMARY FOR SOUTHWEST BILLINGS FOR 24 FEBRUARY 2017...

HIGH TEMPERATURE........................32
LOW TEMPERATURE.........................25

PRECIPITATION...........................0.03
MONTHLY PRECIPITATION TOTAL.............0.79
YEARLY PRECIPITATION TOTAL..............1.46

SNOWFALL................................0.7
MONTHLY SNOWFALL TOTAL..................8.7
TOTAL SNOWFALL SINCE JULY 1.............47.2

SNOW DEPTH AT MIDNIGHT..................T

$$
