000
CDUS45 KBYZ 280935
CLIBIL


CLIMATE REPORT
NATIONAL WEATHER SERVICE BILLINGS MT
333 AM MDT TUE MAR 28 2017


...................................

...THE BILLINGS MT CLIMATE SUMMARY FOR MARCH 27 2017...

CLIMATE NORMAL PERIOD 1981 TO 2010
CLIMATE RECORD PERIOD 1934 TO 2017


WEATHER ITEM   OBSERVED TIME   RECORD YEAR NORMAL DEPARTURE LAST
                VALUE   (LST)  VALUE       VALUE  FROM      YEAR
                                                  NORMAL
..................................................................
TEMPERATURE (F)
 YESTERDAY
  MAXIMUM         60    251 PM  77    2015  52      8       60
  MINIMUM         42    657 AM   8    1965  30     12       30
                                      1954
  AVERAGE         51                        41     10       45

PRECIPITATION (IN)
  YESTERDAY        0.11          0.64 1981   0.05   0.06     0.00
  MONTH TO DATE    1.34                      0.88   0.46     0.47
  SINCE OCT 1      8.36                      4.15   4.21     3.85
  SINCE JAN 1      2.80                      1.84   0.96     1.00

SNOWFALL (IN)
  YESTERDAY        0.0           5.0  1981   0.4   -0.4      0.0
  MONTH TO DATE   10.4                       8.8    1.6      1.5
  SINCE MAR 1     10.4                       8.8    1.6      1.5
  SINCE JUL 1     70.7                      43.3   27.4     25.9
  SNOW DEPTH       0

DEGREE DAYS
 HEATING
  YESTERDAY       14                        24    -10       20
  MONTH TO DATE  649                       750   -101      574
  SINCE MAR 1    649                       750   -101      574
  SINCE JUL 1   5734                      5715     19     4835

 COOLING
  YESTERDAY        0                         0      0        0
  MONTH TO DATE    0                         0      0        0
  SINCE MAR 1      0                         0      0        0
  SINCE JAN 1      0                         0      0        0
..................................................................


WIND (MPH)
  HIGHEST WIND SPEED    18   HIGHEST WIND DIRECTION     N (350)
  HIGHEST GUST SPEED    22   HIGHEST GUST DIRECTION     N (360)
  AVERAGE WIND SPEED     7.3


SKY COVER
  POSSIBLE SUNSHINE  MM
  AVERAGE SKY COVER 0.8


WEATHER CONDITIONS
 THE FOLLOWING WEATHER WAS RECORDED YESTERDAY.
  LIGHT RAIN


RELATIVE HUMIDITY (PERCENT)
 HIGHEST    76          1100 PM
 LOWEST     31           300 PM
 AVERAGE    54

..........................................................


THE BILLINGS MT CLIMATE NORMALS FOR TODAY
                         NORMAL    RECORD    YEAR
 MAXIMUM TEMPERATURE (F)   52        80      2015
 MINIMUM TEMPERATURE (F)   30         1      1965


SUNRISE AND SUNSET
MARCH 28 2017.........SUNRISE   701 AM MDT   SUNSET   738 PM MDT
MARCH 29 2017.........SUNRISE   659 AM MDT   SUNSET   739 PM MDT


-  INDICATES NEGATIVE NUMBERS.
R  INDICATES RECORD WAS SET OR TIED.
MM INDICATES DATA IS MISSING.
T  INDICATES TRACE AMOUNT.





&&

...THE CLIMATE SUMMARY FOR SOUTHWEST BILLINGS FOR 27 MARCH 2017...

HIGH TEMPERATURE........................64
LOW TEMPERATURE.........................40

PRECIPITATION...........................0.05
MONTHLY PRECIPITATION TOTAL.............1.31
YEARLY PRECIPITATION TOTAL..............2.77

SNOWFALL................................0.0
MONTHLY SNOWFALL TOTAL..................6.7
TOTAL SNOWFALL SINCE JULY 1.............53.9

SNOW DEPTH AT MIDNIGHT..................0

$$
