000
CDUS43 KBIS 271017
CLIBIS


CLIMATE REPORT
NATIONAL WEATHER SERVICE BISMARCK ND
517 AM CDT THU APR 27 2017


...................................

...THE BISMARCK ND CLIMATE SUMMARY FOR APRIL 26 2017...

CLIMATE NORMAL PERIOD 1981 TO 2010
CLIMATE RECORD PERIOD 1875 TO 2017


WEATHER ITEM   OBSERVED TIME   RECORD YEAR NORMAL DEPARTURE LAST
                VALUE   (LST)  VALUE       VALUE  FROM      YEAR
                                                  NORMAL
..................................................................
TEMPERATURE (F)
 YESTERDAY
  MAXIMUM         47    359 PM  92    1952  62    -15       40
  MINIMUM         31    632 AM  19    2002  35     -4       37
                                      1920
  AVERAGE         39                        48     -9       39

PRECIPITATION (IN)
  YESTERDAY        0.00          1.16 1964   0.06  -0.06     0.01
  MONTH TO DATE    0.96                      1.04  -0.08     3.99
  SINCE MAR 1      1.48                      1.91  -0.43     4.42
  SINCE JAN 1      2.88                      2.85   0.03     5.06

SNOWFALL (IN)
  YESTERDAY        0.0           4.2  1924   0.1   -0.1      0.0
  MONTH TO DATE    0.0                       4.0   -4.0      0.2
  SINCE MAR 1      8.7                      13.1   -4.4      3.5
  SINCE JUL 1     71.6                      50.6   21.0     24.1
  SNOW DEPTH       0

DEGREE DAYS
 HEATING
  YESTERDAY       26                        17      9       26
  MONTH TO DATE  500                       574    -74      524
  SINCE MAR 1   1543                      1662   -119     1322
  SINCE JUL 1   7545                      8093   -548     6642

 COOLING
  YESTERDAY        0                         0      0        0
  MONTH TO DATE    0                         0      0        0
  SINCE MAR 1      0                         0      0        0
  SINCE JAN 1      0                         0      0        0
..................................................................


WIND (MPH)
  HIGHEST WIND SPEED    18   HIGHEST WIND DIRECTION     N (10)
  HIGHEST GUST SPEED    26   HIGHEST GUST DIRECTION     N (350)
  AVERAGE WIND SPEED    12.3


SKY COVER
  POSSIBLE SUNSHINE  MM
  AVERAGE SKY COVER 0.7


WEATHER CONDITIONS
 THE FOLLOWING WEATHER WAS RECORDED YESTERDAY.
  NO SIGNIFICANT WEATHER WAS OBSERVED.


RELATIVE HUMIDITY (PERCENT)
 HIGHEST    76           900 PM
 LOWEST     45           300 PM
 AVERAGE    61

..........................................................


THE BISMARCK ND CLIMATE NORMALS FOR TODAY
                         NORMAL    RECORD    YEAR
 MAXIMUM TEMPERATURE (F)   62        92      1952
 MINIMUM TEMPERATURE (F)   35        18      1994
                                             1909


SUNRISE AND SUNSET
APRIL 27 2017.........SUNRISE   634 AM CDT   SUNSET   848 PM CDT
APRIL 28 2017.........SUNRISE   632 AM CDT   SUNSET   849 PM CDT


-  INDICATES NEGATIVE NUMBERS.
R  INDICATES RECORD WAS SET OR TIED.
MM INDICATES DATA IS MISSING.
T  INDICATES TRACE AMOUNT.




$$
