000
CDUS43 KBIS 190726
CLIBIS


CLIMATE REPORT
NATIONAL WEATHER SERVICE BISMARCK ND
225 AM CDT SAT APR 19 2014


...................................

...THE BISMARCK ND CLIMATE SUMMARY FOR APRIL 18 2014...

CLIMATE NORMAL PERIOD 1981 TO 2010
CLIMATE RECORD PERIOD 1875 TO 2014


WEATHER ITEM   OBSERVED TIME   RECORD YEAR NORMAL DEPARTURE LAST
                VALUE   (LST)  VALUE       VALUE  FROM      YEAR
                                                  NORMAL
..................................................................
TEMPERATURE (F)
 YESTERDAY
  MAXIMUM         66    438 PM  92    1987  59      7       35
  MINIMUM         33    336 AM  12    1988  32      1       20
                                      1953
  AVERAGE         50                        45      5       28

PRECIPITATION (IN)
  YESTERDAY        0.00          0.74 1986   0.04  -0.04     0.00
  MONTH TO DATE    0.25                      0.67  -0.42     1.35
  SINCE MAR 1      1.07                      1.54  -0.47     2.18
  SINCE JAN 1      1.64                      2.48  -0.84     2.77

SNOWFALL (IN)
  YESTERDAY        0.0           4.2  1970   0.1   -0.1      0.0
  MONTH TO DATE    3.9                       3.2    0.7     21.5
  SINCE MAR 1     15.0                      12.3    2.7     28.4
  SINCE JUL 1     40.2                      49.8   -9.6     57.0
  SNOW DEPTH       0

DEGREE DAYS
 HEATING
  YESTERDAY       15                        20     -5       37
  MONTH TO DATE  505                       428     77      595
  SINCE MAR 1   1669                      1516    153     1902
  SINCE JUL 1   8521                      7947    574     8224

 COOLING
  YESTERDAY        0                         0      0        0
  MONTH TO DATE    0                         0      0        0
  SINCE MAR 1      0                         0      0        0
  SINCE JAN 1      0                         0      0        0
..................................................................


WIND (MPH)
  HIGHEST WIND SPEED    33   HIGHEST WIND DIRECTION    SE (130)
  HIGHEST GUST SPEED    42   HIGHEST GUST DIRECTION    SE (140)
  AVERAGE WIND SPEED    18.9


SKY COVER
  POSSIBLE SUNSHINE  MM
  AVERAGE SKY COVER 0.2


WEATHER CONDITIONS
 THE FOLLOWING WEATHER WAS RECORDED YESTERDAY.
  NO SIGNIFICANT WEATHER WAS OBSERVED.


RELATIVE HUMIDITY (PERCENT)
 HIGHEST    71          1100 PM
 LOWEST     39           300 PM
 AVERAGE    55

..........................................................


THE BISMARCK ND CLIMATE NORMALS FOR TODAY
                         NORMAL    RECORD    YEAR
 MAXIMUM TEMPERATURE (F)   59        86      1961
 MINIMUM TEMPERATURE (F)   32         4      1928


SUNRISE AND SUNSET
APRIL 19 2014.........SUNRISE   648 AM CDT   SUNSET   837 PM CDT
APRIL 20 2014.........SUNRISE   647 AM CDT   SUNSET   838 PM CDT


-  INDICATES NEGATIVE NUMBERS.
R  INDICATES RECORD WAS SET OR TIED.
MM INDICATES DATA IS MISSING.
T  INDICATES TRACE AMOUNT.




$$
