000
CDUS43 KBIS 240829
CLIBIS


CLIMATE REPORT
NATIONAL WEATHER SERVICE BISMARCK ND
329 AM CDT FRI MAR 24 2017


...................................

...THE BISMARCK ND CLIMATE SUMMARY FOR MARCH 23 2017...

CLIMATE NORMAL PERIOD 1981 TO 2010
CLIMATE RECORD PERIOD 1875 TO 2017


WEATHER ITEM   OBSERVED TIME   RECORD YEAR NORMAL DEPARTURE LAST
                VALUE   (LST)  VALUE       VALUE  FROM      YEAR
                                                  NORMAL
..................................................................
TEMPERATURE (F)
 YESTERDAY
  MAXIMUM         42    616 PM  81    1910  44     -2       45
  MINIMUM         31   1236 AM -15    1899  22      9       20
  AVERAGE         37                        33      4       33

PRECIPITATION (IN)
  YESTERDAY        0.24          0.87 1950   0.03   0.21     0.00
  MONTH TO DATE    0.52                      0.61  -0.09     0.19
  SINCE MAR 1      0.52                      0.61  -0.09     0.19
  SINCE JAN 1      1.92                      1.55   0.37     0.83

SNOWFALL (IN)
  YESTERDAY        0.0           8.8  1950   0.2   -0.2      0.0
  MONTH TO DATE    8.7                       7.0    1.7      2.4
  SINCE MAR 1      8.7                       7.0    1.7      2.4
  SINCE JUL 1     71.6                      44.5   27.1     23.0
  SNOW DEPTH       T

DEGREE DAYS
 HEATING
  YESTERDAY       28                        32     -4       32
  MONTH TO DATE  890                       850     40      608
  SINCE MAR 1    890                       850     40      608
  SINCE JUL 1   6892                      7281   -389     5928

 COOLING
  YESTERDAY        0                         0      0        0
  MONTH TO DATE    0                         0      0        0
  SINCE MAR 1      0                         0      0        0
  SINCE JAN 1      0                         0      0        0
..................................................................


WIND (MPH)
  HIGHEST WIND SPEED    17   HIGHEST WIND DIRECTION     N (340)
  HIGHEST GUST SPEED    27   HIGHEST GUST DIRECTION     N (340)
  AVERAGE WIND SPEED     6.3


SKY COVER
  POSSIBLE SUNSHINE  MM
  AVERAGE SKY COVER 0.7


WEATHER CONDITIONS
 THE FOLLOWING WEATHER WAS RECORDED YESTERDAY.
  RAIN
  LIGHT RAIN
  FOG


RELATIVE HUMIDITY (PERCENT)
 HIGHEST    96           800 AM
 LOWEST     75          1200 AM
 AVERAGE    86

..........................................................


THE BISMARCK ND CLIMATE NORMALS FOR TODAY
                         NORMAL    RECORD    YEAR
 MAXIMUM TEMPERATURE (F)   45        79      1939
 MINIMUM TEMPERATURE (F)   23       -11      1965


SUNRISE AND SUNSET
MARCH 24 2017.........SUNRISE   737 AM CDT   SUNSET   802 PM CDT
MARCH 25 2017.........SUNRISE   736 AM CDT   SUNSET   803 PM CDT


-  INDICATES NEGATIVE NUMBERS.
R  INDICATES RECORD WAS SET OR TIED.
MM INDICATES DATA IS MISSING.
T  INDICATES TRACE AMOUNT.




$$
