000
CDUS43 KBIS 210742
CLIBIS


CLIMATE REPORT
NATIONAL WEATHER SERVICE BISMARCK ND
141 AM CST FRI NOV 21 2014


...................................

...THE BISMARCK ND CLIMATE SUMMARY FOR NOVEMBER 20 2014...

CLIMATE NORMAL PERIOD 1981 TO 2010
CLIMATE RECORD PERIOD 1875 TO 2014


WEATHER ITEM   OBSERVED TIME   RECORD YEAR NORMAL DEPARTURE LAST
                VALUE   (LST)  VALUE       VALUE  FROM      YEAR
                                                  NORMAL
..................................................................
TEMPERATURE (F)
 YESTERDAY
  MAXIMUM         22    348 PM  69    1890  37    -15       31
  MINIMUM         11    730 PM -16    1875  17     -6       13
  AVERAGE         17                        27    -10       22

PRECIPITATION (IN)
  YESTERDAY        T             0.70 1930   0.02  -0.02     0.03
  MONTH TO DATE    0.32                      0.53  -0.21     0.09
  SINCE SEP 1      0.84                      3.37  -2.53     9.18
  SINCE JAN 1     13.53                     17.18  -3.65    25.49

SNOWFALL (IN)
  YESTERDAY        T             8.6  1930   0.3   -0.3      0.6
  MONTH TO DATE    4.5                       5.8   -1.3      0.6
  SINCE SEP 1      4.5                       8.2   -3.7      1.6
  SINCE JUL 1      4.5                       8.2   -3.7      1.6
  SNOW DEPTH       3

DEGREE DAYS
 HEATING
  YESTERDAY       48                        38     10       43
  MONTH TO DATE  818                       662    156      658
  SINCE SEP 1   1532                      1519     13     1468
  SINCE JUL 1   1594                      1574     20     1496

 COOLING
  YESTERDAY        0                         0      0        0
  MONTH TO DATE    0                         0      0        0
  SINCE SEP 1     51                        39     12       75
  SINCE JAN 1    457                       520    -63      555
..................................................................


WIND (MPH)
  HIGHEST WIND SPEED    14   HIGHEST WIND DIRECTION     S (170)
  HIGHEST GUST SPEED    17   HIGHEST GUST DIRECTION     S (170)
  AVERAGE WIND SPEED     6.1


SKY COVER
  POSSIBLE SUNSHINE  MM
  AVERAGE SKY COVER 0.6


WEATHER CONDITIONS
 THE FOLLOWING WEATHER WAS RECORDED YESTERDAY.
  LIGHT SNOW
  FOG
  HAZE


RELATIVE HUMIDITY (PERCENT)
 HIGHEST    88          1100 PM
 LOWEST     62          1100 AM
 AVERAGE    75

..........................................................


THE BISMARCK ND CLIMATE NORMALS FOR TODAY
                         NORMAL    RECORD    YEAR
 MAXIMUM TEMPERATURE (F)   36        64      2001
 MINIMUM TEMPERATURE (F)   16       -28      1875


SUNRISE AND SUNSET
NOVEMBER 21 2014......SUNRISE   754 AM CST   SUNSET   503 PM CST
NOVEMBER 22 2014......SUNRISE   756 AM CST   SUNSET   502 PM CST


-  INDICATES NEGATIVE NUMBERS.
R  INDICATES RECORD WAS SET OR TIED.
MM INDICATES DATA IS MISSING.
T  INDICATES TRACE AMOUNT.




$$
