000
CDUS43 KBIS 060925
CLIBIS


CLIMATE REPORT
NATIONAL WEATHER SERVICE BISMARCK ND
424 AM CDT FRI MAY 6 2016


...................................

...THE BISMARCK ND CLIMATE SUMMARY FOR MAY 5 2016...

CLIMATE NORMAL PERIOD 1981 TO 2010
CLIMATE RECORD PERIOD 1875 TO 2016


WEATHER ITEM   OBSERVED TIME   RECORD YEAR NORMAL DEPARTURE LAST
                VALUE   (LST)  VALUE       VALUE  FROM      YEAR
                                                  NORMAL
..................................................................
TEMPERATURE (F)
 YESTERDAY
  MAXIMUM         88    431 PM  97    1926  65     23       79
  MINIMUM         49    507 AM  19    1944  39     10       50
  AVERAGE         69                        52     17       65

PRECIPITATION (IN)
  YESTERDAY        0.00          1.65 1965   0.06  -0.06     0.00
  MONTH TO DATE    0.05                      0.32  -0.27      T
  SINCE MAR 1      4.63                      2.45   2.18     0.82
  SINCE JAN 1      5.27                      3.39   1.88     1.96

SNOWFALL (IN)
  YESTERDAY        0.0           8.5  1892   0.1   -0.1      0.0
  MONTH TO DATE    0.0                       0.2   -0.2      0.0
  SINCE MAR 1      3.5                      13.5  -10.0      1.0
  SINCE JUL 1     24.1                      51.0  -26.9     23.9
  SNOW DEPTH       0

DEGREE DAYS
 HEATING
  YESTERDAY        0                        13    -13        0
  MONTH TO DATE   44                        70    -26       34
  SINCE MAR 1   1437                      1794   -357     1503
  SINCE JUL 1   6757                      8225  -1468     7864

 COOLING
  YESTERDAY        4                         0      4        0
  MONTH TO DATE    4                         0      4        0
  SINCE MAR 1      4                         1      3        0
  SINCE JAN 1      4                         1      3        0
..................................................................


WIND (MPH)
  HIGHEST WIND SPEED    21   HIGHEST WIND DIRECTION     S (200)
  HIGHEST GUST SPEED    26   HIGHEST GUST DIRECTION     S (200)
  AVERAGE WIND SPEED     5.9


SKY COVER
  POSSIBLE SUNSHINE  MM
  AVERAGE SKY COVER 0.0


WEATHER CONDITIONS
 THE FOLLOWING WEATHER WAS RECORDED YESTERDAY.
  HAZE


RELATIVE HUMIDITY (PERCENT)
 HIGHEST    77           600 AM
 LOWEST     21           600 PM
 AVERAGE    49

..........................................................


THE BISMARCK ND CLIMATE NORMALS FOR TODAY
                         NORMAL    RECORD    YEAR
 MAXIMUM TEMPERATURE (F)   66        89      1916
 MINIMUM TEMPERATURE (F)   39        17      1989


SUNRISE AND SUNSET
MAY  6 2016...........SUNRISE   620 AM CDT   SUNSET   900 PM CDT
MAY  7 2016...........SUNRISE   618 AM CDT   SUNSET   902 PM CDT


-  INDICATES NEGATIVE NUMBERS.
R  INDICATES RECORD WAS SET OR TIED.
MM INDICATES DATA IS MISSING.
T  INDICATES TRACE AMOUNT.




$$
