717
CDUS43 KBIS 140734
CLIBIS


CLIMATE REPORT
NATIONAL WEATHER SERVICE BISMARCK ND
134 AM CST THU DEC 14 2017


...................................

...THE BISMARCK ND CLIMATE SUMMARY FOR DECEMBER 13 2017...

CLIMATE NORMAL PERIOD 1981 TO 2010
CLIMATE RECORD PERIOD 1875 TO 2017


WEATHER ITEM   OBSERVED TIME   RECORD YEAR NORMAL DEPARTURE LAST
                VALUE   (LST)  VALUE       VALUE  FROM      YEAR
                                                  NORMAL
..................................................................
TEMPERATURE (F)
 YESTERDAY
  MAXIMUM         46   1209 AM  62    1876  27     19       12
  MINIMUM         32   1159 PM -33    1917   7     25       -6
  AVERAGE         39                        16     23        3

PRECIPITATION (IN)
  YESTERDAY        T             0.31 1906   0.02  -0.02     0.00
  MONTH TO DATE    0.13                      0.20  -0.07     0.62
  SINCE DEC 1      0.13                      0.20  -0.07     0.62
  SINCE JAN 1     13.50                     17.56  -4.06    22.04

SNOWFALL (IN)
  YESTERDAY        0.0           5.9  2008
  MONTH TO DATE    2.5
  SINCE DEC 1      2.5
  SINCE JUL 1      3.8

DEGREE DAYS
 HEATING
  YESTERDAY       26                        48    -22       62
  MONTH TO DATE  430                       601   -171      728
  SINCE DEC 1    430                       601   -171      728
  SINCE JUL 1   2169                      2587   -418     2208

 COOLING
  YESTERDAY        0                         0      0        0
  MONTH TO DATE    0                         0      0        0
  SINCE DEC 1      0                         0      0        0
  SINCE JAN 1    615                       520     95      548
..................................................................


WIND (MPH)
  HIGHEST WIND SPEED    35   HIGHEST WIND DIRECTION    NW (310)
  HIGHEST GUST SPEED    49   HIGHEST GUST DIRECTION    NW (320)
  AVERAGE WIND SPEED    17.6


SKY COVER
  POSSIBLE SUNSHINE  MM
  AVERAGE SKY COVER 0.6


WEATHER CONDITIONS
 THE FOLLOWING WEATHER WAS RECORDED YESTERDAY.
  LIGHT RAIN


RELATIVE HUMIDITY (PERCENT)
 HIGHEST    82           700 AM
 LOWEST     53          1200 AM
 AVERAGE    68

..........................................................


THE BISMARCK ND CLIMATE NORMALS FOR TODAY
                         NORMAL    RECORD    YEAR
 MAXIMUM TEMPERATURE (F)   26        61      1998
 MINIMUM TEMPERATURE (F)    6       -32      1989


SUNRISE AND SUNSET
DECEMBER 14 2017......SUNRISE   821 AM CST   SUNSET   455 PM CST
DECEMBER 15 2017......SUNRISE   821 AM CST   SUNSET   455 PM CST


-  INDICATES NEGATIVE NUMBERS.
R  INDICATES RECORD WAS SET OR TIED.
MM INDICATES DATA IS MISSING.
T  INDICATES TRACE AMOUNT.




$$
