000
CDUS43 KBIS 130726
CLIBIS


CLIMATE REPORT
NATIONAL WEATHER SERVICE BISMARCK ND
126 AM CST SAT FEB 13 2016


...................................

...THE BISMARCK ND CLIMATE SUMMARY FOR FEBRUARY 12 2016...

CLIMATE NORMAL PERIOD 1981 TO 2010
CLIMATE RECORD PERIOD 1875 TO 2016


WEATHER ITEM   OBSERVED TIME   RECORD YEAR NORMAL DEPARTURE LAST
                VALUE   (LST)  VALUE       VALUE  FROM      YEAR
                                                  NORMAL
..................................................................
TEMPERATURE (F)
 YESTERDAY
  MAXIMUM         21   1246 AM  63    1924  27     -6       18
  MINIMUM          1    859 PM -33    1887   7     -6       -5
  AVERAGE         11                        17     -6        7

PRECIPITATION (IN)
  YESTERDAY        T             0.74 1897   0.02  -0.02     0.05
  MONTH TO DATE    0.11                      0.17  -0.06     0.29
  SINCE DEC 1      1.23                      1.09   0.14     1.15
  SINCE JAN 1      0.32                      0.60  -0.28     1.04

SNOWFALL (IN)
  YESTERDAY        T             7.4  1897   0.2   -0.2      0.5
  MONTH TO DATE    1.2                       3.0   -1.8      3.0
  SINCE DEC 1     17.0                      21.2   -4.2     12.6
  SINCE JUL 1     18.8                      32.4  -13.6     20.5
  SNOW DEPTH       1

DEGREE DAYS
 HEATING
  YESTERDAY       54                        48      6       58
  MONTH TO DATE  435                       593   -158      610
  SINCE DEC 1   3235                      3725   -490     3423
  SINCE JUL 1   4820                      5711   -891     5495

 COOLING
  YESTERDAY        0                         0      0        0
  MONTH TO DATE    0                         0      0        0
  SINCE DEC 1      0                         0      0        0
  SINCE JAN 1      0                         0      0        0
..................................................................


WIND (MPH)
  HIGHEST WIND SPEED    16   HIGHEST WIND DIRECTION     N (350)
  HIGHEST GUST SPEED    20   HIGHEST GUST DIRECTION     N (360)
  AVERAGE WIND SPEED     7.4


SKY COVER
  POSSIBLE SUNSHINE  MM
  AVERAGE SKY COVER 0.3


WEATHER CONDITIONS
 THE FOLLOWING WEATHER WAS RECORDED YESTERDAY.
  LIGHT SNOW


RELATIVE HUMIDITY (PERCENT)
 HIGHEST    77           100 AM
 LOWEST     53           500 PM
 AVERAGE    65

..........................................................


THE BISMARCK ND CLIMATE NORMALS FOR TODAY
                         NORMAL    RECORD    YEAR
 MAXIMUM TEMPERATURE (F)   28        56      1901
 MINIMUM TEMPERATURE (F)    7       -27      1970
                                             1951


SUNRISE AND SUNSET
FEBRUARY 13 2016......SUNRISE   751 AM CST   SUNSET   604 PM CST
FEBRUARY 14 2016......SUNRISE   749 AM CST   SUNSET   606 PM CST


-  INDICATES NEGATIVE NUMBERS.
R  INDICATES RECORD WAS SET OR TIED.
MM INDICATES DATA IS MISSING.
T  INDICATES TRACE AMOUNT.




$$
