000
CDUS43 KBIS 252328
CLIBIS


CLIMATE REPORT
NATIONAL WEATHER SERVICE BISMARCK ND
527 PM CST THU DEC 25 2014


...................................

...THE BISMARCK ND CLIMATE SUMMARY FOR DECEMBER 25 2014...
VALID TODAY AS OF 0500 PM LOCAL TIME.

CLIMATE NORMAL PERIOD 1981 TO 2010
CLIMATE RECORD PERIOD 1875 TO 2014


WEATHER ITEM   OBSERVED TIME   RECORD YEAR NORMAL DEPARTURE LAST
                VALUE   (LST)  VALUE       VALUE  FROM      YEAR
                                                  NORMAL
..................................................................
TEMPERATURE (F)
 TODAY
  MAXIMUM         30   1252 PM  49    1999  24      6       34
  MINIMUM         23    550 AM -35    1884   4     19       23
  AVERAGE         27                        14     13       29

PRECIPITATION (IN)
  TODAY            T             0.43 2009   0.02  -0.02     0.01
  MONTH TO DATE    0.10                      0.39  -0.29     1.02
  SINCE DEC 1      0.10                      0.39  -0.29     1.02
  SINCE JAN 1     13.91                     17.75  -3.84    26.51

SNOWFALL (IN)
  TODAY            T             9.2  2009   0.4   -0.4      0.1
  MONTH TO DATE    1.6                       7.3   -5.7     12.3
  SINCE DEC 1      1.6                       7.3   -5.7     12.3
  SINCE JUL 1      9.5                      18.5   -9.0     13.9
  SNOW DEPTH       1

DEGREE DAYS
 HEATING
  TODAY           38                        51    -13       36
  MONTH TO DATE 1046                      1203   -157     1456
  SINCE DEC 1   1046                      1203   -157     1456
  SINCE JUL 1   3118                      3189    -71     3411

 COOLING
  TODAY            0                         0      0        0
  MONTH TO DATE    0                         0      0        0
  SINCE DEC 1      0                         0      0        0
  SINCE JAN 1    457                       520    -63      555
..................................................................


WIND (MPH)
  RESULTANT WIND SPEED   7   RESULTANT WIND DIRECTION  NW (310)
  HIGHEST WIND SPEED    20   HIGHEST WIND DIRECTION    NW (330)
  HIGHEST GUST SPEED    24   HIGHEST GUST DIRECTION    NW (320)
  AVERAGE WIND SPEED     7.4


SKY COVER
  POSSIBLE SUNSHINE  MM
  AVERAGE SKY COVER 0.6


WEATHER CONDITIONS
 THE FOLLOWING WEATHER WAS RECORDED TODAY.
  LIGHT SNOW
  FOG


RELATIVE HUMIDITY (PERCENT)
 HIGHEST    92           200 AM
 LOWEST     75           200 PM
 AVERAGE    84

..........................................................


THE BISMARCK ND CLIMATE NORMALS FOR TOMORROW
                         NORMAL    RECORD    YEAR
 MAXIMUM TEMPERATURE (F)   24        54      2005
 MINIMUM TEMPERATURE (F)    3       -37      1990


SUNRISE AND SUNSET
DECEMBER 25 2014......SUNRISE   827 AM CST   SUNSET   500 PM CST
DECEMBER 26 2014......SUNRISE   827 AM CST   SUNSET   500 PM CST


-  INDICATES NEGATIVE NUMBERS.
R  INDICATES RECORD WAS SET OR TIED.
MM INDICATES DATA IS MISSING.
T  INDICATES TRACE AMOUNT.




$$
