000
CDUS43 KBIS 312227
CLIBIS


CLIMATE REPORT
NATIONAL WEATHER SERVICE BISMARCK ND
526 PM CDT WED AUG 31 2016


...................................

...THE BISMARCK ND CLIMATE SUMMARY FOR AUGUST 31 2016...
VALID TODAY AS OF 0500 PM LOCAL TIME.

CLIMATE NORMAL PERIOD 1981 TO 2010
CLIMATE RECORD PERIOD 1875 TO 2016


WEATHER ITEM   OBSERVED TIME   RECORD YEAR NORMAL DEPARTURE LAST
                VALUE   (LST)  VALUE       VALUE  FROM      YEAR
                                                  NORMAL
..................................................................
TEMPERATURE (F)
 TODAY
  MAXIMUM         85    358 PM 101    1953  79      6       84
  MINIMUM         61    248 AM  32    1895  52      9       56
  AVERAGE         73                        65      8       70

PRECIPITATION (IN)
  TODAY            0.00          0.85 2002   0.06  -0.06     0.00
  MONTH TO DATE    1.88                      2.28  -0.40     1.41
  SINCE JUN 1     11.36                      8.34   3.02     7.90
  SINCE JAN 1     18.54                     13.81   4.73    15.17

SNOWFALL (IN)
  TODAY            0.0           0.0  2002   0.0    0.0      0.0
                                      2001
  MONTH TO DATE    0.0                       0.0    0.0      0.0
  SINCE JUN 1      0.0                       0.0    0.0      0.0
  SINCE JUL 1      0.0                       0.0    0.0      0.0
  SNOW DEPTH       0

DEGREE DAYS
 HEATING
  TODAY            0                         3     -3        0
  MONTH TO DATE   25                        40    -15       29
  SINCE JUN 1     59                       148    -89       79
  SINCE JUL 1     33                        55    -22       36

 COOLING
  TODAY            8                         3      5        5
  MONTH TO DATE  151                       177    -26      196
  SINCE JUN 1    506                       464     42      515
  SINCE JAN 1    516                       481     35      521
..................................................................


WIND (MPH)
  RESULTANT WIND SPEED  11   RESULTANT WIND DIRECTION   E (110)
  HIGHEST WIND SPEED    22   HIGHEST WIND DIRECTION    SE (140)
  HIGHEST GUST SPEED    26   HIGHEST GUST DIRECTION    SE (140)
  AVERAGE WIND SPEED    12.8


SKY COVER
  POSSIBLE SUNSHINE  MM
  AVERAGE SKY COVER 0.4


WEATHER CONDITIONS
 THE FOLLOWING WEATHER WAS RECORDED TODAY.
  NO SIGNIFICANT WEATHER WAS OBSERVED.


RELATIVE HUMIDITY (PERCENT)
 HIGHEST    84           500 AM
 LOWEST     40           400 PM
 AVERAGE    62

..........................................................


THE BISMARCK ND CLIMATE NORMALS FOR TOMORROW
                         NORMAL    RECORD    YEAR
 MAXIMUM TEMPERATURE (F)   79       103      1983
 MINIMUM TEMPERATURE (F)   51        32      1974


SUNRISE AND SUNSET
AUGUST 31 2016........SUNRISE   702 AM CDT   SUNSET   823 PM CDT
SEPTEMBER  1 2016.....SUNRISE   703 AM CDT   SUNSET   821 PM CDT


-  INDICATES NEGATIVE NUMBERS.
R  INDICATES RECORD WAS SET OR TIED.
MM INDICATES DATA IS MISSING.
T  INDICATES TRACE AMOUNT.




$$
