000
CDUS43 KGRR 130523
CLIBIV


CLIMATE REPORT
NATIONAL WEATHER SERVICE GRAND RAPIDS, MI
1219 AM EST SAT FEB 13 2016


...................................

...THE HOLLAND/TULIP CITY MI CLIMATE SUMMARY FOR FEBRUARY 12 2016...

CLIMATE NORMAL PERIOD 1981 TO 2010
CLIMATE RECORD PERIOD 1996 TO 2016


WEATHER ITEM   OBSERVED TIME   NORMAL DEPARTURE LAST
                VALUE   (LST)  VALUE  FROM      YEAR
                                      NORMAL
......................................................
TEMPERATURE (F)
 YESTERDAY
  MAXIMUM         23    755 AM  34    -11       24
  MINIMUM          9   1159 PM  21    -12       14
  AVERAGE         16            28    -12       19

PRECIPITATION (IN)
  YESTERDAY        0.02          0.06  -0.04      T
  MONTH TO DATE    1.67          0.65   1.02     0.43
  SINCE DEC 1      6.87          5.04   1.83     2.46
  SINCE JAN 1      3.29          2.74   0.55     1.07

DEGREE DAYS
 HEATING
  YESTERDAY       49            37     12       46
  MONTH TO DATE  446           460    -14      504
  SINCE DEC 1   2384          2711   -327     2714
  SINCE JUL 1   3414          3934   -520     4105

 COOLING
  YESTERDAY        0             0      0        0
  MONTH TO DATE    0             0      0        0
  SINCE DEC 1      0             0      0        0
  SINCE JAN 1      0             0      0        0
......................................................


WIND (MPH)
  RESULTANT WIND SPEED  12   RESULTANT WIND DIRECTION  NW (300)
  HIGHEST WIND SPEED    23   HIGHEST WIND DIRECTION    NW (320)
  HIGHEST GUST SPEED    36   HIGHEST GUST DIRECTION    NW (300)
  AVERAGE WIND SPEED    13.8


SKY COVER
  AVERAGE SKY COVER 1.0


WEATHER CONDITIONS
 THE FOLLOWING WEATHER WAS RECORDED YESTERDAY.
  HEAVY SNOW
  SNOW
  LIGHT SNOW
  FOG
  FOG W/VISIBILITY <= 1/4 MILE
  HAZE


RELATIVE HUMIDITY (PERCENT)
 HIGHEST    88           800 PM
 LOWEST     57          1200 AM
 AVERAGE    73

..........................................................


THE HOLLAND/TULIP CITY MI CLIMATE NORMALS FOR TODAY
                         NORMAL
 MAXIMUM TEMPERATURE (F)   35
 MINIMUM TEMPERATURE (F)   21


SUNRISE AND SUNSET
FEBRUARY 13 2016......SUNRISE   745 AM EST   SUNSET   613 PM EST
FEBRUARY 14 2016......SUNRISE   744 AM EST   SUNSET   614 PM EST


-  INDICATES NEGATIVE NUMBERS.
R  INDICATES RECORD WAS SET OR TIED.
MM INDICATES DATA IS MISSING.
T  INDICATES TRACE AMOUNT.




$$

63
