895
CDUS43 KGRR 261346
CLIBIV


CLIMATE REPORT
NATIONAL WEATHER SERVICE GRAND RAPIDS, MI
945 AM EDT TUE SEP 26 2017


...................................

...THE HOLLAND/TULIP CITY MI CLIMATE SUMMARY FOR SEPTEMBER 26 2017...
VALID AS OF 0900 AM LOCAL TIME.

CLIMATE NORMAL PERIOD 1981 TO 2010
CLIMATE RECORD PERIOD 1996 TO 2017


WEATHER ITEM   OBSERVED TIME   NORMAL DEPARTURE LAST
                VALUE   (LST)  VALUE  FROM      YEAR
                                      NORMAL
......................................................
TEMPERATURE (F)
 TODAY
  MAXIMUM         69    759 AM  69      0       70
  MINIMUM         60    240 AM  49     11       61
  AVERAGE         65            59      6       66

PRECIPITATION (IN)
  TODAY            0.00          0.15  -0.15     0.07
  MONTH TO DATE    0.53          3.21  -2.68     1.09
  SINCE SEP 1      0.53          3.21  -2.68     1.09
  SINCE JAN 1     25.35         26.42  -1.07    22.97

DEGREE DAYS
 HEATING
  TODAY            0             7     -7        0
  MONTH TO DATE   75            86    -11       10
  SINCE SEP 1     75            86    -11       10
  SINCE JUL 1     96           101     -5       17

 COOLING
  TODAY            0             1     -1        1
  MONTH TO DATE  105            59     46       93
  SINCE SEP 1    105            59     46       93
  SINCE JAN 1    590           677    -87      772
......................................................


WIND (MPH)
  RESULTANT WIND SPEED   2   RESULTANT WIND DIRECTION  SE (150)
  HIGHEST WIND SPEED     6   HIGHEST WIND DIRECTION     S (160)
  HIGHEST GUST SPEED     7   HIGHEST GUST DIRECTION     S (160)
  AVERAGE WIND SPEED     1.8


SKY COVER
  AVERAGE SKY COVER 0.0


WEATHER CONDITIONS
 THE FOLLOWING WEATHER WAS RECORDED TODAY.
  NO SIGNIFICANT WEATHER WAS OBSERVED.


RELATIVE HUMIDITY (PERCENT)
 HIGHEST    84           100 AM
 LOWEST     70           800 AM
 AVERAGE    77

..........................................................


THE HOLLAND/TULIP CITY MI CLIMATE NORMALS FOR TOMORROW
                         NORMAL
 MAXIMUM TEMPERATURE (F)   69
 MINIMUM TEMPERATURE (F)   49


SUNRISE AND SUNSET
SEPTEMBER 26 2017.....SUNRISE   737 AM EDT   SUNSET   734 PM EDT
SEPTEMBER 27 2017.....SUNRISE   738 AM EDT   SUNSET   733 PM EDT


-  INDICATES NEGATIVE NUMBERS.
R  INDICATES RECORD WAS SET OR TIED.
MM INDICATES DATA IS MISSING.
T  INDICATES TRACE AMOUNT.




$$
