000
CDUS43 KGRR 310513
CLIBIV


CLIMATE REPORT
NATIONAL WEATHER SERVICE GRAND RAPIDS, MI
112 AM EDT MON AUG 31 2015


...................................

...THE HOLLAND/TULIP CITY MI CLIMATE SUMMARY FOR AUGUST 30 2015...

CLIMATE NORMAL PERIOD 1981 TO 2010
CLIMATE RECORD PERIOD 1996 TO 2015


WEATHER ITEM   OBSERVED TIME   NORMAL DEPARTURE LAST
                VALUE   (LST)  VALUE  FROM      YEAR
                                      NORMAL
......................................................
TEMPERATURE (F)
 YESTERDAY
  MAXIMUM         78   1225 PM  79     -1       83
  MINIMUM         62   1159 PM  59      3       69
  AVERAGE         70            69      1       76

PRECIPITATION (IN)
  YESTERDAY        T             0.12  -0.12      T
  MONTH TO DATE    2.72          3.46  -0.74     4.94
  SINCE JUN 1      6.45         10.51  -4.06    11.50
  SINCE JAN 1     17.26         23.10  -5.84    21.03

DEGREE DAYS
 HEATING
  YESTERDAY        0             1     -1        0
  MONTH TO DATE   12             3      9       14
  SINCE JUN 1     46            57    -11       59
  SINCE JUL 1     22             9     13       36

 COOLING
  YESTERDAY        5             4      1       11
  MONTH TO DATE  155           188    -33      182
  SINCE JUN 1    422           569   -147      469
  SINCE JAN 1    471           611   -140      508
......................................................


WIND (MPH)
  RESULTANT WIND SPEED   1   RESULTANT WIND DIRECTION   W (250)
  HIGHEST WIND SPEED    12   HIGHEST WIND DIRECTION     W (270)
  HIGHEST GUST SPEED    15   HIGHEST GUST DIRECTION     W (250)
  AVERAGE WIND SPEED     2.9


SKY COVER
  AVERAGE SKY COVER 0.9


WEATHER CONDITIONS
 THE FOLLOWING WEATHER WAS RECORDED YESTERDAY.
  LIGHT RAIN
  FOG
  FOG W/VISIBILITY <= 1/4 MILE
  HAZE


RELATIVE HUMIDITY (PERCENT)
 HIGHEST    93           200 AM
 LOWEST     74          1100 AM
 AVERAGE    84

..........................................................


THE HOLLAND/TULIP CITY MI CLIMATE NORMALS FOR TODAY
                         NORMAL
 MAXIMUM TEMPERATURE (F)   79
 MINIMUM TEMPERATURE (F)   58


SUNRISE AND SUNSET
AUGUST 31 2015........SUNRISE   708 AM EDT   SUNSET   821 PM EDT
SEPTEMBER  1 2015.....SUNRISE   709 AM EDT   SUNSET   820 PM EDT


-  INDICATES NEGATIVE NUMBERS.
R  INDICATES RECORD WAS SET OR TIED.
MM INDICATES DATA IS MISSING.
T  INDICATES TRACE AMOUNT.




$$
