000
CDUS43 KGRR 200513
CLIBIV


CLIMATE REPORT
NATIONAL WEATHER SERVICE GRAND RAPIDS, MI
113 AM EDT MON OCT 20 2014


...................................

...THE HOLLAND/TULIP CITY MI CLIMATE SUMMARY FOR OCTOBER 19 2014...

CLIMATE NORMAL PERIOD 1981 TO 2010
CLIMATE RECORD PERIOD 1996 TO 2014


WEATHER ITEM   OBSERVED TIME   NORMAL DEPARTURE LAST
                VALUE   (LST)  VALUE  FROM      YEAR
                                      NORMAL
......................................................
TEMPERATURE (F)
 YESTERDAY
  MAXIMUM         54        MM  61     -7       54
  MINIMUM         32        MM  43    -11       44
  AVERAGE         43            52     -9       49

PRECIPITATION (IN)
  YESTERDAY        0.00          0.12  -0.12     0.08
  MONTH TO DATE    3.34          2.09   1.25     2.57
  SINCE SEP 1      7.28          5.99   1.29     3.75
  SINCE JAN 1     28.31         29.20  -0.89    31.76

DEGREE DAYS
 HEATING
  YESTERDAY       22            13      9       16
  MONTH TO DATE  214           208      6      135
  SINCE SEP 1    349           323     26      248
  SINCE JUL 1    385           338     47      267

 COOLING
  YESTERDAY        0             0      0        0
  MONTH TO DATE    1            10     -9       14
  SINCE SEP 1     53            74    -21      104
  SINCE JAN 1    570           692   -122      811
......................................................


WIND (MPH)
  RESULTANT WIND SPEED   6   RESULTANT WIND DIRECTION   S (200)
  HIGHEST WIND SPEED    20   HIGHEST WIND DIRECTION    SW (210)
  HIGHEST GUST SPEED    27   HIGHEST GUST DIRECTION    SW (210)
  AVERAGE WIND SPEED     6.8


SKY COVER
  AVERAGE SKY COVER 0.2


WEATHER CONDITIONS
 THE FOLLOWING WEATHER WAS RECORDED YESTERDAY.
  NO SIGNIFICANT WEATHER WAS OBSERVED.


RELATIVE HUMIDITY (PERCENT)
 HIGHEST    89          1200 AM
 LOWEST     63           100 PM
 AVERAGE    76

..........................................................


THE HOLLAND/TULIP CITY MI CLIMATE NORMALS FOR TODAY
                         NORMAL
 MAXIMUM TEMPERATURE (F)   60
 MINIMUM TEMPERATURE (F)   42


SUNRISE AND SUNSET
OCTOBER 20 2014.......SUNRISE   804 AM EDT   SUNSET   654 PM EDT
OCTOBER 21 2014.......SUNRISE   805 AM EDT   SUNSET   653 PM EDT


-  INDICATES NEGATIVE NUMBERS.
R  INDICATES RECORD WAS SET OR TIED.
MM INDICATES DATA IS MISSING.
T  INDICATES TRACE AMOUNT.




$$
