000
CDUS46 KBOI 240932
CLIBKE


CLIMATE REPORT
NATIONAL WEATHER SERVICE BOISE ID
231 AM MST TUE JAN 24 2017


...................................

...THE BAKER OR CLIMATE SUMMARY FOR JANUARY 23 2017...

CLIMATE NORMAL PERIOD 1981 TO 2010
CLIMATE RECORD PERIOD 1948 TO 2017


WEATHER ITEM   OBSERVED TIME   RECORD YEAR NORMAL DEPARTURE LAST
                VALUE   (LST)  VALUE       VALUE  FROM      YEAR
                                                  NORMAL
..................................................................
TEMPERATURE (F)
 YESTERDAY
  MAXIMUM         30    619 PM  50    1970  34     -4       45
  MINIMUM         17    135 AM -22    1962  17      0       28
  AVERAGE         24                        26     -2       37

PRECIPITATION (IN)
  YESTERDAY        0.00          0.59 1982   0.02  -0.02     0.07
  MONTH TO DATE    0.47                      0.62  -0.15     0.29
  SINCE OCT 1      3.21                      3.13   0.08     2.83
  SINCE JAN 1      0.47                      0.62  -0.15     0.29

DEGREE DAYS
 HEATING
  YESTERDAY       41                        39      2       28
  MONTH TO DATE 1224                       928    296      851
  SINCE DEC 1   2777                      2176    601     1997
  SINCE JUL 1   4551                      4213    338     3848

 COOLING
  YESTERDAY        0                         0      0        0
  MONTH TO DATE    0                         0      0        0
  SINCE DEC 1      0                         0      0        0
  SINCE JAN 1      0                         0      0        0
..................................................................


WIND (MPH)
  RESULTANT WIND SPEED   2   RESULTANT WIND DIRECTION   W (280)
  HIGHEST WIND SPEED    23   HIGHEST WIND DIRECTION    NW (330)
  HIGHEST GUST SPEED    28   HIGHEST GUST DIRECTION    NW (320)
  AVERAGE WIND SPEED     5.8


SKY COVER
  AVERAGE SKY COVER 0.5


WEATHER CONDITIONS
 THE FOLLOWING WEATHER WAS RECORDED YESTERDAY.
  FOG
  FOG W/VISIBILITY <= 1/4 MILE
  HAZE


RELATIVE HUMIDITY (PERCENT)
 HIGHEST    92          1200 AM
 LOWEST     75           700 PM
 AVERAGE    84

..........................................................


THE BAKER OR CLIMATE NORMALS FOR TODAY
                         NORMAL    RECORD    YEAR
 MAXIMUM TEMPERATURE (F)   35        51      1959
 MINIMUM TEMPERATURE (F)   17       -24      1949


SUNRISE AND SUNSET
JANUARY 24 2017.......SUNRISE   718 AM PST   SUNSET   449 PM PST
JANUARY 25 2017.......SUNRISE   718 AM PST   SUNSET   450 PM PST


-  INDICATES NEGATIVE NUMBERS.
R  INDICATES RECORD WAS SET OR TIED.
MM INDICATES DATA IS MISSING.
T  INDICATES TRACE AMOUNT.




$$
