000
CDUS46 KBOI 280931
CLIBKE


CLIMATE REPORT
NATIONAL WEATHER SERVICE BOISE ID
331 AM MDT WED SEP 28 2016


...................................

...THE BAKER OR CLIMATE SUMMARY FOR SEPTEMBER 27 2016...

CLIMATE NORMAL PERIOD 1981 TO 2010
CLIMATE RECORD PERIOD 1948 TO 2016


WEATHER ITEM   OBSERVED TIME   RECORD YEAR NORMAL DEPARTURE LAST
                VALUE   (LST)  VALUE       VALUE  FROM      YEAR
                                                  NORMAL
..................................................................
TEMPERATURE (F)
 YESTERDAY
  MAXIMUM         83    311 PM  93    1963  70     13       70
  MINIMUM         34    516 AM  23    1961  33      1       36
  AVERAGE         59                        51      8       53

PRECIPITATION (IN)
  YESTERDAY        0.00          0.52 1981   0.02  -0.02     0.00
  MONTH TO DATE    0.07                      0.50  -0.43     0.68
  SINCE OCT 1      6.24                     10.08  -3.84    10.16
  SINCE JAN 1      3.70                      7.57  -3.87     7.96

DEGREE DAYS
 HEATING
  YESTERDAY        6                        14     -8       12
  MONTH TO DATE  298                       247     51      248
  SINCE SEP 1    298                       247     51      248
  SINCE JUL 1    444                       398     46      344

 COOLING
  YESTERDAY        0                         0      0        0
  MONTH TO DATE    0                         7     -7        2
  SINCE SEP 1      0                         7     -7        2
  SINCE JAN 1    132                       167    -35      225
..................................................................


WIND (MPH)
  RESULTANT WIND SPEED   2   RESULTANT WIND DIRECTION   W (250)
  HIGHEST WIND SPEED    10   HIGHEST WIND DIRECTION     W (280)
  HIGHEST GUST SPEED    11   HIGHEST GUST DIRECTION     W (280)
  AVERAGE WIND SPEED     2.8


SKY COVER
  AVERAGE SKY COVER 0.0


WEATHER CONDITIONS
 THE FOLLOWING WEATHER WAS RECORDED YESTERDAY.
  NO SIGNIFICANT WEATHER WAS OBSERVED.


RELATIVE HUMIDITY (PERCENT)
 HIGHEST    85           200 AM
 LOWEST     23           300 PM
 AVERAGE    54

..........................................................


THE BAKER OR CLIMATE NORMALS FOR TODAY
                         NORMAL    RECORD    YEAR
 MAXIMUM TEMPERATURE (F)   70        91      1963
 MINIMUM TEMPERATURE (F)   32        19      1999


SUNRISE AND SUNSET
SEPTEMBER 28 2016.....SUNRISE   646 AM PDT   SUNSET   636 PM PDT
SEPTEMBER 29 2016.....SUNRISE   647 AM PDT   SUNSET   634 PM PDT


-  INDICATES NEGATIVE NUMBERS.
R  INDICATES RECORD WAS SET OR TIED.
MM INDICATES DATA IS MISSING.
T  INDICATES TRACE AMOUNT.




$$
