000
CDUS46 KBOI 230932
CLIBKE


CLIMATE REPORT
NATIONAL WEATHER SERVICE BOISE ID
332 AM MDT WED APR 23 2014


...................................

...THE BAKER OR CLIMATE SUMMARY FOR APRIL 22 2014...

CLIMATE NORMAL PERIOD 1981 TO 2010
CLIMATE RECORD PERIOD 1948 TO 2014


WEATHER ITEM   OBSERVED TIME   RECORD YEAR NORMAL DEPARTURE LAST
                VALUE   (LST)  VALUE       VALUE  FROM      YEAR
                                                  NORMAL
..................................................................
TEMPERATURE (F)
 YESTERDAY
  MAXIMUM         55    141 AM  82    1977  59     -4       51
  MINIMUM         25   1052 PM  18    1968  30     -5       25
  AVERAGE         40                        45     -5       38

PRECIPITATION (IN)
  YESTERDAY        T             0.53 1979   0.03  -0.03     0.00
  MONTH TO DATE    0.15                      0.58  -0.43     0.35
  SINCE OCT 1      4.05                      5.29  -1.24     4.11
  SINCE JAN 1      2.88                      2.78   0.10     1.93

DEGREE DAYS
 HEATING
  YESTERDAY       25                        20      5       27
  MONTH TO DATE  455                       492    -37      521
  SINCE MAR 1   1210                      1340   -130     1350
  SINCE JUL 1   6736                      6860   -124     6742

 COOLING
  YESTERDAY        0                         0      0        0
  MONTH TO DATE    0                         0      0        0
  SINCE MAR 1      0                         0      0        0
  SINCE JAN 1      0                         0      0        0
..................................................................


WIND (MPH)
  RESULTANT WIND SPEED   5   RESULTANT WIND DIRECTION   W (290)
  HIGHEST WIND SPEED    32   HIGHEST WIND DIRECTION    NW (310)
  HIGHEST GUST SPEED    40   HIGHEST GUST DIRECTION    NW (300)
  AVERAGE WIND SPEED    14.2


SKY COVER
  AVERAGE SKY COVER 0.7


WEATHER CONDITIONS
 THE FOLLOWING WEATHER WAS RECORDED YESTERDAY.
  LIGHT RAIN
  HAZE


RELATIVE HUMIDITY (PERCENT)
 HIGHEST    81          1100 PM
 LOWEST     40           600 PM
 AVERAGE    61

..........................................................


THE BAKER OR CLIMATE NORMALS FOR TODAY
                         NORMAL    RECORD    YEAR
 MAXIMUM TEMPERATURE (F)   60        86      1977
 MINIMUM TEMPERATURE (F)   30        12      2013


SUNRISE AND SUNSET
APRIL 23 2014.........SUNRISE   553 AM PDT   SUNSET   747 PM PDT
APRIL 24 2014.........SUNRISE   552 AM PDT   SUNSET   748 PM PDT


-  INDICATES NEGATIVE NUMBERS.
R  INDICATES RECORD WAS SET OR TIED.
MM INDICATES DATA IS MISSING.
T  INDICATES TRACE AMOUNT.




$$
