000
CDUS46 KBOI 220940
CLIBKE


CLIMATE REPORT
NATIONAL WEATHER SERVICE BOISE ID
239 AM MST SAT NOV 22 2014


...................................

...THE BAKER OR CLIMATE SUMMARY FOR NOVEMBER 21 2014...

CLIMATE NORMAL PERIOD 1981 TO 2010
CLIMATE RECORD PERIOD 1948 TO 2014


WEATHER ITEM   OBSERVED TIME   RECORD YEAR NORMAL DEPARTURE LAST
                VALUE   (LST)  VALUE       VALUE  FROM      YEAR
                                                  NORMAL
..................................................................
TEMPERATURE (F)
 YESTERDAY
  MAXIMUM         38   1247 PM  60    2006  41     -3       37
  MINIMUM         24    435 AM  -3    1985  21      3        8
  AVERAGE         31                        31      0       23

PRECIPITATION (IN)
  YESTERDAY        0.02          0.29 1981   0.03  -0.01     0.00
  MONTH TO DATE    0.28                      0.62  -0.34     0.36
  SINCE OCT 1      0.51                      1.25  -0.74     0.53
  SINCE JAN 1      6.51                      8.87  -2.36     8.30

DEGREE DAYS
 HEATING
  YESTERDAY       34                        34      0       42
  MONTH TO DATE  770                       634    136      607
  SINCE SEP 1   1469                      1562    -93     1566
  SINCE JUL 1   1546                      1713   -167     1598

 COOLING
  YESTERDAY        0                         0      0        0
  MONTH TO DATE    0                         0      0        0
  SINCE SEP 1     15                         9      6       28
  SINCE JAN 1    250                       169     81      258
..................................................................


WIND (MPH)
  RESULTANT WIND SPEED   8   RESULTANT WIND DIRECTION   E (90)
  HIGHEST WIND SPEED    28   HIGHEST WIND DIRECTION     E (100)
  HIGHEST GUST SPEED    35   HIGHEST GUST DIRECTION     E (100)
  AVERAGE WIND SPEED    10.7


SKY COVER
  AVERAGE SKY COVER 0.8


WEATHER CONDITIONS
 THE FOLLOWING WEATHER WAS RECORDED YESTERDAY.
  LIGHT RAIN
  LT FREEZING RAIN
  LIGHT SNOW
  FOG
  HAZE


RELATIVE HUMIDITY (PERCENT)
 HIGHEST   100          1200 AM
 LOWEST     82          1100 AM
 AVERAGE    91

..........................................................


THE BAKER OR CLIMATE NORMALS FOR TODAY
                         NORMAL    RECORD    YEAR
 MAXIMUM TEMPERATURE (F)   40        58      1954
 MINIMUM TEMPERATURE (F)   21        -8      1985


SUNRISE AND SUNSET
NOVEMBER 22 2014......SUNRISE   658 AM PST   SUNSET   417 PM PST
NOVEMBER 23 2014......SUNRISE   659 AM PST   SUNSET   416 PM PST


-  INDICATES NEGATIVE NUMBERS.
R  INDICATES RECORD WAS SET OR TIED.
MM INDICATES DATA IS MISSING.
T  INDICATES TRACE AMOUNT.




$$
