000
CDUS46 KBOI 280932
CLIBKE


CLIMATE REPORT
NATIONAL WEATHER SERVICE BOISE ID
232 AM MST TUE FEB 28 2017


...................................

...THE BAKER OR CLIMATE SUMMARY FOR FEBRUARY 27 2017...

CLIMATE NORMAL PERIOD 1981 TO 2010
CLIMATE RECORD PERIOD 1948 TO 2017


WEATHER ITEM   OBSERVED TIME   RECORD YEAR NORMAL DEPARTURE LAST
                VALUE   (LST)  VALUE       VALUE  FROM      YEAR
                                                  NORMAL
..................................................................
TEMPERATURE (F)
 YESTERDAY
  MAXIMUM         36    222 PM  63    1992  44     -8       53
  MINIMUM         15    637 AM  -5    1993  21     -6       27
  AVERAGE         26                        33     -7       40

PRECIPITATION (IN)
  YESTERDAY        T             0.28 1946   0.02  -0.02      T
  MONTH TO DATE    0.89                      0.56   0.33     0.21
  SINCE OCT 1      4.31                      3.87   0.44     3.14
  SINCE JAN 1      1.57                      1.36   0.21     0.60

DEGREE DAYS
 HEATING
  YESTERDAY       39                        32      7       25
  MONTH TO DATE  866                       963    -97      841
  SINCE DEC 1   4020                      3449    571     3136
  SINCE JUL 1   5794                      5486    308     4987

 COOLING
  YESTERDAY        0                         0      0        0
  MONTH TO DATE    0                         0      0        0
  SINCE DEC 1      0                         0      0        0
  SINCE JAN 1      0                         0      0        0
..................................................................


WIND (MPH)
  RESULTANT WIND SPEED   2   RESULTANT WIND DIRECTION   S (200)
  HIGHEST WIND SPEED    18   HIGHEST WIND DIRECTION     S (200)
  HIGHEST GUST SPEED    21   HIGHEST GUST DIRECTION     S (200)
  AVERAGE WIND SPEED     5.6


SKY COVER
  AVERAGE SKY COVER 0.4


WEATHER CONDITIONS
 THE FOLLOWING WEATHER WAS RECORDED YESTERDAY.
  LIGHT SNOW
  FOG


RELATIVE HUMIDITY (PERCENT)
 HIGHEST   100           100 AM
 LOWEST     47          1200 PM
 AVERAGE    74

..........................................................


THE BAKER OR CLIMATE NORMALS FOR TODAY
                         NORMAL    RECORD    YEAR
 MAXIMUM TEMPERATURE (F)   45        65      1986
 MINIMUM TEMPERATURE (F)   22        -9      1960


SUNRISE AND SUNSET
FEBRUARY 28 2017......SUNRISE   630 AM PST   SUNSET   538 PM PST
MARCH  1 2017.........SUNRISE   628 AM PST   SUNSET   539 PM PST


-  INDICATES NEGATIVE NUMBERS.
R  INDICATES RECORD WAS SET OR TIED.
MM INDICATES DATA IS MISSING.
T  INDICATES TRACE AMOUNT.




$$
