000
CDUS46 KBOI 300930
CLIBKE


CLIMATE REPORT
NATIONAL WEATHER SERVICE BOISE ID
330 AM MDT TUE AUG 30 2016


...................................

...THE BAKER OR CLIMATE SUMMARY FOR AUGUST 29 2016...

CLIMATE NORMAL PERIOD 1981 TO 2010
CLIMATE RECORD PERIOD 1948 TO 2016


WEATHER ITEM   OBSERVED TIME   RECORD YEAR NORMAL DEPARTURE LAST
                VALUE   (LST)  VALUE       VALUE  FROM      YEAR
                                                  NORMAL
..................................................................
TEMPERATURE (F)
 YESTERDAY
  MAXIMUM         92    233 PM  95    1999  81     11       87
  MINIMUM         45    441 AM  32    1980  42      3       49
  AVERAGE         69                        62      7       68

PRECIPITATION (IN)
  YESTERDAY        0.00          0.45 1994   0.03  -0.03      T
  MONTH TO DATE    0.12                      0.66  -0.54     0.02
  SINCE OCT 1      6.17                      9.53  -3.36     9.48
  SINCE JAN 1      3.63                      7.02  -3.39     7.28

DEGREE DAYS
 HEATING
  YESTERDAY        0                         4     -4        0
  MONTH TO DATE   60                        70    -10       39
  SINCE JUN 1    337                       366    -29      163
  SINCE JUL 1    145                       140      5       79

 COOLING
  YESTERDAY        4                         1      3        3
  MONTH TO DATE   41                        64    -23       71
  SINCE JUN 1    131                       155    -24      222
  SINCE JAN 1    131                       157    -26      223
..................................................................


WIND (MPH)
  RESULTANT WIND SPEED   6   RESULTANT WIND DIRECTION  SE (140)
  HIGHEST WIND SPEED    26   HIGHEST WIND DIRECTION    SE (140)
  HIGHEST GUST SPEED    33   HIGHEST GUST DIRECTION    SE (140)
  AVERAGE WIND SPEED     7.9


SKY COVER
  AVERAGE SKY COVER 0.0


WEATHER CONDITIONS
 THE FOLLOWING WEATHER WAS RECORDED YESTERDAY.
  NO SIGNIFICANT WEATHER WAS OBSERVED.


RELATIVE HUMIDITY (PERCENT)
 HIGHEST    86           200 AM
 LOWEST      7           200 PM
 AVERAGE    47

..........................................................


THE BAKER OR CLIMATE NORMALS FOR TODAY
                         NORMAL    RECORD    YEAR
 MAXIMUM TEMPERATURE (F)   81        96      1996
 MINIMUM TEMPERATURE (F)   42        30      1965


SUNRISE AND SUNSET
AUGUST 30 2016........SUNRISE   612 AM PDT   SUNSET   731 PM PDT
AUGUST 31 2016........SUNRISE   613 AM PDT   SUNSET   729 PM PDT


-  INDICATES NEGATIVE NUMBERS.
R  INDICATES RECORD WAS SET OR TIED.
MM INDICATES DATA IS MISSING.
T  INDICATES TRACE AMOUNT.




$$
