000
CDUS46 KBOI 270931
CLIBKE


CLIMATE REPORT
NATIONAL WEATHER SERVICE BOISE ID
231 AM MST SAT DEC 27 2014


...................................

...THE BAKER OR CLIMATE SUMMARY FOR DECEMBER 26 2014...

CLIMATE NORMAL PERIOD 1981 TO 2010
CLIMATE RECORD PERIOD 1948 TO 2014


WEATHER ITEM   OBSERVED TIME   RECORD YEAR NORMAL DEPARTURE LAST
                VALUE   (LST)  VALUE       VALUE  FROM      YEAR
                                                  NORMAL
..................................................................
TEMPERATURE (F)
 YESTERDAY
  MAXIMUM         35        MM  52    1980  33      2       34
  MINIMUM         16        MM  -6    1988  15      1        4
  AVERAGE         26                        24      2       19

PRECIPITATION (IN)
  YESTERDAY        T             0.32 1964   0.03  -0.03     0.00
  MONTH TO DATE    1.35                      0.83   0.52     0.58
  SINCE OCT 1      2.07                      2.36  -0.29     1.12
  SINCE JAN 1      8.07                      9.98  -1.91     8.89

DEGREE DAYS
 HEATING
  YESTERDAY       39                        41     -2       46
  MONTH TO DATE  773                      1041   -268     1179
  SINCE DEC 1    773                      1041   -268     1179
  SINCE JUL 1   2576                      3078   -502     3104

 COOLING
  YESTERDAY        0                         0      0        0
  MONTH TO DATE    0                         0      0        0
  SINCE DEC 1      0                         0      0        0
  SINCE JAN 1    250                       169     81      258
..................................................................


WIND (MPH)
  RESULTANT WIND SPEED   5   RESULTANT WIND DIRECTION  NW (330)
  HIGHEST WIND SPEED    14   HIGHEST WIND DIRECTION     N (340)
  HIGHEST GUST SPEED    MM   HIGHEST GUST DIRECTION    MM
  AVERAGE WIND SPEED     8.2


SKY COVER
  AVERAGE SKY COVER 0.3


WEATHER CONDITIONS
 THE FOLLOWING WEATHER WAS RECORDED YESTERDAY.
  NO SIGNIFICANT WEATHER WAS OBSERVED.


RELATIVE HUMIDITY (PERCENT)
 HIGHEST    92           300 AM
 LOWEST     59           200 PM
 AVERAGE    76

..........................................................


THE BAKER OR CLIMATE NORMALS FOR TODAY
                         NORMAL    RECORD    YEAR
 MAXIMUM TEMPERATURE (F)   33        52      1980
 MINIMUM TEMPERATURE (F)   15       -13      1954


SUNRISE AND SUNSET
DECEMBER 27 2014......SUNRISE   728 AM PST   SUNSET   417 PM PST
DECEMBER 28 2014......SUNRISE   728 AM PST   SUNSET   417 PM PST


-  INDICATES NEGATIVE NUMBERS.
R  INDICATES RECORD WAS SET OR TIED.
MM INDICATES DATA IS MISSING.
T  INDICATES TRACE AMOUNT.




$$
