000
CDUS46 KBOI 030930
CLIBKE


CLIMATE REPORT
NATIONAL WEATHER SERVICE BOISE ID
230 AM MST TUE MAR 3 2015


...................................

...THE BAKER OR CLIMATE SUMMARY FOR MARCH 2 2015...

CLIMATE NORMAL PERIOD 1981 TO 2010
CLIMATE RECORD PERIOD 1948 TO 2015


WEATHER ITEM   OBSERVED TIME   RECORD YEAR NORMAL DEPARTURE LAST
                VALUE   (LST)  VALUE       VALUE  FROM      YEAR
                                                  NORMAL
..................................................................
TEMPERATURE (F)
 YESTERDAY
  MAXIMUM         46    107 PM  66    1968  46      0       49
  MINIMUM         19    439 AM   2    1960  22     -3       28
  AVERAGE         33                        34     -1       39

PRECIPITATION (IN)
  YESTERDAY        T             0.57 1998   0.02  -0.02     0.09
  MONTH TO DATE    T                         0.05  -0.05     0.21
  SINCE OCT 1      3.30                      3.94  -0.64     3.07
  SINCE JAN 1      1.10                      1.43  -0.33     1.90

DEGREE DAYS
 HEATING
  YESTERDAY       32                        31      1       26
  MONTH TO DATE   67                        63      4       57
  SINCE MAR 1     67                        63      4       57
  SINCE JUL 1   4743                      5583   -840     5583

 COOLING
  YESTERDAY        0                         0      0        0
  MONTH TO DATE    0                         0      0        0
  SINCE MAR 1      0                         0      0        0
  SINCE JAN 1      0                         0      0        0
..................................................................


WIND (MPH)
  RESULTANT WIND SPEED   7   RESULTANT WIND DIRECTION  NW (320)
  HIGHEST WIND SPEED    29   HIGHEST WIND DIRECTION    NW (330)
  HIGHEST GUST SPEED    35   HIGHEST GUST DIRECTION    NW (330)
  AVERAGE WIND SPEED     9.2


SKY COVER
  AVERAGE SKY COVER 0.3


WEATHER CONDITIONS
 THE FOLLOWING WEATHER WAS RECORDED YESTERDAY.
  NO SIGNIFICANT WEATHER WAS OBSERVED.


RELATIVE HUMIDITY (PERCENT)
 HIGHEST    92           400 AM
 LOWEST     31           100 PM
 AVERAGE    62

..........................................................


THE BAKER OR CLIMATE NORMALS FOR TODAY
                         NORMAL    RECORD    YEAR
 MAXIMUM TEMPERATURE (F)   46        67      1986
 MINIMUM TEMPERATURE (F)   22         3      1989


SUNRISE AND SUNSET
MARCH  3 2015.........SUNRISE   626 AM PST   SUNSET   541 PM PST
MARCH  4 2015.........SUNRISE   624 AM PST   SUNSET   543 PM PST


-  INDICATES NEGATIVE NUMBERS.
R  INDICATES RECORD WAS SET OR TIED.
MM INDICATES DATA IS MISSING.
T  INDICATES TRACE AMOUNT.




$$
