731
CDUS46 KBOI 140931
CLIBKE


CLIMATE REPORT
NATIONAL WEATHER SERVICE BOISE ID
231 AM MST SUN FEB 14 2016


...................................

...THE BAKER OR CLIMATE SUMMARY FOR FEBRUARY 13 2016...

CLIMATE NORMAL PERIOD 1981 TO 2010
CLIMATE RECORD PERIOD 1948 TO 2016


WEATHER ITEM   OBSERVED TIME   RECORD YEAR NORMAL DEPARTURE LAST
                VALUE   (LST)  VALUE       VALUE  FROM      YEAR
                                                  NORMAL
..................................................................
TEMPERATURE (F)
 YESTERDAY
  MAXIMUM         47    253 PM  56    2015  39      8       56
                                      1996
  MINIMUM         29    658 AM -10    1949  19     10       23
  AVERAGE         38                        29      9       40

PRECIPITATION (IN)
  YESTERDAY        T             0.22 1986   0.02  -0.02     0.00
  MONTH TO DATE    0.07                      0.27  -0.20     0.60
  SINCE OCT 1      3.00                      3.58  -0.58     3.19
  SINCE JAN 1      0.46                      1.07  -0.61     0.99

DEGREE DAYS
 HEATING
  YESTERDAY       27                        36     -9       25
  MONTH TO DATE  458                       486    -28      296
  SINCE DEC 1   2753                      2972   -219     2438
  SINCE JUL 1   4604                      5009   -405     4241

 COOLING
  YESTERDAY        0                         0      0        0
  MONTH TO DATE    0                         0      0        0
  SINCE DEC 1      0                         0      0        0
  SINCE JAN 1      0                         0      0        0
..................................................................


WIND (MPH)
  RESULTANT WIND SPEED   4   RESULTANT WIND DIRECTION   E (110)
  HIGHEST WIND SPEED    22   HIGHEST WIND DIRECTION     S (160)
  HIGHEST GUST SPEED    26   HIGHEST GUST DIRECTION     S (160)
  AVERAGE WIND SPEED     6.4


SKY COVER
  AVERAGE SKY COVER 0.5


WEATHER CONDITIONS
 THE FOLLOWING WEATHER WAS RECORDED YESTERDAY.
  LIGHT RAIN
  FOG


RELATIVE HUMIDITY (PERCENT)
 HIGHEST   100          1200 AM
 LOWEST     49           300 PM
 AVERAGE    75

..........................................................


THE BAKER OR CLIMATE NORMALS FOR TODAY
                         NORMAL    RECORD    YEAR
 MAXIMUM TEMPERATURE (F)   39        59      2015
 MINIMUM TEMPERATURE (F)   19         3      2001


SUNRISE AND SUNSET
FEBRUARY 14 2016......SUNRISE   654 AM PST   SUNSET   518 PM PST
FEBRUARY 15 2016......SUNRISE   652 AM PST   SUNSET   519 PM PST


-  INDICATES NEGATIVE NUMBERS.
R  INDICATES RECORD WAS SET OR TIED.
MM INDICATES DATA IS MISSING.
T  INDICATES TRACE AMOUNT.




$$
