000
CDUS46 KBOI 170930
CLIBKE


CLIMATE REPORT
NATIONAL WEATHER SERVICE BOISE ID
330 AM MDT THU AUG 17 2017


...................................

...THE BAKER OR CLIMATE SUMMARY FOR AUGUST 16 2017...

CLIMATE NORMAL PERIOD 1981 TO 2010
CLIMATE RECORD PERIOD 1928 TO 2017


WEATHER ITEM   OBSERVED TIME   RECORD YEAR NORMAL DEPARTURE LAST
                VALUE   (LST)  VALUE       VALUE  FROM      YEAR
                                                  NORMAL
..................................................................
TEMPERATURE (F)
 YESTERDAY
  MAXIMUM         88    359 PM 101    2001  85      3       94
  MINIMUM         46    344 AM  30    1954  45      1       45
  AVERAGE         67                        65      2       70

PRECIPITATION (IN)
  YESTERDAY        0.00          0.38 1993   0.02  -0.02     0.00
  MONTH TO DATE    0.06                      0.34  -0.28     0.12
  SINCE OCT 1      7.67                      9.21  -1.54     6.17
  SINCE JAN 1      4.93                      6.70  -1.77     3.63

DEGREE DAYS
 HEATING
  YESTERDAY        0                         2     -2        0
  MONTH TO DATE    6                        27    -21       37
  SINCE JUN 1    188                       323   -135      314
  SINCE JUL 1     12                        97    -85      122

 COOLING
  YESTERDAY        2                         2      0        5
  MONTH TO DATE   81                        45     36       21
  SINCE JUN 1    230                       136     94      111
  SINCE JAN 1    230                       138     92      111
..................................................................


WIND (MPH)
  RESULTANT WIND SPEED   5   RESULTANT WIND DIRECTION  NW (300)
  HIGHEST WIND SPEED    17   HIGHEST WIND DIRECTION    NW (330)
  HIGHEST GUST SPEED    23   HIGHEST GUST DIRECTION     N (340)
  AVERAGE WIND SPEED     7.3


SKY COVER
  AVERAGE SKY COVER 0.0


WEATHER CONDITIONS
 THE FOLLOWING WEATHER WAS RECORDED YESTERDAY.
  HAZE


RELATIVE HUMIDITY (PERCENT)
 HIGHEST    66           200 AM
 LOWEST     17           200 PM
 AVERAGE    42

..........................................................


THE BAKER OR CLIMATE NORMALS FOR TODAY
                         NORMAL    RECORD    YEAR
 MAXIMUM TEMPERATURE (F)   84        98      2008
                                             1977
                                             1950
 MINIMUM TEMPERATURE (F)   45        32      2002


SUNRISE AND SUNSET
AUGUST 17 2017........SUNRISE   556 AM PDT   SUNSET   753 PM PDT
AUGUST 18 2017........SUNRISE   557 AM PDT   SUNSET   752 PM PDT


-  INDICATES NEGATIVE NUMBERS.
R  INDICATES RECORD WAS SET OR TIED.
MM INDICATES DATA IS MISSING.
T  INDICATES TRACE AMOUNT.




$$
