000
CDUS46 KBOI 260931
CLIBKE


CLIMATE REPORT
NATIONAL WEATHER SERVICE BOISE ID
230 AM MST MON JAN 26 2015


...................................

...THE BAKER OR CLIMATE SUMMARY FOR JANUARY 25 2015...

CLIMATE NORMAL PERIOD 1981 TO 2010
CLIMATE RECORD PERIOD 1948 TO 2015


WEATHER ITEM   OBSERVED TIME   RECORD YEAR NORMAL DEPARTURE LAST
                VALUE   (LST)  VALUE       VALUE  FROM      YEAR
                                                  NORMAL
..................................................................
TEMPERATURE (F)
 YESTERDAY
  MAXIMUM         41    326 PM  53    1992  35      6       25
  MINIMUM         25    617 AM -26    1949  17      8       20
  AVERAGE         33                        26      7       23

PRECIPITATION (IN)
  YESTERDAY        0.00          0.33 2013   0.02  -0.02     0.00
  MONTH TO DATE    0.39                      0.67  -0.28     0.32
  SINCE OCT 1      2.59                      3.18  -0.59     1.49
  SINCE JAN 1      0.39                      0.67  -0.28     0.32

DEGREE DAYS
 HEATING
  YESTERDAY       32                        39     -7       42
  MONTH TO DATE  933                      1006    -73      979
  SINCE DEC 1   1955                      2254   -299     2380
  SINCE JUL 1   3758                      4291   -533     4305

 COOLING
  YESTERDAY        0                         0      0        0
  MONTH TO DATE    0                         0      0        0
  SINCE DEC 1      0                         0      0        0
  SINCE JAN 1      0                         0      0        0
..................................................................


WIND (MPH)
  RESULTANT WIND SPEED   2   RESULTANT WIND DIRECTION   S (180)
  HIGHEST WIND SPEED    12   HIGHEST WIND DIRECTION    NW (320)
  HIGHEST GUST SPEED    13   HIGHEST GUST DIRECTION    NW (320)
  AVERAGE WIND SPEED     3.0


SKY COVER
  AVERAGE SKY COVER 0.0


WEATHER CONDITIONS
 THE FOLLOWING WEATHER WAS RECORDED YESTERDAY.
  FOG


RELATIVE HUMIDITY (PERCENT)
 HIGHEST   100          1200 AM
 LOWEST     73           200 PM
 AVERAGE    87

..........................................................


THE BAKER OR CLIMATE NORMALS FOR TODAY
                         NORMAL    RECORD    YEAR
 MAXIMUM TEMPERATURE (F)   35        52      2003
 MINIMUM TEMPERATURE (F)   17       -21      1957


SUNRISE AND SUNSET
JANUARY 26 2015.......SUNRISE   717 AM PST   SUNSET   451 PM PST
JANUARY 27 2015.......SUNRISE   716 AM PST   SUNSET   452 PM PST


-  INDICATES NEGATIVE NUMBERS.
R  INDICATES RECORD WAS SET OR TIED.
MM INDICATES DATA IS MISSING.
T  INDICATES TRACE AMOUNT.




$$
