000
CDUS46 KBOI 170932
CLIBKE


CLIMATE REPORT
NATIONAL WEATHER SERVICE BOISE ID
232 AM MST WED JAN 17 2018


...................................

...THE BAKER OR CLIMATE SUMMARY FOR JANUARY 16 2018...

CLIMATE NORMAL PERIOD 1981 TO 2010
CLIMATE RECORD PERIOD 1928 TO 2018


WEATHER ITEM   OBSERVED TIME   RECORD YEAR NORMAL DEPARTURE LAST
                VALUE   (LST)  VALUE       VALUE  FROM      YEAR
                                                  NORMAL
..................................................................
TEMPERATURE (F)
 YESTERDAY
  MAXIMUM         43   1251 AM  52    1974  34      9        7
  MINIMUM         32   1025 PM -18    2017  16     16      -18
  AVERAGE         38                        25     13       -5

PRECIPITATION (IN)
  YESTERDAY        0.04          0.45 1971   0.02   0.02      T
  MONTH TO DATE    0.56                      0.45   0.11     0.38
  SINCE OCT 1      1.82                      2.96  -1.14     3.12
  SINCE JAN 1      0.56                      0.45   0.11     0.38

DEGREE DAYS
 HEATING
  YESTERDAY       27                        40    -13       70
  MONTH TO DATE  478                       649   -171      935
  SINCE DEC 1   1717                      1897   -180     2488
  SINCE JUL 1   3347                      3934   -587     4262

 COOLING
  YESTERDAY        0                         0      0        0
  MONTH TO DATE    0                         0      0        0
  SINCE DEC 1      0                         0      0        0
  SINCE JAN 1      0                         0      0        0
..................................................................


WIND (MPH)
  RESULTANT WIND SPEED   4   RESULTANT WIND DIRECTION   E (110)
  HIGHEST WIND SPEED    16   HIGHEST WIND DIRECTION     E (100)
  HIGHEST GUST SPEED    20   HIGHEST GUST DIRECTION     E (100)
  AVERAGE WIND SPEED     5.5


SKY COVER
  AVERAGE SKY COVER 0.8


WEATHER CONDITIONS
 THE FOLLOWING WEATHER WAS RECORDED YESTERDAY.
  RAIN
  LIGHT RAIN


RELATIVE HUMIDITY (PERCENT)
 HIGHEST    89           800 PM
 LOWEST     59           600 AM
 AVERAGE    74

..........................................................


THE BAKER OR CLIMATE NORMALS FOR TODAY
                         NORMAL    RECORD    YEAR
 MAXIMUM TEMPERATURE (F)   34        51      1998
 MINIMUM TEMPERATURE (F)   16       -22      1930


SUNRISE AND SUNSET
JANUARY 17 2018.......SUNRISE   724 AM PST   SUNSET   439 PM PST
JANUARY 18 2018.......SUNRISE   723 AM PST   SUNSET   440 PM PST


-  INDICATES NEGATIVE NUMBERS.
R  INDICATES RECORD WAS SET OR TIED.
MM INDICATES DATA IS MISSING.
T  INDICATES TRACE AMOUNT.




$$
