000
CDUS41 KRLX 040852
CLIBKW


CLIMATE REPORT
NATIONAL WEATHER SERVICE CHARLESTON WV
352 AM EST SUN DEC 4 2016


...................................

...THE BECKLEY WV CLIMATE SUMMARY FOR DECEMBER 3 2016...

CLIMATE NORMAL PERIOD 1981 TO 2010
CLIMATE RECORD PERIOD 1963 TO 2016


WEATHER ITEM   OBSERVED TIME   RECORD YEAR NORMAL DEPARTURE LAST
                VALUE   (LST)  VALUE       VALUE  FROM      YEAR
                                                  NORMAL
..................................................................
TEMPERATURE (F)
 YESTERDAY
  MAXIMUM         34    433 PM  69    1982  46    -12       37
  MINIMUM         29   1127 PM   0    1942  30     -1       26
  AVERAGE         32                        38     -6       32

PRECIPITATION (IN)
  YESTERDAY        0.00          1.40 1905   0.10  -0.10      T
  MONTH TO DATE    0.00                      0.29  -0.29     1.41
  SINCE JAN 1     43.00                     38.48   4.52    45.98

SNOWFALL (IN)
  YESTERDAY        0.0
  MONTH TO DATE    0.0
  SINCE SEP 1      0.2
  SNOW DEPTH       0

DEGREE DAYS
 HEATING
  YESTERDAY       33                        27      6       33
  MONTH TO DATE   89                        81      8       66
  SINCE DEC 1     89                        81      8       66
  SINCE JUL 1    864                      1221   -357      925

 COOLING
  YESTERDAY        0                         0      0        0
  MONTH TO DATE    0                         0      0        0
  SINCE DEC 1      0                         0      0        0
  SINCE JAN 1    844                       557    287      758
..................................................................


WIND (MPH)
  HIGHEST WIND SPEED    16   HIGHEST WIND DIRECTION     N (350)
  HIGHEST GUST SPEED    21   HIGHEST GUST DIRECTION     N (340)
  AVERAGE WIND SPEED     5.8


SKY COVER
  POSSIBLE SUNSHINE  MM
  AVERAGE SKY COVER 0.8


WEATHER CONDITIONS
 THE FOLLOWING WEATHER WAS RECORDED YESTERDAY.
  NO SIGNIFICANT WEATHER WAS OBSERVED.


RELATIVE HUMIDITY (PERCENT)
 HIGHEST    85          1100 PM
 LOWEST     64           100 PM
 AVERAGE    75

..........................................................


THE BECKLEY WV CLIMATE NORMALS FOR TODAY
                         NORMAL    RECORD    YEAR
 MAXIMUM TEMPERATURE (F)   45        72      1982
 MINIMUM TEMPERATURE (F)   29         4      1940


SUNRISE AND SUNSET
DECEMBER  4 2016......SUNRISE   724 AM EST   SUNSET   505 PM EST
DECEMBER  5 2016......SUNRISE   725 AM EST   SUNSET   505 PM EST


-  INDICATES NEGATIVE NUMBERS.
R  INDICATES RECORD WAS SET OR TIED.
MM INDICATES DATA IS MISSING.
T  INDICATES TRACE AMOUNT.




$$
