000
CDUS41 KRLX 210736
CLIBKW


CLIMATE REPORT
NATIONAL WEATHER SERVICE CHARLESTON WV
336 AM EDT THU SEP 21 2017


...................................

...THE BECKLEY WV CLIMATE SUMMARY FOR SEPTEMBER 20 2017...

CLIMATE NORMAL PERIOD 1981 TO 2010
CLIMATE RECORD PERIOD 1963 TO 2017


WEATHER ITEM   OBSERVED TIME   RECORD YEAR NORMAL DEPARTURE LAST
                VALUE   (LST)  VALUE       VALUE  FROM      YEAR
                                                  NORMAL
..................................................................
TEMPERATURE (F)
 YESTERDAY
  MAXIMUM         77    230 PM  86    1931  71      6       79
  MINIMUM         60   1153 PM  29    1937  52      8       55
  AVERAGE         69                        62      7       67

PRECIPITATION (IN)
  YESTERDAY        0.23          2.75 1954   0.10   0.13     0.00
  MONTH TO DATE    1.85                      2.06  -0.21     1.58
  SINCE JAN 1     35.19                     31.72   3.47    36.71

SNOWFALL (IN)
  YESTERDAY        0.0           0.0  2016   0.0    0.0      0.0
  MONTH TO DATE    0.0                       0.0    0.0      0.0
  SINCE SEP 1      0.0                       0.0    0.0      0.0
  SNOW DEPTH       0

DEGREE DAYS
 HEATING
  YESTERDAY        0                         5     -5        0
  MONTH TO DATE   77                        50     27        6
  SINCE SEP 1     77                        50     27        6
  SINCE JUL 1     94                        71     23        6

 COOLING
  YESTERDAY        4                         1      3        2
  MONTH TO DATE   16                        49    -33      100
  SINCE SEP 1     16                        49    -33      100
  SINCE JAN 1    529                       542    -13      801
..................................................................


WIND (MPH)
  HIGHEST WIND SPEED    12   HIGHEST WIND DIRECTION     W (250)
  HIGHEST GUST SPEED    15   HIGHEST GUST DIRECTION     W (280)
  AVERAGE WIND SPEED     2.6


SKY COVER
  POSSIBLE SUNSHINE  MM
  AVERAGE SKY COVER 0.5


WEATHER CONDITIONS
 THE FOLLOWING WEATHER WAS RECORDED YESTERDAY.
  HEAVY RAIN
  RAIN
  FOG


RELATIVE HUMIDITY (PERCENT)
 HIGHEST   100           600 AM
 LOWEST     68          1100 AM
 AVERAGE    84

..........................................................


THE BECKLEY WV CLIMATE NORMALS FOR TODAY
                         NORMAL    RECORD    YEAR
 MAXIMUM TEMPERATURE (F)   71        89      1931
 MINIMUM TEMPERATURE (F)   52        25      1956


SUNRISE AND SUNSET
SEPTEMBER 21 2017.....SUNRISE   712 AM EDT   SUNSET   723 PM EDT
SEPTEMBER 22 2017.....SUNRISE   712 AM EDT   SUNSET   721 PM EDT


-  INDICATES NEGATIVE NUMBERS.
R  INDICATES RECORD WAS SET OR TIED.
MM INDICATES DATA IS MISSING.
T  INDICATES TRACE AMOUNT.




$$
