000
CDUS41 KRLX 172120
CLIBKW


CLIMATE REPORT
NATIONAL WEATHER SERVICE CHARLESTON WV
518 PM EDT WED SEP 17 2014


...................................

...THE BECKLEY WV CLIMATE SUMMARY FOR SEPTEMBER 17 2014...
VALID TODAY AS OF 0500 PM LOCAL TIME.

CLIMATE NORMAL PERIOD 1981 TO 2010
CLIMATE RECORD PERIOD 1963 TO 2014


WEATHER ITEM   OBSERVED TIME   RECORD YEAR NORMAL DEPARTURE LAST
                VALUE   (LST)  VALUE       VALUE  FROM      YEAR
                                                  NORMAL
..................................................................
TEMPERATURE (F)
 TODAY
  MAXIMUM         70    237 PM  91    1931  73     -3       67
  MINIMUM         53    716 AM  34    2000  53      0       44
                                      1961
                                      1940
  AVERAGE         62                        63     -1       56

PRECIPITATION (IN)
  TODAY            0.00          2.20 1957   0.11  -0.11     0.00
  MONTH TO DATE    2.08                      1.75   0.33     0.79
  SINCE SEP 1      2.08                      1.75   0.33     0.79
  SINCE JAN 1     26.58                     31.41  -4.83    30.76

DEGREE DAYS
 HEATING
  TODAY            3                         4     -1        9
  MONTH TO DATE   25                        37    -12       37
  SINCE SEP 1     25                        37    -12       37
  SINCE JUL 1     54                        58     -4       57

 COOLING
  TODAY            0                         2     -2        0
  MONTH TO DATE   74                        46     28       53
  SINCE SEP 1     74                        46     28       53
  SINCE JAN 1    598                       539     59      596
..................................................................


WIND (MPH)
  HIGHEST WIND SPEED    13   HIGHEST WIND DIRECTION    SE (130)
  HIGHEST GUST SPEED    17   HIGHEST GUST DIRECTION    SE (140)
  AVERAGE WIND SPEED     4.2


SKY COVER
  POSSIBLE SUNSHINE  MM
  AVERAGE SKY COVER 0.8


WEATHER CONDITIONS
 THE FOLLOWING WEATHER WAS RECORDED TODAY.
  FOG


RELATIVE HUMIDITY (PERCENT)
 HIGHEST    93          1200 AM
 LOWEST     55           300 PM
 AVERAGE    74

..........................................................


THE BECKLEY WV CLIMATE NORMALS FOR TOMORROW
                         NORMAL    RECORD    YEAR
 MAXIMUM TEMPERATURE (F)   72        90      1931
 MINIMUM TEMPERATURE (F)   53        29      1937


SUNRISE AND SUNSET
SEPTEMBER 17 2014.....SUNRISE   708 AM EDT   SUNSET   729 PM EDT
SEPTEMBER 18 2014.....SUNRISE   709 AM EDT   SUNSET   728 PM EDT


-  INDICATES NEGATIVE NUMBERS.
R  INDICATES RECORD WAS SET OR TIED.
MM INDICATES DATA IS MISSING.
T  INDICATES TRACE AMOUNT.




$$
