000
CDUS41 KRLX 120718
CLIBKW


CLIMATE REPORT
NATIONAL WEATHER SERVICE CHARLESTON WV
318 AM EDT SAT JUL 12 2014


...................................

...THE BECKLEY WV CLIMATE SUMMARY FOR JULY 11 2014...

CLIMATE NORMAL PERIOD 1981 TO 2010
CLIMATE RECORD PERIOD 1963 TO 2014


WEATHER ITEM   OBSERVED TIME   RECORD YEAR NORMAL DEPARTURE LAST
                VALUE   (LST)  VALUE       VALUE  FROM      YEAR
                                                  NORMAL
..................................................................
TEMPERATURE (F)
 YESTERDAY
  MAXIMUM         83    354 PM  91    1936  80      3       80
                                      1902
  MINIMUM         57    511 AM  40    1953  62     -5       64
  AVERAGE         70                        71     -1       72

PRECIPITATION (IN)
  YESTERDAY        0.00          3.50 1919   0.15  -0.15     0.00
  MONTH TO DATE    0.54                      1.67  -1.13     1.99
  SINCE JAN 1     18.52                     22.83  -4.31    22.19

SNOWFALL (IN)
  YESTERDAY        0.0
  MONTH TO DATE    0.0
  SINCE SEP 1     76.3
  SNOW DEPTH       0

DEGREE DAYS
 HEATING
  YESTERDAY        0                         0      0        0
  MONTH TO DATE    3                         0      3        0
  SINCE JUN 1     15                        39    -24        7
  SINCE JUL 1      3                         0      3        0

 COOLING
  YESTERDAY        5                         6     -1        7
  MONTH TO DATE   64                        66     -2       84
  SINCE JUN 1    235                       177     58      209
  SINCE JAN 1    310                       218     92      276
..................................................................


WIND (MPH)
  HIGHEST WIND SPEED    10   HIGHEST WIND DIRECTION     W (290)
  HIGHEST GUST SPEED    14   HIGHEST GUST DIRECTION    NE (40)
  AVERAGE WIND SPEED     3.4


SKY COVER
  POSSIBLE SUNSHINE  MM
  AVERAGE SKY COVER 0.1


WEATHER CONDITIONS
 THE FOLLOWING WEATHER WAS RECORDED YESTERDAY.
  FOG


RELATIVE HUMIDITY (PERCENT)
 HIGHEST    90          1200 AM
 LOWEST     37           400 PM
 AVERAGE    64

..........................................................


THE BECKLEY WV CLIMATE NORMALS FOR TODAY
                         NORMAL    RECORD    YEAR
 MAXIMUM TEMPERATURE (F)   80        92      1936
 MINIMUM TEMPERATURE (F)   62        42      1939


SUNRISE AND SUNSET
JULY 12 2014..........SUNRISE   612 AM EDT   SUNSET   847 PM EDT
JULY 13 2014..........SUNRISE   613 AM EDT   SUNSET   847 PM EDT


-  INDICATES NEGATIVE NUMBERS.
R  INDICATES RECORD WAS SET OR TIED.
MM INDICATES DATA IS MISSING.
T  INDICATES TRACE AMOUNT.




$$
