000
CDUS41 KRLX 290719
CLIBKW


CLIMATE REPORT
NATIONAL WEATHER SERVICE CHARLESTON WV
319 AM EDT FRI APR 29 2016


...................................

...THE BECKLEY WV CLIMATE SUMMARY FOR APRIL 28 2016...

CLIMATE NORMAL PERIOD 1981 TO 2010
CLIMATE RECORD PERIOD 1963 TO 2016


WEATHER ITEM   OBSERVED TIME   RECORD YEAR NORMAL DEPARTURE LAST
                VALUE   (LST)  VALUE       VALUE  FROM      YEAR
                                                  NORMAL
..................................................................
TEMPERATURE (F)
 YESTERDAY
  MAXIMUM         77    140 PM  85    1986  67     10       60
                                      1957
  MINIMUM         56    606 AM  21    1934  45     11       34
  AVERAGE         67                        56     11       47

PRECIPITATION (IN)
  YESTERDAY        0.28          1.51 1915   0.12   0.16     0.00
  MONTH TO DATE    2.26                      3.12  -0.86     6.23
  SINCE JAN 1     10.42                     12.26  -1.84    18.57

SNOWFALL (IN)
  YESTERDAY        0.0
  MONTH TO DATE    2.5
  SINCE SEP 1     45.5
  SNOW DEPTH       0

DEGREE DAYS
 HEATING
  YESTERDAY        0                        10    -10       18
  MONTH TO DATE  342                       376    -34      320
  SINCE MAR 1    798                      1088   -290      999
  SINCE JUL 1   4173                      5089   -916     5332

 COOLING
  YESTERDAY        2                         0      2        0
  MONTH TO DATE    6                         0      6        3
  SINCE MAR 1      8                         1      7        3
  SINCE JAN 1      8                         1      7        3
..................................................................


WIND (MPH)
  HIGHEST WIND SPEED    22   HIGHEST WIND DIRECTION     W (250)
  HIGHEST GUST SPEED    27   HIGHEST GUST DIRECTION    SW (210)
  AVERAGE WIND SPEED     9.0


SKY COVER
  POSSIBLE SUNSHINE  MM
  AVERAGE SKY COVER 0.5


WEATHER CONDITIONS
 THE FOLLOWING WEATHER WAS RECORDED YESTERDAY.
  HEAVY RAIN
  RAIN
  LIGHT RAIN
  FOG
  HAZE


RELATIVE HUMIDITY (PERCENT)
 HIGHEST    93           500 AM
 LOWEST     46           500 PM
 AVERAGE    70

..........................................................


THE BECKLEY WV CLIMATE NORMALS FOR TODAY
                         NORMAL    RECORD    YEAR
 MAXIMUM TEMPERATURE (F)   67        85      1996
 MINIMUM TEMPERATURE (F)   45        28      1976


SUNRISE AND SUNSET
APRIL 29 2016.........SUNRISE   630 AM EDT   SUNSET   814 PM EDT
APRIL 30 2016.........SUNRISE   629 AM EDT   SUNSET   814 PM EDT


-  INDICATES NEGATIVE NUMBERS.
R  INDICATES RECORD WAS SET OR TIED.
MM INDICATES DATA IS MISSING.
T  INDICATES TRACE AMOUNT.




$$
