071
CDUS41 KRLX 240829
CLIBKW


CLIMATE REPORT
NATIONAL WEATHER SERVICE CHARLESTON WV
329 AM EST WED JAN 24 2018


...................................

...THE BECKLEY WV CLIMATE SUMMARY FOR JANUARY 23 2018...

CLIMATE NORMAL PERIOD 1981 TO 2010
CLIMATE RECORD PERIOD 1963 TO 2018


WEATHER ITEM   OBSERVED TIME   RECORD YEAR NORMAL DEPARTURE LAST
                VALUE   (LST)  VALUE       VALUE  FROM      YEAR
                                                  NORMAL
..................................................................
TEMPERATURE (F)
 YESTERDAY
  MAXIMUM         52    433 AM  68    1914  40     12       50
  MINIMUM         34   1159 PM -19    1936  23     11       37
  AVERAGE         43                        31     12       44

PRECIPITATION (IN)
  YESTERDAY        0.26          1.55 2017   0.08   0.18     1.55
  MONTH TO DATE    1.89                      2.09  -0.20     4.28
  SINCE JAN 1      1.89                      2.09  -0.20     4.28

SNOWFALL (IN)
  YESTERDAY        0.0           5.5  1948   0.6   -0.6      0.0
  MONTH TO DATE    7.7                      13.0   -5.3      7.6
  SINCE SEP 1     17.6                      28.9  -11.3     12.6
  SNOW DEPTH       0

DEGREE DAYS
 HEATING
  YESTERDAY       22                        34    -12       21
  MONTH TO DATE  880                       782     98      573
  SINCE DEC 1   1876                      1735    141     1493
  SINCE JUL 1   2859                      2875    -16     2268

 COOLING
  YESTERDAY        0                         0      0        0
  MONTH TO DATE    0                         0      0        0
  SINCE DEC 1      0                         0      0        0
  SINCE JAN 1      0                         0      0        0
..................................................................


WIND (MPH)
  HIGHEST WIND SPEED    25   HIGHEST WIND DIRECTION     W (250)
  HIGHEST GUST SPEED    36   HIGHEST GUST DIRECTION     W (250)
  AVERAGE WIND SPEED    14.2


SKY COVER
  POSSIBLE SUNSHINE  MM
  AVERAGE SKY COVER 0.6


WEATHER CONDITIONS
 THE FOLLOWING WEATHER WAS RECORDED YESTERDAY.
  HEAVY RAIN
  LIGHT RAIN
  FOG


RELATIVE HUMIDITY (PERCENT)
 HIGHEST    83           300 AM
 LOWEST     42           100 PM
 AVERAGE    63

..........................................................


THE BECKLEY WV CLIMATE NORMALS FOR TODAY
                         NORMAL    RECORD    YEAR
 MAXIMUM TEMPERATURE (F)   40        70      1950
                                             1943
                                             1909
 MINIMUM TEMPERATURE (F)   23       -18      1963


SUNRISE AND SUNSET
JANUARY 24 2018.......SUNRISE   734 AM EST   SUNSET   539 PM EST
JANUARY 25 2018.......SUNRISE   734 AM EST   SUNSET   540 PM EST


-  INDICATES NEGATIVE NUMBERS.
R  INDICATES RECORD WAS SET OR TIED.
MM INDICATES DATA IS MISSING.
T  INDICATES TRACE AMOUNT.




$$
