211
CDUS41 KRLX 090830
CLIBKW


CLIMATE REPORT
NATIONAL WEATHER SERVICE CHARLESTON WV
327 AM EST TUE FEB 9 2016


...................................

...THE BECKLEY WV CLIMATE SUMMARY FOR FEBRUARY 8 2016...

CLIMATE NORMAL PERIOD 1981 TO 2010
CLIMATE RECORD PERIOD 1963 TO 2016


WEATHER ITEM   OBSERVED TIME   RECORD YEAR NORMAL DEPARTURE LAST
                VALUE   (LST)  VALUE       VALUE  FROM      YEAR
                                                  NORMAL
..................................................................
TEMPERATURE (F)
 YESTERDAY
  MAXIMUM         42    317 PM  75    1900  42      0       61
  MINIMUM         27    104 AM  -3    1978  25      2       43
                                      1936
  AVERAGE         35                        33      2       52

PRECIPITATION (IN)
  YESTERDAY        0.05          1.02 1996   0.09  -0.04     0.01
  MONTH TO DATE    0.76                      0.76   0.00     0.75
  SINCE JAN 1      3.18                      3.57  -0.39     2.98

SNOWFALL (IN)
  YESTERDAY        1.3
  MONTH TO DATE    1.3
  SINCE SEP 1     20.0
  SNOW DEPTH       1

DEGREE DAYS
 HEATING
  YESTERDAY       30                        32     -2       13
  MONTH TO DATE  204                       260    -56      250
  SINCE DEC 1   1841                      2264   -423     2181
  SINCE JUL 1   2700                      3404   -704     3422

 COOLING
  YESTERDAY        0                         0      0        0
  MONTH TO DATE    0                         0      0        0
  SINCE DEC 1      0                         0      0        0
  SINCE JAN 1      0                         0      0        0
..................................................................


WIND (MPH)
  HIGHEST WIND SPEED    29   HIGHEST WIND DIRECTION     W (270)
  HIGHEST GUST SPEED    40   HIGHEST GUST DIRECTION     W (280)
  AVERAGE WIND SPEED     7.8


SKY COVER
  POSSIBLE SUNSHINE  MM
  AVERAGE SKY COVER 0.6


WEATHER CONDITIONS
 THE FOLLOWING WEATHER WAS RECORDED YESTERDAY.
  HEAVY SNOW
  SNOW
  LIGHT SNOW
  FOG
  HAZE


RELATIVE HUMIDITY (PERCENT)
 HIGHEST    85           600 PM
 LOWEST     48          1000 AM
 AVERAGE    67

..........................................................


THE BECKLEY WV CLIMATE NORMALS FOR TODAY
                         NORMAL    RECORD    YEAR
 MAXIMUM TEMPERATURE (F)   42        74      1918
 MINIMUM TEMPERATURE (F)   25        -9      1933


SUNRISE AND SUNSET
FEBRUARY  9 2016......SUNRISE   721 AM EST   SUNSET   556 PM EST
FEBRUARY 10 2016......SUNRISE   720 AM EST   SUNSET   558 PM EST


-  INDICATES NEGATIVE NUMBERS.
R  INDICATES RECORD WAS SET OR TIED.
MM INDICATES DATA IS MISSING.
T  INDICATES TRACE AMOUNT.




$$
