000
CDUS41 KRLX 232237
CLIBKW


CLIMATE REPORT
NATIONAL WEATHER SERVICE CHARLESTON WV
635 PM EDT SAT JUL 23 2016


...................................

...THE BECKLEY WV CLIMATE SUMMARY FOR JULY 23 2016...
VALID TODAY AS OF 0500 PM LOCAL TIME.

CLIMATE NORMAL PERIOD 1981 TO 2010
CLIMATE RECORD PERIOD 1963 TO 2016


WEATHER ITEM   OBSERVED TIME   RECORD YEAR NORMAL DEPARTURE LAST
                VALUE   (LST)  VALUE       VALUE  FROM      YEAR
                                                  NORMAL
..................................................................
TEMPERATURE (F)
 TODAY
  MAXIMUM         89    303 PM  94    1933  80      9       80
  MINIMUM         66    439 AM  41    1947  61      5       58
  AVERAGE         78                        71      7       69

PRECIPITATION (IN)
  TODAY            0.00          2.35 1983   0.16  -0.16     0.00
  MONTH TO DATE    4.63                      3.68   0.95     7.70
  SINCE JUN 1     12.70                      7.68   5.02    13.07
  SINCE JAN 1     29.81                     24.84   4.97    33.01

DEGREE DAYS
 HEATING
  TODAY            0                         0      0        0
  MONTH TO DATE    0                         0      0        0
  SINCE JUN 1     16                        39    -23       10
  SINCE JUL 1      0                         0      0        0

 COOLING
  TODAY           13                         6      7        4
  MONTH TO DATE  166                       138     28      149
  SINCE JUN 1    305                       249     56      337
  SINCE JAN 1    346                       290     56      443
..................................................................


WIND (MPH)
  HIGHEST WIND SPEED    12   HIGHEST WIND DIRECTION    NW (330)
  HIGHEST GUST SPEED    16   HIGHEST GUST DIRECTION     N (350)
  AVERAGE WIND SPEED     3.4


SKY COVER
  POSSIBLE SUNSHINE  MM
  AVERAGE SKY COVER 0.1


WEATHER CONDITIONS
 THE FOLLOWING WEATHER WAS RECORDED TODAY.
  THUNDERSTORM
  FOG


RELATIVE HUMIDITY (PERCENT)
 HIGHEST    93           100 AM
 LOWEST     46           200 PM
 AVERAGE    70

..........................................................


THE BECKLEY WV CLIMATE NORMALS FOR TOMORROW
                         NORMAL    RECORD    YEAR
 MAXIMUM TEMPERATURE (F)   80        92      1934
 MINIMUM TEMPERATURE (F)   61        45      1954
                                             1947
                                             1911


SUNRISE AND SUNSET
JULY 23 2016..........SUNRISE   621 AM EDT   SUNSET   841 PM EDT
JULY 24 2016..........SUNRISE   622 AM EDT   SUNSET   840 PM EDT


-  INDICATES NEGATIVE NUMBERS.
R  INDICATES RECORD WAS SET OR TIED.
MM INDICATES DATA IS MISSING.
T  INDICATES TRACE AMOUNT.




$$
