000
CDUS41 KRNK 220911
CLIBLF


CLIMATE REPORT
NATIONAL WEATHER SERVICE BLACKSBURG VA
507 AM EDT TUE JUL 22 2014


...................................

...THE BLUEFIELD WV CLIMATE SUMMARY FOR JULY 21 2014...

CLIMATE NORMAL PERIOD 1981 TO 2010
CLIMATE RECORD PERIOD 1959 TO 2014


WEATHER ITEM   OBSERVED TIME   RECORD YEAR NORMAL DEPARTURE LAST
                VALUE   (LST)  VALUE       VALUE  FROM      YEAR
                                                  NORMAL
..................................................................
TEMPERATURE (F)
 YESTERDAY
  MAXIMUM         84    259 PM  91    2011  81      3       84
                                      1983
  MINIMUM         68    618 AM  50    1996  65      3       69
  AVERAGE         76                        73      3

PRECIPITATION (IN)
  YESTERDAY        0.00          1.20 1989   0.13  -0.13     0.06
  MONTH TO DATE    1.40                      2.89  -1.49     2.16
  SINCE JUN 1      5.00                      7.03  -2.03     6.99
  SINCE JAN 1     16.66                     23.85  -7.19    25.52

SNOWFALL (IN)
  YESTERDAY        0.0
  MONTH TO DATE    0.0
  SINCE JUN 1      0.0
  SINCE JUL 1      0.0
  SNOW DEPTH       0

DEGREE DAYS
 HEATING
  YESTERDAY        0                         0      0
  MONTH TO DATE    5                         0      5
  SINCE JUN 1      7                        22    -15
  SINCE JUL 1      5                         0      5

 COOLING
  YESTERDAY       11                         8      3
  MONTH TO DATE  141                       168    -27
  SINCE JUN 1    362                       334     28
  SINCE JAN 1    491                       425     66
..................................................................


WIND (MPH)
  HIGHEST WIND SPEED    12   HIGHEST WIND DIRECTION    SE (130)
  HIGHEST GUST SPEED    16   HIGHEST GUST DIRECTION    SE (130)
  AVERAGE WIND SPEED     4.7


SKY COVER
  POSSIBLE SUNSHINE  MM
  AVERAGE SKY COVER 0.4


WEATHER CONDITIONS
 THE FOLLOWING WEATHER WAS RECORDED YESTERDAY.
  NO SIGNIFICANT WEATHER WAS OBSERVED.


RELATIVE HUMIDITY (PERCENT)
 HIGHEST    84          1200 AM
 LOWEST     47           200 PM
 AVERAGE    66

..........................................................


THE BLUEFIELD WV CLIMATE NORMALS FOR TODAY
                         NORMAL    RECORD    YEAR
 MAXIMUM TEMPERATURE (F)   81        92      2011
 MINIMUM TEMPERATURE (F)   65        56      2007
                                             1970


SUNRISE AND SUNSET
JULY 22 2014..........SUNRISE   621 AM EDT   SUNSET   841 PM EDT
JULY 23 2014..........SUNRISE   622 AM EDT   SUNSET   840 PM EDT


-  INDICATES NEGATIVE NUMBERS.
R  INDICATES RECORD WAS SET OR TIED.
MM INDICATES DATA IS MISSING.
T  INDICATES TRACE AMOUNT.

REMARKS:
DUE TO A POWER FAILURE CAUSING A MISSING LOW TEMPERATURE ON
MAY 30...THE SEASONAL TOTAL AND DEPARTURE FROM NORMAL FOR CDD WILL
BE CALCULATED WITHOUT DATA FROM THAT DATE.


$$
