000
CDUS41 KRNK 250618
CLIBLF


CLIMATE REPORT
NATIONAL WEATHER SERVICE BLACKSBURG VA
217 AM EDT MON JUL 25 2016


...................................

...THE BLUEFIELD WV CLIMATE SUMMARY FOR JULY 24 2016...

CLIMATE NORMAL PERIOD 1981 TO 2010
CLIMATE RECORD PERIOD 1959 TO 2016


WEATHER ITEM   OBSERVED TIME   RECORD YEAR NORMAL DEPARTURE LAST
                VALUE   (LST)  VALUE       VALUE  FROM      YEAR
                                                  NORMAL
..................................................................
TEMPERATURE (F)
 YESTERDAY
  MAXIMUM         89    434 PM  91    1987  81      8       83
  MINIMUM         67    412 AM  54    2008  65      2       62
  AVERAGE         78                        73      5       73

PRECIPITATION (IN)
  YESTERDAY        0.00          1.50 2007   0.13  -0.13     0.00
  MONTH TO DATE    4.01                      3.29   0.72     4.81
  SINCE JUN 1      7.41                      7.43  -0.02     8.04
  SINCE JAN 1     22.17                     24.25  -2.08    23.83

SNOWFALL (IN)
  YESTERDAY        0.0                                       0.0
  MONTH TO DATE    0.0                                       0.0
  SINCE JUN 1      0.0                                       0.0
  SINCE JUL 1      0.0                                       0.0
  SNOW DEPTH       0

DEGREE DAYS
 HEATING
  YESTERDAY        0                         0      0        0
  MONTH TO DATE    0                         0      0        0
  SINCE JUN 1     16                        22     -6        3
  SINCE JUL 1      0                         0      0        0

 COOLING
  YESTERDAY       13                         8      5        8
  MONTH TO DATE  170                       192    -22      205
  SINCE JUN 1    293                       358    -65      445
  SINCE JAN 1    320                       449   -129      602
..................................................................


WIND (MPH)
  HIGHEST WIND SPEED     9   HIGHEST WIND DIRECTION     S (170)
  HIGHEST GUST SPEED    14   HIGHEST GUST DIRECTION    SE (140)
  AVERAGE WIND SPEED     2.3


SKY COVER
  AVERAGE SKY COVER 0.1


WEATHER CONDITIONS
 THE FOLLOWING WEATHER WAS RECORDED YESTERDAY.
  THUNDERSTORM


RELATIVE HUMIDITY (PERCENT)
 HIGHEST    90           200 AM
 LOWEST     40           400 PM
 AVERAGE    65

..........................................................


THE BLUEFIELD WV CLIMATE NORMALS FOR TODAY
                         NORMAL    RECORD    YEAR
 MAXIMUM TEMPERATURE (F)   81        90      1987
 MINIMUM TEMPERATURE (F)   65        54      2003


SUNRISE AND SUNSET
JULY 25 2016..........SUNRISE   624 AM EDT   SUNSET   838 PM EDT
JULY 26 2016..........SUNRISE   625 AM EDT   SUNSET   837 PM EDT


-  INDICATES NEGATIVE NUMBERS.
R  INDICATES RECORD WAS SET OR TIED.
MM INDICATES DATA IS MISSING.
T  INDICATES TRACE AMOUNT.




$$
