000
CDUS41 KRNK 272205
CLIBLF


CLIMATE REPORT
NATIONAL WEATHER SERVICE BLACKSBURG VA
504 PM EST MON FEB 27 2017


...................................

...THE BLUEFIELD WV CLIMATE SUMMARY FOR FEBRUARY 27 2017...
VALID TODAY AS OF 0500 PM LOCAL TIME.

CLIMATE NORMAL PERIOD 1981 TO 2010
CLIMATE RECORD PERIOD 1959 TO 2017


WEATHER ITEM   OBSERVED TIME   RECORD YEAR NORMAL DEPARTURE LAST
                VALUE   (LST)  VALUE       VALUE  FROM      YEAR
                                                  NORMAL
..................................................................
TEMPERATURE (F)
 TODAY
  MAXIMUM         52    259 PM  70    1996  49      3       41
  MINIMUM         34    703 AM  -1    1963  32      2       25
  AVERAGE         43                        40      3       33

PRECIPITATION (IN)
  TODAY            0.00          2.66 1987   0.10  -0.10     0.00
  MONTH TO DATE    1.15                      2.65  -1.50     2.93
  SINCE DEC 1      8.60                      8.46   0.14     8.61
  SINCE JAN 1      5.40                      5.55  -0.15     4.78

SNOWFALL (IN)
  TODAY            0.0                                       0.0
  MONTH TO DATE    0.9                                      13.5
  SINCE DEC 1     17.2                                      32.2
  SINCE JUL 1     17.2                                      32.2
  SNOW DEPTH       0

DEGREE DAYS
 HEATING
  TODAY           22                        25     -3       32
  MONTH TO DATE  604                       748   -144      867
  SINCE DEC 1   2345                      2565   -220     2056
  SINCE JUL 1   3121                      3468   -347     2778

 COOLING
  TODAY            0                         0      0        0
  MONTH TO DATE    0                         0      0        0
  SINCE DEC 1      0                         0      0        3
  SINCE JAN 1      0                         0      0        0
..................................................................


WIND (MPH)
  HIGHEST WIND SPEED    20   HIGHEST WIND DIRECTION    SW (230)
  HIGHEST GUST SPEED    30   HIGHEST GUST DIRECTION    SW (230)
  AVERAGE WIND SPEED     5.9


SKY COVER
  AVERAGE SKY COVER 0.8


WEATHER CONDITIONS
 THE FOLLOWING WEATHER WAS RECORDED TODAY.
  NO SIGNIFICANT WEATHER WAS OBSERVED.


RELATIVE HUMIDITY (PERCENT)
 HIGHEST    41           700 AM
 LOWEST     27          1200 AM
 AVERAGE    34

..........................................................


THE BLUEFIELD WV CLIMATE NORMALS FOR TOMORROW
                         NORMAL    RECORD    YEAR
 MAXIMUM TEMPERATURE (F)   49        67      2012
 MINIMUM TEMPERATURE (F)   32         9      2015


SUNRISE AND SUNSET
FEBRUARY 27 2017......SUNRISE   658 AM EST   SUNSET   617 PM EST
FEBRUARY 28 2017......SUNRISE   657 AM EST   SUNSET   618 PM EST


-  INDICATES NEGATIVE NUMBERS.
R  INDICATES RECORD WAS SET OR TIED.
MM INDICATES DATA IS MISSING.
T  INDICATES TRACE AMOUNT.


REMARKS:
DUE TO A POWER OUTAGE CAUSING A MISSING HIGH TEMPERATURE ON NOVEMBER
10...THE SEASONAL HEATING DEGREE DAY TOTAL AND DEPARTURE FROM
NORMAL WILL BE CALCULATED WITHOUT DATA FROM THIS DATE.

$$
