000
CDUS41 KRNK 282213
CLIBLF


CLIMATE REPORT
NATIONAL WEATHER SERVICE BLACKSBURG VA
510 PM EST FRI NOV 28 2014


...................................

...THE BLUEFIELD WV CLIMATE SUMMARY FOR NOVEMBER 28 2014...
VALID TODAY AS OF 0500 PM LOCAL TIME.

CLIMATE NORMAL PERIOD 1981 TO 2010
CLIMATE RECORD PERIOD 1959 TO 2014


WEATHER ITEM   OBSERVED TIME   RECORD YEAR NORMAL DEPARTURE LAST
                VALUE   (LST)  VALUE       VALUE  FROM      YEAR
                                                  NORMAL
..................................................................
TEMPERATURE (F)
 TODAY
  MAXIMUM         29    430 PM  72    1990  50    -21       36
  MINIMUM         22    807 AM  17    1967  34    -12       18
  AVERAGE         26                        42    -16

PRECIPITATION (IN)
  TODAY            T             1.08 1985   0.10  -0.10      T
  MONTH TO DATE    2.46                      2.50  -0.04     3.17
  SINCE SEP 1     10.24                      8.14   2.10     6.79
  SINCE JAN 1     34.86                     36.53  -1.67    37.01

SNOWFALL (IN)
  TODAY           MM
  MONTH TO DATE    4.7
  SINCE SEP 1      4.7
  SINCE JUL 1      4.7
  SNOW DEPTH      MM

DEGREE DAYS
 HEATING
  TODAY           39                        23     16
  MONTH TO DATE  694                       494    200
  SINCE SEP 1   1035                       852    183
  SINCE JUL 1   1045                       858    187

 COOLING
  TODAY            0                         0      0
  MONTH TO DATE    0                         0      0
  SINCE SEP 1    114                       117     -3
  SINCE JAN 1    827                       851    -24
..................................................................


WIND (MPH)
  HIGHEST WIND SPEED    17   HIGHEST WIND DIRECTION    NW (310)
  HIGHEST GUST SPEED    24   HIGHEST GUST DIRECTION    NW (300)
  AVERAGE WIND SPEED     8.1


SKY COVER
  POSSIBLE SUNSHINE  MM
  AVERAGE SKY COVER 0.9


WEATHER CONDITIONS
 THE FOLLOWING WEATHER WAS RECORDED TODAY.
  LIGHT SNOW


RELATIVE HUMIDITY (PERCENT)
 HIGHEST    81          1200 AM
 LOWEST     58           400 PM
 AVERAGE    70

..........................................................


THE BLUEFIELD WV CLIMATE NORMALS FOR TOMORROW
                         NORMAL    RECORD    YEAR
 MAXIMUM TEMPERATURE (F)   50        71      2006
 MINIMUM TEMPERATURE (F)   34         9      1959


SUNRISE AND SUNSET
NOVEMBER 28 2014......SUNRISE   717 AM EST   SUNSET   508 PM EST
NOVEMBER 29 2014......SUNRISE   718 AM EST   SUNSET   508 PM EST


-  INDICATES NEGATIVE NUMBERS.
R  INDICATES RECORD WAS SET OR TIED.
MM INDICATES DATA IS MISSING.
T  INDICATES TRACE AMOUNT.

REMARKS:
DUE TO A POWER FAILURE CAUSING A MISSING LOW TEMPERATURE ON
MAY 30...THE SEASONAL TOTAL AND DEPARTURE FROM NORMAL FOR CDD
WILL BE CALCULATED WITHOUT DATA FROM THAT DATE.


$$
