000
CDUS41 KRNK 031046
CLIBLF


CLIMATE REPORT
NATIONAL WEATHER SERVICE BLACKSBURG VA
539 AM EST TUE MAR 3 2015


...................................

...THE BLUEFIELD WV CLIMATE SUMMARY FOR MARCH 2 2015...

CLIMATE NORMAL PERIOD 1981 TO 2010
CLIMATE RECORD PERIOD 1959 TO 2015


WEATHER ITEM   OBSERVED TIME   RECORD YEAR NORMAL DEPARTURE LAST
                VALUE   (LST)  VALUE       VALUE  FROM      YEAR
                                                  NORMAL
..................................................................
TEMPERATURE (F)
 YESTERDAY
  MAXIMUM         46    128 AM  71    1992  50     -4       62
  MINIMUM         31   1159 PM   3    1980  32     -1       46
  AVERAGE         39                        41     -2

PRECIPITATION (IN)
  YESTERDAY        0.14          0.96 1960   0.11   0.03     0.28
  MONTH TO DATE    0.20                      0.22  -0.02     0.28
  SINCE MAR 1      0.20                      0.22  -0.02     0.28
  SINCE JAN 1      3.76                      5.88  -2.12     4.41

SNOWFALL (IN)
  YESTERDAY        T
  MONTH TO DATE    0.0
  SINCE MAR 1      0.0
  SINCE JUL 1     36.6
  SNOW DEPTH       6

DEGREE DAYS
 HEATING
  YESTERDAY       26                        24      2
  MONTH TO DATE   48                        48      0
  SINCE MAR 1     48                        48      0
  SINCE JUL 1   3968                      3541    427

 COOLING
  YESTERDAY        0                         0      0
  MONTH TO DATE    0                         0      0
  SINCE MAR 1      0                         0      0
  SINCE JAN 1      0                         0      0
..................................................................


WIND (MPH)
  HIGHEST WIND SPEED    21   HIGHEST WIND DIRECTION    NW (300)
  HIGHEST GUST SPEED    31   HIGHEST GUST DIRECTION     W (260)
  AVERAGE WIND SPEED     9.2


SKY COVER
  POSSIBLE SUNSHINE  MM
  AVERAGE SKY COVER 0.5


WEATHER CONDITIONS
 THE FOLLOWING WEATHER WAS RECORDED YESTERDAY.
  LIGHT RAIN
  LIGHT SNOW
  FOG
  FOG W/VISIBILITY <= 1/4 MILE


RELATIVE HUMIDITY (PERCENT)
 HIGHEST    92          1200 AM
 LOWEST     38           300 PM
 AVERAGE    65

..........................................................


THE BLUEFIELD WV CLIMATE NORMALS FOR TODAY
                         NORMAL    RECORD    YEAR
 MAXIMUM TEMPERATURE (F)   50        74      1974
 MINIMUM TEMPERATURE (F)   33        -2      1980


SUNRISE AND SUNSET
MARCH  3 2015.........SUNRISE   654 AM EST   SUNSET   621 PM EST
MARCH  4 2015.........SUNRISE   652 AM EST   SUNSET   621 PM EST


-  INDICATES NEGATIVE NUMBERS.
R  INDICATES RECORD WAS SET OR TIED.
MM INDICATES DATA IS MISSING.
T  INDICATES TRACE AMOUNT.




$$
