000
CDUS41 KRNK 202114
CLIBLF


CLIMATE REPORT
NATIONAL WEATHER SERVICE BLACKSBURG VA
513 PM EDT SUN APR 20 2014


...................................

...THE BLUEFIELD WV CLIMATE SUMMARY FOR APRIL 20 2014...
VALID TODAY AS OF 0500 PM LOCAL TIME.

CLIMATE NORMAL PERIOD 1981 TO 2010
CLIMATE RECORD PERIOD 1959 TO 2014


WEATHER ITEM   OBSERVED TIME   RECORD YEAR NORMAL DEPARTURE LAST
                VALUE   (LST)  VALUE       VALUE  FROM      YEAR
                                                  NORMAL
..................................................................
TEMPERATURE (F)
 TODAY
  MAXIMUM         71    215 PM  88    1976  66      5       54
  MINIMUM         48    630 AM  26    1983  47      1       33
  AVERAGE         60                        57      3

PRECIPITATION (IN)
  TODAY            0.00          0.95 1981   0.11  -0.11      T
  MONTH TO DATE    1.58                      2.16  -0.58     3.79
  SINCE MAR 1      3.54                      5.67  -2.13     7.21
  SINCE JAN 1      7.67                     11.33  -3.66    14.88

SNOWFALL (IN)
  TODAY            0.0
  MONTH TO DATE    0.4
  SINCE MAR 1      9.4
  SINCE JUL 1     47.0
  SNOW DEPTH       0

DEGREE DAYS
 HEATING
  TODAY            5                         9     -4
  MONTH TO DATE  182                       241    -59
  SINCE MAR 1    884                       857     27
  SINCE JUL 1   4519                      4350    169

 COOLING
  TODAY            0                         1     -1
  MONTH TO DATE   15                        18     -3
  SINCE MAR 1     15                        22     -7
  SINCE JAN 1     15                        22     -7
..................................................................


WIND (MPH)
  HIGHEST WIND SPEED    15   HIGHEST WIND DIRECTION    SE (140)
  HIGHEST GUST SPEED    21   HIGHEST GUST DIRECTION    SE (140)
  AVERAGE WIND SPEED     6.5


SKY COVER
  POSSIBLE SUNSHINE  MM
  AVERAGE SKY COVER 0.0


WEATHER CONDITIONS
 THE FOLLOWING WEATHER WAS RECORDED TODAY.
  NO SIGNIFICANT WEATHER WAS OBSERVED.


RELATIVE HUMIDITY (PERCENT)
 HIGHEST    61           400 AM
 LOWEST     18           200 PM
 AVERAGE    40

..........................................................


THE BLUEFIELD WV CLIMATE NORMALS FOR TOMORROW
                         NORMAL    RECORD    YEAR
 MAXIMUM TEMPERATURE (F)   67        83      1985
 MINIMUM TEMPERATURE (F)   47        30      1993


SUNRISE AND SUNSET
APRIL 20 2014.........SUNRISE   644 AM EDT   SUNSET   804 PM EDT
APRIL 21 2014.........SUNRISE   642 AM EDT   SUNSET   805 PM EDT


-  INDICATES NEGATIVE NUMBERS.
R  INDICATES RECORD WAS SET OR TIED.
MM INDICATES DATA IS MISSING.
T  INDICATES TRACE AMOUNT.




$$
