000
CDUS46 KSEW 090834
CLIBLI


CLIMATE REPORT
NATIONAL WEATHER SERVICE SEATTLE WA
1233 AM PST FRI DEC 9 2016


...................................

...THE BELLINGHAM WA AIRPORT CLIMATE SUMMARY FOR DECEMBER 8 2016...

CLIMATE NORMAL PERIOD 1981 TO 2010
CLIMATE RECORD PERIOD 1949 TO 2016


WEATHER ITEM   OBSERVED TIME   RECORD YEAR NORMAL DEPARTURE LAST
                VALUE   (LST)  VALUE       VALUE  FROM      YEAR
                                                  NORMAL
..................................................................
TEMPERATURE (F)
 YESTERDAY
  MAXIMUM         32    221 PM  62    2014  45    -13       58
  MINIMUM         24    721 AM   9    1972  32     -8       45
  AVERAGE         28                        39    -11       52

PRECIPITATION (IN)
  YESTERDAY        T             1.48 1975   0.15  -0.15     0.53
  MONTH TO DATE    1.00                      1.28  -0.28     1.30
  SINCE OCT 1     16.16                     10.76   5.40     9.27
  SINCE JAN 1     35.57                     32.89   2.68    28.85

DEGREE DAYS
 HEATING
  YESTERDAY       37                        26     11       13
  MONTH TO DATE  228                       206     22      114
  SINCE DEC 1    228                       206     22      114

 COOLING
  YESTERDAY        0                         0      0        0
  MONTH TO DATE    0                         0      0        0
  SINCE DEC 1      0                         0      0        0
  SINCE JAN 1    101                        42     59      193
..................................................................


WIND (MPH)
  RESULTANT WIND SPEED  19   RESULTANT WIND DIRECTION  NE (30)
  HIGHEST WIND SPEED    30   HIGHEST WIND DIRECTION    NE (30)
  HIGHEST GUST SPEED    38   HIGHEST GUST DIRECTION    NE (30)
  AVERAGE WIND SPEED    18.5


SKY COVER
  AVERAGE SKY COVER 0.1


WEATHER CONDITIONS
 THE FOLLOWING WEATHER WAS RECORDED YESTERDAY.
  LIGHT SNOW


RELATIVE HUMIDITY (PERCENT)
 HIGHEST    42          1200 AM
 LOWEST     33           200 PM
 AVERAGE    38

..........................................................


THE BELLINGHAM WA AIRPORT CLIMATE NORMALS FOR TODAY
                         NORMAL    RECORD    YEAR
 MAXIMUM TEMPERATURE (F)   45        63      2014
 MINIMUM TEMPERATURE (F)   32        11      1972


SUNRISE AND SUNSET
DECEMBER  9 2016......SUNRISE   752 AM PST   SUNSET   414 PM PST
DECEMBER 10 2016......SUNRISE   753 AM PST   SUNSET   414 PM PST


-  INDICATES NEGATIVE NUMBERS.
R  INDICATES RECORD WAS SET OR TIED.
MM INDICATES DATA IS MISSING.
T  INDICATES TRACE AMOUNT.




$$
