000
CDUS46 KSEW 300830
CLIBLI


CLIMATE REPORT
NATIONAL WEATHER SERVICE SEATTLE WA
130 AM PDT SAT AUG 30 2014


...................................

...THE BELLINGHAM WA AIRPORT CLIMATE SUMMARY FOR AUGUST 29 2014...

CLIMATE NORMAL PERIOD 1981 TO 2010
CLIMATE RECORD PERIOD 1949 TO 2014


WEATHER ITEM   OBSERVED TIME   RECORD YEAR NORMAL DEPARTURE LAST
                VALUE   (LST)  VALUE       VALUE  FROM      YEAR
                                                  NORMAL
..................................................................
TEMPERATURE (F)
 YESTERDAY
  MAXIMUM         65    553 PM  85    1974  71     -6       74
  MINIMUM         60   1159 PM  38    1969  51      9       62
  AVERAGE         63                        61      2       68

PRECIPITATION (IN)
  YESTERDAY        T             0.35 2000   0.05  -0.05     0.21
                                      1990
  MONTH TO DATE    0.67                      1.13  -0.46     0.94
  SINCE OCT 1     30.07                     33.95  -3.88    17.63
  SINCE JAN 1     19.76                     20.25  -0.49    15.85

DEGREE DAYS
 HEATING
  YESTERDAY        2                         4     -2        0
  MONTH TO DATE   12                        72    -60       23
  SINCE JUN 1    183                       374   -191      199

 COOLING
  YESTERDAY        0                         0      0        3
  MONTH TO DATE   62                         0     62       36
  SINCE JUN 1    114                        23     91       85
  SINCE JAN 1    115                        23     92       85
..................................................................


WIND (MPH)
  RESULTANT WIND SPEED   7   RESULTANT WIND DIRECTION   S (170)
  HIGHEST WIND SPEED    16   HIGHEST WIND DIRECTION     S (170)
  HIGHEST GUST SPEED    21   HIGHEST GUST DIRECTION     S (180)
  AVERAGE WIND SPEED     7.2


SKY COVER
  AVERAGE SKY COVER 0.8


WEATHER CONDITIONS
 THE FOLLOWING WEATHER WAS RECORDED YESTERDAY.
  LIGHT RAIN


RELATIVE HUMIDITY (PERCENT)
 HIGHEST    84           800 PM
 LOWEST     56           200 PM
 AVERAGE    70

..........................................................


THE BELLINGHAM WA AIRPORT CLIMATE NORMALS FOR TODAY
                         NORMAL    RECORD    YEAR
 MAXIMUM TEMPERATURE (F)   70        85      1987
 MINIMUM TEMPERATURE (F)   51        42      1965


SUNRISE AND SUNSET
AUGUST 30 2014........SUNRISE   624 AM PDT   SUNSET   756 PM PDT
AUGUST 31 2014........SUNRISE   626 AM PDT   SUNSET   754 PM PDT


-  INDICATES NEGATIVE NUMBERS.
R  INDICATES RECORD WAS SET OR TIED.
MM INDICATES DATA IS MISSING.
T  INDICATES TRACE AMOUNT.




$$
