000
CDUS46 KSEW 080123
CLIBLI


CLIMATE REPORT
NATIONAL WEATHER SERVICE SEATTLE WA
623 PM PDT TUE JUL 7 2015


...................................

...THE BELLINGHAM WA AIRPORT CLIMATE SUMMARY FOR JULY 7 2015...
VALID TODAY AS OF 0600 PM LOCAL TIME.

CLIMATE NORMAL PERIOD 1981 TO 2010
CLIMATE RECORD PERIOD 1949 TO 2015


WEATHER ITEM   OBSERVED TIME   RECORD YEAR NORMAL DEPARTURE LAST
                VALUE   (LST)  VALUE       VALUE  FROM      YEAR
                                                  NORMAL
..................................................................
TEMPERATURE (F)
 TODAY
  MAXIMUM         73    311 PM  88    1953  70      3       78
  MINIMUM         60    725 AM  40    1957  53      7       61
  AVERAGE         67                        61      6       70

PRECIPITATION (IN)
  TODAY            0.00          0.60 1963   0.04  -0.04     0.00
  MONTH TO DATE    0.00                      0.32  -0.32     0.01
  SINCE OCT 1     29.63                     31.96  -2.33    28.28
  SINCE JAN 1     14.90                     18.26  -3.36    17.97

DEGREE DAYS
 HEATING
  TODAY            0                         4     -4        0
  MONTH TO DATE    0                        28    -28       11
  SINCE JUN 1     69                       229   -160      147

 COOLING
  TODAY            2                         0      2        5
  MONTH TO DATE   36                         0     36       12
  SINCE JUN 1     84                         4     80       13
  SINCE JAN 1     84                         4     80       14
..................................................................


WIND (MPH)
  RESULTANT WIND SPEED   9   RESULTANT WIND DIRECTION   S (170)
  HIGHEST WIND SPEED    15   HIGHEST WIND DIRECTION     S (160)
  HIGHEST GUST SPEED    21   HIGHEST GUST DIRECTION     S (160)
  AVERAGE WIND SPEED     9.0


SKY COVER
  AVERAGE SKY COVER 0.0


WEATHER CONDITIONS
 THE FOLLOWING WEATHER WAS RECORDED TODAY.
  HAZE


RELATIVE HUMIDITY (PERCENT)
 HIGHEST    84           400 AM
 LOWEST     57           400 PM
 AVERAGE    71

..........................................................


THE BELLINGHAM WA AIRPORT CLIMATE NORMALS FOR TOMORROW
                         NORMAL    RECORD    YEAR
 MAXIMUM TEMPERATURE (F)   70        88      2010
 MINIMUM TEMPERATURE (F)   53        46      1961
                                             1949


SUNRISE AND SUNSET
JULY  7 2015..........SUNRISE   515 AM PDT   SUNSET   914 PM PDT
JULY  8 2015..........SUNRISE   516 AM PDT   SUNSET   914 PM PDT


-  INDICATES NEGATIVE NUMBERS.
R  INDICATES RECORD WAS SET OR TIED.
MM INDICATES DATA IS MISSING.
T  INDICATES TRACE AMOUNT.




$$
