201
CDUS46 KSEW 260833
CLIBLI


CLIMATE REPORT
NATIONAL WEATHER SERVICE SEATTLE WA
132 AM PDT TUE SEP 26 2017


...................................

...THE BELLINGHAM WA AIRPORT CLIMATE SUMMARY FOR SEPTEMBER 25 2017...

CLIMATE NORMAL PERIOD 1981 TO 2010
CLIMATE RECORD PERIOD 1949 TO 2017


WEATHER ITEM   OBSERVED TIME   RECORD YEAR NORMAL DEPARTURE LAST
                VALUE   (LST)  VALUE       VALUE  FROM      YEAR
                                                  NORMAL
..................................................................
TEMPERATURE (F)
 YESTERDAY
  MAXIMUM         65    355 PM  76    1991  65      0       73
  MINIMUM         54   1149 PM  31    1972  45      9       52
  AVERAGE         60                        55      5       63

PRECIPITATION (IN)
  YESTERDAY        0.03          0.47 1956   0.06  -0.03      T
  MONTH TO DATE    1.22                      1.42  -0.20     1.62
  SINCE OCT 1     37.25                     35.47   1.78    33.48
  SINCE JAN 1     18.13                     21.77  -3.64    19.41

DEGREE DAYS
 HEATING
  YESTERDAY        5                        10     -5        2
  MONTH TO DATE  115                       176    -61      152
  SINCE SEP 1    115                       176    -61      152

 COOLING
  YESTERDAY        0                         0      0        0
  MONTH TO DATE   29                         0     29        0
  SINCE SEP 1     29                         0     29        0
  SINCE JAN 1     95                        40     55      101
..................................................................


WIND (MPH)
  RESULTANT WIND SPEED   3   RESULTANT WIND DIRECTION   S (170)
  HIGHEST WIND SPEED    10   HIGHEST WIND DIRECTION     S (170)
  HIGHEST GUST SPEED    14   HIGHEST GUST DIRECTION     S (170)
  AVERAGE WIND SPEED     3.3


SKY COVER
  AVERAGE SKY COVER 0.8


WEATHER CONDITIONS
 THE FOLLOWING WEATHER WAS RECORDED YESTERDAY.
  LIGHT RAIN
  FOG


RELATIVE HUMIDITY (PERCENT)
 HIGHEST   100           500 AM
 LOWEST     73           200 PM
 AVERAGE    87

..........................................................


THE BELLINGHAM WA AIRPORT CLIMATE NORMALS FOR TODAY
                         NORMAL    RECORD    YEAR
 MAXIMUM TEMPERATURE (F)   64        79      1949
 MINIMUM TEMPERATURE (F)   45        36      1972
                                             1951


SUNRISE AND SUNSET
SEPTEMBER 26 2017.....SUNRISE   703 AM PDT   SUNSET   659 PM PDT
SEPTEMBER 27 2017.....SUNRISE   704 AM PDT   SUNSET   657 PM PDT


-  INDICATES NEGATIVE NUMBERS.
R  INDICATES RECORD WAS SET OR TIED.
MM INDICATES DATA IS MISSING.
T  INDICATES TRACE AMOUNT.




$$
