000
CDUS46 KSEW 280830
CLIBLI


CLIMATE REPORT
NATIONAL WEATHER SERVICE SEATTLE WA
1230 AM PST SUN DEC 28 2014


...................................

...THE BELLINGHAM WA AIRPORT CLIMATE SUMMARY FOR DECEMBER 27 2014...

CLIMATE NORMAL PERIOD 1981 TO 2010
CLIMATE RECORD PERIOD 1949 TO 2014


WEATHER ITEM   OBSERVED TIME   RECORD YEAR NORMAL DEPARTURE LAST
                VALUE   (LST)  VALUE       VALUE  FROM      YEAR
                                                  NORMAL
..................................................................
TEMPERATURE (F)
 YESTERDAY
  MAXIMUM         49    310 PM  57    1994  44      5       47
  MINIMUM         37    107 AM   7    1968  32      5       30
  AVERAGE         43                        38      5       39

PRECIPITATION (IN)
  YESTERDAY        0.33          1.94 1949   0.12   0.21     0.42
  MONTH TO DATE    4.77                      3.75   1.02     3.07
  SINCE OCT 1     14.71                     13.23   1.48    10.24
  SINCE JAN 1     36.80                     35.36   1.44    30.74

DEGREE DAYS
 HEATING
  YESTERDAY       22                        27     -5       26
  MONTH TO DATE  565                       719   -154      799
  SINCE DEC 1    565                       719   -154      799

 COOLING
  YESTERDAY        0                         0      0        0
  MONTH TO DATE    0                         0      0        0
  SINCE DEC 1      0                         0      0        0
  SINCE JAN 1    117                        42     75       95
..................................................................


WIND (MPH)
  RESULTANT WIND SPEED   2   RESULTANT WIND DIRECTION   S (160)
  HIGHEST WIND SPEED    17   HIGHEST WIND DIRECTION     S (170)
  HIGHEST GUST SPEED    23   HIGHEST GUST DIRECTION     S (160)
  AVERAGE WIND SPEED     4.6


SKY COVER
  AVERAGE SKY COVER 0.9


WEATHER CONDITIONS
 THE FOLLOWING WEATHER WAS RECORDED YESTERDAY.
  LIGHT RAIN
  FOG


RELATIVE HUMIDITY (PERCENT)
 HIGHEST    92          1200 AM
 LOWEST     71           300 PM
 AVERAGE    82

..........................................................


THE BELLINGHAM WA AIRPORT CLIMATE NORMALS FOR TODAY
                         NORMAL    RECORD    YEAR
 MAXIMUM TEMPERATURE (F)   44        59      1986
 MINIMUM TEMPERATURE (F)   32         1      1968


SUNRISE AND SUNSET
DECEMBER 28 2014......SUNRISE   803 AM PST   SUNSET   421 PM PST
DECEMBER 29 2014......SUNRISE   803 AM PST   SUNSET   422 PM PST


-  INDICATES NEGATIVE NUMBERS.
R  INDICATES RECORD WAS SET OR TIED.
MM INDICATES DATA IS MISSING.
T  INDICATES TRACE AMOUNT.




$$
