000
CDUS46 KSEW 240829
CLIBLI


CLIMATE REPORT
NATIONAL WEATHER SERVICE SEATTLE WA
127 AM PDT SUN MAY 24 2015


...................................

...THE BELLINGHAM WA AIRPORT CLIMATE SUMMARY FOR MAY 23 2015...

CLIMATE NORMAL PERIOD 1981 TO 2010
CLIMATE RECORD PERIOD 1949 TO 2015


WEATHER ITEM   OBSERVED TIME   RECORD YEAR NORMAL DEPARTURE LAST
                VALUE   (LST)  VALUE       VALUE  FROM      YEAR
                                                  NORMAL
..................................................................
TEMPERATURE (F)
 YESTERDAY
  MAXIMUM         60    520 PM  88    1969  63     -3       66
  MINIMUM         55   1159 PM  33    1955  47      8       54
  AVERAGE         58                        55      3       60

PRECIPITATION (IN)
  YESTERDAY        T             0.56 2004   0.08  -0.08     0.15
  MONTH TO DATE    0.63                      1.83  -1.20     2.45
  SINCE OCT 1     29.33                     29.13   0.20    27.15
  SINCE JAN 1     14.60                     15.43  -0.83    16.84

DEGREE DAYS
 HEATING
  YESTERDAY        7                        10     -3        5
  MONTH TO DATE  198                       272    -74      157
  SINCE MAR 1   1173                      1413   -240     1172

 COOLING
  YESTERDAY        0                         0      0        0
  MONTH TO DATE    0                         0      0        1
  SINCE MAR 1      0                         0      0        1
  SINCE JAN 1      0                         0      0        1
..................................................................


WIND (MPH)
  RESULTANT WIND SPEED   6   RESULTANT WIND DIRECTION   S (170)
  HIGHEST WIND SPEED    15   HIGHEST WIND DIRECTION     S (170)
  HIGHEST GUST SPEED    21   HIGHEST GUST DIRECTION     S (160)
  AVERAGE WIND SPEED     6.9


SKY COVER
  AVERAGE SKY COVER 0.6


WEATHER CONDITIONS
 THE FOLLOWING WEATHER WAS RECORDED YESTERDAY.
  LIGHT RAIN


RELATIVE HUMIDITY (PERCENT)
 HIGHEST    86           100 AM
 LOWEST     75           500 PM
 AVERAGE    81

..........................................................


THE BELLINGHAM WA AIRPORT CLIMATE NORMALS FOR TODAY
                         NORMAL    RECORD    YEAR
 MAXIMUM TEMPERATURE (F)   64        83      1992
 MINIMUM TEMPERATURE (F)   47        36      1950


SUNRISE AND SUNSET
MAY 24 2015...........SUNRISE   518 AM PDT   SUNSET   856 PM PDT
MAY 25 2015...........SUNRISE   517 AM PDT   SUNSET   858 PM PDT


-  INDICATES NEGATIVE NUMBERS.
R  INDICATES RECORD WAS SET OR TIED.
MM INDICATES DATA IS MISSING.
T  INDICATES TRACE AMOUNT.




$$
