000
CDUS46 KSEW 280128
CLIBLI


CLIMATE REPORT
NATIONAL WEATHER SERVICE SEATTLE WA
627 PM PDT WED JUL 27 2016


...................................

...THE BELLINGHAM WA AIRPORT CLIMATE SUMMARY FOR JULY 27 2016...
VALID TODAY AS OF 0600 PM LOCAL TIME.

CLIMATE NORMAL PERIOD 1981 TO 2010
CLIMATE RECORD PERIOD 1949 TO 2016


WEATHER ITEM   OBSERVED TIME   RECORD YEAR NORMAL DEPARTURE LAST
                VALUE   (LST)  VALUE       VALUE  FROM      YEAR
                                                  NORMAL
..................................................................
TEMPERATURE (F)
 TODAY
  MAXIMUM         79    310 PM  90    1958  72      7       73
  MINIMUM         57    519 AM  48    1966  54      3       54
                                      1954
                                      1953
  AVERAGE         68                        63      5       64

PRECIPITATION (IN)
  TODAY            0.00          0.60 2001   0.03  -0.03     0.00
  MONTH TO DATE    0.65                      1.06  -0.41     0.67
  SINCE OCT 1     31.64                     32.70  -1.06    30.30
  SINCE JAN 1     17.57                     19.00  -1.43    15.57

DEGREE DAYS
 HEATING
  TODAY            0                         2     -2        1
  MONTH TO DATE   40                        77    -37       13
  SINCE JUN 1    186                       278    -92       82

 COOLING
  TODAY            3                         0      3        0
  MONTH TO DATE   18                         0     18       70
  SINCE JUN 1     35                         4     31      118
  SINCE JAN 1     36                         4     32      118
..................................................................


WIND (MPH)
  RESULTANT WIND SPEED   3   RESULTANT WIND DIRECTION   S (180)
  HIGHEST WIND SPEED    10   HIGHEST WIND DIRECTION     W (260)
  HIGHEST GUST SPEED    13   HIGHEST GUST DIRECTION     W (260)
  AVERAGE WIND SPEED     4.9


SKY COVER
  AVERAGE SKY COVER 0.0


WEATHER CONDITIONS
 THE FOLLOWING WEATHER WAS RECORDED TODAY.
  NO SIGNIFICANT WEATHER WAS OBSERVED.


RELATIVE HUMIDITY (PERCENT)
 HIGHEST    93           400 AM
 LOWEST     50           400 PM
 AVERAGE    72

..........................................................


THE BELLINGHAM WA AIRPORT CLIMATE NORMALS FOR TOMORROW
                         NORMAL    RECORD    YEAR
 MAXIMUM TEMPERATURE (F)   73        90      2009
 MINIMUM TEMPERATURE (F)   54        41      1954


SUNRISE AND SUNSET
JULY 27 2016..........SUNRISE   538 AM PDT   SUNSET   854 PM PDT
JULY 28 2016..........SUNRISE   539 AM PDT   SUNSET   853 PM PDT


-  INDICATES NEGATIVE NUMBERS.
R  INDICATES RECORD WAS SET OR TIED.
MM INDICATES DATA IS MISSING.
T  INDICATES TRACE AMOUNT.




$$
