000
CDUS46 KSEW 250827
CLIBLI


CLIMATE REPORT
NATIONAL WEATHER SERVICE SEATTLE WA
1227 AM PST SUN JAN 25 2015


...................................

...THE BELLINGHAM WA AIRPORT CLIMATE SUMMARY FOR JANUARY 24 2015...

CLIMATE NORMAL PERIOD 1981 TO 2010
CLIMATE RECORD PERIOD 1949 TO 2015


WEATHER ITEM   OBSERVED TIME   RECORD YEAR NORMAL DEPARTURE LAST
                VALUE   (LST)  VALUE       VALUE  FROM      YEAR
                                                  NORMAL
..................................................................
TEMPERATURE (F)
 YESTERDAY
  MAXIMUM         56R   330 PM  55    2005  47      9       54
                                      1953
  MINIMUM         52   1113 PM   4    1950  33     19       29
  AVERAGE         54                        40     14       42

PRECIPITATION (IN)
  YESTERDAY        0.43          2.46 1984   0.15   0.28     0.00
  MONTH TO DATE    5.44                      3.69   1.75     2.24
  SINCE OCT 1     20.17                     17.39   2.78    12.55
  SINCE JAN 1      5.44                      3.69   1.75     2.24

DEGREE DAYS
 HEATING
  YESTERDAY       11                        25    -14       23
  MONTH TO DATE  557                       623    -66      557
  SINCE DEC 1   1252                      1457   -205     1449

 COOLING
  YESTERDAY        0                         0      0        0
  MONTH TO DATE    0                         0      0        0
  SINCE DEC 1      0                         0      0        0
  SINCE JAN 1      0                         0      0        0
..................................................................


WIND (MPH)
  RESULTANT WIND SPEED   9   RESULTANT WIND DIRECTION   S (170)
  HIGHEST WIND SPEED    16   HIGHEST WIND DIRECTION     S (170)
  HIGHEST GUST SPEED    28   HIGHEST GUST DIRECTION    SE (150)
  AVERAGE WIND SPEED     9.2


SKY COVER
  AVERAGE SKY COVER 1.0


WEATHER CONDITIONS
 THE FOLLOWING WEATHER WAS RECORDED YESTERDAY.
  RAIN
  LIGHT RAIN
  FOG


RELATIVE HUMIDITY (PERCENT)
 HIGHEST   100          1100 PM
 LOWEST     86           800 PM
 AVERAGE    93

..........................................................


THE BELLINGHAM WA AIRPORT CLIMATE NORMALS FOR TODAY
                         NORMAL    RECORD    YEAR
 MAXIMUM TEMPERATURE (F)   47        58      2003
 MINIMUM TEMPERATURE (F)   33        -2      1950


SUNRISE AND SUNSET
JANUARY 25 2015.......SUNRISE   749 AM PST   SUNSET   457 PM PST
JANUARY 26 2015.......SUNRISE   748 AM PST   SUNSET   458 PM PST


-  INDICATES NEGATIVE NUMBERS.
R  INDICATES RECORD WAS SET OR TIED.
MM INDICATES DATA IS MISSING.
T  INDICATES TRACE AMOUNT.




$$
