000
CDUS46 KSEW 240120
CLIBLI


CLIMATE REPORT
NATIONAL WEATHER SERVICE SEATTLE WA
619 PM PDT WED JUL 23 2014


...................................

...THE BELLINGHAM WA AIRPORT CLIMATE SUMMARY FOR JULY 23 2014...
VALID TODAY AS OF 0600 PM LOCAL TIME.

CLIMATE NORMAL PERIOD 1981 TO 2010
CLIMATE RECORD PERIOD 1949 TO 2014


WEATHER ITEM   OBSERVED TIME   RECORD YEAR NORMAL DEPARTURE LAST
                VALUE   (LST)  VALUE       VALUE  FROM      YEAR
                                                  NORMAL
..................................................................
TEMPERATURE (F)
 TODAY
  MAXIMUM         65   1104 AM  89    1991  72     -7       80
  MINIMUM         54    342 AM  44    1964  54      0       55
  AVERAGE         60                        63     -3       68

PRECIPITATION (IN)
  TODAY            0.48R         0.22 1949   0.03   0.45     0.00
  MONTH TO DATE    0.58                      0.93  -0.35     0.05
  SINCE OCT 1     28.85                     32.57  -3.72    16.69
  SINCE JAN 1     18.54                     18.87  -0.33    14.91

DEGREE DAYS
 HEATING
  TODAY            5                         2      3        0
  MONTH TO DATE   27                        69    -42       33
  SINCE JUN 1    163                       270   -107      168

 COOLING
  TODAY            0                         0      0        3
  MONTH TO DATE   40                         0     40       32
  SINCE JUN 1     41                         4     37       46
  SINCE JAN 1     42                         4     38       46
..................................................................


WIND (MPH)
  RESULTANT WIND SPEED   4   RESULTANT WIND DIRECTION   S (170)
  HIGHEST WIND SPEED    17   HIGHEST WIND DIRECTION     S (170)
  HIGHEST GUST SPEED    25   HIGHEST GUST DIRECTION     S (170)
  AVERAGE WIND SPEED     3.7


SKY COVER
  AVERAGE SKY COVER 0.5


WEATHER CONDITIONS
 THE FOLLOWING WEATHER WAS RECORDED TODAY.
  RAIN
  LIGHT RAIN
  FOG


RELATIVE HUMIDITY (PERCENT)
 HIGHEST    93           100 AM
 LOWEST     86          1200 AM
 AVERAGE    90

..........................................................


THE BELLINGHAM WA AIRPORT CLIMATE NORMALS FOR TOMORROW
                         NORMAL    RECORD    YEAR
 MAXIMUM TEMPERATURE (F)   72        86      2004
 MINIMUM TEMPERATURE (F)   54        43      1957


SUNRISE AND SUNSET
JULY 23 2014..........SUNRISE   532 AM PDT   SUNSET   900 PM PDT
JULY 24 2014..........SUNRISE   534 AM PDT   SUNSET   859 PM PDT


-  INDICATES NEGATIVE NUMBERS.
R  INDICATES RECORD WAS SET OR TIED.
MM INDICATES DATA IS MISSING.
T  INDICATES TRACE AMOUNT.




$$
