000
CDUS46 KSEW 210834
CLIBLI


CLIMATE REPORT
NATIONAL WEATHER SERVICE SEATTLE WA
1233 AM PST SUN JAN 21 2018


...................................

...THE BELLINGHAM WA AIRPORT CLIMATE SUMMARY FOR JANUARY 20 2018...

CLIMATE NORMAL PERIOD 1981 TO 2010
CLIMATE RECORD PERIOD 1949 TO 2018


WEATHER ITEM   OBSERVED TIME   RECORD YEAR NORMAL DEPARTURE LAST
                VALUE   (LST)  VALUE       VALUE  FROM      YEAR
                                                  NORMAL
..................................................................
TEMPERATURE (F)
 YESTERDAY
  MAXIMUM         50   1159 PM  61    1981  46      4       49
  MINIMUM         42    821 AM  13    1954  33      9       35
  AVERAGE         46                        40      6       42

PRECIPITATION (IN)
  YESTERDAY        0.02          0.78 1972   0.15  -0.13      T
  MONTH TO DATE    2.75                      3.09  -0.34     1.59
  SINCE OCT 1     20.37                     16.79   3.58    20.71
  SINCE JAN 1      2.75                      3.09  -0.34     1.59

DEGREE DAYS
 HEATING
  YESTERDAY       19                        25     -6       23
  MONTH TO DATE  458                       523    -65      622
  SINCE DEC 1   1317                      1357    -40     1572

 COOLING
  YESTERDAY        0                         0      0        0
  MONTH TO DATE    0                         0      0        0
  SINCE DEC 1      0                         0      0        0
  SINCE JAN 1      0                         0      0        0
..................................................................


WIND (MPH)
  RESULTANT WIND SPEED  17   RESULTANT WIND DIRECTION  SE (150)
  HIGHEST WIND SPEED    36   HIGHEST WIND DIRECTION    SE (140)
  HIGHEST GUST SPEED    50   HIGHEST GUST DIRECTION    SE (150)
  AVERAGE WIND SPEED    17.3


SKY COVER
  AVERAGE SKY COVER 0.9


WEATHER CONDITIONS
 THE FOLLOWING WEATHER WAS RECORDED YESTERDAY.
  LIGHT RAIN


RELATIVE HUMIDITY (PERCENT)
 HIGHEST    89          1200 AM
 LOWEST     61          1000 PM
 AVERAGE    75

..........................................................


THE BELLINGHAM WA AIRPORT CLIMATE NORMALS FOR TODAY
                         NORMAL    RECORD    YEAR
 MAXIMUM TEMPERATURE (F)   46        64      1981
 MINIMUM TEMPERATURE (F)   33        13      1962
                                             1957


SUNRISE AND SUNSET
JANUARY 21 2018.......SUNRISE   753 AM PST   SUNSET   451 PM PST
JANUARY 22 2018.......SUNRISE   752 AM PST   SUNSET   452 PM PST


-  INDICATES NEGATIVE NUMBERS.
R  INDICATES RECORD WAS SET OR TIED.
MM INDICATES DATA IS MISSING.
T  INDICATES TRACE AMOUNT.




$$
