000
CDUS43 KIND 300532
CLIBMG


CLIMATE REPORT
NATIONAL WEATHER SERVICE INDIANAPOLIS IN
131 AM EDT THU MAR 30 2017


...................................

...THE BLOOMINGTON IN CLIMATE SUMMARY FOR MARCH 29 2017...

CLIMATE NORMAL PERIOD 1981 TO 2010
CLIMATE RECORD PERIOD 9999 TO 9999


WEATHER ITEM   OBSERVED TIME   NORMAL DEPARTURE LAST
                VALUE   (LST)  VALUE  FROM      YEAR
                                      NORMAL
......................................................
TEMPERATURE (F)
 YESTERDAY
  MAXIMUM         64    553 PM  59      5       60
  MINIMUM         49    949 AM  36     13       30
  AVERAGE         57            48      9       45

PRECIPITATION (IN)
  YESTERDAY        0.00          0.18  -0.18     0.00
  MONTH TO DATE    3.93          3.51   0.42     3.80
  SINCE MAR 1      3.93          3.51   0.42     3.80
  SINCE JAN 1      8.97          9.58  -0.61     9.01

DEGREE DAYS
 HEATING
  YESTERDAY        8            17     -9       20
  MONTH TO DATE  588           654    -66      456
  SINCE MAR 1    588           654    -66      456
  SINCE JUL 1   3775          4722   -947     3776

 COOLING
  YESTERDAY        0             0      0        0
  MONTH TO DATE    2             0      2        0
  SINCE MAR 1      2             0      2        0
  SINCE JAN 1      2             0      2        0
......................................................


WIND (MPH)
  HIGHEST WIND SPEED    20   HIGHEST WIND DIRECTION    SE (120)
  HIGHEST GUST SPEED    26   HIGHEST GUST DIRECTION    SE (120)
  AVERAGE WIND SPEED    10.9


SKY COVER
  AVERAGE SKY COVER 0.7


WEATHER CONDITIONS
 THE FOLLOWING WEATHER WAS RECORDED YESTERDAY.
  NO SIGNIFICANT WEATHER WAS OBSERVED.


RELATIVE HUMIDITY (PERCENT)
 HIGHEST    83           500 AM
 LOWEST     48           500 PM
 AVERAGE    66

..........................................................


THE BLOOMINGTON IN CLIMATE NORMALS FOR TODAY
                         NORMAL
 MAXIMUM TEMPERATURE (F)   60
 MINIMUM TEMPERATURE (F)   37


SUNRISE AND SUNSET
MARCH 30 2017.........SUNRISE   734 AM EDT   SUNSET   809 PM EDT
MARCH 31 2017.........SUNRISE   732 AM EDT   SUNSET   810 PM EDT


-  INDICATES NEGATIVE NUMBERS.
R  INDICATES RECORD WAS SET OR TIED.
MM INDICATES DATA IS MISSING.
T  INDICATES TRACE AMOUNT.




$$
