000
CDUS43 KIND 230536
CLIBMG


CLIMATE REPORT
NATIONAL WEATHER SERVICE INDIANAPOLIS IN
136 AM EDT WED APR 23 2014


...................................

...THE BLOOMINGTON IN CLIMATE SUMMARY FOR APRIL 22 2014...

CLIMATE NORMAL PERIOD 1981 TO 2010
CLIMATE RECORD PERIOD 9999 TO 9999


WEATHER ITEM   OBSERVED TIME   NORMAL DEPARTURE LAST
                VALUE   (LST)  VALUE  FROM      YEAR
                                      NORMAL
......................................................
TEMPERATURE (F)
 YESTERDAY
  MAXIMUM         67    309 PM  67      0       71
  MINIMUM         47   1159 PM  44      3       35
  AVERAGE         57            56      1       53

PRECIPITATION (IN)
  YESTERDAY        0.00          0.17  -0.17     0.00
  MONTH TO DATE    5.75          3.36   2.39     3.97
  SINCE MAR 1      7.69          7.24   0.45     6.21
  SINCE JAN 1     12.34         13.31  -0.97    14.22

DEGREE DAYS
 HEATING
  YESTERDAY        8            10     -2       12
  MONTH TO DATE  268           288    -20      270
  SINCE MAR 1   1105           976    129     1140
  SINCE JUL 1   5667          5044    623     5096

 COOLING
  YESTERDAY        0             1     -1        0
  MONTH TO DATE    6            14     -8       11
  SINCE MAR 1      6            17    -11       11
  SINCE JAN 1      6            17    -11       11
......................................................


WIND (MPH)
  HIGHEST WIND SPEED    22   HIGHEST WIND DIRECTION     N (10)
  HIGHEST GUST SPEED    27   HIGHEST GUST DIRECTION     N (10)
  AVERAGE WIND SPEED     7.9


SKY COVER
  AVERAGE SKY COVER 0.3


WEATHER CONDITIONS
 THE FOLLOWING WEATHER WAS RECORDED YESTERDAY.
  FOG
  HAZE


RELATIVE HUMIDITY (PERCENT)
 HIGHEST    93           300 AM
 LOWEST     28           400 PM
 AVERAGE    61

..........................................................


THE BLOOMINGTON IN CLIMATE NORMALS FOR TODAY
                         NORMAL
 MAXIMUM TEMPERATURE (F)   67
 MINIMUM TEMPERATURE (F)   45


SUNRISE AND SUNSET
APRIL 23 2014.........SUNRISE   658 AM EDT   SUNSET   832 PM EDT
APRIL 24 2014.........SUNRISE   657 AM EDT   SUNSET   833 PM EDT


-  INDICATES NEGATIVE NUMBERS.
R  INDICATES RECORD WAS SET OR TIED.
MM INDICATES DATA IS MISSING.
T  INDICATES TRACE AMOUNT.




$$
