000
CDUS43 KIND 230534
CLIBMG


CLIMATE REPORT
NATIONAL WEATHER SERVICE INDIANAPOLIS IN
1231 AM EST TUE JAN 23 2018


...................................

...THE BLOOMINGTON IN CLIMATE SUMMARY FOR JANUARY 22 2018...

CLIMATE NORMAL PERIOD 1981 TO 2010
CLIMATE RECORD PERIOD 9999 TO 9999


WEATHER ITEM   OBSERVED TIME   NORMAL DEPARTURE LAST
                VALUE   (LST)  VALUE  FROM      YEAR
                                      NORMAL
......................................................
TEMPERATURE (F)
 YESTERDAY
  MAXIMUM         56    520 PM  39     17       60
  MINIMUM         45   1159 PM  20     25       40
  AVERAGE         51            30     21       50

PRECIPITATION (IN)
  YESTERDAY        0.53          0.08   0.45      T
  MONTH TO DATE    2.15          2.54  -0.39     3.88
  SINCE DEC 1      3.34          6.08  -2.74     6.36
  SINCE JAN 1      2.15          2.54  -0.39     3.88

DEGREE DAYS
 HEATING
  YESTERDAY       14            36    -22       15
  MONTH TO DATE  916           792    124      635
  SINCE DEC 1   1952          1809    143     1661
  SINCE JUL 1   2869          2865      4     2344

 COOLING
  YESTERDAY        0             0      0        0
  MONTH TO DATE    0             0      0        0
  SINCE DEC 1      0             0      0        0
  SINCE JAN 1      0             0      0        0
......................................................


WIND (MPH)
  HIGHEST WIND SPEED    29   HIGHEST WIND DIRECTION    SW (240)
  HIGHEST GUST SPEED    38   HIGHEST GUST DIRECTION     W (260)
  AVERAGE WIND SPEED    13.3


SKY COVER
  AVERAGE SKY COVER 0.7


WEATHER CONDITIONS
 THE FOLLOWING WEATHER WAS RECORDED YESTERDAY.
  RAIN
  LIGHT RAIN
  FOG


RELATIVE HUMIDITY (PERCENT)
 HIGHEST    89           100 AM
 LOWEST     52          1000 PM
 AVERAGE    71

..........................................................


THE BLOOMINGTON IN CLIMATE NORMALS FOR TODAY
                         NORMAL
 MAXIMUM TEMPERATURE (F)   39
 MINIMUM TEMPERATURE (F)   20


SUNRISE AND SUNSET
JANUARY 23 2018.......SUNRISE   800 AM EST   SUNSET   557 PM EST
JANUARY 24 2018.......SUNRISE   759 AM EST   SUNSET   558 PM EST


-  INDICATES NEGATIVE NUMBERS.
R  INDICATES RECORD WAS SET OR TIED.
MM INDICATES DATA IS MISSING.
T  INDICATES TRACE AMOUNT.




$$
