000
CDUS43 KIND 240534
CLIBMG


CLIMATE REPORT
NATIONAL WEATHER SERVICE INDIANAPOLIS IN
134 AM EDT SUN MAY 24 2015


...................................

...THE BLOOMINGTON IN CLIMATE SUMMARY FOR MAY 23 2015...

CLIMATE NORMAL PERIOD 1981 TO 2010
CLIMATE RECORD PERIOD 9999 TO 9999


WEATHER ITEM   OBSERVED TIME   NORMAL DEPARTURE LAST
                VALUE   (LST)  VALUE  FROM      YEAR
                                      NORMAL
......................................................
TEMPERATURE (F)
 YESTERDAY
  MAXIMUM         78    527 PM  76      2       76
  MINIMUM         53    527 AM  54     -1       54
  AVERAGE         66            65      1       65

PRECIPITATION (IN)
  YESTERDAY        0.00          0.16  -0.16      T
  MONTH TO DATE    1.44          3.94  -2.50     4.31
  SINCE MAR 1     10.88         12.52  -1.64    13.87
  SINCE JAN 1     14.45         18.59  -4.14    18.52

DEGREE DAYS
 HEATING
  YESTERDAY        0             3     -3        0
  MONTH TO DATE   74           118    -44      121
  SINCE MAR 1   1114          1164    -50     1266
  SINCE JUL 1   5685          5232    453     5828

 COOLING
  YESTERDAY        1             3     -2        0
  MONTH TO DATE   69            38     31       63
  SINCE MAR 1     75            57     18       72
  SINCE JAN 1     75            57     18       72
......................................................


WIND (MPH)
  HIGHEST WIND SPEED    14   HIGHEST WIND DIRECTION    SE (140)
  HIGHEST GUST SPEED    17   HIGHEST GUST DIRECTION     S (190)
  AVERAGE WIND SPEED     3.2


SKY COVER
  AVERAGE SKY COVER 0.1


WEATHER CONDITIONS
 THE FOLLOWING WEATHER WAS RECORDED YESTERDAY.
  NO SIGNIFICANT WEATHER WAS OBSERVED.


RELATIVE HUMIDITY (PERCENT)
 HIGHEST    93           500 AM
 LOWEST     27           100 PM
 AVERAGE    60

..........................................................


THE BLOOMINGTON IN CLIMATE NORMALS FOR TODAY
                         NORMAL
 MAXIMUM TEMPERATURE (F)   76
 MINIMUM TEMPERATURE (F)   54


SUNRISE AND SUNSET
MAY 24 2015...........SUNRISE   627 AM EDT   SUNSET   900 PM EDT
MAY 25 2015...........SUNRISE   626 AM EDT   SUNSET   901 PM EDT


-  INDICATES NEGATIVE NUMBERS.
R  INDICATES RECORD WAS SET OR TIED.
MM INDICATES DATA IS MISSING.
T  INDICATES TRACE AMOUNT.




$$
