000
CDUS44 KOHX 010031
CLIBNA

CLIMATE REPORT
NATIONAL WEATHER SERVICE NASHVILLE TN
631 PM CST SAT FEB 28 2015


...................................

...THE NASHVILLE CLIMATE SUMMARY FOR FEBRUARY 28 2015...
VALID TODAY AS OF 0600 PM LOCAL TIME.

CLIMATE NORMAL PERIOD 1981 TO 2010
CLIMATE RECORD PERIOD 1871 TO 2015


WEATHER ITEM   OBSERVED TIME   RECORD YEAR NORMAL DEPARTURE
                VALUE   (LST)  VALUE       VALUE  FROM
                                                  NORMAL
...............................................................
TEMPERATURE (F)
 TODAY
  MAXIMUM         50    259 PM  78    1918  56     -6
  MINIMUM         25    644 AM  11    1888  35    -10
  AVERAGE         38                        45     -7

PRECIPITATION (IN)
  TODAY            0.00          1.67 1987   0.14  -0.14
  MONTH TO DATE    4.60                      3.94   0.66
  SINCE DEC 1     10.03                     11.93  -1.90
  SINCE JAN 1      6.82                      7.69  -0.87

SNOWFALL (IN)
  TODAY            0.0           4.2  1964   0.1   -0.1
  MONTH TO DATE    2.1                       2.3   -0.2
  SINCE DEC 1      3.0                       5.4   -2.4
  SINCE JUL 1      3.2                       5.4   -2.2
  SNOW DEPTH       0

DEGREE DAYS
 HEATING
  TODAY           27                                7
  MONTH TO DATE  905                              252
  SINCE DEC 1   2416                              152
  SINCE JUL 1   3190                              252

 COOLING
  TODAY            0                                0
  MONTH TO DATE    0                                0
  SINCE DEC 1      0                               -1
  SINCE JAN 1      0                                0
...............................................................


WIND (MPH)
  HIGHEST WIND SPEED    12   HIGHEST WIND DIRECTION    NE (60)
  HIGHEST GUST SPEED    15   HIGHEST GUST DIRECTION    NE (40)
  AVERAGE WIND SPEED     5.6




RELATIVE HUMIDITY (PERCENT)
 HIGHEST    55
 LOWEST     34
 AVERAGE    45

..........................................................


THE NASHVILLE CLIMATE NORMALS FOR TOMORROW
                         NORMAL    RECORD    YEAR
 MAXIMUM TEMPERATURE (F)   56        81      1997
 MINIMUM TEMPERATURE (F)   35        15      1920


SUNRISE AND SUNSET
FEBRUARY 28 2015......SUNRISE   619 AM CST   SUNSET   540 PM CST
MARCH  1 2015.........SUNRISE   617 AM CST   SUNSET   541 PM CST


-  INDICATES NEGATIVE NUMBERS.
R  INDICATES RECORD WAS SET OR TIED.
MM INDICATES DATA IS MISSING.
T  INDICATES TRACE AMOUNT.




$$
