000
CDUS44 KOHX 271256
CLIBNA

CLIMATE REPORT
NATIONAL WEATHER SERVICE NASHVILLE TN
755 AM CDT FRI MAR 27 2015

...THE NASHVILLE CLIMATE SUMMARY FOR MARCH 26 2015...

CLIMATE NORMAL PERIOD 1981 TO 2010
CLIMATE RECORD PERIOD 1871 TO 2015


WEATHER ITEM   OBSERVED TIME   RECORD YEAR NORMAL DEPARTURE
                VALUE   (LST)  VALUE       VALUE  FROM
                                                  NORMAL
...............................................................
TEMPERATURE (F)
 YESTERDAY
  MAXIMUM         67    859 AM  86    2007  64      3
                                      1910
  MINIMUM         41   1159 PM  17    1955  42     -1
  AVERAGE         54                        53      1

PRECIPITATION (IN)
  YESTERDAY        0.16          2.81 1936   0.14   0.02
  MONTH TO DATE    4.25                      3.43   0.82
  SINCE MAR 1      4.25                      3.43   0.82
  SINCE JAN 1     11.07                     11.12  -0.05

SNOWFALL (IN)
  YESTERDAY        MM             0.4  1947  0.0   MM
  MONTH TO DATE    2.9                       0.8    2.1
  SINCE MAR 1      2.9                       0.8    2.1
  SINCE JUL 1      6.1                       6.2   -0.1
  SNOW DEPTH       0

DEGREE DAYS
 HEATING
  YESTERDAY       11                               -1
  MONTH TO DATE  359                              -56
  SINCE MAR 1    359                              -56
  SINCE JUL 1   3549                              196

 COOLING
  YESTERDAY        0                                0
  MONTH TO DATE    2                                2
  SINCE MAR 1      2                                2
  SINCE JAN 1      2                                2
...............................................................

WIND (MPH)
  HIGHEST WIND SPEED    21   HIGHEST WIND DIRECTION     N (360)
  HIGHEST GUST SPEED    30   HIGHEST GUST DIRECTION    NW (330)
  AVERAGE WIND SPEED   9.5


RELATIVE HUMIDITY (PERCENT)
 HIGHEST    90
 LOWEST     63
 AVERAGE    77

LOW SINCE MIDNIGHT...........................................35
PRECIPITATION SINCE MIDNIGHT.................................0.00

THE NATIONAL HIGH TEMPERATURE YESTERDAY WAS 101 AT DEATH VALLEY, CA.
THE NATIONAL LOW TEMPERATURE YESTERDAY WAS -5 AT LAND O` LAKES, WI.

..........................................................

THE NASHVILLE CLIMATE NORMALS FOR TODAY
                         NORMAL    RECORD    YEAR
 MAXIMUM TEMPERATURE (F)   65        86      1910
 MINIMUM TEMPERATURE (F)   42        16      1955


SUNRISE AND SUNSET
MARCH 27 2015.........SUNRISE   641 AM CDT   SUNSET   704 PM CDT
MARCH 28 2015.........SUNRISE   639 AM CDT   SUNSET   705 PM CDT


-  INDICATES NEGATIVE NUMBERS.
R  INDICATES RECORD WAS SET OR TIED.
MM INDICATES DATA IS MISSING.
T  INDICATES TRACE AMOUNT.
$$
31
