000
CDUS44 KOHX 060710
CLIBNA


CLIMATE REPORT
NATIONAL WEATHER SERVICE NASHVILLE TN
110 AM CST TUE DEC 6 2016


...................................

...THE NASHVILLE CLIMATE SUMMARY FOR DECEMBER 5 2016...

CLIMATE NORMAL PERIOD 1981 TO 2010
CLIMATE RECORD PERIOD 1871 TO 2016


WEATHER ITEM   OBSERVED TIME   RECORD YEAR NORMAL DEPARTURE
                VALUE   (LST)  VALUE       VALUE  FROM
                                                  NORMAL
...............................................................
TEMPERATURE (F)
 YESTERDAY
  MAXIMUM         48   1159 PM  72    2001  52     -4
                                      1953
  MINIMUM         42    845 AM  14    1886  34      8
  AVERAGE         45                        43      2

PRECIPITATION (IN)
  YESTERDAY        0.02          2.91 2013   0.16  -0.14
  MONTH TO DATE    0.44                      0.77  -0.33
  SINCE JAN 1     36.23                     43.78  -7.55

SNOWFALL (IN)
  YESTERDAY        0.0           2.9  1945
  MONTH TO DATE    0.0
  SINCE DEC 1      0.0
  SINCE JUL 1      0.0

DEGREE DAYS
 HEATING
  YESTERDAY       20                               -2
  MONTH TO DATE  106                               -2
  SINCE DEC 1    106                               -2
  SINCE JUL 1    460                             -322

 COOLING
  YESTERDAY        0                                0
  MONTH TO DATE    0                                0
  SINCE DEC 1      0                                0
  SINCE JAN 1   2244                              599
...............................................................


WIND (MPH)
  HIGHEST WIND SPEED    12   HIGHEST WIND DIRECTION     E (110)
  HIGHEST GUST SPEED    16   HIGHEST GUST DIRECTION    NW (320)
  AVERAGE WIND SPEED     6.9




RELATIVE HUMIDITY (PERCENT)
 HIGHEST    93
 LOWEST     80

..........................................................


THE NASHVILLE CLIMATE NORMALS FOR TODAY
                         NORMAL    RECORD    YEAR
 MAXIMUM TEMPERATURE (F)   52        76      1998
 MINIMUM TEMPERATURE (F)   33        11      1937


SUNRISE AND SUNSET
DECEMBER  6 2016......SUNRISE   644 AM CST   SUNSET   432 PM CST
DECEMBER  7 2016......SUNRISE   645 AM CST   SUNSET   432 PM CST


-  INDICATES NEGATIVE NUMBERS.
R  INDICATES RECORD WAS SET OR TIED.
MM INDICATES DATA IS MISSING.
T  INDICATES TRACE AMOUNT.




$$
