000
CDUS44 KOHX 022232 RRB
CLIBNA

CLIMATE REPORT
NATIONAL WEATHER SERVICE NASHVILLE TN
451 PM CDT SUN AUG 2 2015

...................................

...THE NASHVILLE CLIMATE SUMMARY FOR AUGUST 2 2015...
VALID TODAY AS OF 0400 PM LOCAL TIME.

CLIMATE NORMAL PERIOD 1981 TO 2010
CLIMATE RECORD PERIOD 1871 TO 2015


WEATHER ITEM   OBSERVED TIME   RECORD YEAR NORMAL DEPARTURE
                VALUE   (LST)  VALUE       VALUE  FROM
                                                  NORMAL
...............................................................
TEMPERATURE (F)
 TODAY
  MAXIMUM         91    312 PM  99    2012  90      1
                                      1988
                                      1942
  MINIMUM         63    318 AM  58    1992  69     -6
                                      1895
  AVERAGE         77                        80     -3

PRECIPITATION (IN)
  TODAY            0.00          1.26 1911   0.11  -0.11
  MONTH TO DATE    0.00                      0.21  -0.21
  SINCE JUN 1     10.45                      7.99   2.46
  SINCE JAN 1     31.45                     29.29   2.16

SNOWFALL (IN)
  TODAY            0.0          MM      MM   0.0    0.0
  MONTH TO DATE    0.0                       0.0    0.0
  SINCE JUN 1      0.0                       0.0    0.0
  SINCE JUL 1      0.0                       0.0    0.0
  SNOW DEPTH       0

DEGREE DAYS
 HEATING
  TODAY            0                                0
  MONTH TO DATE    0                                0
  SINCE JUN 1      0                               -3
  SINCE JUL 1      0                                0

 COOLING
  TODAY           12                               -2
  MONTH TO DATE   27                               -1
  SINCE JUN 1    919                              121
  SINCE JAN 1   1175                              198
...............................................................


WIND (MPH)
  HIGHEST WIND SPEED     7   HIGHEST WIND DIRECTION    SE (150)
  HIGHEST GUST SPEED    12   HIGHEST GUST DIRECTION     E (70)
  AVERAGE WIND SPEED     1.9




RELATIVE HUMIDITY (PERCENT)
 HIGHEST    93
 LOWEST     25
 AVERAGE    59

..........................................................


THE NASHVILLE CLIMATE NORMALS FOR TOMORROW
                         NORMAL    RECORD    YEAR
 MAXIMUM TEMPERATURE (F)   90       102      2011
 MINIMUM TEMPERATURE (F)   69        57      1976


SUNRISE AND SUNSET
AUGUST  2 2015........SUNRISE   554 AM CDT   SUNSET   751 PM CDT
AUGUST  3 2015........SUNRISE   555 AM CDT   SUNSET   750 PM CDT


-  INDICATES NEGATIVE NUMBERS.
R  INDICATES RECORD WAS SET OR TIED.
MM INDICATES DATA IS MISSING.
T  INDICATES TRACE AMOUNT.




$$
