000
CDUS44 KOHX 240126
CLIBNA


CLIMATE REPORT
NATIONAL WEATHER SERVICE NASHVILLE TN
825 PM CDT SUN JUL 23 2017


...................................

...THE NASHVILLE CLIMATE SUMMARY FOR JULY 23 2017...
VALID TODAY AS OF 0400 PM LOCAL TIME.

CLIMATE NORMAL PERIOD 1981 TO 2010
CLIMATE RECORD PERIOD 1871 TO 2017


WEATHER ITEM   OBSERVED TIME   RECORD YEAR NORMAL DEPARTURE
                VALUE   (LST)  VALUE       VALUE  FROM
                                                  NORMAL
...............................................................
TEMPERATURE (F)
 TODAY
  MAXIMUM         96    349 PM 103    1952  89      7
                                      1934
  MINIMUM         79        MM  51    1947  70      9
  AVERAGE         88                        80      8

PRECIPITATION (IN)
  TODAY            0.00          2.29 1951   0.12  -0.12
  MONTH TO DATE    4.12                      2.77   1.35
  SINCE JAN 1     28.41                     28.21   0.20

SNOWFALL (IN)
  TODAY            0.0           0.0  2002
                                      2001
  MONTH TO DATE    0.0
  SINCE JUN 1      0.0
  SINCE JUL 1      0.0

DEGREE DAYS
 HEATING
  TODAY            0                                0
  MONTH TO DATE    0                                0
  SINCE JUN 1      0                               -3
  SINCE JUL 1      0                                0

 COOLING
  TODAY           23                                8
  MONTH TO DATE  387                               54
  SINCE JUN 1    731                               74
  SINCE JAN 1   1050                              214
...............................................................


WIND (MPH)
  HIGHEST WIND SPEED     9   HIGHEST WIND DIRECTION     W (250)
  HIGHEST GUST SPEED    19   HIGHEST GUST DIRECTION     W (270)
  AVERAGE WIND SPEED     5.5




RELATIVE HUMIDITY (PERCENT)
 HIGHEST    74
 LOWEST     46
 AVERAGE    60

..........................................................


THE NASHVILLE CLIMATE NORMALS FOR TOMORROW
                         NORMAL    RECORD    YEAR
 MAXIMUM TEMPERATURE (F)   89       104      1934
 MINIMUM TEMPERATURE (F)   70        56      1947


SUNRISE AND SUNSET
JULY 23 2017..........SUNRISE   547 AM CDT   SUNSET   759 PM CDT
JULY 24 2017..........SUNRISE   548 AM CDT   SUNSET   758 PM CDT


-  INDICATES NEGATIVE NUMBERS.
R  INDICATES RECORD WAS SET OR TIED.
MM INDICATES DATA IS MISSING.
T  INDICATES TRACE AMOUNT.




$$
