000
CDUS44 KOHX 230750
CLIBNA


CLIMATE REPORT
NATIONAL WEATHER SERVICE NASHVILLE TN
150 AM CST FRI FEB 23 2018


...................................

...THE NASHVILLE CLIMATE SUMMARY FOR FEBRUARY 22 2018...

CLIMATE NORMAL PERIOD 1981 TO 2010
CLIMATE RECORD PERIOD 1871 TO 2018


WEATHER ITEM   OBSERVED TIME   RECORD YEAR NORMAL DEPARTURE
                VALUE   (LST)  VALUE       VALUE  FROM
                                                  NORMAL
...............................................................
TEMPERATURE (F)
 YESTERDAY
  MAXIMUM         63    815 AM  74    1897  54      9
  MINIMUM         51    445 AM   2    1963  33     18
  AVERAGE         57                        44     13

PRECIPITATION (IN)
  YESTERDAY        0.37          2.58 1874   0.15   0.22
  MONTH TO DATE    8.64                      3.09   5.55
  SINCE JAN 1     10.27                      6.84   3.43

SNOWFALL (IN)
  YESTERDAY        0.0           2.0  1947
  MONTH TO DATE    0.0
  SINCE DEC 1      2.4
  SINCE JUL 1      2.4

DEGREE DAYS
 HEATING
  YESTERDAY        8                              -13
  MONTH TO DATE  386                             -144
  SINCE DEC 1   2030                             -111
  SINCE JUL 1   2604                             -211

 COOLING
  YESTERDAY        0                                0
  MONTH TO DATE   14                               14
  SINCE DEC 1     14                               13
  SINCE JAN 1     14                               14
...............................................................


WIND (MPH)
  HIGHEST WIND SPEED    20   HIGHEST WIND DIRECTION    NW (300)
  HIGHEST GUST SPEED    27   HIGHEST GUST DIRECTION     W (290)
  AVERAGE WIND SPEED     4.6




RELATIVE HUMIDITY (PERCENT)
 HIGHEST   100
 LOWEST     86

..........................................................


THE NASHVILLE CLIMATE NORMALS FOR TODAY
                         NORMAL    RECORD    YEAR
 MAXIMUM TEMPERATURE (F)   54        83      1996
 MINIMUM TEMPERATURE (F)   34        12      1963
                                             1929


SUNRISE AND SUNSET
FEBRUARY 23 2018......SUNRISE   625 AM CST   SUNSET   536 PM CST
FEBRUARY 24 2018......SUNRISE   623 AM CST   SUNSET   537 PM CST


-  INDICATES NEGATIVE NUMBERS.
R  INDICATES RECORD WAS SET OR TIED.
MM INDICATES DATA IS MISSING.
T  INDICATES TRACE AMOUNT.




$$
