000
CDUS44 KOHX 220746
CLIBNA


CLIMATE REPORT
NATIONAL WEATHER SERVICE NASHVILLE TN
146 AM CST WED NOV 22 2017


...................................

...THE NASHVILLE CLIMATE SUMMARY FOR NOVEMBER 21 2017...

CLIMATE NORMAL PERIOD 1981 TO 2010
CLIMATE RECORD PERIOD 1871 TO 2017


WEATHER ITEM   OBSERVED TIME   RECORD YEAR NORMAL DEPARTURE
                VALUE   (LST)  VALUE       VALUE  FROM
                                                  NORMAL
...............................................................
TEMPERATURE (F)
 YESTERDAY
  MAXIMUM         61    303 PM  77    1942  58      3
  MINIMUM         34    503 AM  12    1887  38     -4
  AVERAGE         48                        48      0

PRECIPITATION (IN)
  YESTERDAY        0.00          3.42 1900   0.16  -0.16
  MONTH TO DATE    4.22                      2.84   1.38
  SINCE JAN 1     48.12                     41.54   6.58

SNOWFALL (IN)
  YESTERDAY        0.0           0.3  1926
  MONTH TO DATE    0.0
  SINCE SEP 1      0.0
  SINCE JUL 1      0.0

DEGREE DAYS
 HEATING
  YESTERDAY       17                                0
  MONTH TO DATE  252                              -36
  SINCE SEP 1    427                              -76
  SINCE JUL 1    427                              -76

 COOLING
  YESTERDAY        0                                0
  MONTH TO DATE   23                               23
  SINCE SEP 1    343                               77
  SINCE JAN 1   1923                              283
...............................................................


WIND (MPH)
  HIGHEST WIND SPEED    16   HIGHEST WIND DIRECTION     S (190)
  HIGHEST GUST SPEED    23   HIGHEST GUST DIRECTION     S (200)
  AVERAGE WIND SPEED     5.0




RELATIVE HUMIDITY (PERCENT)
 HIGHEST    79
 LOWEST     28

..........................................................


THE NASHVILLE CLIMATE NORMALS FOR TODAY
                         NORMAL    RECORD    YEAR
 MAXIMUM TEMPERATURE (F)   58        77      1900
                                             1897
 MINIMUM TEMPERATURE (F)   37        15      1964


SUNRISE AND SUNSET
NOVEMBER 22 2017......SUNRISE   631 AM CST   SUNSET   435 PM CST
NOVEMBER 23 2017......SUNRISE   632 AM CST   SUNSET   434 PM CST


-  INDICATES NEGATIVE NUMBERS.
R  INDICATES RECORD WAS SET OR TIED.
MM INDICATES DATA IS MISSING.
T  INDICATES TRACE AMOUNT.




$$
