000
CDUS44 KOHX 241335
CLIBNA

MEMCLIOHX 000
TTAA00 KOHX 240737


CLIMATE REPORT
NATIONAL WEATHER SERVICE NASHVILLE TN
836 AM CDT THU JUL 24 2014


...................................

...THE NASHVILLE CLIMATE SUMMARY FOR JULY 23 2014...

CLIMATE NORMAL PERIOD 1981 TO 2010
CLIMATE RECORD PERIOD 1871 TO 2014


WEATHER ITEM   OBSERVED TIME   RECORD YEAR NORMAL DEPARTURE LAST
                VALUE   (LST)  VALUE       VALUE  FROM      YEAR
                                                  NORMAL
..................................................................
TEMPERATURE (F)
 YESTERDAY
  MAXIMUM         92   1223 PM 103    1952  89      3       92
                                      1934
  MINIMUM         72    510 AM  51    1947  70      2       70
  AVERAGE         82                        80      2       81

PRECIPITATION (IN)
  YESTERDAY        0.08          2.29 1951   0.12  -0.04     0.00
  MONTH TO DATE    2.14                      2.77  -0.63     6.09
  SINCE JUN 1      7.87                      6.91   0.96    10.57
  SINCE JAN 1     29.69                     28.21   1.48    35.01

SNOWFALL (IN)
  YESTERDAY        0.0           0.0  2002   0.0    0.0      0.0
                                      2001
  MONTH TO DATE    0.0                       0.0    0.0      0.0
  SINCE JUN 1      0.0                       0.0    0.0      0.0
  SINCE JUL 1      0.0                       0.0    0.0      0.0
  SNOW DEPTH       0

DEGREE DAYS
 HEATING
  YESTERDAY        0                         0      0        0
  MONTH TO DATE    0                         0      0        0
  SINCE JUN 1      0                         3     -3        0
  SINCE JUL 1      0                         0      0        0

 COOLING
  YESTERDAY       17                        15      2       16
  MONTH TO DATE  285                       333    -48      322
  SINCE JUN 1    678                       657     21      692
  SINCE JAN 1    942                       836    106      899
..................................................................


WIND (MPH)
  HIGHEST WIND SPEED    15   HIGHEST WIND DIRECTION     S (170)
  HIGHEST GUST SPEED    18   HIGHEST GUST DIRECTION    NW (320)
  AVERAGE WIND SPEED     3.6


SKY COVER
  POSSIBLE SUNSHINE  MM
  AVERAGE SKY COVER 0.5


WEATHER CONDITIONS
 THE FOLLOWING WEATHER WAS RECORDED YESTERDAY.
  LIGHT RAIN
  FOG


RELATIVE HUMIDITY (PERCENT)
 HIGHEST   100
 LOWEST     49
 AVERAGE    75

..........................................................


THE NASHVILLE CLIMATE NORMALS FOR TODAY
                         NORMAL    RECORD    YEAR
 MAXIMUM TEMPERATURE (F)   89       104      1934
 MINIMUM TEMPERATURE (F)   70        56      1947


SUNRISE AND SUNSET
JULY 24 2014..........SUNRISE   548 AM CDT   SUNSET   758 PM CDT
JULY 25 2014..........SUNRISE   548 AM CDT   SUNSET   758 PM CDT


-  INDICATES NEGATIVE NUMBERS.
R  INDICATES RECORD WAS SET OR TIED.
MM INDICATES DATA IS MISSING.
T  INDICATES TRACE AMOUNT.

&&
THE LOW TEMPERATURE THIS MORNING WAS 72 DEGREES.
THERE HAS BEEN NO RAINFALL SINCE MIDNIGHT.


$$
