000
CDUS45 KBOI 110931
CLIBNO


CLIMATE REPORT
NATIONAL WEATHER SERVICE BOISE ID
231 AM MST THU FEB 11 2016


...................................

...THE BURNS OR CLIMATE SUMMARY FOR FEBRUARY 10 2016...

CLIMATE NORMAL PERIOD 1981 TO 2010
CLIMATE RECORD PERIOD 1938 TO 2016


WEATHER ITEM   OBSERVED TIME   RECORD YEAR NORMAL DEPARTURE LAST
                VALUE   (LST)  VALUE       VALUE  FROM      YEAR
                                                  NORMAL
..................................................................
TEMPERATURE (F)
 YESTERDAY
  MAXIMUM         30    324 PM  61    1971  38     -8       51
  MINIMUM         22    319 AM -11    1999  17      5       30
  AVERAGE         26                        27     -1       41

PRECIPITATION (IN)
  YESTERDAY        0.00          0.48 1941   0.03  -0.03      T
  MONTH TO DATE    0.12                      0.35  -0.23     0.75
  SINCE OCT 1      6.47                      5.04   1.43     5.65
  SINCE JAN 1      1.60                      1.54   0.06     1.15

DEGREE DAYS
 HEATING
  YESTERDAY       39                        38      1       24
  MONTH TO DATE  308                       384    -76      205
  SINCE DEC 1   2707                      2896   -189     2252
  SINCE JUL 1   4568                      4897   -329     3982

 COOLING
  YESTERDAY        0                         0      0        0
  MONTH TO DATE    0                         0      0        0
  SINCE DEC 1      0                         0      0        0
  SINCE JAN 1      0                         0      0        0
..................................................................


WIND (MPH)
  HIGHEST WIND SPEED     8   HIGHEST WIND DIRECTION     W (260)
  HIGHEST GUST SPEED     9   HIGHEST GUST DIRECTION     W (260)
  AVERAGE WIND SPEED     1.8


SKY COVER
  POSSIBLE SUNSHINE  MM
  AVERAGE SKY COVER 0.8


WEATHER CONDITIONS
 THE FOLLOWING WEATHER WAS RECORDED YESTERDAY.
  FOG
  FOG W/VISIBILITY <= 1/4 MILE


RELATIVE HUMIDITY (PERCENT)
 HIGHEST    96           400 AM
 LOWEST     84           800 AM
 AVERAGE    90

..........................................................


THE BURNS OR CLIMATE NORMALS FOR TODAY
                         NORMAL    RECORD    YEAR
 MAXIMUM TEMPERATURE (F)   38        59      1971
 MINIMUM TEMPERATURE (F)   17       -11      1999


SUNRISE AND SUNSET
FEBRUARY 11 2016......SUNRISE   700 AM PST   SUNSET   520 PM PST
FEBRUARY 12 2016......SUNRISE   659 AM PST   SUNSET   522 PM PST


-  INDICATES NEGATIVE NUMBERS.
R  INDICATES RECORD WAS SET OR TIED.
MM INDICATES DATA IS MISSING.
T  INDICATES TRACE AMOUNT.




$$
