000
CDUS45 KBOI 300121
CLIBNO


CLIMATE REPORT
NATIONAL WEATHER SERVICE BOISE ID
721 PM MDT WED MAR 29 2017


...................................

...THE BURNS OR CLIMATE SUMMARY FOR MARCH 29 2017...
VALID TODAY AS OF 0600 PM LOCAL TIME.

CLIMATE NORMAL PERIOD 1981 TO 2010
CLIMATE RECORD PERIOD 1938 TO 2017


WEATHER ITEM   OBSERVED TIME   RECORD YEAR NORMAL DEPARTURE LAST
                VALUE   (LST)  VALUE       VALUE  FROM      YEAR
                                                  NORMAL
..................................................................
TEMPERATURE (F)
 TODAY
  MAXIMUM         52   1157 AM  75    1966  53     -1       52
  MINIMUM         36   1231 AM  13    2008  27      9       31
  AVERAGE         44                        40      4       42

PRECIPITATION (IN)
  TODAY            0.14          0.49 1974   0.03   0.11     0.00
  MONTH TO DATE    1.41                      1.03   0.38     1.33
  SINCE OCT 1      9.92                      6.74   3.18     7.92
  SINCE JAN 1      6.41                      3.24   3.17     3.05

DEGREE DAYS
 HEATING
  TODAY           21                        25     -4       23
  MONTH TO DATE  746                       809    -63      705
  SINCE MAR 1    746                       809    -63      705
  SINCE JUL 1   6620                      6337    283     5866

 COOLING
  TODAY            0                         0      0        0
  MONTH TO DATE    0                         0      0        0
  SINCE MAR 1      0                         0      0        0
  SINCE JAN 1      0                         0      0        0
..................................................................


WIND (MPH)
  HIGHEST WIND SPEED    22   HIGHEST WIND DIRECTION    SW (240)
  HIGHEST GUST SPEED    28   HIGHEST GUST DIRECTION    SW (240)
  AVERAGE WIND SPEED     6.0



WEATHER CONDITIONS
 THE FOLLOWING WEATHER WAS RECORDED TODAY.
  LIGHT RAIN
  FOG


RELATIVE HUMIDITY (PERCENT)
 HIGHEST    92          1200 AM
 LOWEST     59          1100 AM
 AVERAGE    76

..........................................................


THE BURNS OR CLIMATE NORMALS FOR TOMORROW
                         NORMAL    RECORD    YEAR
 MAXIMUM TEMPERATURE (F)   53        75      1966
 MINIMUM TEMPERATURE (F)   27        16      2008


SUNRISE AND SUNSET
MARCH 29 2017.........SUNRISE   642 AM PDT   SUNSET   719 PM PDT
MARCH 30 2017.........SUNRISE   640 AM PDT   SUNSET   721 PM PDT


-  INDICATES NEGATIVE NUMBERS.
R  INDICATES RECORD WAS SET OR TIED.
MM INDICATES DATA IS MISSING.
T  INDICATES TRACE AMOUNT.




$$
