000
CDUS45 KBOI 280931
CLIBNO


CLIMATE REPORT
NATIONAL WEATHER SERVICE BOISE ID
331 AM MDT SUN AUG 28 2016


...................................

...THE BURNS OR CLIMATE SUMMARY FOR AUGUST 27 2016...

CLIMATE NORMAL PERIOD 1981 TO 2010
CLIMATE RECORD PERIOD 1938 TO 2016


WEATHER ITEM   OBSERVED TIME   RECORD YEAR NORMAL DEPARTURE LAST
                VALUE   (LST)  VALUE       VALUE  FROM      YEAR
                                                  NORMAL
..................................................................
TEMPERATURE (F)
 YESTERDAY
  MAXIMUM         89    402 PM  95    1986  82      7       90
                                      1974
  MINIMUM         38    533 AM  32    1995  42     -4       43
                                      1960
  AVERAGE         64                        62      2       67

PRECIPITATION (IN)
  YESTERDAY        0.00          0.11 1996   0.01  -0.01     0.00
  MONTH TO DATE    T                         0.31  -0.31     0.21
  SINCE OCT 1      9.26                     10.43  -1.17     9.28
  SINCE JAN 1      4.39                      6.93  -2.54     4.78

DEGREE DAYS
 HEATING
  YESTERDAY        1                         4     -3        0
  MONTH TO DATE   54                        60     -6       16
  SINCE JUN 1    291                       336    -45       93
  SINCE JUL 1    111                       118     -7       44

 COOLING
  YESTERDAY        0                         1     -1        2
  MONTH TO DATE   90                        69     21       87
  SINCE JUN 1    226                       198     28      309
  SINCE JAN 1    226                       201     25      312
..................................................................


WIND (MPH)
  HIGHEST WIND SPEED    20   HIGHEST WIND DIRECTION    SW (220)
  HIGHEST GUST SPEED    24   HIGHEST GUST DIRECTION     S (200)
  AVERAGE WIND SPEED     7.1


SKY COVER
  POSSIBLE SUNSHINE  MM
  AVERAGE SKY COVER 0.0


WEATHER CONDITIONS
 THE FOLLOWING WEATHER WAS RECORDED YESTERDAY.
  NO SIGNIFICANT WEATHER WAS OBSERVED.


RELATIVE HUMIDITY (PERCENT)
 HIGHEST    54           500 AM
 LOWEST     10           100 PM
 AVERAGE    32

..........................................................


THE BURNS OR CLIMATE NORMALS FOR TODAY
                         NORMAL    RECORD    YEAR
 MAXIMUM TEMPERATURE (F)   82        96      1998
 MINIMUM TEMPERATURE (F)   42        31      1995


SUNRISE AND SUNSET
AUGUST 28 2016........SUNRISE   616 AM PDT   SUNSET   737 PM PDT
AUGUST 29 2016........SUNRISE   617 AM PDT   SUNSET   735 PM PDT


-  INDICATES NEGATIVE NUMBERS.
R  INDICATES RECORD WAS SET OR TIED.
MM INDICATES DATA IS MISSING.
T  INDICATES TRACE AMOUNT.




$$
