000
CDUS45 KBOI 030930
CLIBNO


CLIMATE REPORT
NATIONAL WEATHER SERVICE BOISE ID
230 AM MST TUE MAR 3 2015


...................................

...THE BURNS OR CLIMATE SUMMARY FOR MARCH 2 2015...

CLIMATE NORMAL PERIOD 1981 TO 2010
CLIMATE RECORD PERIOD 1939 TO 2015


WEATHER ITEM   OBSERVED TIME   RECORD YEAR NORMAL DEPARTURE LAST
                VALUE   (LST)  VALUE       VALUE  FROM      YEAR
                                                  NORMAL
..................................................................
TEMPERATURE (F)
 YESTERDAY
  MAXIMUM         46    225 PM  62    1994  45      1       50
                                      1968
  MINIMUM         19    525 AM   7    1993  22     -3       33
                                      1971
                                      1966
  AVERAGE         33                        33      0       42

PRECIPITATION (IN)
  YESTERDAY       MM             0.27 2010   0.04  MM        0.03
  MONTH TO DATE   MM                         0.08  MM        0.08
  SINCE OCT 1      5.65                      5.79  -0.14     3.17
  SINCE JAN 1      1.15                      2.29  -1.14     2.20

DEGREE DAYS
 HEATING
  YESTERDAY       32                        32      0       23
  MONTH TO DATE   69                        64      5       49
  SINCE MAR 1     69                        64      5       49
  SINCE JUL 1   4543                      5592  -1049     5332

 COOLING
  YESTERDAY        0                         0      0        0
  MONTH TO DATE    0                         0      0        0
  SINCE MAR 1      0                         0      0        0
  SINCE JAN 1      0                         0      0        0
..................................................................


WIND (MPH)
  HIGHEST WIND SPEED    18   HIGHEST WIND DIRECTION    NW (320)
  HIGHEST GUST SPEED    26   HIGHEST GUST DIRECTION    NW (320)
  AVERAGE WIND SPEED     7.2


SKY COVER
  POSSIBLE SUNSHINE  MM
  AVERAGE SKY COVER 0.3


WEATHER CONDITIONS
 THE FOLLOWING WEATHER WAS RECORDED YESTERDAY.
  NO SIGNIFICANT WEATHER WAS OBSERVED.


RELATIVE HUMIDITY (PERCENT)
 HIGHEST    84          1200 AM
 LOWEST     34           200 PM
 AVERAGE    59

..........................................................


THE BURNS OR CLIMATE NORMALS FOR TODAY
                         NORMAL    RECORD    YEAR
 MAXIMUM TEMPERATURE (F)   45        64      1968
 MINIMUM TEMPERATURE (F)   23         4      2001


SUNRISE AND SUNSET
MARCH  3 2015.........SUNRISE   629 AM PST   SUNSET   547 PM PST
MARCH  4 2015.........SUNRISE   627 AM PST   SUNSET   548 PM PST


-  INDICATES NEGATIVE NUMBERS.
R  INDICATES RECORD WAS SET OR TIED.
MM INDICATES DATA IS MISSING.
T  INDICATES TRACE AMOUNT.




$$
