000
CDUS45 KBOI 010934
CLIBNO


CLIMATE REPORT
NATIONAL WEATHER SERVICE BOISE ID
333 AM MDT SAT NOV 1 2014


...................................

...THE BURNS OR CLIMATE SUMMARY FOR OCTOBER 31 2014...

CLIMATE NORMAL PERIOD 1981 TO 2010
CLIMATE RECORD PERIOD 1939 TO 2014


WEATHER ITEM   OBSERVED TIME   RECORD YEAR NORMAL DEPARTURE LAST
                VALUE   (LST)  VALUE       VALUE  FROM      YEAR
                                                  NORMAL
..................................................................
TEMPERATURE (F)
 YESTERDAY
  MAXIMUM         65   1110 AM  73    1967  54     11       59
  MINIMUM         42   1159 PM  -7    2002  25     17       23
  AVERAGE         54                        39     15       41

PRECIPITATION (IN)
  YESTERDAY        0.22          0.38 1944   0.03   0.19     0.01
  MONTH TO DATE    1.15                      0.78   0.37     0.30
  SINCE OCT 1      1.15                      0.78   0.37     0.30
  SINCE JAN 1      7.40                      8.20  -0.80     6.23

DEGREE DAYS
 HEATING
  YESTERDAY       11                        26    -15       24
  MONTH TO DATE  501                       632   -131      729
  SINCE SEP 1    695                       913   -218      985
  SINCE JUL 1    760                      1050   -290     1021

 COOLING
  YESTERDAY        0                         0      0        0
  MONTH TO DATE    0                         0      0        0
  SINCE SEP 1      5                         9     -4       21
  SINCE JAN 1    318                       215    103      372
..................................................................


WIND (MPH)
  HIGHEST WIND SPEED    21   HIGHEST WIND DIRECTION     S (160)
  HIGHEST GUST SPEED    26   HIGHEST GUST DIRECTION     S (160)
  AVERAGE WIND SPEED     8.6


SKY COVER
  POSSIBLE SUNSHINE  MM
  AVERAGE SKY COVER 0.8


WEATHER CONDITIONS
 THE FOLLOWING WEATHER WAS RECORDED YESTERDAY.
  RAIN
  LIGHT RAIN
  FOG


RELATIVE HUMIDITY (PERCENT)
 HIGHEST    89           700 PM
 LOWEST     32          1100 AM
 AVERAGE    61

..........................................................


THE BURNS OR CLIMATE NORMALS FOR TODAY
                         NORMAL    RECORD    YEAR
 MAXIMUM TEMPERATURE (F)   53        70      1949
 MINIMUM TEMPERATURE (F)   25        -1      2002
                                             1995


SUNRISE AND SUNSET
NOVEMBER  1 2014......SUNRISE   732 AM PDT   SUNSET   547 PM PDT
NOVEMBER  2 2014......SUNRISE   633 AM PST   SUNSET   445 PM PST


-  INDICATES NEGATIVE NUMBERS.
R  INDICATES RECORD WAS SET OR TIED.
MM INDICATES DATA IS MISSING.
T  INDICATES TRACE AMOUNT.




$$
