434
CDUS45 KBOI 270936
CLIBNO


CLIMATE REPORT
NATIONAL WEATHER SERVICE BOISE ID
334 AM MDT WED JUL 27 2016


...................................

...THE BURNS OR CLIMATE SUMMARY FOR JULY 26 2016...

CLIMATE NORMAL PERIOD 1981 TO 2010
CLIMATE RECORD PERIOD 1938 TO 2016


WEATHER ITEM   OBSERVED TIME   RECORD YEAR NORMAL DEPARTURE LAST
                VALUE   (LST)  VALUE       VALUE  FROM      YEAR
                                                  NORMAL
..................................................................
TEMPERATURE (F)
 YESTERDAY
  MAXIMUM         95    410 PM  98    1939  88      7       79
  MINIMUM         52    459 AM  37    2005  48      4       43
  AVERAGE         74                        68      6       61

PRECIPITATION (IN)
  YESTERDAY        0.00          0.64 1946   0.01  -0.01      T
  MONTH TO DATE    0.14                      0.33  -0.19     0.51
  SINCE OCT 1      9.26                     10.05  -0.79     9.07
  SINCE JAN 1      4.39                      6.55  -2.16     4.57

DEGREE DAYS
 HEATING
  YESTERDAY        0                         1     -1        4
  MONTH TO DATE   57                        52      5       14
  SINCE JUN 1    237                       270    -33       63
  SINCE JUL 1     57                        52      5       14

 COOLING
  YESTERDAY        9                         4      5        0
  MONTH TO DATE   35                        86    -51       98
  SINCE JUN 1     93                       106    -13      208
  SINCE JAN 1     93                       109    -16      211
..................................................................


WIND (MPH)
  HIGHEST WIND SPEED    18   HIGHEST WIND DIRECTION    NW (300)
  HIGHEST GUST SPEED    22   HIGHEST GUST DIRECTION     W (290)
  AVERAGE WIND SPEED     7.8


SKY COVER
  POSSIBLE SUNSHINE  MM
  AVERAGE SKY COVER 0.0


WEATHER CONDITIONS
 THE FOLLOWING WEATHER WAS RECORDED YESTERDAY.
  NO SIGNIFICANT WEATHER WAS OBSERVED.


RELATIVE HUMIDITY (PERCENT)
 HIGHEST    63           500 AM
 LOWEST      9           300 PM
 AVERAGE    36

..........................................................


THE BURNS OR CLIMATE NORMALS FOR TODAY
                         NORMAL    RECORD    YEAR
 MAXIMUM TEMPERATURE (F)   88       101      1939
 MINIMUM TEMPERATURE (F)   48        39      1993


SUNRISE AND SUNSET
JULY 27 2016..........SUNRISE   540 AM PDT   SUNSET   824 PM PDT
JULY 28 2016..........SUNRISE   541 AM PDT   SUNSET   822 PM PDT


-  INDICATES NEGATIVE NUMBERS.
R  INDICATES RECORD WAS SET OR TIED.
MM INDICATES DATA IS MISSING.
T  INDICATES TRACE AMOUNT.




$$
