000
CDUS45 KBOI 220931
CLIBNO


CLIMATE REPORT
NATIONAL WEATHER SERVICE BOISE ID
330 AM MDT TUE JUL 22 2014


...................................

...THE BURNS OR CLIMATE SUMMARY FOR JULY 21 2014...

CLIMATE NORMAL PERIOD 1981 TO 2010
CLIMATE RECORD PERIOD 1939 TO 2014


WEATHER ITEM   OBSERVED TIME   RECORD YEAR NORMAL DEPARTURE LAST
                VALUE   (LST)  VALUE       VALUE  FROM      YEAR
                                                  NORMAL
..................................................................
TEMPERATURE (F)
 YESTERDAY
  MAXIMUM         85    323 PM 103    2006  88     -3       98
  MINIMUM         47    501 AM  36    1972  48     -1       49
  AVERAGE         66                        68     -2       74

PRECIPITATION (IN)
  YESTERDAY        T             1.00 1971   0.02  -0.02     0.00
  MONTH TO DATE    0.32                      0.28   0.04      T
  SINCE OCT 1      6.69                     10.00  -3.31     7.31
  SINCE JAN 1      5.72                      6.50  -0.78     3.41

DEGREE DAYS
 HEATING
  YESTERDAY        0                         1     -1        0
  MONTH TO DATE    0                        47    -47        3
  SINCE JUN 1    185                       265    -80      191
  SINCE JUL 1      0                        47    -47        3

 COOLING
  YESTERDAY        1                         4     -3        9
  MONTH TO DATE  148                        66     82      159
  SINCE JUN 1    156                        86     70      213
  SINCE JAN 1    156                        89     67      214
..................................................................


WIND (MPH)
  HIGHEST WIND SPEED    25   HIGHEST WIND DIRECTION    SE (140)
  HIGHEST GUST SPEED    32   HIGHEST GUST DIRECTION    SE (140)
  AVERAGE WIND SPEED     8.5


SKY COVER
  POSSIBLE SUNSHINE  MM
  AVERAGE SKY COVER 0.2


WEATHER CONDITIONS
 THE FOLLOWING WEATHER WAS RECORDED YESTERDAY.
  NO SIGNIFICANT WEATHER WAS OBSERVED.


RELATIVE HUMIDITY (PERCENT)
 HIGHEST    71           500 AM
 LOWEST     23           300 PM
 AVERAGE    47

..........................................................


THE BURNS OR CLIMATE NORMALS FOR TODAY
                         NORMAL    RECORD    YEAR
 MAXIMUM TEMPERATURE (F)   88       106      2003
 MINIMUM TEMPERATURE (F)   48        38      2001
                                             1999
                                             1972


SUNRISE AND SUNSET
JULY 22 2014..........SUNRISE   535 AM PDT   SUNSET   829 PM PDT
JULY 23 2014..........SUNRISE   536 AM PDT   SUNSET   828 PM PDT


-  INDICATES NEGATIVE NUMBERS.
R  INDICATES RECORD WAS SET OR TIED.
MM INDICATES DATA IS MISSING.
T  INDICATES TRACE AMOUNT.




$$
