000
CDUS45 KBOI 190931
CLIBNO


CLIMATE REPORT
NATIONAL WEATHER SERVICE BOISE ID
231 AM MST FRI JAN 19 2018


...................................

...THE BURNS OR CLIMATE SUMMARY FOR JANUARY 18 2018...

CLIMATE NORMAL PERIOD 1981 TO 2010
CLIMATE RECORD PERIOD 1938 TO 2018


WEATHER ITEM   OBSERVED TIME   RECORD YEAR NORMAL DEPARTURE LAST
                VALUE   (LST)  VALUE       VALUE  FROM      YEAR
                                                  NORMAL
..................................................................
TEMPERATURE (F)
 YESTERDAY
  MAXIMUM         41    755 AM  52    1994  35      6       33
  MINIMUM         31   1225 AM -16    1943  15     16       23
  AVERAGE         36                        25     11       28

PRECIPITATION (IN)
  YESTERDAY        0.35          0.66 2012   0.04   0.31     0.38
  MONTH TO DATE    0.81                      0.75   0.06     2.56
  SINCE OCT 1      3.47                      4.25  -0.78     6.07
  SINCE JAN 1      0.81                      0.75   0.06     2.56

DEGREE DAYS
 HEATING
  YESTERDAY       29                        40    -11       37
  MONTH TO DATE  590                       731   -141     1008
  SINCE DEC 1   1922                      1997    -75     2357
  SINCE JUL 1   3838                      3998   -160     4170

 COOLING
  YESTERDAY        0                         0      0        0
  MONTH TO DATE    0                         0      0        0
  SINCE DEC 1      0                         0      0        0
  SINCE JAN 1      0                         0      0        0
..................................................................


WIND (MPH)
  HIGHEST WIND SPEED    15   HIGHEST WIND DIRECTION     W (290)
  HIGHEST GUST SPEED    21   HIGHEST GUST DIRECTION     W (280)
  AVERAGE WIND SPEED     5.8


SKY COVER
  POSSIBLE SUNSHINE  MM
  AVERAGE SKY COVER 0.8


WEATHER CONDITIONS
 THE FOLLOWING WEATHER WAS RECORDED YESTERDAY.
  RAIN
  LIGHT RAIN
  LIGHT SNOW
  FOG


RELATIVE HUMIDITY (PERCENT)
 HIGHEST   100          1100 AM
 LOWEST     89          1200 AM
 AVERAGE    95

..........................................................


THE BURNS OR CLIMATE NORMALS FOR TODAY
                         NORMAL    RECORD    YEAR
 MAXIMUM TEMPERATURE (F)   35        50      1994
 MINIMUM TEMPERATURE (F)   15        -8      2013
                                             1984


SUNRISE AND SUNSET
JANUARY 19 2018.......SUNRISE   724 AM PST   SUNSET   450 PM PST
JANUARY 20 2018.......SUNRISE   723 AM PST   SUNSET   451 PM PST


-  INDICATES NEGATIVE NUMBERS.
R  INDICATES RECORD WAS SET OR TIED.
MM INDICATES DATA IS MISSING.
T  INDICATES TRACE AMOUNT.




$$
