000
CDUS45 KBOI 010127
CLIBNO


CLIMATE REPORT
NATIONAL WEATHER SERVICE BOISE ID
727 PM MDT TUE JUN 30 2015


...................................

...THE BURNS OR CLIMATE SUMMARY FOR JUNE 30 2015...
VALID TODAY AS OF 0600 PM LOCAL TIME.

CLIMATE NORMAL PERIOD 1981 TO 2010
CLIMATE RECORD PERIOD 1938 TO 2015


WEATHER ITEM   OBSERVED TIME   RECORD YEAR NORMAL DEPARTURE LAST
                VALUE   (LST)  VALUE       VALUE  FROM      YEAR
                                                  NORMAL
..................................................................
TEMPERATURE (F)
 TODAY
  MAXIMUM         98    429 PM 100    2013  81     17       82
  MINIMUM         56    447 AM  32    1988  45     11       37
                                      1949
  AVERAGE         77                        63     14       60

PRECIPITATION (IN)
  TODAY            0.00          0.86 1992   0.01  -0.01     0.00
  MONTH TO DATE    T                         0.76  -0.76     0.44
  SINCE OCT 1      8.56                      9.72  -1.16     6.37
  SINCE JAN 1      4.06                      6.22  -2.16     5.40

DEGREE DAYS
 HEATING
  TODAY            0                         4     -4        5
  MONTH TO DATE   49                       219   -170      185
  SINCE JUN 1     49                       218   -169      185
  SINCE JUL 1   6217                      7688  -1471     7293

 COOLING
  TODAY           12                         2     10        0
  MONTH TO DATE  110                        20     90        8
  SINCE JUN 1    110                        20     90        8
  SINCE JAN 1    113                        23     90        8
..................................................................


WIND (MPH)
  HIGHEST WIND SPEED    17   HIGHEST WIND DIRECTION    SW (220)
  HIGHEST GUST SPEED    21   HIGHEST GUST DIRECTION     W (270)
  AVERAGE WIND SPEED     5.8



WEATHER CONDITIONS
 THE FOLLOWING WEATHER WAS RECORDED TODAY.
  NO SIGNIFICANT WEATHER WAS OBSERVED.


RELATIVE HUMIDITY (PERCENT)
 HIGHEST    62           500 AM
 LOWEST      9           100 PM
 AVERAGE    36

..........................................................


THE BURNS OR CLIMATE NORMALS FOR TOMORROW
                         NORMAL    RECORD    YEAR
 MAXIMUM TEMPERATURE (F)   81       102      2013
 MINIMUM TEMPERATURE (F)   45        33      1976


SUNRISE AND SUNSET
JUNE 30 2015..........SUNRISE   518 AM PDT   SUNSET   841 PM PDT
JULY  1 2015..........SUNRISE   518 AM PDT   SUNSET   841 PM PDT


-  INDICATES NEGATIVE NUMBERS.
R  INDICATES RECORD WAS SET OR TIED.
MM INDICATES DATA IS MISSING.
T  INDICATES TRACE AMOUNT.




$$
