000
CDUS45 KBOI 050932
CLIBNO


CLIMATE REPORT
NATIONAL WEATHER SERVICE BOISE ID
331 AM MDT SAT SEP 5 2015


...................................

...THE BURNS OR CLIMATE SUMMARY FOR SEPTEMBER 4 2015...

CLIMATE NORMAL PERIOD 1981 TO 2010
CLIMATE RECORD PERIOD 1938 TO 2015


WEATHER ITEM   OBSERVED TIME   RECORD YEAR NORMAL DEPARTURE LAST
                VALUE   (LST)  VALUE       VALUE  FROM      YEAR
                                                  NORMAL
..................................................................
TEMPERATURE (F)
 YESTERDAY
  MAXIMUM         58    921 AM  97    1998  80    -22       74
  MINIMUM         34    229 AM  27    1999  40     -6       30
  AVERAGE         46                        60    -14       52

PRECIPITATION (IN)
  YESTERDAY        0.09          0.63 1940   0.01   0.08     0.00
  MONTH TO DATE    0.12                      0.05   0.07     0.00
  SINCE OCT 1      9.40                     10.53  -1.13     6.96
  SINCE JAN 1      4.90                      7.03  -2.13     5.99

DEGREE DAYS
 HEATING
  YESTERDAY       19                         6     13       13
  MONTH TO DATE   40                        22     18       34
  SINCE SEP 1     40                        22     18       34
  SINCE JUL 1    101                       159    -58       99

 COOLING
  YESTERDAY        0                         1     -1        0
  MONTH TO DATE    0                         4     -4        0
  SINCE SEP 1      0                         4     -4        0
  SINCE JAN 1    313                       210    103      313
..................................................................


WIND (MPH)
  HIGHEST WIND SPEED    29   HIGHEST WIND DIRECTION    SW (230)
  HIGHEST GUST SPEED    42   HIGHEST GUST DIRECTION    SW (220)
  AVERAGE WIND SPEED     8.6


SKY COVER
  POSSIBLE SUNSHINE  MM
  AVERAGE SKY COVER 0.7


WEATHER CONDITIONS
 THE FOLLOWING WEATHER WAS RECORDED YESTERDAY.
  LIGHT RAIN
  FOG


RELATIVE HUMIDITY (PERCENT)
 HIGHEST    86          1100 PM
 LOWEST     35           900 AM
 AVERAGE    61

..........................................................


THE BURNS OR CLIMATE NORMALS FOR TODAY
                         NORMAL    RECORD    YEAR
 MAXIMUM TEMPERATURE (F)   79        99      1955
 MINIMUM TEMPERATURE (F)   40        28      2010


SUNRISE AND SUNSET
SEPTEMBER  5 2015.....SUNRISE   624 AM PDT   SUNSET   724 PM PDT
SEPTEMBER  6 2015.....SUNRISE   625 AM PDT   SUNSET   723 PM PDT


-  INDICATES NEGATIVE NUMBERS.
R  INDICATES RECORD WAS SET OR TIED.
MM INDICATES DATA IS MISSING.
T  INDICATES TRACE AMOUNT.




$$
