000
CDUS45 KBOI 210932
CLIBNO


CLIMATE REPORT
NATIONAL WEATHER SERVICE BOISE ID
332 AM MDT SUN SEP 21 2014


...................................

...THE BURNS OR CLIMATE SUMMARY FOR SEPTEMBER 20 2014...

CLIMATE NORMAL PERIOD 1981 TO 2010
CLIMATE RECORD PERIOD 1939 TO 2014


WEATHER ITEM   OBSERVED TIME   RECORD YEAR NORMAL DEPARTURE LAST
                VALUE   (LST)  VALUE       VALUE  FROM      YEAR
                                                  NORMAL
..................................................................
TEMPERATURE (F)
 YESTERDAY
  MAXIMUM         87        MM  92    1939  74     13       83
  MINIMUM         41        MM  20    1983  35      6       30
  AVERAGE         64                        54     10       57

PRECIPITATION (IN)
  YESTERDAY        0.00          0.10 1945   0.01  -0.01     0.00
  MONTH TO DATE    0.00                      0.28  -0.28     0.66
  SINCE OCT 1      6.96                     10.76  -3.80     8.48
  SINCE JAN 1      5.99                      7.26  -1.27     4.58

DEGREE DAYS
 HEATING
  YESTERDAY        1                        11    -10        8
  MONTH TO DATE  115                       154    -39       86
  SINCE SEP 1    115                       154    -39       86
  SINCE JUL 1    180                       291   -111      122

 COOLING
  YESTERDAY        0                         0      0        0
  MONTH TO DATE    5                         7     -2       21
  SINCE SEP 1      5                         7     -2       21
  SINCE JAN 1    318                       213    105      372
..................................................................


WIND (MPH)
  HIGHEST WIND SPEED     9   HIGHEST WIND DIRECTION    NE (50)
  HIGHEST GUST SPEED    MM   HIGHEST GUST DIRECTION    MM
  AVERAGE WIND SPEED     5.9


SKY COVER
  POSSIBLE SUNSHINE  MM
  AVERAGE SKY COVER 0.0


WEATHER CONDITIONS
 THE FOLLOWING WEATHER WAS RECORDED YESTERDAY.
  NO SIGNIFICANT WEATHER WAS OBSERVED.


RELATIVE HUMIDITY (PERCENT)
 HIGHEST    76           500 AM
 LOWEST     18           400 PM
 AVERAGE    47

..........................................................


THE BURNS OR CLIMATE NORMALS FOR TODAY
                         NORMAL    RECORD    YEAR
 MAXIMUM TEMPERATURE (F)   74        90      1967
 MINIMUM TEMPERATURE (F)   34        19      1993


SUNRISE AND SUNSET
SEPTEMBER 21 2014.....SUNRISE   642 AM PDT   SUNSET   655 PM PDT
SEPTEMBER 22 2014.....SUNRISE   643 AM PDT   SUNSET   653 PM PDT


-  INDICATES NEGATIVE NUMBERS.
R  INDICATES RECORD WAS SET OR TIED.
MM INDICATES DATA IS MISSING.
T  INDICATES TRACE AMOUNT.




$$
