000
CDUS45 KBOI 260933
CLIBNO


CLIMATE REPORT
NATIONAL WEATHER SERVICE BOISE ID
332 AM MDT THU MAY 26 2016


...................................

...THE BURNS OR CLIMATE SUMMARY FOR MAY 25 2016...

CLIMATE NORMAL PERIOD 1981 TO 2010
CLIMATE RECORD PERIOD 1938 TO 2016


WEATHER ITEM   OBSERVED TIME   RECORD YEAR NORMAL DEPARTURE LAST
                VALUE   (LST)  VALUE       VALUE  FROM      YEAR
                                                  NORMAL
..................................................................
TEMPERATURE (F)
 YESTERDAY
  MAXIMUM         67    243 PM  90    1992  69     -2       74
  MINIMUM         43   1217 AM  23    1975  39      4       43
  AVERAGE         55                        54      1       59

PRECIPITATION (IN)
  YESTERDAY        0.00          0.49 2011   0.04  -0.04     0.00
  MONTH TO DATE    0.69                      0.97  -0.28     1.68
  SINCE OCT 1      8.72                      8.70   0.02     8.43
  SINCE JAN 1      3.85                      5.20  -1.35     3.93

DEGREE DAYS
 HEATING
  YESTERDAY       10                        12     -2        6
  MONTH TO DATE  331                       364    -33      310
  SINCE MAR 1   1547                      1876   -329     1671
  SINCE JUL 1   6708                      7404   -696     6145

 COOLING
  YESTERDAY        0                         0      0        0
  MONTH TO DATE    0                         0      0        0
  SINCE MAR 1      0                         0      0        0
  SINCE JAN 1      0                         0      0        0
..................................................................


WIND (MPH)
  HIGHEST WIND SPEED    13   HIGHEST WIND DIRECTION     W (290)
  HIGHEST GUST SPEED    17   HIGHEST GUST DIRECTION     S (180)
  AVERAGE WIND SPEED     7.0


SKY COVER
  POSSIBLE SUNSHINE  MM
  AVERAGE SKY COVER 0.7


WEATHER CONDITIONS
 THE FOLLOWING WEATHER WAS RECORDED YESTERDAY.
  NO SIGNIFICANT WEATHER WAS OBSERVED.


RELATIVE HUMIDITY (PERCENT)
 HIGHEST    82          1200 AM
 LOWEST     29           300 PM
 AVERAGE    56

..........................................................


THE BURNS OR CLIMATE NORMALS FOR TODAY
                         NORMAL    RECORD    YEAR
 MAXIMUM TEMPERATURE (F)   69        89      1986
 MINIMUM TEMPERATURE (F)   39        29      1989


SUNRISE AND SUNSET
MAY 26 2016...........SUNRISE   521 AM PDT   SUNSET   826 PM PDT
MAY 27 2016...........SUNRISE   520 AM PDT   SUNSET   827 PM PDT


-  INDICATES NEGATIVE NUMBERS.
R  INDICATES RECORD WAS SET OR TIED.
MM INDICATES DATA IS MISSING.
T  INDICATES TRACE AMOUNT.




$$
