000
CDUS45 KBOI 250931
CLIBNO


CLIMATE REPORT
NATIONAL WEATHER SERVICE BOISE ID
330 AM MDT TUE JUL 25 2017


...................................

...THE BURNS OR CLIMATE SUMMARY FOR JULY 24 2017...

CLIMATE NORMAL PERIOD 1981 TO 2010
CLIMATE RECORD PERIOD 1938 TO 2017


WEATHER ITEM   OBSERVED TIME   RECORD YEAR NORMAL DEPARTURE LAST
                VALUE   (LST)  VALUE       VALUE  FROM      YEAR
                                                  NORMAL
..................................................................
TEMPERATURE (F)
 YESTERDAY
  MAXIMUM         93    146 PM  98    2004  88      5       91
  MINIMUM         60    409 AM  37    2014  48     12       42
                                      2008
  AVERAGE         77                        68      9       67

PRECIPITATION (IN)
  YESTERDAY        T             0.19 2003   0.01  -0.01     0.00
  MONTH TO DATE    T                         0.31  -0.31     0.14
  SINCE OCT 1     11.85                     10.03   1.82     9.26
  SINCE JAN 1      8.34                      6.53   1.81     4.39

DEGREE DAYS
 HEATING
  YESTERDAY        0                         1     -1        0
  MONTH TO DATE    0                        50    -50       57
  SINCE JUN 1    183                       268    -85      237
  SINCE JUL 1      0                        50    -50       57

 COOLING
  YESTERDAY       12                         4      8        2
  MONTH TO DATE  122                        78     44       19
  SINCE JUN 1    149                        98     51       77
  SINCE JAN 1    150                       101     49       77
..................................................................


WIND (MPH)
  HIGHEST WIND SPEED    29   HIGHEST WIND DIRECTION    NW (330)
  HIGHEST GUST SPEED    37   HIGHEST GUST DIRECTION    NW (320)
  AVERAGE WIND SPEED     7.6


SKY COVER
  POSSIBLE SUNSHINE  MM
  AVERAGE SKY COVER 0.1


WEATHER CONDITIONS
 THE FOLLOWING WEATHER WAS RECORDED YESTERDAY.
  THUNDERSTORM
  LIGHT RAIN


RELATIVE HUMIDITY (PERCENT)
 HIGHEST    51           400 AM
 LOWEST     14           100 PM
 AVERAGE    33

..........................................................


THE BURNS OR CLIMATE NORMALS FOR TODAY
                         NORMAL    RECORD    YEAR
 MAXIMUM TEMPERATURE (F)   88        97      2013
                                             1988
 MINIMUM TEMPERATURE (F)   48        37      1993


SUNRISE AND SUNSET
JULY 25 2017..........SUNRISE   538 AM PDT   SUNSET   826 PM PDT
JULY 26 2017..........SUNRISE   539 AM PDT   SUNSET   825 PM PDT


-  INDICATES NEGATIVE NUMBERS.
R  INDICATES RECORD WAS SET OR TIED.
MM INDICATES DATA IS MISSING.
T  INDICATES TRACE AMOUNT.




$$
