000
CDUS45 KBOI 190931
CLIBNO


CLIMATE REPORT
NATIONAL WEATHER SERVICE BOISE ID
331 AM MDT SAT APR 19 2014


...................................

...THE BURNS OR CLIMATE SUMMARY FOR APRIL 18 2014...

CLIMATE NORMAL PERIOD 1981 TO 2010
CLIMATE RECORD PERIOD 1939 TO 2014


WEATHER ITEM   OBSERVED TIME   RECORD YEAR NORMAL DEPARTURE LAST
                VALUE   (LST)  VALUE       VALUE  FROM      YEAR
                                                  NORMAL
..................................................................
TEMPERATURE (F)
 YESTERDAY
  MAXIMUM         59    456 PM  79    1994  58      1       60
  MINIMUM         27    459 AM  17    1972  29     -2       19
  AVERAGE         43                        43      0       40

PRECIPITATION (IN)
  YESTERDAY        0.00          0.38 1965   0.03  -0.03     0.00
  MONTH TO DATE    0.48                      0.56  -0.08     0.37
  SINCE OCT 1      4.89                      7.36  -2.47     5.19
  SINCE JAN 1      3.92                      3.86   0.06     1.29

DEGREE DAYS
 HEATING
  YESTERDAY       22                        22      0       25
  MONTH TO DATE  375                       416    -41      421
  SINCE MAR 1   1159                      1273   -114     1253
  SINCE JUL 1   6442                      6801   -359     6610

 COOLING
  YESTERDAY        0                         0      0        0
  MONTH TO DATE    0                         0      0        0
  SINCE MAR 1      0                         0      0        0
  SINCE JAN 1      0                         0      0        0
..................................................................


WIND (MPH)
  HIGHEST WIND SPEED    17   HIGHEST WIND DIRECTION    SW (210)
  HIGHEST GUST SPEED    21   HIGHEST GUST DIRECTION    SW (210)
  AVERAGE WIND SPEED     6.5


SKY COVER
  POSSIBLE SUNSHINE  MM
  AVERAGE SKY COVER 0.1


WEATHER CONDITIONS
 THE FOLLOWING WEATHER WAS RECORDED YESTERDAY.
  NO SIGNIFICANT WEATHER WAS OBSERVED.


RELATIVE HUMIDITY (PERCENT)
 HIGHEST   100           500 AM
 LOWEST     18           300 PM
 AVERAGE    59

..........................................................


THE BURNS OR CLIMATE NORMALS FOR TODAY
                         NORMAL    RECORD    YEAR
 MAXIMUM TEMPERATURE (F)   58        75      2010
                                             1994
                                             1980
 MINIMUM TEMPERATURE (F)   29        14      1955


SUNRISE AND SUNSET
APRIL 19 2014.........SUNRISE   607 AM PDT   SUNSET   744 PM PDT
APRIL 20 2014.........SUNRISE   605 AM PDT   SUNSET   745 PM PDT


-  INDICATES NEGATIVE NUMBERS.
R  INDICATES RECORD WAS SET OR TIED.
MM INDICATES DATA IS MISSING.
T  INDICATES TRACE AMOUNT.




$$
