000
CDUS45 KBOI 230931
CLIBOI


CLIMATE REPORT
NATIONAL WEATHER SERVICE BOISE ID
330 AM MDT SUN JUL 23 2017


...................................

...THE BOISE ID CLIMATE SUMMARY FOR JULY 22 2017...

CLIMATE NORMAL PERIOD 1981 TO 2010
CLIMATE RECORD PERIOD 1875 TO 2017


WEATHER ITEM   OBSERVED TIME   RECORD YEAR NORMAL DEPARTURE LAST
                VALUE   (LST)  VALUE       VALUE  FROM      YEAR
                                                  NORMAL
..................................................................
TEMPERATURE (F)
 YESTERDAY
  MAXIMUM         94    457 PM 108    2003  93      1       90
  MINIMUM         60    614 AM  44    1954  62     -2       69
                                      1914
  AVERAGE         77                        77      0       80

PRECIPITATION (IN)
  YESTERDAY        0.00          0.22 2008   0.01  -0.01     0.00
  MONTH TO DATE    0.00                      0.25  -0.25     0.27
  SINCE OCT 1     14.69                     10.83   3.86     9.31
  SINCE JAN 1     11.19                      7.18   4.01     4.97

SNOWFALL (IN)
  YESTERDAY        0.0           0.0  2006   0.0    0.0      0.0
  MONTH TO DATE    0.0                       0.0    0.0      0.0
  SINCE OCT 1     39.1                      19.2   19.9     10.9
  SINCE JUL 1      0.0                       0.0    0.0      0.0
  SNOW DEPTH       0

DEGREE DAYS
 HEATING
  YESTERDAY        0                         0      0        0
  MONTH TO DATE    0                         4     -4        8
  SINCE JUN 1     45                        68    -23       45
  SINCE JUL 1      0                         4     -4        8

 COOLING
  YESTERDAY       12                        12      0       15
  MONTH TO DATE  361                       228    133      201
  SINCE JUN 1    532                       367    165      448
  SINCE JAN 1    594                       411    183      479
..................................................................


WIND (MPH)
  HIGHEST WIND SPEED    21   HIGHEST WIND DIRECTION    NW (300)
  HIGHEST GUST SPEED    25   HIGHEST GUST DIRECTION    NW (300)
  AVERAGE WIND SPEED     6.2


SKY COVER
  POSSIBLE SUNSHINE  MM
  AVERAGE SKY COVER 0.0


WEATHER CONDITIONS
 THE FOLLOWING WEATHER WAS RECORDED YESTERDAY.
  NO SIGNIFICANT WEATHER WAS OBSERVED.


RELATIVE HUMIDITY (PERCENT)
 HIGHEST    52           300 AM
 LOWEST     13           600 PM
 AVERAGE    33

..........................................................


THE BOISE ID CLIMATE NORMALS FOR TODAY
                         NORMAL    RECORD    YEAR
 MAXIMUM TEMPERATURE (F)   93       107      2003
 MINIMUM TEMPERATURE (F)   62        42      1892


SUNRISE AND SUNSET
JULY 23 2017..........SUNRISE   625 AM MDT   SUNSET   917 PM MDT
JULY 24 2017..........SUNRISE   626 AM MDT   SUNSET   916 PM MDT


-  INDICATES NEGATIVE NUMBERS.
R  INDICATES RECORD WAS SET OR TIED.
MM INDICATES DATA IS MISSING.
T  INDICATES TRACE AMOUNT.




$$
