000
CDUS45 KBOI 290932
CLIBOI


CLIMATE REPORT
NATIONAL WEATHER SERVICE BOISE ID
331 AM MDT SUN MAR 29 2015


...................................

...THE BOISE ID CLIMATE SUMMARY FOR MARCH 28 2015...

CLIMATE NORMAL PERIOD 1981 TO 2010
CLIMATE RECORD PERIOD 1878 TO 2015


WEATHER ITEM   OBSERVED TIME   RECORD YEAR NORMAL DEPARTURE LAST
                VALUE   (LST)  VALUE       VALUE  FROM      YEAR
                                                  NORMAL
..................................................................
TEMPERATURE (F)
 YESTERDAY
  MAXIMUM         62   1203 AM  76    1943  58      4       56
  MINIMUM         42   1157 PM  17    1944  37      5       36
  AVERAGE         52                        47      5       46

PRECIPITATION (IN)
  YESTERDAY        T             0.48 1922   0.04  -0.04      T
                                      1913
  MONTH TO DATE    0.50                      1.25  -0.75     1.78
  SINCE OCT 1      8.59                      7.13   1.46     7.70
  SINCE JAN 1      2.68                      3.48  -0.80     4.79

SNOWFALL (IN)
  YESTERDAY        0.0           1.9  1976   0.0    0.0      0.0
  MONTH TO DATE    T                         1.2   -1.2       T
  SINCE OCT 1     13.3                      18.8   -5.5     14.4
  SINCE JUL 1     13.3                      18.8   -5.5     14.4
  SNOW DEPTH       0

DEGREE DAYS
 HEATING
  YESTERDAY       13                        18     -5       19
  MONTH TO DATE  438                       584   -146      533
  SINCE MAR 1    438                       584   -146      533
  SINCE JUL 1   4033                      4743   -710     4873

 COOLING
  YESTERDAY        0                         0      0        0
  MONTH TO DATE    0                         0      0        0
  SINCE MAR 1      0                         0      0        0
  SINCE JAN 1      0                         0      0        0
..................................................................


WIND (MPH)
  HIGHEST WIND SPEED    39   HIGHEST WIND DIRECTION    NW (300)
  HIGHEST GUST SPEED    46   HIGHEST GUST DIRECTION    NW (300)
  AVERAGE WIND SPEED    11.8


SKY COVER
  POSSIBLE SUNSHINE  MM
  AVERAGE SKY COVER 0.1


WEATHER CONDITIONS
 THE FOLLOWING WEATHER WAS RECORDED YESTERDAY.
  LIGHT RAIN
  HAZE


RELATIVE HUMIDITY (PERCENT)
 HIGHEST    74           700 AM
 LOWEST     25           300 PM
 AVERAGE    50

..........................................................


THE BOISE ID CLIMATE NORMALS FOR TODAY
                         NORMAL    RECORD    YEAR
 MAXIMUM TEMPERATURE (F)   58        81      1978
 MINIMUM TEMPERATURE (F)   37        20      1987
                                             1949
                                             1902


SUNRISE AND SUNSET
MARCH 29 2015.........SUNRISE   732 AM MDT   SUNSET   808 PM MDT
MARCH 30 2015.........SUNRISE   730 AM MDT   SUNSET   809 PM MDT


-  INDICATES NEGATIVE NUMBERS.
R  INDICATES RECORD WAS SET OR TIED.
MM INDICATES DATA IS MISSING.
T  INDICATES TRACE AMOUNT.




$$
