000
CDUS45 KBOI 200930
CLIBOI


CLIMATE REPORT
NATIONAL WEATHER SERVICE BOISE ID
330 AM MDT WED AUG 20 2014


...................................

...THE BOISE ID CLIMATE SUMMARY FOR AUGUST 19 2014...

CLIMATE NORMAL PERIOD 1981 TO 2010
CLIMATE RECORD PERIOD 1878 TO 2014


WEATHER ITEM   OBSERVED TIME   RECORD YEAR NORMAL DEPARTURE LAST
                VALUE   (LST)  VALUE       VALUE  FROM      YEAR
                                                  NORMAL
..................................................................
TEMPERATURE (F)
 YESTERDAY
  MAXIMUM         94    356 PM 105    1946  89      5       96
  MINIMUM         67    339 AM  39    1916  59      8       63
  AVERAGE         81                        74      7       80

PRECIPITATION (IN)
  YESTERDAY        0.00          0.29 1889   0.01  -0.01     0.00
  MONTH TO DATE    0.06                      0.14  -0.08     0.01
  SINCE OCT 1     11.42                     11.05   0.37     7.12
  SINCE JAN 1      8.51                      7.40   1.11     4.47

SNOWFALL (IN)
  YESTERDAY        0.0           0.0  2006   0.0    0.0      0.0
  MONTH TO DATE    0.0                       0.0    0.0      0.0
  SINCE OCT 1     14.4                      19.2   -4.8     16.0
  SINCE JUL 1      0.0                       0.0    0.0      0.0
  SNOW DEPTH       0

DEGREE DAYS
 HEATING
  YESTERDAY        0                         0      0        0
  MONTH TO DATE    0                         0      0        0
  SINCE JUN 1     36                        72    -36       35
  SINCE JUL 1      0                         8     -8        0

 COOLING
  YESTERDAY       16                        10      6       15
  MONTH TO DATE  279                       213     66      258
  SINCE JUN 1    895                       694    201      965
  SINCE JAN 1    919                       738    181     1012
..................................................................


WIND (MPH)
  HIGHEST WIND SPEED    28   HIGHEST WIND DIRECTION    NW (310)
  HIGHEST GUST SPEED    33   HIGHEST GUST DIRECTION     W (290)
  AVERAGE WIND SPEED     7.2


SKY COVER
  POSSIBLE SUNSHINE  MM
  AVERAGE SKY COVER 0.0


WEATHER CONDITIONS
 THE FOLLOWING WEATHER WAS RECORDED YESTERDAY.
  HAZE


RELATIVE HUMIDITY (PERCENT)
 HIGHEST    44           200 AM
 LOWEST     15           400 PM
 AVERAGE    30

..........................................................


THE BOISE ID CLIMATE NORMALS FOR TODAY
                         NORMAL    RECORD    YEAR
 MAXIMUM TEMPERATURE (F)   89       103      1967
 MINIMUM TEMPERATURE (F)   59        39      1918


SUNRISE AND SUNSET
AUGUST 20 2014........SUNRISE   655 AM MDT   SUNSET   840 PM MDT
AUGUST 21 2014........SUNRISE   656 AM MDT   SUNSET   839 PM MDT


-  INDICATES NEGATIVE NUMBERS.
R  INDICATES RECORD WAS SET OR TIED.
MM INDICATES DATA IS MISSING.
T  INDICATES TRACE AMOUNT.




$$
