000
CDUS45 KBOI 280931
CLIBOI


CLIMATE REPORT
NATIONAL WEATHER SERVICE BOISE ID
331 AM MDT THU MAY 28 2015


...................................

...THE BOISE ID CLIMATE SUMMARY FOR MAY 27 2015...

CLIMATE NORMAL PERIOD 1981 TO 2010
CLIMATE RECORD PERIOD 1878 TO 2015


WEATHER ITEM   OBSERVED TIME   RECORD YEAR NORMAL DEPARTURE LAST
                VALUE   (LST)  VALUE       VALUE  FROM      YEAR
                                                  NORMAL
..................................................................
TEMPERATURE (F)
 YESTERDAY
  MAXIMUM         76    423 PM  94    1983  75      1       86
  MINIMUM         54    552 AM  32    1991  49      5       50
  AVERAGE         65                        62      3       68

PRECIPITATION (IN)
  YESTERDAY        0.07          1.03 1964   0.04   0.03     0.00
  MONTH TO DATE    1.50                      1.22   0.28     0.60
  SINCE OCT 1     10.70                      9.72   0.98    11.01
  SINCE JAN 1      4.79                      6.07  -1.28     8.10

SNOWFALL (IN)
  YESTERDAY        0.0           T    1951   0.0    0.0      0.0
  MONTH TO DATE    0.0                       0.0    0.0      0.0
  SINCE OCT 1     13.3                      19.2   -5.9     14.4
  SINCE JUL 1     13.3                      19.2   -5.9     14.4
  SNOW DEPTH       0

DEGREE DAYS
 HEATING
  YESTERDAY        0                         5     -5        0
  MONTH TO DATE  116                       208    -92      134
  SINCE MAR 1    990                      1273   -283     1153
  SINCE JUL 1   4585                      5432   -847     5493

 COOLING
  YESTERDAY        0                         2     -2        3
  MONTH TO DATE    8                        33    -25       24
  SINCE MAR 1      8                        36    -28       24
  SINCE JAN 1      8                        36    -28       24
..................................................................


WIND (MPH)
  HIGHEST WIND SPEED    20   HIGHEST WIND DIRECTION     N (340)
  HIGHEST GUST SPEED    36   HIGHEST GUST DIRECTION    NW (310)
  AVERAGE WIND SPEED     6.5


SKY COVER
  POSSIBLE SUNSHINE  MM
  AVERAGE SKY COVER 0.1


WEATHER CONDITIONS
 THE FOLLOWING WEATHER WAS RECORDED YESTERDAY.
  THUNDERSTORM
  RAIN


RELATIVE HUMIDITY (PERCENT)
 HIGHEST    83           600 AM
 LOWEST     29           200 PM
 AVERAGE    56

..........................................................


THE BOISE ID CLIMATE NORMALS FOR TODAY
                         NORMAL    RECORD    YEAR
 MAXIMUM TEMPERATURE (F)   75        99      2003
                                             1919
 MINIMUM TEMPERATURE (F)   50        34      1982


SUNRISE AND SUNSET
MAY 28 2015...........SUNRISE   609 AM MDT   SUNSET   916 PM MDT
MAY 29 2015...........SUNRISE   608 AM MDT   SUNSET   917 PM MDT


-  INDICATES NEGATIVE NUMBERS.
R  INDICATES RECORD WAS SET OR TIED.
MM INDICATES DATA IS MISSING.
T  INDICATES TRACE AMOUNT.




$$
