000
CDUS45 KBOI 300121
CLIBOI


CLIMATE REPORT
NATIONAL WEATHER SERVICE BOISE ID
720 PM MDT MON MAY 29 2017


...................................

...THE BOISE ID CLIMATE SUMMARY FOR MAY 29 2017...
VALID TODAY AS OF 0600 PM LOCAL TIME.

CLIMATE NORMAL PERIOD 1981 TO 2010
CLIMATE RECORD PERIOD 1875 TO 2017


WEATHER ITEM   OBSERVED TIME   RECORD YEAR NORMAL DEPARTURE LAST
                VALUE   (LST)  VALUE       VALUE  FROM      YEAR
                                                  NORMAL
..................................................................
TEMPERATURE (F)
 TODAY
  MAXIMUM         89    419 PM 100    1897  76     13       82
  MINIMUM         56    539 AM  32    1976  50      6       50
  AVERAGE         73                        63     10       66

PRECIPITATION (IN)
  TODAY            0.00          1.77 1990   0.05  -0.05     0.00
  MONTH TO DATE    0.74                      1.31  -0.57     0.87
  SINCE OCT 1     13.29                      9.81   3.48     8.86
  SINCE JAN 1      9.79                      6.16   3.63     4.52

DEGREE DAYS
 HEATING
  TODAY            0                         4     -4        0
  MONTH TO DATE  215                       217     -2      136
  SINCE MAR 1   1167                      1282   -115      925
  SINCE JUL 1   5454                      5441     13     4674

 COOLING
  TODAY            8                         2      6        1
  MONTH TO DATE   40                        37      3       26
  SINCE MAR 1     40                        40      0       31
  SINCE JAN 1     40                        40      0       31
..................................................................


WIND (MPH)
  HIGHEST WIND SPEED    13   HIGHEST WIND DIRECTION     S (160)
  HIGHEST GUST SPEED    19   HIGHEST GUST DIRECTION    SE (140)
  AVERAGE WIND SPEED     5.7



WEATHER CONDITIONS
 THE FOLLOWING WEATHER WAS RECORDED TODAY.
  NO SIGNIFICANT WEATHER WAS OBSERVED.


RELATIVE HUMIDITY (PERCENT)
 HIGHEST    57           300 AM
 LOWEST     14           400 PM
 AVERAGE    36

..........................................................


THE BOISE ID CLIMATE NORMALS FOR TOMORROW
                         NORMAL    RECORD    YEAR
 MAXIMUM TEMPERATURE (F)   76        98      1986
 MINIMUM TEMPERATURE (F)   50        33      1979
                                             1919


SUNRISE AND SUNSET
MAY 29 2017...........SUNRISE   608 AM MDT   SUNSET   917 PM MDT
MAY 30 2017...........SUNRISE   607 AM MDT   SUNSET   918 PM MDT


-  INDICATES NEGATIVE NUMBERS.
R  INDICATES RECORD WAS SET OR TIED.
MM INDICATES DATA IS MISSING.
T  INDICATES TRACE AMOUNT.




$$
