000
CDUS45 KBOI 260931
CLIBOI


CLIMATE REPORT
NATIONAL WEATHER SERVICE BOISE ID
231 AM MST WED NOV 26 2014


...................................

...THE BOISE ID CLIMATE SUMMARY FOR NOVEMBER 25 2014...

CLIMATE NORMAL PERIOD 1981 TO 2010
CLIMATE RECORD PERIOD 1878 TO 2014


WEATHER ITEM   OBSERVED TIME   RECORD YEAR NORMAL DEPARTURE LAST
                VALUE   (LST)  VALUE       VALUE  FROM      YEAR
                                                  NORMAL
..................................................................
TEMPERATURE (F)
 YESTERDAY
  MAXIMUM         54    408 PM  67    1960  43     11       46
  MINIMUM         39    132 AM   3    1985  29     10       24
  AVERAGE         47                        36     11       35

PRECIPITATION (IN)
  YESTERDAY        0.03          0.60 1934   0.05  -0.02     0.00
  MONTH TO DATE    2.15                      1.11   1.04     1.49
  SINCE OCT 1      2.55                      1.86   0.69     2.25
  SINCE JAN 1     12.08                      9.94   2.14     8.91

SNOWFALL (IN)
  YESTERDAY        0.0           4.6  1973   0.1   -0.1      0.0
  MONTH TO DATE    7.6                       1.8    5.8      2.0
  SINCE OCT 1      7.6                       1.9    5.7      2.0
  SINCE JUL 1      7.6                       1.9    5.7      2.0
  SNOW DEPTH       0

DEGREE DAYS
 HEATING
  YESTERDAY       18                        29    -11       30
  MONTH TO DATE  765                       598    167      614
  SINCE SEP 1   1030                      1086    -56     1157
  SINCE JUL 1   1034                      1104    -70     1157

 COOLING
  YESTERDAY        0                         0      0        0
  MONTH TO DATE    0                         0      0        0
  SINCE SEP 1    146                       108     38      148
  SINCE JAN 1   1129                       942    187     1320
..................................................................


WIND (MPH)
  HIGHEST WIND SPEED    13   HIGHEST WIND DIRECTION    SE (130)
  HIGHEST GUST SPEED    16   HIGHEST GUST DIRECTION    SE (120)
  AVERAGE WIND SPEED     6.2


SKY COVER
  POSSIBLE SUNSHINE  MM
  AVERAGE SKY COVER 0.9


WEATHER CONDITIONS
 THE FOLLOWING WEATHER WAS RECORDED YESTERDAY.
  LIGHT RAIN


RELATIVE HUMIDITY (PERCENT)
 HIGHEST    85           600 AM
 LOWEST     66           300 PM
 AVERAGE    76

..........................................................


THE BOISE ID CLIMATE NORMALS FOR TODAY
                         NORMAL    RECORD    YEAR
 MAXIMUM TEMPERATURE (F)   43        65      1998
 MINIMUM TEMPERATURE (F)   29        -3      1985


SUNRISE AND SUNSET
NOVEMBER 26 2014......SUNRISE   752 AM MST   SUNSET   512 PM MST
NOVEMBER 27 2014......SUNRISE   754 AM MST   SUNSET   511 PM MST


-  INDICATES NEGATIVE NUMBERS.
R  INDICATES RECORD WAS SET OR TIED.
MM INDICATES DATA IS MISSING.
T  INDICATES TRACE AMOUNT.




$$
