000
CDUS45 KBOI 180137
CLIBOI


CLIMATE REPORT
NATIONAL WEATHER SERVICE BOISE ID
636 PM MST FRI NOV 17 2017


...................................

...THE BOISE ID CLIMATE SUMMARY FOR NOVEMBER 17 2017...
VALID TODAY AS OF 0600 PM LOCAL TIME.

CLIMATE NORMAL PERIOD 1981 TO 2010
CLIMATE RECORD PERIOD 1875 TO 2017


WEATHER ITEM   OBSERVED TIME   RECORD YEAR NORMAL DEPARTURE LAST
                VALUE   (LST)  VALUE       VALUE  FROM      YEAR
                                                  NORMAL
..................................................................
TEMPERATURE (F)
 TODAY
  MAXIMUM         46    412 PM  67    1908  47     -1       45
  MINIMUM         37    838 AM   6    2014  32      5       27
  AVERAGE         42                        39      3       36

PRECIPITATION (IN)
  TODAY            0.00          0.92 1898   0.05  -0.05     0.00
  MONTH TO DATE    1.34                      0.72   0.62     0.08
  SINCE OCT 1      1.94                      1.47   0.47     1.36
  SINCE JAN 1     13.92                      9.55   4.37     6.54

DEGREE DAYS
 HEATING
  TODAY           23                        26     -3       29
  MONTH TO DATE  360                       377    -17      237
  SINCE SEP 1    953                       865     88      594
  SINCE JUL 1    953                       883     70      602

 COOLING
  TODAY            0                         0      0        0
  MONTH TO DATE    0                         0      0        0
  SINCE SEP 1    175                       108     67       64
  SINCE JAN 1   1341                       942    399     1001
..................................................................


WIND (MPH)
  HIGHEST WIND SPEED    25   HIGHEST WIND DIRECTION    NW (300)
  HIGHEST GUST SPEED    35   HIGHEST GUST DIRECTION     N (340)
  AVERAGE WIND SPEED    11.4



WEATHER CONDITIONS
 THE FOLLOWING WEATHER WAS RECORDED TODAY.
  NO SIGNIFICANT WEATHER WAS OBSERVED.


RELATIVE HUMIDITY (PERCENT)
 HIGHEST    73           400 AM
 LOWEST     37           400 PM
 AVERAGE    55

..........................................................


THE BOISE ID CLIMATE NORMALS FOR TOMORROW
                         NORMAL    RECORD    YEAR
 MAXIMUM TEMPERATURE (F)   47        64      1908
 MINIMUM TEMPERATURE (F)   31         4      2014


SUNRISE AND SUNSET
NOVEMBER 17 2017......SUNRISE   742 AM MST   SUNSET   518 PM MST
NOVEMBER 18 2017......SUNRISE   743 AM MST   SUNSET   517 PM MST


-  INDICATES NEGATIVE NUMBERS.
R  INDICATES RECORD WAS SET OR TIED.
MM INDICATES DATA IS MISSING.
T  INDICATES TRACE AMOUNT.




$$
