000
CDUS45 KBOI 210934
CLIBOI


CLIMATE REPORT
NATIONAL WEATHER SERVICE BOISE ID
233 AM MST TUE FEB 21 2017


...................................

...THE BOISE ID CLIMATE SUMMARY FOR FEBRUARY 20 2017...

CLIMATE NORMAL PERIOD 1981 TO 2010
CLIMATE RECORD PERIOD 1875 TO 2017


WEATHER ITEM   OBSERVED TIME   RECORD YEAR NORMAL DEPARTURE LAST
                VALUE   (LST)  VALUE       VALUE  FROM      YEAR
                                                  NORMAL
..................................................................
TEMPERATURE (F)
 YESTERDAY
  MAXIMUM         57    325 PM  69    1977  47     10       48
  MINIMUM         40   1203 AM   6    1887  29     11       35
  AVERAGE         49                        38     11       42

PRECIPITATION (IN)
  YESTERDAY        0.04          0.66 1934   0.04   0.00     0.00
  MONTH TO DATE    1.13                      0.69   0.44     0.49
  SINCE OCT 1      7.59                      5.58   2.01     5.66
  SINCE JAN 1      4.09                      1.93   2.16     1.32

SNOWFALL (IN)
  YESTERDAY        0.0           4.9  1957   0.1   -0.1      0.0
  MONTH TO DATE    2.1                       2.2   -0.1      0.7
  SINCE OCT 1     37.6                      17.0   20.6     10.9
  SINCE JUL 1     37.6                      17.0   20.6     10.9
  SNOW DEPTH       0

DEGREE DAYS
 HEATING
  YESTERDAY       16                        27    -11       23
  MONTH TO DATE  511                       591    -80      498
  SINCE DEC 1   3140                      2698    442     2487
  SINCE JUL 1   4045                      3952     93     3559

 COOLING
  YESTERDAY        0                         0      0        0
  MONTH TO DATE    0                         0      0        0
  SINCE DEC 1      0                         0      0        0
  SINCE JAN 1      0                         0      0        0
..................................................................


WIND (MPH)
  HIGHEST WIND SPEED    26   HIGHEST WIND DIRECTION    SE (140)
  HIGHEST GUST SPEED    36   HIGHEST GUST DIRECTION    SE (140)
  AVERAGE WIND SPEED    14.3


SKY COVER
  POSSIBLE SUNSHINE  MM
  AVERAGE SKY COVER 0.7


WEATHER CONDITIONS
 THE FOLLOWING WEATHER WAS RECORDED YESTERDAY.
  LIGHT RAIN


RELATIVE HUMIDITY (PERCENT)
 HIGHEST    73          1200 AM
 LOWEST     47           300 PM
 AVERAGE    60

..........................................................


THE BOISE ID CLIMATE NORMALS FOR TODAY
                         NORMAL    RECORD    YEAR
 MAXIMUM TEMPERATURE (F)   47        63      1991
 MINIMUM TEMPERATURE (F)   29         6      1894


SUNRISE AND SUNSET
FEBRUARY 21 2017......SUNRISE   734 AM MST   SUNSET   624 PM MST
FEBRUARY 22 2017......SUNRISE   732 AM MST   SUNSET   625 PM MST


-  INDICATES NEGATIVE NUMBERS.
R  INDICATES RECORD WAS SET OR TIED.
MM INDICATES DATA IS MISSING.
T  INDICATES TRACE AMOUNT.




$$
