000
CDUS45 KBOI 080931
CLIBOI


CLIMATE REPORT
NATIONAL WEATHER SERVICE BOISE ID
231 AM MST MON FEB 8 2016


...................................

...THE BOISE ID CLIMATE SUMMARY FOR FEBRUARY 7 2016...

CLIMATE NORMAL PERIOD 1981 TO 2010
CLIMATE RECORD PERIOD 1878 TO 2016


WEATHER ITEM   OBSERVED TIME   RECORD YEAR NORMAL DEPARTURE LAST
                VALUE   (LST)  VALUE       VALUE  FROM      YEAR
                                                  NORMAL
..................................................................
TEMPERATURE (F)
 YESTERDAY
  MAXIMUM         48    446 PM  65    2015  42      6       65
  MINIMUM         26    501 AM -13    1989  27     -1       50
  AVERAGE         37                        35      2       58

PRECIPITATION (IN)
  YESTERDAY        0.00          0.36 1899   0.04  -0.04     0.04
  MONTH TO DATE    0.07                      0.25  -0.18     0.77
  SINCE OCT 1      5.24                      5.14   0.10     7.51
  SINCE JAN 1      0.90                      1.49  -0.59     1.60

SNOWFALL (IN)
  YESTERDAY        0.0           4.2  1899   0.1   -0.1      0.0
  MONTH TO DATE    0.7                       0.9   -0.2      0.0
  SINCE OCT 1     10.9                      15.7   -4.8     13.1
  SINCE JUL 1     10.9                      15.7   -4.8     13.1
  SNOW DEPTH       0

DEGREE DAYS
 HEATING
  YESTERDAY       28                        30     -2        7
  MONTH TO DATE  217                       217      0      126
  SINCE DEC 1   2206                      2324   -118     2000
  SINCE JUL 1   3278                      3578   -300     3139

 COOLING
  YESTERDAY        0                         0      0        0
  MONTH TO DATE    0                         0      0        0
  SINCE DEC 1      0                         0      0        0
  SINCE JAN 1      0                         0      0        0
..................................................................


WIND (MPH)
  HIGHEST WIND SPEED    12   HIGHEST WIND DIRECTION    NW (300)
  HIGHEST GUST SPEED    14   HIGHEST GUST DIRECTION    NW (300)
  AVERAGE WIND SPEED     2.5


SKY COVER
  POSSIBLE SUNSHINE  MM
  AVERAGE SKY COVER 0.2


WEATHER CONDITIONS
 THE FOLLOWING WEATHER WAS RECORDED YESTERDAY.
  FOG


RELATIVE HUMIDITY (PERCENT)
 HIGHEST    92          1200 AM
 LOWEST     60           300 PM
 AVERAGE    76

..........................................................


THE BOISE ID CLIMATE NORMALS FOR TODAY
                         NORMAL    RECORD    YEAR
 MAXIMUM TEMPERATURE (F)   42        65      2015
 MINIMUM TEMPERATURE (F)   27       -10      1989


SUNRISE AND SUNSET
FEBRUARY  8 2016......SUNRISE   753 AM MST   SUNSET   605 PM MST
FEBRUARY  9 2016......SUNRISE   752 AM MST   SUNSET   607 PM MST


-  INDICATES NEGATIVE NUMBERS.
R  INDICATES RECORD WAS SET OR TIED.
MM INDICATES DATA IS MISSING.
T  INDICATES TRACE AMOUNT.




$$
