000
CDUS41 KBOX 301235
CLIBOS


CLIMATE REPORT
NATIONAL WEATHER SERVICE TAUNTON MA
835 AM EDT SAT MAY 30 2015


...................................

...THE BOSTON MA CLIMATE SUMMARY FOR MAY 29 2015...

CLIMATE NORMAL PERIOD 1981 TO 2010
CLIMATE RECORD PERIOD 1872 TO 2015


WEATHER ITEM   OBSERVED TIME   RECORD YEAR NORMAL DEPARTURE LAST
                VALUE   (LST)  VALUE       VALUE  FROM      YEAR
                                                  NORMAL
..................................................................
TEMPERATURE (F)
 YESTERDAY
  MAXIMUM         72    833 AM  94    1931  70      2       58
                                      1929
  MINIMUM         55    721 PM  39    1902  54      1       43
  AVERAGE         64                        62      2       51

PRECIPITATION (IN)
  YESTERDAY        0.00          1.63 1990   0.13  -0.13     0.00
  MONTH TO DATE    0.31                      3.24  -2.93     2.75
  SINCE MAR 1      5.64                     11.30  -5.66    10.47
  SINCE JAN 1     12.58                     17.91  -5.33    17.84

SNOWFALL (IN)
  YESTERDAY        0.0           T    1949   0.0    0.0      0.0
  MONTH TO DATE    0.0                       0.1   -0.1      0.0
  SINCE MAR 1      8.6                       9.8   -1.2      2.5
  SINCE JUL 1    110.6                      43.9   66.7     58.9
  SNOW DEPTH       0

DEGREE DAYS
 HEATING
  YESTERDAY        1                         5     -4       14
  MONTH TO DATE  135                       237   -102      193
  SINCE MAR 1   1614                      1576     38     1664
  SINCE JUL 1   5929                      5618    311     5812

 COOLING
  YESTERDAY        0                         2     -2        0
  MONTH TO DATE   53                        19     34       21
  SINCE MAR 1     53                        22     31       22
  SINCE JAN 1     53                        22     31       22
..................................................................


WIND (MPH)
  RESULTANT WIND SPEED   5   RESULTANT WIND DIRECTION  NE (40)
  HIGHEST WIND SPEED    17   HIGHEST WIND DIRECTION     E (70)
  HIGHEST GUST SPEED    20   HIGHEST GUST DIRECTION     E (70)
  AVERAGE WIND SPEED     8.1


SKY COVER
  POSSIBLE SUNSHINE  MM
  AVERAGE SKY COVER 0.5


WEATHER CONDITIONS
 THE FOLLOWING WEATHER WAS RECORDED YESTERDAY.
  FOG
  FOG W/VISIBILITY <= 1/4 MILE


RELATIVE HUMIDITY (PERCENT)
 HIGHEST   100           500 PM
 LOWEST     59          1200 AM
 AVERAGE    80

..........................................................


THE BOSTON MA CLIMATE NORMALS FOR TODAY
                         NORMAL    RECORD    YEAR
 MAXIMUM TEMPERATURE (F)   71        96      1929
 MINIMUM TEMPERATURE (F)   54        35      1884


SUNRISE AND SUNSET
MAY 30 2015...........SUNRISE   511 AM EDT   SUNSET   813 PM EDT
MAY 31 2015...........SUNRISE   511 AM EDT   SUNSET   813 PM EDT


-  INDICATES NEGATIVE NUMBERS.
R  INDICATES RECORD WAS SET OR TIED.
MM INDICATES DATA IS MISSING.
T  INDICATES TRACE AMOUNT.




$$
