000
CDUS41 KBOX 312150
CLIBOS


CLIMATE REPORT
NATIONAL WEATHER SERVICE TAUNTON MA
548 PM EDT FRI OCT 31 2014


...................................

...THE BOSTON MA CLIMATE SUMMARY FOR OCTOBER 31 2014...
VALID TODAY AS OF 0500 PM LOCAL TIME.

CLIMATE NORMAL PERIOD 1981 TO 2010
CLIMATE RECORD PERIOD 1872 TO 2014


WEATHER ITEM   OBSERVED TIME   RECORD YEAR NORMAL DEPARTURE LAST
                VALUE   (LST)  VALUE       VALUE  FROM      YEAR
                                                  NORMAL
..................................................................
TEMPERATURE (F)
 TODAY
  MAXIMUM         54   1044 AM  81    1946  57     -3       63
  MINIMUM         45    719 AM  27    1904  42      3       40
                                      1887
  AVERAGE         50                        49      1       52

PRECIPITATION (IN)
  TODAY            0.00          2.54 1939   0.12  -0.12     0.03
  MONTH TO DATE    5.83                      3.94   1.89     0.61
  SINCE SEP 1      6.53                      7.38  -0.85     2.82
  SINCE JAN 1     33.42                     36.00  -2.58    33.02

SNOWFALL (IN)
  TODAY            0.0           T    1913   0.0    0.0      0.0
  MONTH TO DATE    0.0                       T      0.0      0.0
  SINCE SEP 1      0.0                       T      0.0      0.0
  SINCE JUL 1      0.0                       T      0.0      0.0
  SNOW DEPTH       0

DEGREE DAYS
 HEATING
  TODAY           15                        16     -1       13
  MONTH TO DATE  271                       350    -79      267
  SINCE SEP 1    347                       434    -87      350
  SINCE JUL 1    347                       447   -100      352

 COOLING
  TODAY            0                         0      0        0
  MONTH TO DATE   10                         7      3       16
  SINCE SEP 1    130                        88     42       98
  SINCE JAN 1    769                       747     22      919
..................................................................


WIND (MPH)
  HIGHEST WIND SPEED    14   HIGHEST WIND DIRECTION    NE (60)
  HIGHEST GUST SPEED    18   HIGHEST GUST DIRECTION     E (110)
  AVERAGE WIND SPEED     8.7


SKY COVER
  POSSIBLE SUNSHINE  MM
  AVERAGE SKY COVER 0.9


WEATHER CONDITIONS
 THE FOLLOWING WEATHER WAS RECORDED TODAY.
  NO SIGNIFICANT WEATHER WAS OBSERVED.


RELATIVE HUMIDITY (PERCENT)
 HIGHEST    76           200 AM
 LOWEST     59          1000 AM
 AVERAGE    68

..........................................................


THE BOSTON MA CLIMATE NORMALS FOR TOMORROW
                         NORMAL    RECORD    YEAR
 MAXIMUM TEMPERATURE (F)   56        77      1974
 MINIMUM TEMPERATURE (F)   42        26      1885


SUNRISE AND SUNSET
OCTOBER 31 2014.......SUNRISE   716 AM EDT   SUNSET   539 PM EDT
NOVEMBER  1 2014......SUNRISE   717 AM EDT   SUNSET   537 PM EDT


-  INDICATES NEGATIVE NUMBERS.
R  INDICATES RECORD WAS SET OR TIED.
MM INDICATES DATA IS MISSING.
T  INDICATES TRACE AMOUNT.




$$
