000
CDUS41 KBOX 230546
CLIBOS


CLIMATE REPORT
NATIONAL WEATHER SERVICE TAUNTON MA
143 AM EDT WED JUL 23 2014


...................................

...THE BOSTON MA CLIMATE SUMMARY FOR JULY 22 2014...

CLIMATE NORMAL PERIOD 1981 TO 2010
CLIMATE RECORD PERIOD 1872 TO 2014


WEATHER ITEM   OBSERVED TIME   RECORD YEAR NORMAL DEPARTURE LAST
                VALUE   (LST)  VALUE       VALUE  FROM      YEAR
                                                  NORMAL
..................................................................
TEMPERATURE (F)
 YESTERDAY
  MAXIMUM         87    456 PM 103    2011  82      5       76
                                      1926
  MINIMUM         63   1215 AM  55    1890  66     -3       68
  AVERAGE         75                        74      1       72

PRECIPITATION (IN)
  YESTERDAY        0.00          1.20 1897   0.12  -0.12     0.00
  MONTH TO DATE    4.11                      2.33   1.78     0.24
  SINCE JUN 1      6.73                      6.01   0.72    10.74
  SINCE JAN 1     24.68                     24.17   0.51    24.99

SNOWFALL (IN)
  YESTERDAY        0.0           0.0  2002   0.0    0.0      0.0
                                      2001
                                      2000
  MONTH TO DATE    0.0                       0.0    0.0      0.0
  SINCE JUN 1      0.0                       0.0    0.0      0.0
  SINCE JUL 1      0.0                       0.0    0.0      0.0
  SNOW DEPTH       0

DEGREE DAYS
 HEATING
  YESTERDAY        0                         0      0        0
  MONTH TO DATE    0                         0      0        0
  SINCE JUN 1     28                        55    -27       25
  SINCE JUL 1      0                         0      0        0

 COOLING
  YESTERDAY       10                         9      1        7
  MONTH TO DATE  213                       187     26      317
  SINCE JUN 1    351                       323     28      488
  SINCE JAN 1    373                       353     20      526
..................................................................


WIND (MPH)
  RESULTANT WIND SPEED   6   RESULTANT WIND DIRECTION   S (180)
  HIGHEST WIND SPEED    20   HIGHEST WIND DIRECTION    SW (230)
  HIGHEST GUST SPEED    26   HIGHEST GUST DIRECTION    SW (230)
  AVERAGE WIND SPEED     9.7


SKY COVER
  POSSIBLE SUNSHINE  MM
  AVERAGE SKY COVER 0.3


WEATHER CONDITIONS
 THE FOLLOWING WEATHER WAS RECORDED YESTERDAY.
  NO SIGNIFICANT WEATHER WAS OBSERVED.


RELATIVE HUMIDITY (PERCENT)
 HIGHEST    93          1200 AM
 LOWEST     50           500 PM
 AVERAGE    72

..........................................................


THE BOSTON MA CLIMATE NORMALS FOR TODAY
                         NORMAL    RECORD    YEAR
 MAXIMUM TEMPERATURE (F)   82       100      1952
 MINIMUM TEMPERATURE (F)   66        54      1992


SUNRISE AND SUNSET
JULY 23 2014..........SUNRISE   528 AM EDT   SUNSET   813 PM EDT
JULY 24 2014..........SUNRISE   529 AM EDT   SUNSET   812 PM EDT


-  INDICATES NEGATIVE NUMBERS.
R  INDICATES RECORD WAS SET OR TIED.
MM INDICATES DATA IS MISSING.
T  INDICATES TRACE AMOUNT.




$$
