000
CDUS41 KBOX 230721
CLIBOS


CLIMATE REPORT
NATIONAL WEATHER SERVICE TAUNTON MA
321 AM EDT SAT JUL 23 2016


...................................

...THE BOSTON MA CLIMATE SUMMARY FOR JULY 22 2016...

CLIMATE NORMAL PERIOD 1981 TO 2010
CLIMATE RECORD PERIOD 1872 TO 2016


WEATHER ITEM   OBSERVED TIME   RECORD YEAR NORMAL DEPARTURE LAST
                VALUE   (LST)  VALUE       VALUE  FROM      YEAR
                                                  NORMAL
..................................................................
TEMPERATURE (F)
 YESTERDAY
  MAXIMUM         98    334 PM 103    2011  82     16       84
                                      1926
  MINIMUM         73    508 AM  55    1890  66      7       69
  AVERAGE         86                        74     12       77

PRECIPITATION (IN)
  YESTERDAY        0.00          1.20 1897   0.12  -0.12     0.00
  MONTH TO DATE    0.66                      2.33  -1.67     2.00
  SINCE JUN 1      1.99                      6.01  -4.02     7.01
  SINCE JAN 1     18.33                     24.17  -5.84    20.50

SNOWFALL (IN)
  YESTERDAY        0.0           0.0  2002   0.0    0.0      0.0
                                      2001
                                      2000
  MONTH TO DATE    0.0                       0.0    0.0      0.0
  SINCE JUN 1      0.0                       0.0    0.0      0.0
  SINCE JUL 1      0.0                       0.0    0.0      0.0
  SNOW DEPTH      MM

DEGREE DAYS
 HEATING
  YESTERDAY        0                         0      0        0
  MONTH TO DATE    7                         0      7        1
  SINCE JUN 1     24                        55    -31       99
  SINCE JUL 1      7                         0      7        1

 COOLING
  YESTERDAY       21                         9     12       12
  MONTH TO DATE  229                       187     42      183
  SINCE JUN 1    358                       323     35      280
  SINCE JAN 1    403                       353     50      341
..................................................................


WIND (MPH)
  RESULTANT WIND SPEED  17   RESULTANT WIND DIRECTION  SW (230)
  HIGHEST WIND SPEED    26   HIGHEST WIND DIRECTION    SW (230)
  HIGHEST GUST SPEED    39   HIGHEST GUST DIRECTION    SW (220)
  AVERAGE WIND SPEED    17.2


SKY COVER
  POSSIBLE SUNSHINE  MM
  AVERAGE SKY COVER 0.4


WEATHER CONDITIONS
 THE FOLLOWING WEATHER WAS RECORDED YESTERDAY.
  THUNDERSTORM


RELATIVE HUMIDITY (PERCENT)
 HIGHEST    74          1000 PM
 LOWEST     35           300 PM
 AVERAGE    55

..........................................................


THE BOSTON MA CLIMATE NORMALS FOR TODAY
                         NORMAL    RECORD    YEAR
 MAXIMUM TEMPERATURE (F)   82       100      1952
 MINIMUM TEMPERATURE (F)   66        54      1992


SUNRISE AND SUNSET
JULY 23 2016..........SUNRISE   528 AM EDT   SUNSET   812 PM EDT
JULY 24 2016..........SUNRISE   529 AM EDT   SUNSET   812 PM EDT


-  INDICATES NEGATIVE NUMBERS.
R  INDICATES RECORD WAS SET OR TIED.
MM INDICATES DATA IS MISSING.
T  INDICATES TRACE AMOUNT.




$$
