000
CDUS41 KBOX 300539
CLIBOS


CLIMATE REPORT
NATIONAL WEATHER SERVICE TAUNTON MA
135 AM EDT THU JUL 30 2015


...................................

...THE BOSTON MA CLIMATE SUMMARY FOR JULY 29 2015...

CLIMATE NORMAL PERIOD 1981 TO 2010
CLIMATE RECORD PERIOD 1872 TO 2015


WEATHER ITEM   OBSERVED TIME   RECORD YEAR NORMAL DEPARTURE LAST
                VALUE   (LST)  VALUE       VALUE  FROM      YEAR
                                                  NORMAL
..................................................................
TEMPERATURE (F)
 YESTERDAY
  MAXIMUM         92    549 PM  97    1933  82     10       79
                                      1931
  MINIMUM         71    105 AM  55    1880  66      5       64
  AVERAGE         82                        74      8       72

PRECIPITATION (IN)
  YESTERDAY        0.00          1.81 1901   0.12  -0.12     0.00
  MONTH TO DATE    2.07                      3.17  -1.10     4.57
  SINCE JUN 1      7.08                      6.85   0.23     7.19
  SINCE JAN 1     20.57                     25.01  -4.44    25.14

SNOWFALL (IN)
  YESTERDAY        0.0           0.0  2001   0.0    0.0      0.0
  MONTH TO DATE    0.0                       0.0    0.0      0.0
  SINCE JUN 1      0.0                       0.0    0.0      0.0
  SINCE JUL 1      0.0                       0.0    0.0      0.0
  SNOW DEPTH      MM

DEGREE DAYS
 HEATING
  YESTERDAY        0                         0      0        0
  MONTH TO DATE    1                         0      1        0
  SINCE JUN 1     99                        55     44       28
  SINCE JUL 1      1                         0      1        0

 COOLING
  YESTERDAY       17                         9      8        7
  MONTH TO DATE  251                       250      1      278
  SINCE JUN 1    348                       386    -38      416
  SINCE JAN 1    409                       416     -7      438
..................................................................


WIND (MPH)
  RESULTANT WIND SPEED   2   RESULTANT WIND DIRECTION   S (170)
  HIGHEST WIND SPEED    16   HIGHEST WIND DIRECTION    SW (240)
  HIGHEST GUST SPEED    20   HIGHEST GUST DIRECTION    SW (240)
  AVERAGE WIND SPEED     7.3


SKY COVER
  POSSIBLE SUNSHINE  MM
  AVERAGE SKY COVER 0.4


WEATHER CONDITIONS
 THE FOLLOWING WEATHER WAS RECORDED YESTERDAY.
  NO SIGNIFICANT WEATHER WAS OBSERVED.


RELATIVE HUMIDITY (PERCENT)
 HIGHEST    90           100 AM
 LOWEST     41           500 PM
 AVERAGE    66

..........................................................


THE BOSTON MA CLIMATE NORMALS FOR TODAY
                         NORMAL    RECORD    YEAR
 MAXIMUM TEMPERATURE (F)   82        98      1933
                                             1917
 MINIMUM TEMPERATURE (F)   66        52      1880


SUNRISE AND SUNSET
JULY 30 2015..........SUNRISE   534 AM EDT   SUNSET   806 PM EDT
JULY 31 2015..........SUNRISE   535 AM EDT   SUNSET   805 PM EDT


-  INDICATES NEGATIVE NUMBERS.
R  INDICATES RECORD WAS SET OR TIED.
MM INDICATES DATA IS MISSING.
T  INDICATES TRACE AMOUNT.




$$
