075
CDUS41 KBOX 282202
CLIBOS


CLIMATE REPORT
NATIONAL WEATHER SERVICE TAUNTON MA
555 PM EDT FRI APR 28 2017


...................................

...THE BOSTON MA CLIMATE SUMMARY FOR APRIL 28 2017...
VALID TODAY AS OF 0500 PM LOCAL TIME.

CLIMATE NORMAL PERIOD 1981 TO 2010
CLIMATE RECORD PERIOD 1872 TO 2017


WEATHER ITEM   OBSERVED TIME   RECORD YEAR NORMAL DEPARTURE LAST
                VALUE   (LST)  VALUE       VALUE  FROM      YEAR
                                                  NORMAL
..................................................................
TEMPERATURE (F)
 TODAY
  MAXIMUM         82    359 PM  93    2009  60     22       54
  MINIMUM         51    449 AM  30    1947  45      6       41
  AVERAGE         67                        52     15       48

PRECIPITATION (IN)
  TODAY            0.01          2.97 1904   0.11  -0.10     0.00
  MONTH TO DATE    5.72                      3.51   2.21     2.91
  SINCE MAR 1      9.90                      7.83   2.07     6.07
  SINCE JAN 1     17.37                     14.44   2.93    13.51

SNOWFALL (IN)
  TODAY            0.0           3.2  1987   0.0    0.0      0.0
  MONTH TO DATE    1.2                       1.9   -0.7      6.6
  SINCE MAR 1     11.3                       9.7    1.6     10.7
  SINCE JUL 1     47.6                      43.8    3.8     36.1
  SNOW DEPTH       0

DEGREE DAYS
 HEATING
  TODAY            0                        13    -13       17
  MONTH TO DATE  403                       485    -82      500
  SINCE MAR 1   1354                      1314     40     1188
  SINCE JUL 1   4893                      5356   -463     4518

 COOLING
  TODAY            2                         0      2        0
  MONTH TO DATE   12                         0     12        3
  SINCE MAR 1     12                         0     12        3
  SINCE JAN 1     12                         0     12        3
..................................................................


WIND (MPH)
  HIGHEST WIND SPEED    16   HIGHEST WIND DIRECTION     S (200)
  HIGHEST GUST SPEED    21   HIGHEST GUST DIRECTION    SW (220)
  AVERAGE WIND SPEED     6.4


SKY COVER
  POSSIBLE SUNSHINE  MM
  AVERAGE SKY COVER 0.8


WEATHER CONDITIONS
 THE FOLLOWING WEATHER WAS RECORDED TODAY.
  LIGHT RAIN
  FOG
  FOG W/VISIBILITY <= 1/4 MILE


RELATIVE HUMIDITY (PERCENT)
 HIGHEST   100           300 AM
 LOWEST     51           400 PM
 AVERAGE    76

..........................................................


THE BOSTON MA CLIMATE NORMALS FOR TOMORROW
                         NORMAL    RECORD    YEAR
 MAXIMUM TEMPERATURE (F)   61        85      1974
 MINIMUM TEMPERATURE (F)   45        31      1909


SUNRISE AND SUNSET
APRIL 28 2017.........SUNRISE   543 AM EDT   SUNSET   741 PM EDT
APRIL 29 2017.........SUNRISE   542 AM EDT   SUNSET   742 PM EDT


-  INDICATES NEGATIVE NUMBERS.
R  INDICATES RECORD WAS SET OR TIED.
MM INDICATES DATA IS MISSING.
T  INDICATES TRACE AMOUNT.




$$
