000
CDUS45 KRIW 260743
CLIBPI


CLIMATE REPORT
NATIONAL WEATHER SERVICE RIVERTON WY
127 AM MDT SUN MAR 26 2017


...................................

...THE BIG PINEY WY CLIMATE SUMMARY FOR MARCH 25 2017...

CLIMATE NORMAL PERIOD 1981 TO 2010
CLIMATE RECORD PERIOD 1976 TO 2017


WEATHER ITEM   OBSERVED TIME   RECORD YEAR NORMAL DEPARTURE LAST
                VALUE   (LST)  VALUE       VALUE  FROM      YEAR
                                                  NORMAL
..................................................................
TEMPERATURE (F)
 YESTERDAY
  MAXIMUM         38   1240 PM  66    2012  45     -7       39
  MINIMUM         27   1153 PM -18    1996  17     10       18
  AVERAGE         33                        31      2       29

PRECIPITATION (IN)
  YESTERDAY        0.17          0.28 2001   0.02   0.15      T
  MONTH TO DATE    1.18                      0.33   0.85     0.36
  SINCE MAR 1      1.18                      0.33   0.85     0.36
  SINCE JAN 1      2.92                      0.99   1.93     0.53

DEGREE DAYS
 HEATING
  YESTERDAY       32                        34     -2       36
  MONTH TO DATE  943                       975    -32      869
  SINCE MAR 1    943                       975    -32      869
  SINCE JUL 1   8373                      8498   -125     7723

 COOLING
  YESTERDAY        0                         0      0        0
  MONTH TO DATE    0                         0      0        0
  SINCE MAR 1      0                         0      0        0
  SINCE JAN 1      0                         0      0        0
..................................................................


WIND (MPH)
  HIGHEST WIND SPEED    18   HIGHEST WIND DIRECTION     N (350)
  HIGHEST GUST SPEED    25   HIGHEST GUST DIRECTION    SE (150)
  AVERAGE WIND SPEED     6.8


SKY COVER
  POSSIBLE SUNSHINE  MM
  AVERAGE SKY COVER 0.9


WEATHER CONDITIONS
 THE FOLLOWING WEATHER WAS RECORDED YESTERDAY.
  LIGHT RAIN
  LIGHT SNOW
  FOG


RELATIVE HUMIDITY (PERCENT)
 HIGHEST   100           700 AM
 LOWEST     70          1200 AM
 AVERAGE    85

..........................................................


THE BIG PINEY WY CLIMATE NORMALS FOR TODAY
                         NORMAL    RECORD    YEAR
 MAXIMUM TEMPERATURE (F)   46        59      2007
 MINIMUM TEMPERATURE (F)   17       -17      1996


SUNRISE AND SUNSET
MARCH 26 2017.........SUNRISE   713 AM MDT   SUNSET   740 PM MDT
MARCH 27 2017.........SUNRISE   711 AM MDT   SUNSET   741 PM MDT


-  INDICATES NEGATIVE NUMBERS.
R  INDICATES RECORD WAS SET OR TIED.
MM INDICATES DATA IS MISSING.
T  INDICATES TRACE AMOUNT.




$$
