000
CDUS45 KRIW 220735
CLIBPI


CLIMATE REPORT
NATIONAL WEATHER SERVICE RIVERTON WY
1233 AM MST WED FEB 22 2017


...................................

...THE BIG PINEY WY CLIMATE SUMMARY FOR FEBRUARY 21 2017...

CLIMATE NORMAL PERIOD 1981 TO 2010
CLIMATE RECORD PERIOD 1976 TO 2017


WEATHER ITEM   OBSERVED TIME   RECORD YEAR NORMAL DEPARTURE LAST
                VALUE   (LST)  VALUE       VALUE  FROM      YEAR
                                                  NORMAL
..................................................................
TEMPERATURE (F)
 YESTERDAY
  MAXIMUM         39    152 PM  45    1991  31      8       38
  MINIMUM         24   1149 PM -26    1984   2     22       12
  AVERAGE         32                        17     15       25

PRECIPITATION (IN)
  YESTERDAY        0.11          0.24 2006   0.01   0.10     0.00
  MONTH TO DATE    0.67                      0.26   0.41     0.11
  SINCE DEC 1      2.21                      0.87   1.34     0.26
  SINCE JAN 1      1.66                      0.57   1.09     0.15

DEGREE DAYS
 HEATING
  YESTERDAY       33                        48    -15       40
  MONTH TO DATE  929                      1083   -154      839
  SINCE DEC 1   4581                      4381    200     4083
  SINCE JUL 1   7030                      7196   -166     6564

 COOLING
  YESTERDAY        0                         0      0        0
  MONTH TO DATE    0                         0      0        0
  SINCE DEC 1      0                         0      0        0
  SINCE JAN 1      0                         0      0        0
..................................................................


WIND (MPH)
  HIGHEST WIND SPEED    36   HIGHEST WIND DIRECTION     W (250)
  HIGHEST GUST SPEED    42   HIGHEST GUST DIRECTION     W (260)
  AVERAGE WIND SPEED    15.4


SKY COVER
  POSSIBLE SUNSHINE  MM
  AVERAGE SKY COVER 1.0


WEATHER CONDITIONS
 THE FOLLOWING WEATHER WAS RECORDED YESTERDAY.
  LIGHT RAIN
  HEAVY SNOW
  LIGHT SNOW


RELATIVE HUMIDITY (PERCENT)
 HIGHEST    92          1200 AM
 LOWEST     76           200 PM
 AVERAGE    84

..........................................................


THE BIG PINEY WY CLIMATE NORMALS FOR TODAY
                         NORMAL    RECORD    YEAR
 MAXIMUM TEMPERATURE (F)   31        48      2007
 MINIMUM TEMPERATURE (F)    3       -23      1984


SUNRISE AND SUNSET
FEBRUARY 22 2017......SUNRISE   706 AM MST   SUNSET   602 PM MST
FEBRUARY 23 2017......SUNRISE   705 AM MST   SUNSET   603 PM MST


-  INDICATES NEGATIVE NUMBERS.
R  INDICATES RECORD WAS SET OR TIED.
MM INDICATES DATA IS MISSING.
T  INDICATES TRACE AMOUNT.




$$
