000
CDUS45 KRIW 300740
CLIBPI


CLIMATE REPORT
NATIONAL WEATHER SERVICE RIVERTON WY
126 AM MDT SUN AUG 30 2015


...................................

...THE BIG PINEY WY CLIMATE SUMMARY FOR AUGUST 29 2015...

CLIMATE NORMAL PERIOD 1981 TO 2010
CLIMATE RECORD PERIOD 1976 TO 2015


WEATHER ITEM   OBSERVED TIME   RECORD YEAR NORMAL DEPARTURE LAST
                VALUE   (LST)  VALUE       VALUE  FROM      YEAR
                                                  NORMAL
..................................................................
TEMPERATURE (F)
 YESTERDAY
  MAXIMUM         85    225 PM  87    2012  75     10       77
                                      2005
  MINIMUM         39    536 AM  26    1989  37      2       40
  AVERAGE         62                        56      6       59

PRECIPITATION (IN)
  YESTERDAY        T             0.03 2002   0.02  -0.02     0.00
  MONTH TO DATE    0.39                      0.64  -0.25     1.41
  SINCE JUN 1      2.35                      2.14   0.21     2.03
  SINCE JAN 1      5.33                      4.61   0.72     3.18

DEGREE DAYS
 HEATING
  YESTERDAY        3                         9     -6        6
  MONTH TO DATE  112                       158    -46      151
  SINCE JUN 1    405                       580   -175      552
  SINCE JUL 1    270                       275     -5      205

 COOLING
  YESTERDAY        0                         0      0        0
  MONTH TO DATE   10                        12     -2        0
  SINCE JUN 1     52                        36     16       26
  SINCE JAN 1     52                        36     16       26
..................................................................


WIND (MPH)
  HIGHEST WIND SPEED    21   HIGHEST WIND DIRECTION     W (270)
  HIGHEST GUST SPEED    27   HIGHEST GUST DIRECTION     W (260)
  AVERAGE WIND SPEED     5.1


SKY COVER
  POSSIBLE SUNSHINE  MM
  AVERAGE SKY COVER 0.1


WEATHER CONDITIONS
 THE FOLLOWING WEATHER WAS RECORDED YESTERDAY.
  NO SIGNIFICANT WEATHER WAS OBSERVED.


RELATIVE HUMIDITY (PERCENT)
 HIGHEST    70           300 AM
 LOWEST     16           200 PM
 AVERAGE    43

..........................................................


THE BIG PINEY WY CLIMATE NORMALS FOR TODAY
                         NORMAL    RECORD    YEAR
 MAXIMUM TEMPERATURE (F)   75        85      2008
                                             1990
 MINIMUM TEMPERATURE (F)   37        23      1993


SUNRISE AND SUNSET
AUGUST 30 2015........SUNRISE   643 AM MDT   SUNSET   758 PM MDT
AUGUST 31 2015........SUNRISE   644 AM MDT   SUNSET   757 PM MDT


-  INDICATES NEGATIVE NUMBERS.
R  INDICATES RECORD WAS SET OR TIED.
MM INDICATES DATA IS MISSING.
T  INDICATES TRACE AMOUNT.




$$
