000
CDUS45 KRIW 140740
CLIBPI


CLIMATE REPORT
NATIONAL WEATHER SERVICE RIVERTON WY
1240 AM MST THU DEC 14 2017


...................................

...THE BIG PINEY WY CLIMATE SUMMARY FOR DECEMBER 13 2017...

CLIMATE NORMAL PERIOD 1981 TO 2010
CLIMATE RECORD PERIOD 1976 TO 2017


WEATHER ITEM   OBSERVED TIME   RECORD YEAR NORMAL DEPARTURE LAST
                VALUE   (LST)  VALUE       VALUE  FROM      YEAR
                                                  NORMAL
..................................................................
TEMPERATURE (F)
 YESTERDAY
  MAXIMUM         37    127 PM  42    2014  26     11       20
  MINIMUM         17    145 AM -15    1982  -1     18      -12
  AVERAGE         27                        12     15        4

PRECIPITATION (IN)
  YESTERDAY        T             0.02 2008   0.01  -0.01     0.00
                                      1996
  MONTH TO DATE    T                         0.12  -0.12     0.13
  SINCE DEC 1      T                         0.12  -0.12     0.13
  SINCE JAN 1      9.08                      6.30   2.78    12.17

DEGREE DAYS
 HEATING
  YESTERDAY       38                        52    -14       61
  MONTH TO DATE  489                       661   -172      709
  SINCE DEC 1    489                       661   -172      709
  SINCE JUL 1   3045                      3476   -431     3158

 COOLING
  YESTERDAY        0                         0      0        0
  MONTH TO DATE    0                         0      0        0
  SINCE DEC 1      0                         0      0        0
  SINCE JAN 1     27                        35     -8       23
..................................................................


WIND (MPH)
  HIGHEST WIND SPEED    29   HIGHEST WIND DIRECTION     N (20)
  HIGHEST GUST SPEED    36   HIGHEST GUST DIRECTION     N (20)
  AVERAGE WIND SPEED     8.4


SKY COVER
  POSSIBLE SUNSHINE  MM
  AVERAGE SKY COVER 0.9


WEATHER CONDITIONS
 THE FOLLOWING WEATHER WAS RECORDED YESTERDAY.
  LIGHT SNOW


RELATIVE HUMIDITY (PERCENT)
 HIGHEST    81          1000 PM
 LOWEST     23           100 PM
 AVERAGE    52

..........................................................


THE BIG PINEY WY CLIMATE NORMALS FOR TODAY
                         NORMAL    RECORD    YEAR
 MAXIMUM TEMPERATURE (F)   26        46      1988
 MINIMUM TEMPERATURE (F)   -1       -18      1984


SUNRISE AND SUNSET
DECEMBER 14 2017......SUNRISE   743 AM MST   SUNSET   448 PM MST
DECEMBER 15 2017......SUNRISE   743 AM MST   SUNSET   448 PM MST


-  INDICATES NEGATIVE NUMBERS.
R  INDICATES RECORD WAS SET OR TIED.
MM INDICATES DATA IS MISSING.
T  INDICATES TRACE AMOUNT.




$$
