000
CDUS45 KRIW 210735
CLIBPI


CLIMATE REPORT
NATIONAL WEATHER SERVICE RIVERTON WY
133 AM MDT MON APR 21 2014


...................................

...THE BIG PINEY WY CLIMATE SUMMARY FOR APRIL 20 2014...

CLIMATE NORMAL PERIOD 1981 TO 2010
CLIMATE RECORD PERIOD 1976 TO 2014


WEATHER ITEM   OBSERVED TIME   RECORD YEAR NORMAL DEPARTURE LAST
                VALUE   (LST)  VALUE       VALUE  FROM      YEAR
                                                  NORMAL
..................................................................
TEMPERATURE (F)
 YESTERDAY
  MAXIMUM         63    150 PM  72    1994  54      9       52
  MINIMUM         23    343 AM  11    2008  23      0       27
  AVERAGE         43                        38      5       40

PRECIPITATION (IN)
  YESTERDAY        0.00          0.23 2002   0.02  -0.02     0.00
  MONTH TO DATE    0.02                      0.32  -0.30     0.16
  SINCE MAR 1      0.14                      0.76  -0.62     0.19
  SINCE JAN 1      0.18                      1.42  -1.24     0.35

DEGREE DAYS
 HEATING
  YESTERDAY       22                        27     -5       25
  MONTH TO DATE  588                       584      4      641
  SINCE MAR 1   1647                      1756   -109     1759
  SINCE JUL 1   8591                      9279   -688     8623

 COOLING
  YESTERDAY        0                         0      0        0
  MONTH TO DATE    0                         0      0        0
  SINCE MAR 1      0                         0      0        0
  SINCE JAN 1      0                         0      0        0
..................................................................


WIND (MPH)
  HIGHEST WIND SPEED    21   HIGHEST WIND DIRECTION    NW (320)
  HIGHEST GUST SPEED    27   HIGHEST GUST DIRECTION    NW (310)
  AVERAGE WIND SPEED     7.2


SKY COVER
  POSSIBLE SUNSHINE  MM
  AVERAGE SKY COVER 0.0


WEATHER CONDITIONS
 THE FOLLOWING WEATHER WAS RECORDED YESTERDAY.
  NO SIGNIFICANT WEATHER WAS OBSERVED.


RELATIVE HUMIDITY (PERCENT)
 HIGHEST    81           400 AM
 LOWEST     14           500 PM
 AVERAGE    48

..........................................................


THE BIG PINEY WY CLIMATE NORMALS FOR TODAY
                         NORMAL    RECORD    YEAR
 MAXIMUM TEMPERATURE (F)   54        75      1994
 MINIMUM TEMPERATURE (F)   23         4      2008


SUNRISE AND SUNSET
APRIL 21 2014.........SUNRISE   630 AM MDT   SUNSET   809 PM MDT
APRIL 22 2014.........SUNRISE   628 AM MDT   SUNSET   810 PM MDT


-  INDICATES NEGATIVE NUMBERS.
R  INDICATES RECORD WAS SET OR TIED.
MM INDICATES DATA IS MISSING.
T  INDICATES TRACE AMOUNT.




$$
