000
CDUS45 KRIW 250734
CLIBPI


CLIMATE REPORT
NATIONAL WEATHER SERVICE RIVERTON WY
1234 AM MST SUN FEB 25 2018


...................................

...THE BIG PINEY WY CLIMATE SUMMARY FOR FEBRUARY 24 2018...

CLIMATE NORMAL PERIOD 1981 TO 2010
CLIMATE RECORD PERIOD 1976 TO 2018


WEATHER ITEM   OBSERVED TIME   RECORD YEAR NORMAL DEPARTURE LAST
                VALUE   (LST)  VALUE       VALUE  FROM      YEAR
                                                  NORMAL
..................................................................
TEMPERATURE (F)
 YESTERDAY
  MAXIMUM         20    304 PM  49    1981  32    -12       21
  MINIMUM         -9    602 AM -15    1997   4    -13       -6
  AVERAGE          6                        18    -12        8

PRECIPITATION (IN)
  YESTERDAY        T             0.20 1998   0.01  -0.01      T
  MONTH TO DATE    T                         0.30  -0.30     0.68
  SINCE DEC 1      0.12                      0.91  -0.79     2.22
  SINCE JAN 1      0.05                      0.61  -0.56     1.67

DEGREE DAYS
 HEATING
  YESTERDAY       59                        47     12       57
  MONTH TO DATE 1086                      1226   -140     1071
  SINCE DEC 1   3748                      4524   -776     4723
  SINCE JUL 1   6304                      7339  -1035     7172

 COOLING
  YESTERDAY        0                         0      0        0
  MONTH TO DATE    0                         0      0        0
  SINCE DEC 1      0                         0      0        0
  SINCE JAN 1      0                         0      0        0
..................................................................


WIND (MPH)
  HIGHEST WIND SPEED    15   HIGHEST WIND DIRECTION     W (260)
  HIGHEST GUST SPEED    18   HIGHEST GUST DIRECTION     W (260)
  AVERAGE WIND SPEED     5.0


SKY COVER
  POSSIBLE SUNSHINE  MM
  AVERAGE SKY COVER 0.4


WEATHER CONDITIONS
 THE FOLLOWING WEATHER WAS RECORDED YESTERDAY.
  HAZE


RELATIVE HUMIDITY (PERCENT)
 HIGHEST    95          1100 PM
 LOWEST     49           100 PM
 AVERAGE    72

..........................................................


THE BIG PINEY WY CLIMATE NORMALS FOR TODAY
                         NORMAL    RECORD    YEAR
 MAXIMUM TEMPERATURE (F)   32        51      1981
 MINIMUM TEMPERATURE (F)    4       -12      1997


SUNRISE AND SUNSET
FEBRUARY 25 2018......SUNRISE   702 AM MST   SUNSET   605 PM MST
FEBRUARY 26 2018......SUNRISE   701 AM MST   SUNSET   607 PM MST


-  INDICATES NEGATIVE NUMBERS.
R  INDICATES RECORD WAS SET OR TIED.
MM INDICATES DATA IS MISSING.
T  INDICATES TRACE AMOUNT.




$$
