000
CDUS45 KRIW 260757
CLIBPI


CLIMATE REPORT
NATIONAL WEATHER SERVICE RIVERTON WY
1245 AM MST WED NOV 26 2014


...................................

...THE BIG PINEY WY CLIMATE SUMMARY FOR NOVEMBER 25 2014...

CLIMATE NORMAL PERIOD 1981 TO 2010
CLIMATE RECORD PERIOD 1976 TO 2014


WEATHER ITEM   OBSERVED TIME   RECORD YEAR NORMAL DEPARTURE LAST
                VALUE   (LST)  VALUE       VALUE  FROM      YEAR
                                                  NORMAL
..................................................................
TEMPERATURE (F)
 YESTERDAY
  MAXIMUM         MM        MM  52    1995  32     MM       37
  MINIMUM         MM        MM -23    2010   6     MM       -2
  AVERAGE         MM                        19     MM       18

PRECIPITATION (IN)
  YESTERDAY        T             0.14 2005   0.01  -0.01     0.00
  MONTH TO DATE    0.05                      0.18  -0.13     0.29
  SINCE SEP 1      1.30                      1.49  -0.19     1.51
  SINCE JAN 1      4.67                      6.15  -1.48     4.51

DEGREE DAYS
 HEATING
  YESTERDAY       MM                        46     MM       47
  MONTH TO DATE  955                       997    -42      986
  SINCE SEP 1   2003                      2284   -281     2146
  SINCE JUL 1   2232                      2577   -345     2247

 COOLING
  YESTERDAY       MM                         0     MM        0
  MONTH TO DATE    0                         0      0        0
  SINCE SEP 1      0                         0      0        5
  SINCE JAN 1     26                        35     -9       89
..................................................................


WIND (MPH)
  HIGHEST WIND SPEED    MM   HIGHEST WIND DIRECTION    MM
  HIGHEST GUST SPEED    MM   HIGHEST GUST DIRECTION    MM
  AVERAGE WIND SPEED    MM


SKY COVER
  POSSIBLE SUNSHINE  MM
  AVERAGE SKY COVER 0.9


WEATHER CONDITIONS
 THE FOLLOWING WEATHER WAS RECORDED YESTERDAY.
  NO SIGNIFICANT WEATHER WAS OBSERVED.


RELATIVE HUMIDITY (PERCENT)
 HIGHEST    MM
 LOWEST     MM
 AVERAGE    MM

..........................................................


THE BIG PINEY WY CLIMATE NORMALS FOR TODAY
                         NORMAL    RECORD    YEAR
 MAXIMUM TEMPERATURE (F)   31        55      1990
 MINIMUM TEMPERATURE (F)    5       -23      1984


SUNRISE AND SUNSET
NOVEMBER 26 2014......SUNRISE   725 AM MST   SUNSET   450 PM MST
NOVEMBER 27 2014......SUNRISE   726 AM MST   SUNSET   450 PM MST


-  INDICATES NEGATIVE NUMBERS.
R  INDICATES RECORD WAS SET OR TIED.
MM INDICATES DATA IS MISSING.
T  INDICATES TRACE AMOUNT.




$$
