000
CDUS45 KRIW 060736
CLIBPI


CLIMATE REPORT
NATIONAL WEATHER SERVICE RIVERTON WY
127 AM MDT FRI MAY 6 2016


...................................

...THE BIG PINEY WY CLIMATE SUMMARY FOR MAY 5 2016...

CLIMATE NORMAL PERIOD 1981 TO 2010
CLIMATE RECORD PERIOD 1976 TO 2016


WEATHER ITEM   OBSERVED TIME   RECORD YEAR NORMAL DEPARTURE LAST
                VALUE   (LST)  VALUE       VALUE  FROM      YEAR
                                                  NORMAL
..................................................................
TEMPERATURE (F)
 YESTERDAY
  MAXIMUM         75R   328 PM  74    1986  58     17       64
  MINIMUM         35    533 AM  10    2010  27      8       32
  AVERAGE         55                        42     13       48

PRECIPITATION (IN)
  YESTERDAY        0.00          0.34 2005   0.02  -0.02     0.01
  MONTH TO DATE    0.00                      0.12  -0.12     0.05
  SINCE MAR 1      1.89                      1.09   0.80     0.67
  SINCE JAN 1      2.06                      1.75   0.31     0.73

DEGREE DAYS
 HEATING
  YESTERDAY       10                        23    -13       17
  MONTH TO DATE   96                       116    -20       86
  SINCE MAR 1   1904                      2124   -220     1796
  SINCE JUL 1   8758                      9647   -889     7896

 COOLING
  YESTERDAY        0                         0      0        0
  MONTH TO DATE    0                         0      0        0
  SINCE MAR 1      0                         0      0        0
  SINCE JAN 1      0                         0      0        0
..................................................................


WIND (MPH)
  HIGHEST WIND SPEED    18   HIGHEST WIND DIRECTION     S (170)
  HIGHEST GUST SPEED    23   HIGHEST GUST DIRECTION     S (190)
  AVERAGE WIND SPEED     5.0


SKY COVER
  POSSIBLE SUNSHINE  MM
  AVERAGE SKY COVER 0.1


WEATHER CONDITIONS
 THE FOLLOWING WEATHER WAS RECORDED YESTERDAY.
  NO SIGNIFICANT WEATHER WAS OBSERVED.


RELATIVE HUMIDITY (PERCENT)
 HIGHEST    75           500 AM
 LOWEST     15           200 PM
 AVERAGE    45

..........................................................


THE BIG PINEY WY CLIMATE NORMALS FOR TODAY
                         NORMAL    RECORD    YEAR
 MAXIMUM TEMPERATURE (F)   59        74      2004
 MINIMUM TEMPERATURE (F)   27        12      2003


SUNRISE AND SUNSET
MAY  6 2016...........SUNRISE   608 AM MDT   SUNSET   827 PM MDT
MAY  7 2016...........SUNRISE   607 AM MDT   SUNSET   828 PM MDT


-  INDICATES NEGATIVE NUMBERS.
R  INDICATES RECORD WAS SET OR TIED.
MM INDICATES DATA IS MISSING.
T  INDICATES TRACE AMOUNT.




$$
