000
CDUS45 KRIW 210737
CLIBPI


CLIMATE REPORT
NATIONAL WEATHER SERVICE RIVERTON WY
135 AM MDT SAT OCT 21 2017


...................................

...THE BIG PINEY WY CLIMATE SUMMARY FOR OCTOBER 20 2017...

CLIMATE NORMAL PERIOD 1981 TO 2010
CLIMATE RECORD PERIOD 1976 TO 2017


WEATHER ITEM   OBSERVED TIME   RECORD YEAR NORMAL DEPARTURE LAST
                VALUE   (LST)  VALUE       VALUE  FROM      YEAR
                                                  NORMAL
..................................................................
TEMPERATURE (F)
 YESTERDAY
  MAXIMUM         61   1129 AM  72    2003  54      7       40
  MINIMUM         22   1010 PM   3    1976  20      2       11
  AVERAGE         42                        37      5       26

PRECIPITATION (IN)
  YESTERDAY        0.00          0.98 2004   0.02  -0.02     0.00
  MONTH TO DATE    0.01                      0.41  -0.40     2.10
  SINCE SEP 1      1.73                      1.19   0.54     3.66
  SINCE JAN 1      8.83                      5.85   2.98    11.14

DEGREE DAYS
 HEATING
  YESTERDAY       23                        28     -5       39
  MONTH TO DATE  565                       491     74      507
  SINCE SEP 1    991                       949     42      876
  SINCE JUL 1   1178                      1242    -64     1159

 COOLING
  YESTERDAY        0                         0      0        0
  MONTH TO DATE    0                         0      0        0
  SINCE SEP 1      0                         0      0        0
  SINCE JAN 1     27                        35     -8       23
..................................................................


WIND (MPH)
  HIGHEST WIND SPEED    37   HIGHEST WIND DIRECTION     W (280)
  HIGHEST GUST SPEED    45   HIGHEST GUST DIRECTION     W (270)
  AVERAGE WIND SPEED    11.2


SKY COVER
  POSSIBLE SUNSHINE  MM
  AVERAGE SKY COVER 0.4


WEATHER CONDITIONS
 THE FOLLOWING WEATHER WAS RECORDED YESTERDAY.
  NO SIGNIFICANT WEATHER WAS OBSERVED.


RELATIVE HUMIDITY (PERCENT)
 HIGHEST    81          1100 PM
 LOWEST     25          1100 AM
 AVERAGE    53

..........................................................


THE BIG PINEY WY CLIMATE NORMALS FOR TODAY
                         NORMAL    RECORD    YEAR
 MAXIMUM TEMPERATURE (F)   53        76      2003
 MINIMUM TEMPERATURE (F)   20         7      1976


SUNRISE AND SUNSET
OCTOBER 21 2017.......SUNRISE   741 AM MDT   SUNSET   628 PM MDT
OCTOBER 22 2017.......SUNRISE   742 AM MDT   SUNSET   627 PM MDT


-  INDICATES NEGATIVE NUMBERS.
R  INDICATES RECORD WAS SET OR TIED.
MM INDICATES DATA IS MISSING.
T  INDICATES TRACE AMOUNT.




$$
