000
CDUS45 KRIW 220735
CLIBPI


CLIMATE REPORT
NATIONAL WEATHER SERVICE RIVERTON WY
135 AM MDT FRI MAY 22 2015


...................................

...THE BIG PINEY WY CLIMATE SUMMARY FOR MAY 21 2015...

CLIMATE NORMAL PERIOD 1981 TO 2010
CLIMATE RECORD PERIOD 1976 TO 2015


WEATHER ITEM   OBSERVED TIME   RECORD YEAR NORMAL DEPARTURE LAST
                VALUE   (LST)  VALUE       VALUE  FROM      YEAR
                                                  NORMAL
..................................................................
TEMPERATURE (F)
 YESTERDAY
  MAXIMUM         60    403 PM  81    2012  63     -3       71
  MINIMUM         38    547 AM  13    2001  32      6       34
                                      1984
  AVERAGE         49                        47      2       53

PRECIPITATION (IN)
  YESTERDAY        T             1.12 1987   0.03  -0.03     0.00
  MONTH TO DATE    1.58                      0.56   1.02     0.66
  SINCE MAR 1      2.20                      1.53   0.67     1.03
  SINCE JAN 1      2.26                      2.19   0.07     1.07

DEGREE DAYS
 HEATING
  YESTERDAY       16                        18     -2       12
  MONTH TO DATE  419                       435    -16      413
  SINCE MAR 1   2129                      2443   -314     2331
  SINCE JUL 1   8229                      9966  -1737     9275

 COOLING
  YESTERDAY        0                         0      0        0
  MONTH TO DATE    0                         0      0        0
  SINCE MAR 1      0                         0      0        0
  SINCE JAN 1      0                         0      0        0
..................................................................


WIND (MPH)
  HIGHEST WIND SPEED    28   HIGHEST WIND DIRECTION     S (190)
  HIGHEST GUST SPEED    37   HIGHEST GUST DIRECTION     S (190)
  AVERAGE WIND SPEED     5.0


SKY COVER
  POSSIBLE SUNSHINE  MM
  AVERAGE SKY COVER 0.7


WEATHER CONDITIONS
 THE FOLLOWING WEATHER WAS RECORDED YESTERDAY.
  LIGHT RAIN


RELATIVE HUMIDITY (PERCENT)
 HIGHEST    85           100 AM
 LOWEST     40           300 PM
 AVERAGE    63

..........................................................


THE BIG PINEY WY CLIMATE NORMALS FOR TODAY
                         NORMAL    RECORD    YEAR
 MAXIMUM TEMPERATURE (F)   64        76      1986
                                             1980
 MINIMUM TEMPERATURE (F)   32        20      2007
                                             1989


SUNRISE AND SUNSET
MAY 22 2015...........SUNRISE   552 AM MDT   SUNSET   843 PM MDT
MAY 23 2015...........SUNRISE   551 AM MDT   SUNSET   843 PM MDT


-  INDICATES NEGATIVE NUMBERS.
R  INDICATES RECORD WAS SET OR TIED.
MM INDICATES DATA IS MISSING.
T  INDICATES TRACE AMOUNT.




$$
