000
CDUS45 KRIW 250741
CLIBPI


CLIMATE REPORT
NATIONAL WEATHER SERVICE RIVERTON WY
1240 AM MST THU DEC 25 2014


...................................

...THE BIG PINEY WY CLIMATE SUMMARY FOR DECEMBER 24 2014...

CLIMATE NORMAL PERIOD 1981 TO 2010
CLIMATE RECORD PERIOD 1976 TO 2014


WEATHER ITEM   OBSERVED TIME   RECORD YEAR NORMAL DEPARTURE LAST
                VALUE   (LST)  VALUE       VALUE  FROM      YEAR
                                                  NORMAL
..................................................................
TEMPERATURE (F)
 YESTERDAY
  MAXIMUM         28    257 PM  49    1980  26      2       34
  MINIMUM          1    749 AM -47    1990  -3      4        0
  AVERAGE         15                        11      4       17

PRECIPITATION (IN)
  YESTERDAY        T             0.13 1997   0.01  -0.01     0.02
  MONTH TO DATE    0.12                      0.22  -0.10     0.19
  SINCE DEC 1      0.12                      0.22  -0.10     0.19
  SINCE JAN 1      4.79                      6.40  -1.61     4.70

DEGREE DAYS
 HEATING
  YESTERDAY       50                        54     -4       48
  MONTH TO DATE  917                      1248   -331     1288
  SINCE DEC 1    917                      1248   -331     1288
  SINCE JUL 1   3145                      4063   -918     3753

 COOLING
  YESTERDAY        0                         0      0        0
  MONTH TO DATE    0                         0      0        0
  SINCE DEC 1      0                         0      0        0
  SINCE JAN 1     26                        35     -9       89
..................................................................


WIND (MPH)
  HIGHEST WIND SPEED    13   HIGHEST WIND DIRECTION     N (360)
  HIGHEST GUST SPEED    13   HIGHEST GUST DIRECTION     N (360)
  AVERAGE WIND SPEED     3.9


SKY COVER
  POSSIBLE SUNSHINE  MM
  AVERAGE SKY COVER 0.5


WEATHER CONDITIONS
 THE FOLLOWING WEATHER WAS RECORDED YESTERDAY.
  LIGHT SNOW
  FOG


RELATIVE HUMIDITY (PERCENT)
 HIGHEST    92           900 PM
 LOWEST     57           100 PM
 AVERAGE    75

..........................................................


THE BIG PINEY WY CLIMATE NORMALS FOR TODAY
                         NORMAL    RECORD    YEAR
 MAXIMUM TEMPERATURE (F)   26        49      2005
                                             1980
 MINIMUM TEMPERATURE (F)   -3       -20      2002
                                             1997


SUNRISE AND SUNSET
DECEMBER 25 2014......SUNRISE   749 AM MST   SUNSET   452 PM MST
DECEMBER 26 2014......SUNRISE   749 AM MST   SUNSET   453 PM MST


-  INDICATES NEGATIVE NUMBERS.
R  INDICATES RECORD WAS SET OR TIED.
MM INDICATES DATA IS MISSING.
T  INDICATES TRACE AMOUNT.




$$
