000
CDUS44 KLCH 090816
CLIBPT


CLIMATE REPORT
NATIONAL WEATHER SERVICE LAKE CHARLES, LA
216 AM CST TUE FEB 9 2016


...................................

...THE BEAUMONT PORT ARTHUR CLIMATE SUMMARY FOR FEBRUARY 8 2016...

CLIMATE NORMAL PERIOD 1981 TO 2010
CLIMATE RECORD PERIOD 1901 TO 2016


WEATHER ITEM   OBSERVED TIME   RECORD YEAR NORMAL DEPARTURE LAST
                VALUE   (LST)  VALUE       VALUE  FROM      YEAR
                                                  NORMAL
..................................................................
TEMPERATURE (F)
 YESTERDAY
  MAXIMUM         64    158 PM  80    1950  64      0       76
                                      1932
  MINIMUM         40   1024 PM  18    1933  45     -5       54
  AVERAGE         52                        55     -3       65

PRECIPITATION (IN)
  YESTERDAY        0.00          1.52 1990   0.14  -0.14     0.00
  MONTH TO DATE    0.12                      1.08  -0.96     0.42
  SINCE DEC 1      8.25                     11.63  -3.38     9.55
  SINCE JAN 1      4.11                      6.34  -2.23     6.41

SNOWFALL (IN)
  YESTERDAY       MM             0.0    MM   0.0   MM        0.0
  MONTH TO DATE    0.0                       0.0    0.0      0.0
  SINCE DEC 1      0.0                       T      0.0      0.0
  SINCE JUL 1      0.0                       T      0.0      0.0
  SNOW DEPTH       0

DEGREE DAYS
 HEATING
  YESTERDAY       13                        11      2        0
  MONTH TO DATE  103                        90     13       98
  SINCE DEC 1    659                       838   -179      787
  SINCE JUL 1    723                      1033   -310     1024

 COOLING
  YESTERDAY        0                         1     -1        0
  MONTH TO DATE    5                         2      3        1
  SINCE DEC 1     79                        35     44       21
  SINCE JAN 1     11                        13     -2        1
..................................................................


WIND (MPH)
  HIGHEST WIND SPEED    32   HIGHEST WIND DIRECTION    NW (320)
  HIGHEST GUST SPEED    40   HIGHEST GUST DIRECTION    NW (330)
  AVERAGE WIND SPEED    12.6


SKY COVER
  POSSIBLE SUNSHINE  MM
  AVERAGE SKY COVER 0.0


WEATHER CONDITIONS
 THE FOLLOWING WEATHER WAS RECORDED YESTERDAY.
  FOG


RELATIVE HUMIDITY (PERCENT)
 HIGHEST   100          1200 AM
 LOWEST     13           300 PM
 AVERAGE    57

..........................................................


THE BEAUMONT PORT ARTHUR CLIMATE NORMALS FOR TODAY
                         NORMAL    RECORD    YEAR
 MAXIMUM TEMPERATURE (F)   64        84      1962
 MINIMUM TEMPERATURE (F)   45        18      1933


SUNRISE AND SUNSET
FEBRUARY  9 2016......SUNRISE   701 AM CST   SUNSET   600 PM CST
FEBRUARY 10 2016......SUNRISE   700 AM CST   SUNSET   601 PM CST


-  INDICATES NEGATIVE NUMBERS.
R  INDICATES RECORD WAS SET OR TIED.
MM INDICATES DATA IS MISSING.
T  INDICATES TRACE AMOUNT.




$$
