000
CDUS44 KLCH 230843
CLIBPT


CLIMATE REPORT
NATIONAL WEATHER SERVICE LAKE CHARLES, LA
343 AM CDT SUN APR 23 2017


...................................

...THE BEAUMONT PORT ARTHUR CLIMATE SUMMARY FOR APRIL 22 2017...

CLIMATE NORMAL PERIOD 1981 TO 2010
CLIMATE RECORD PERIOD 1901 TO 2017


WEATHER ITEM   OBSERVED TIME   RECORD YEAR NORMAL DEPARTURE LAST
                VALUE   (LST)  VALUE       VALUE  FROM      YEAR
                                                  NORMAL
..................................................................
TEMPERATURE (F)
 YESTERDAY
  MAXIMUM         89R  1234 PM  89    2006  79     10       85
  MINIMUM         61   1159 PM  43    1931  61      0       59
  AVERAGE         75                        70      5       72

PRECIPITATION (IN)
  YESTERDAY        0.01          2.11 1974   0.12  -0.11     0.00
  MONTH TO DATE    1.50                      2.23  -0.73     7.31
  SINCE MAR 1     10.36                      5.76   4.60    12.16
  SINCE JAN 1     12.41                     14.60  -2.19    18.12

SNOWFALL (IN)
  YESTERDAY        0.0           0.0    MM   0.0    0.0      0.0
  MONTH TO DATE    0.0                       0.0    0.0      0.0
  SINCE MAR 1      0.0                       0.0    0.0      0.0
  SINCE JUL 1      0.0                       T      0.0      0.0
  SNOW DEPTH       0

DEGREE DAYS
 HEATING
  YESTERDAY        0                         1     -1        0
  MONTH TO DATE    4                        37    -33       11
  SINCE MAR 1     58                       185   -127       65
  SINCE JUL 1    613                      1398   -785      889

 COOLING
  YESTERDAY       10                         6      4        7
  MONTH TO DATE  178                        93     85      109
  SINCE MAR 1    331                       148    183      241
  SINCE JAN 1    525                       174    351      272
..................................................................


WIND (MPH)
  HIGHEST WIND SPEED    22   HIGHEST WIND DIRECTION     N (340)
  HIGHEST GUST SPEED    31   HIGHEST GUST DIRECTION     N (340)
  AVERAGE WIND SPEED    11.3


SKY COVER
  POSSIBLE SUNSHINE  MM
  AVERAGE SKY COVER 0.5


WEATHER CONDITIONS
 THE FOLLOWING WEATHER WAS RECORDED YESTERDAY.
  LIGHT RAIN


RELATIVE HUMIDITY (PERCENT)
 HIGHEST    97           600 AM
 LOWEST     50          1200 PM
 AVERAGE    74

..........................................................


THE BEAUMONT PORT ARTHUR CLIMATE NORMALS FOR TODAY
                         NORMAL    RECORD    YEAR
 MAXIMUM TEMPERATURE (F)   80        91      1919
 MINIMUM TEMPERATURE (F)   61        45      1927


SUNRISE AND SUNSET
APRIL 23 2017.........SUNRISE   641 AM CDT   SUNSET   748 PM CDT
APRIL 24 2017.........SUNRISE   640 AM CDT   SUNSET   749 PM CDT


-  INDICATES NEGATIVE NUMBERS.
R  INDICATES RECORD WAS SET OR TIED.
MM INDICATES DATA IS MISSING.
T  INDICATES TRACE AMOUNT.




$$
