000
CDUS44 KLCH 262246
CLIBPT


CLIMATE REPORT
NATIONAL WEATHER SERVICE LAKE CHARLES, LA
446 PM CST THU FEB 26 2015


...................................

...THE BEAUMONT PORT ARTHUR CLIMATE SUMMARY FOR FEBRUARY 26 2015...
VALID TODAY AS OF 0400 PM LOCAL TIME.

CLIMATE NORMAL PERIOD 1981 TO 2010
CLIMATE RECORD PERIOD 1901 TO 2015


WEATHER ITEM   OBSERVED TIME   RECORD YEAR NORMAL DEPARTURE LAST
                VALUE   (LST)  VALUE       VALUE  FROM      YEAR
                                                  NORMAL
..................................................................
TEMPERATURE (F)
 TODAY
  MAXIMUM         56    359 PM  85    1986  68    -12       58
  MINIMUM         38    543 AM  27    1960  49    -11       41
  AVERAGE         47                        58    -11       50

PRECIPITATION (IN)
  TODAY            0.00          2.85 1987   0.11  -0.11     1.04
  MONTH TO DATE    0.99                      3.34  -2.35     5.45
  SINCE DEC 1     10.12                     13.89  -3.77     8.01
  SINCE JAN 1      6.98                      8.60  -1.62     6.72

SNOWFALL (IN)
  TODAY            0.0           0.0    MM   0.0    0.0     MM
  MONTH TO DATE    0.0                       0.0    0.0       T
  SINCE DEC 1      0.0                       T      0.0      0.3
  SINCE JUL 1      0.0                       T      0.0      0.3
  SNOW DEPTH       0

DEGREE DAYS
 HEATING
  TODAY           18                         8     10       15
  MONTH TO DATE  297                       256     41      282
  SINCE DEC 1    986                      1004    -18     1196
  SINCE JUL 1   1223                      1199     24     1438

 COOLING
  TODAY            0                         1     -1        0
  MONTH TO DATE    8                        14     -6       24
  SINCE DEC 1     28                        47    -19       48
  SINCE JAN 1      8                        25    -17       24
..................................................................


WIND (MPH)
  HIGHEST WIND SPEED    20   HIGHEST WIND DIRECTION     N (350)
  HIGHEST GUST SPEED    25   HIGHEST GUST DIRECTION     N (360)
  AVERAGE WIND SPEED    10.5


SKY COVER
  POSSIBLE SUNSHINE  MM
  AVERAGE SKY COVER 0.8


WEATHER CONDITIONS
 THE FOLLOWING WEATHER WAS RECORDED TODAY.
  NO SIGNIFICANT WEATHER WAS OBSERVED.


RELATIVE HUMIDITY (PERCENT)
 HIGHEST    85           300 AM
 LOWEST     47           300 PM
 AVERAGE    66

..........................................................


THE BEAUMONT PORT ARTHUR CLIMATE NORMALS FOR TOMORROW
                         NORMAL    RECORD    YEAR
 MAXIMUM TEMPERATURE (F)   68        83      1956
 MINIMUM TEMPERATURE (F)   49        21      2002


SUNRISE AND SUNSET
FEBRUARY 26 2015......SUNRISE   645 AM CST   SUNSET   613 PM CST
FEBRUARY 27 2015......SUNRISE   644 AM CST   SUNSET   614 PM CST


-  INDICATES NEGATIVE NUMBERS.
R  INDICATES RECORD WAS SET OR TIED.
MM INDICATES DATA IS MISSING.
T  INDICATES TRACE AMOUNT.




$$
