000
CDUS44 KLCH 301001
CLIBPT


CLIMATE REPORT
NATIONAL WEATHER SERVICE LAKE CHARLES, LA
501 AM CDT THU OCT 30 2014


...................................

...THE BEAUMONT PORT ARTHUR CLIMATE SUMMARY FOR OCTOBER 29 2014...

CLIMATE NORMAL PERIOD 1981 TO 2010
CLIMATE RECORD PERIOD 1901 TO 2014


WEATHER ITEM   OBSERVED TIME   RECORD YEAR NORMAL DEPARTURE LAST
                VALUE   (LST)  VALUE       VALUE  FROM      YEAR
                                                  NORMAL
..................................................................
TEMPERATURE (F)
 YESTERDAY
  MAXIMUM         87    105 PM  90    1915  77     10       83
  MINIMUM         63    436 AM  33    1917  57      6       67
  AVERAGE         75                        67      8       75

PRECIPITATION (IN)
  YESTERDAY        T             3.18 2002   0.17  -0.17     0.00
  MONTH TO DATE    2.19                      5.26  -3.07     4.39
  SINCE SEP 1      8.94                     11.23  -2.29    12.53
  SINCE JAN 1     44.34                     50.46  -6.12    47.74

SNOWFALL (IN)
  YESTERDAY        0.0           0.0    MM   0.0    0.0      0.0
  MONTH TO DATE    0.0                       0.0    0.0      0.0
  SINCE SEP 1      0.0                       0.0    0.0      0.0
  SINCE JUL 1      0.0                       0.0    0.0      0.0
  SNOW DEPTH       0

DEGREE DAYS
 HEATING
  YESTERDAY        0                         2     -2        0
  MONTH TO DATE    0                        26    -26        9
  SINCE SEP 1      0                        27    -27        9
  SINCE JUL 1      0                        27    -27        9

 COOLING
  YESTERDAY       10                         4      6       10
  MONTH TO DATE  252                       197     55      204
  SINCE SEP 1    732                       616    116      738
  SINCE JAN 1   2875                      2783     92     2928
..................................................................


WIND (MPH)
  HIGHEST WIND SPEED    20   HIGHEST WIND DIRECTION     N (20)
  HIGHEST GUST SPEED    23   HIGHEST GUST DIRECTION     N (10)
  AVERAGE WIND SPEED     6.8


SKY COVER
  POSSIBLE SUNSHINE  MM
  AVERAGE SKY COVER 0.6


WEATHER CONDITIONS
 THE FOLLOWING WEATHER WAS RECORDED YESTERDAY.
  LIGHT RAIN
  FOG
  FOG W/VISIBILITY <= 1/4 MILE


RELATIVE HUMIDITY (PERCENT)
 HIGHEST   100          1200 AM
 LOWEST     48           100 PM
 AVERAGE    74

..........................................................


THE BEAUMONT PORT ARTHUR CLIMATE NORMALS FOR TODAY
                         NORMAL    RECORD    YEAR
 MAXIMUM TEMPERATURE (F)   77        91      1915
 MINIMUM TEMPERATURE (F)   57        34      1917


SUNRISE AND SUNSET
OCTOBER 30 2014.......SUNRISE   728 AM CDT   SUNSET   631 PM CDT
OCTOBER 31 2014.......SUNRISE   729 AM CDT   SUNSET   630 PM CDT


-  INDICATES NEGATIVE NUMBERS.
R  INDICATES RECORD WAS SET OR TIED.
MM INDICATES DATA IS MISSING.
T  INDICATES TRACE AMOUNT.




$$
