000
CDUS44 KLCH 171142
CLIBPT


CLIMATE REPORT
NATIONAL WEATHER SERVICE LAKE CHARLES, LA
541 AM CST SUN DEC 17 2017


...................................

...THE BEAUMONT PORT ARTHUR CLIMATE SUMMARY FOR DECEMBER 16 2017...

CLIMATE NORMAL PERIOD 1981 TO 2010
CLIMATE RECORD PERIOD 1901 TO 2017


WEATHER ITEM   OBSERVED TIME   RECORD YEAR NORMAL DEPARTURE LAST
                VALUE   (LST)  VALUE       VALUE  FROM      YEAR
                                                  NORMAL
..................................................................
TEMPERATURE (F)
 YESTERDAY
  MAXIMUM         61    240 PM  81    1908  63     -2       73
  MINIMUM         39    202 AM  24    1989  45     -6       45
                                      1955
                                      1951
  AVERAGE         50                        54     -4       59

PRECIPITATION (IN)
  YESTERDAY        0.12          1.25 1994   0.17  -0.05     0.09
  MONTH TO DATE    4.21                      2.63   1.58     8.92
  SINCE DEC 1      4.21                      2.63   1.58     8.92
  SINCE JAN 1    102.90                     57.81  45.09    73.90

SNOWFALL (IN)
  YESTERDAY       MM             0.0    MM   0.0   MM        0.0
  MONTH TO DATE    3.0                       0.0    3.0      0.0
  SINCE DEC 1      3.0                       0.0    3.0      0.0
  SINCE JUL 1      3.0                       0.0    3.0      0.0
  SNOW DEPTH       0

DEGREE DAYS
 HEATING
  YESTERDAY       15                        12      3        6
  MONTH TO DATE  204                       167     37      143
  SINCE DEC 1    204                       167     37      143
  SINCE JUL 1    334                       362    -28      213

 COOLING
  YESTERDAY        0                         1     -1        0
  MONTH TO DATE    9                        16     -7       14
  SINCE DEC 1      9                        16     -7       14
  SINCE JAN 1   3115                      2871    244     3415
..................................................................


WIND (MPH)
  HIGHEST WIND SPEED    25   HIGHEST WIND DIRECTION    SE (120)
  HIGHEST GUST SPEED    35   HIGHEST GUST DIRECTION    SE (120)
  AVERAGE WIND SPEED    10.2


SKY COVER
  POSSIBLE SUNSHINE  MM
  AVERAGE SKY COVER 0.8


WEATHER CONDITIONS
 THE FOLLOWING WEATHER WAS RECORDED YESTERDAY.
  HEAVY RAIN
  RAIN
  LIGHT RAIN
  FOG


RELATIVE HUMIDITY (PERCENT)
 HIGHEST    93          1100 PM
 LOWEST     36           100 PM
 AVERAGE    65

..........................................................


THE BEAUMONT PORT ARTHUR CLIMATE NORMALS FOR TODAY
                         NORMAL    RECORD    YEAR
 MAXIMUM TEMPERATURE (F)   63        82      1908
 MINIMUM TEMPERATURE (F)   44        24      1972
                                             1901


SUNRISE AND SUNSET
DECEMBER 17 2017......SUNRISE   706 AM CST   SUNSET   519 PM CST
DECEMBER 18 2017......SUNRISE   706 AM CST   SUNSET   520 PM CST


-  INDICATES NEGATIVE NUMBERS.
R  INDICATES RECORD WAS SET OR TIED.
MM INDICATES DATA IS MISSING.
T  INDICATES TRACE AMOUNT.




$$
