000
CDUS44 KLCH 301245
CLIBPT


CLIMATE REPORT
NATIONAL WEATHER SERVICE LAKE CHARLES, LA
745 AM CDT MON MAY 30 2016


...................................

...THE BEAUMONT PORT ARTHUR CLIMATE SUMMARY FOR MAY 29 2016...

CLIMATE NORMAL PERIOD 1981 TO 2010
CLIMATE RECORD PERIOD 1901 TO 2016


WEATHER ITEM   OBSERVED TIME   RECORD YEAR NORMAL DEPARTURE LAST
                VALUE   (LST)  VALUE       VALUE  FROM      YEAR
                                                  NORMAL
..................................................................
TEMPERATURE (F)
 YESTERDAY
  MAXIMUM         89    251 PM  99    1905  88      1       88
  MINIMUM         70    242 AM  58    1961  70      0       73
                                      1920
  AVERAGE         80                        79      1       81

PRECIPITATION (IN)
  YESTERDAY        0.00          6.12 1941   0.18  -0.18     0.00
  MONTH TO DATE   10.29                      4.88   5.41     7.45
  SINCE MAR 1     23.53                     11.62  11.91    26.68
  SINCE JAN 1     29.49                     20.46   9.03    33.66

SNOWFALL (IN)
  YESTERDAY        0.0           0.0    MM   0.0    0.0      0.0
  MONTH TO DATE    0.0                       0.0    0.0      0.0
  SINCE MAR 1      0.0                       0.0    0.0       T
  SINCE JUL 1      0.0                       T      0.0       T
  SNOW DEPTH       0

DEGREE DAYS
 HEATING
  YESTERDAY        0                         0      0        0
  MONTH TO DATE    0                         0      0        0
  SINCE MAR 1     65                       187   -122      105
  SINCE JUL 1    889                      1400   -511     1362

 COOLING
  YESTERDAY       15                        14      1       16
  MONTH TO DATE  323                       312     11      378
  SINCE MAR 1    648                       513    135      689
  SINCE JAN 1    679                       539    140      697
..................................................................


WIND (MPH)
  HIGHEST WIND SPEED    14   HIGHEST WIND DIRECTION    SE (140)
  HIGHEST GUST SPEED    19   HIGHEST GUST DIRECTION    SE (120)
  AVERAGE WIND SPEED     4.6


SKY COVER
  POSSIBLE SUNSHINE  MM
  AVERAGE SKY COVER 0.2


WEATHER CONDITIONS
 THE FOLLOWING WEATHER WAS RECORDED YESTERDAY.
  FOG


RELATIVE HUMIDITY (PERCENT)
 HIGHEST   100          1200 AM
 LOWEST     59           100 PM
 AVERAGE    80

..........................................................


THE BEAUMONT PORT ARTHUR CLIMATE NORMALS FOR TODAY
                         NORMAL    RECORD    YEAR
 MAXIMUM TEMPERATURE (F)   88        99      1911
 MINIMUM TEMPERATURE (F)   70        55      1984


SUNRISE AND SUNSET
MAY 30 2016...........SUNRISE   616 AM CDT   SUNSET   812 PM CDT
MAY 31 2016...........SUNRISE   616 AM CDT   SUNSET   812 PM CDT


-  INDICATES NEGATIVE NUMBERS.
R  INDICATES RECORD WAS SET OR TIED.
MM INDICATES DATA IS MISSING.
T  INDICATES TRACE AMOUNT.




$$
