000
CDUS44 KLCH 240837
CLIBPT


CLIMATE REPORT
NATIONAL WEATHER SERVICE LAKE CHARLES, LA
335 AM CDT SAT JUN 24 2017


...................................

...THE BEAUMONT PORT ARTHUR CLIMATE SUMMARY FOR JUNE 23 2017...

CLIMATE NORMAL PERIOD 1981 TO 2010
CLIMATE RECORD PERIOD 1901 TO 2017


WEATHER ITEM   OBSERVED TIME   RECORD YEAR NORMAL DEPARTURE LAST
                VALUE   (LST)  VALUE       VALUE  FROM      YEAR
                                                  NORMAL
..................................................................
TEMPERATURE (F)
 YESTERDAY
  MAXIMUM         91    218 PM 100    1944  90      1       93
                                      1915
  MINIMUM         79    931 PM  64    1902  74      5       74
  AVERAGE         85                        82      3       84

PRECIPITATION (IN)
  YESTERDAY        0.00          2.92 1982   0.27  -0.27     0.00
  MONTH TO DATE    5.31                      5.31   0.00     7.56
  SINCE JUN 1      5.31                      5.31   0.00     7.56
  SINCE JAN 1     23.49                     26.12  -2.63    37.06

SNOWFALL (IN)
  YESTERDAY        0.0           0.0    MM   0.0    0.0      0.0
  MONTH TO DATE    0.0                       0.0    0.0      0.0
  SINCE JUN 1      0.0                       0.0    0.0      0.0
  SINCE JUL 1      0.0                       T      0.0      0.0
  SNOW DEPTH       0

DEGREE DAYS
 HEATING
  YESTERDAY        0                         0      0        0
  MONTH TO DATE    0                         0      0        0
  SINCE JUN 1      0                         0      0        0
  SINCE JUL 1    614                      1401   -787      889

 COOLING
  YESTERDAY       20                        17      3       19
  MONTH TO DATE  355                       364     -9      392
  SINCE JUN 1    355                       364     -9      392
  SINCE JAN 1   1240                       930    310     1099
..................................................................


WIND (MPH)
  HIGHEST WIND SPEED    17   HIGHEST WIND DIRECTION     S (200)
  HIGHEST GUST SPEED    24   HIGHEST GUST DIRECTION    SW (210)
  AVERAGE WIND SPEED    11.0


SKY COVER
  POSSIBLE SUNSHINE  MM
  AVERAGE SKY COVER 0.4


WEATHER CONDITIONS
 THE FOLLOWING WEATHER WAS RECORDED YESTERDAY.
  NO SIGNIFICANT WEATHER WAS OBSERVED.


RELATIVE HUMIDITY (PERCENT)
 HIGHEST    94           900 PM
 LOWEST     68           300 PM
 AVERAGE    81

..........................................................


THE BEAUMONT PORT ARTHUR CLIMATE NORMALS FOR TODAY
                         NORMAL    RECORD    YEAR
 MAXIMUM TEMPERATURE (F)   90       102      2009
 MINIMUM TEMPERATURE (F)   74        62      1974


SUNRISE AND SUNSET
JUNE 24 2017..........SUNRISE   616 AM CDT   SUNSET   821 PM CDT
JUNE 25 2017..........SUNRISE   617 AM CDT   SUNSET   821 PM CDT


-  INDICATES NEGATIVE NUMBERS.
R  INDICATES RECORD WAS SET OR TIED.
MM INDICATES DATA IS MISSING.
T  INDICATES TRACE AMOUNT.




$$
