000
CDUS44 KLCH 051245
CLIBPT


CLIMATE REPORT
NATIONAL WEATHER SERVICE LAKE CHARLES, LA
645 AM CST MON DEC 5 2016


...................................

...THE BEAUMONT PORT ARTHUR CLIMATE SUMMARY FOR DECEMBER 4 2016...

CLIMATE NORMAL PERIOD 1981 TO 2010
CLIMATE RECORD PERIOD 1901 TO 2016


WEATHER ITEM   OBSERVED TIME   RECORD YEAR NORMAL DEPARTURE LAST
                VALUE   (LST)  VALUE       VALUE  FROM      YEAR
                                                  NORMAL
..................................................................
TEMPERATURE (F)
 YESTERDAY
  MAXIMUM         55   1210 PM  82    2012  66    -11       62
  MINIMUM         52   1159 PM  26    1905  47      5       39
  AVERAGE         54                        56     -2       51

PRECIPITATION (IN)
  YESTERDAY        0.53          3.02 1952   0.16   0.37     0.00
  MONTH TO DATE    7.33                      0.63   6.70     0.22
  SINCE DEC 1      7.33                      0.63   6.70     0.22
  SINCE JAN 1     72.31                     55.81  16.50    70.19

SNOWFALL (IN)
  YESTERDAY        0.0           T    2009   0.0    0.0      0.0
  MONTH TO DATE    0.0                       0.0    0.0      0.0
  SINCE DEC 1      0.0                       0.0    0.0      0.0
  SINCE JUL 1      0.0                       0.0    0.0      0.0
  SNOW DEPTH       0

DEGREE DAYS
 HEATING
  YESTERDAY       11                        10      1       14
  MONTH TO DATE   37                        37      0       44
  SINCE DEC 1     37                        37      0       44
  SINCE JUL 1    107                       232   -125      108

 COOLING
  YESTERDAY        0                         1     -1        0
  MONTH TO DATE    0                         4     -4        0
  SINCE DEC 1      0                         4     -4        0
  SINCE JAN 1   3401                      2859    542     3257
..................................................................


WIND (MPH)
  HIGHEST WIND SPEED    20   HIGHEST WIND DIRECTION     N (10)
  HIGHEST GUST SPEED    24   HIGHEST GUST DIRECTION     N (10)
  AVERAGE WIND SPEED    11.0


SKY COVER
  POSSIBLE SUNSHINE  MM
  AVERAGE SKY COVER 1.0


WEATHER CONDITIONS
 THE FOLLOWING WEATHER WAS RECORDED YESTERDAY.
  RAIN
  LIGHT RAIN
  FOG


RELATIVE HUMIDITY (PERCENT)
 HIGHEST    96           900 PM
 LOWEST     89           800 PM
 AVERAGE    93

..........................................................


THE BEAUMONT PORT ARTHUR CLIMATE NORMALS FOR TODAY
                         NORMAL    RECORD    YEAR
 MAXIMUM TEMPERATURE (F)   66        85      1916
 MINIMUM TEMPERATURE (F)   47        25      1905


SUNRISE AND SUNSET
DECEMBER  5 2016......SUNRISE   658 AM CST   SUNSET   516 PM CST
DECEMBER  6 2016......SUNRISE   658 AM CST   SUNSET   516 PM CST


-  INDICATES NEGATIVE NUMBERS.
R  INDICATES RECORD WAS SET OR TIED.
MM INDICATES DATA IS MISSING.
T  INDICATES TRACE AMOUNT.




$$
