000
CDUS44 KLCH 291245
CLIBPT


CLIMATE REPORT
NATIONAL WEATHER SERVICE LAKE CHARLES, LA
745 AM CDT FRI APR 29 2016


...................................

...THE BEAUMONT PORT ARTHUR CLIMATE SUMMARY FOR APRIL 28 2016...

CLIMATE NORMAL PERIOD 1981 TO 2010
CLIMATE RECORD PERIOD 1901 TO 2016


WEATHER ITEM   OBSERVED TIME   RECORD YEAR NORMAL DEPARTURE LAST
                VALUE   (LST)  VALUE       VALUE  FROM      YEAR
                                                  NORMAL
..................................................................
TEMPERATURE (F)
 YESTERDAY
  MAXIMUM         87   1226 PM  94    1987  81      6       70
  MINIMUM         66    537 AM  47    1980  62      4       58
  AVERAGE         77                        72      5       64

PRECIPITATION (IN)
  YESTERDAY        0.00          4.78 1914   0.12  -0.12     0.01
  MONTH TO DATE    8.30                      2.95   5.35    11.11
  SINCE MAR 1     13.15                      6.48   6.67    19.23
  SINCE JAN 1     19.11                     15.32   3.79    26.21

SNOWFALL (IN)
  YESTERDAY        0.0           0.0    MM   0.0    0.0      0.0
  MONTH TO DATE    0.0                       0.0    0.0      0.0
  SINCE MAR 1      0.0                       0.0    0.0       T
  SINCE JUL 1      0.0                       T      0.0       T
  SNOW DEPTH       0

DEGREE DAYS
 HEATING
  YESTERDAY        0                         0      0        1
  MONTH TO DATE   11                        39    -28        1
  SINCE MAR 1     65                       187   -122      104
  SINCE JUL 1    889                      1400   -511     1361

 COOLING
  YESTERDAY       12                         7      5        0
  MONTH TO DATE  165                       131     34      237
  SINCE MAR 1    297                       186    111      308
  SINCE JAN 1    328                       212    116      316
..................................................................


WIND (MPH)
  HIGHEST WIND SPEED    22   HIGHEST WIND DIRECTION    SE (140)
  HIGHEST GUST SPEED    28   HIGHEST GUST DIRECTION    SE (140)
  AVERAGE WIND SPEED     9.8


SKY COVER
  POSSIBLE SUNSHINE  MM
  AVERAGE SKY COVER 0.7


WEATHER CONDITIONS
 THE FOLLOWING WEATHER WAS RECORDED YESTERDAY.
  FOG
  FOG W/VISIBILITY <= 1/4 MILE
  HAZE


RELATIVE HUMIDITY (PERCENT)
 HIGHEST   100          1200 AM
 LOWEST     65           100 PM
 AVERAGE    83

..........................................................


THE BEAUMONT PORT ARTHUR CLIMATE NORMALS FOR TODAY
                         NORMAL    RECORD    YEAR
 MAXIMUM TEMPERATURE (F)   81        92      1955
 MINIMUM TEMPERATURE (F)   63        46      2008
                                             1965


SUNRISE AND SUNSET
APRIL 29 2016.........SUNRISE   635 AM CDT   SUNSET   752 PM CDT
APRIL 30 2016.........SUNRISE   634 AM CDT   SUNSET   753 PM CDT


-  INDICATES NEGATIVE NUMBERS.
R  INDICATES RECORD WAS SET OR TIED.
MM INDICATES DATA IS MISSING.
T  INDICATES TRACE AMOUNT.




$$
