000
CDUS43 KDVN 260908
CLIBRL


CLIMATE REPORT
NATIONAL WEATHER SERVICE QUAD CITIES IA IL
407 AM CDT TUE SEP 26 2017


...................................

...THE BURLINGTON IA CLIMATE SUMMARY FOR SEPTEMBER 25 2017...

CLIMATE NORMAL PERIOD 1981 TO 2010
CLIMATE RECORD PERIOD 1897 TO 2017


WEATHER ITEM   OBSERVED TIME   RECORD YEAR NORMAL DEPARTURE LAST
                VALUE   (LST)  VALUE       VALUE  FROM      YEAR
                                                  NORMAL
..................................................................
TEMPERATURE (F)
 YESTERDAY
  MAXIMUM         90    110 PM  92    1999  75     15       85
  MINIMUM         66    625 AM  32    1942  52     14       58
  AVERAGE         78                        64     14       72

PRECIPITATION (IN)
  YESTERDAY        T            MM      MM   0.11  -0.11     0.00
  MONTH TO DATE    0.12                      3.02  -2.90     3.23
  SINCE SEP 1      0.12                      3.02  -2.90     3.23
  SINCE JAN 1     25.45                     30.27  -4.82    27.48

DEGREE DAYS
 HEATING
  YESTERDAY        0                         4     -4        0
  MONTH TO DATE   23                        42    -19        3
  SINCE SEP 1     23                        42    -19        3
  SINCE JUL 1     23                        46    -23        9

 COOLING
  YESTERDAY       13                         3     10        7
  MONTH TO DATE  145                       130     15      196
  SINCE SEP 1    145                       130     15      196
  SINCE JAN 1   1019                      1173   -154     1229
..................................................................


WIND (MPH)
  HIGHEST WIND SPEED    14   HIGHEST WIND DIRECTION    SE (150)
  HIGHEST GUST SPEED    17   HIGHEST GUST DIRECTION     S (190)
  AVERAGE WIND SPEED     4.3


SKY COVER
  POSSIBLE SUNSHINE  MM
  AVERAGE SKY COVER 0.1


WEATHER CONDITIONS
 THE FOLLOWING WEATHER WAS RECORDED YESTERDAY.
  THUNDERSTORM
  LIGHT RAIN


RELATIVE HUMIDITY (PERCENT)
 HIGHEST    93           500 AM
 LOWEST     46           200 PM
 AVERAGE    70

..........................................................


THE BURLINGTON IA CLIMATE NORMALS FOR TODAY
                         NORMAL    RECORD    YEAR
 MAXIMUM TEMPERATURE (F)   75        95      1897
 MINIMUM TEMPERATURE (F)   52        32      1984


SUNRISE AND SUNSET
SEPTEMBER 26 2017.....SUNRISE   656 AM CDT   SUNSET   654 PM CDT
SEPTEMBER 27 2017.....SUNRISE   657 AM CDT   SUNSET   653 PM CDT


-  INDICATES NEGATIVE NUMBERS.
R  INDICATES RECORD WAS SET OR TIED.
MM INDICATES DATA IS MISSING.
T  INDICATES TRACE AMOUNT.




$$
