000
CDUS43 KDVN 160919
CLIBRL


CLIMATE REPORT
NATIONAL WEATHER SERVICE QUAD CITIES IA IL
417 AM CDT TUE SEP 16 2014


...................................

...THE BURLINGTON IA CLIMATE SUMMARY FOR SEPTEMBER 15 2014...

CLIMATE NORMAL PERIOD 1981 TO 2010
CLIMATE RECORD PERIOD 1897 TO 2014


WEATHER ITEM   OBSERVED TIME   RECORD YEAR NORMAL DEPARTURE LAST
                VALUE   (LST)  VALUE       VALUE  FROM      YEAR
                                                  NORMAL
..................................................................
TEMPERATURE (F)
 YESTERDAY
  MAXIMUM         68    328 PM  99    1939  79    -11       67
  MINIMUM         47   1141 PM  38    2007  57    -10       58
  AVERAGE         58                        68    -10       63

PRECIPITATION (IN)
  YESTERDAY        0.91         MM      MM   0.11   0.80     0.26
  MONTH TO DATE    5.14                      1.86   3.28     0.43
  SINCE SEP 1      5.14                      1.86   3.28     0.43
  SINCE JAN 1     34.21                     29.11   5.10    27.49

DEGREE DAYS
 HEATING
  YESTERDAY        7                         2      5        2
  MONTH TO DATE   61                        13     48        9
  SINCE SEP 1     61                        13     48        9
  SINCE JUL 1     68                        17     51       20

 COOLING
  YESTERDAY        0                         5     -5        0
  MONTH TO DATE   52                        96    -44      137
  SINCE SEP 1     52                        96    -44      137
  SINCE JAN 1    906                      1139   -233     1038
..................................................................


WIND (MPH)
  HIGHEST WIND SPEED    18   HIGHEST WIND DIRECTION     N (350)
  HIGHEST GUST SPEED    23   HIGHEST GUST DIRECTION     N (360)
  AVERAGE WIND SPEED     5.8


SKY COVER
  POSSIBLE SUNSHINE  MM
  AVERAGE SKY COVER 0.9


WEATHER CONDITIONS
 THE FOLLOWING WEATHER WAS RECORDED YESTERDAY.
  THUNDERSTORM
  HEAVY RAIN
  RAIN
  LIGHT RAIN
  FOG


RELATIVE HUMIDITY (PERCENT)
 HIGHEST   100           700 AM
 LOWEST     69           600 AM
 AVERAGE    85

..........................................................


THE BURLINGTON IA CLIMATE NORMALS FOR TODAY
                         NORMAL    RECORD    YEAR
 MAXIMUM TEMPERATURE (F)   79        95      1906
 MINIMUM TEMPERATURE (F)   56        39      1984


SUNRISE AND SUNSET
SEPTEMBER 16 2014.....SUNRISE   646 AM CDT   SUNSET   712 PM CDT
SEPTEMBER 17 2014.....SUNRISE   647 AM CDT   SUNSET   710 PM CDT


-  INDICATES NEGATIVE NUMBERS.
R  INDICATES RECORD WAS SET OR TIED.
MM INDICATES DATA IS MISSING.
T  INDICATES TRACE AMOUNT.




$$
