000
CDUS43 KDVN 280916
CLIBRL


CLIMATE REPORT
NATIONAL WEATHER SERVICE QUAD CITIES IA IL
413 AM CDT FRI AUG 28 2015


...................................

...THE BURLINGTON IA CLIMATE SUMMARY FOR AUGUST 27 2015...

CLIMATE NORMAL PERIOD 1981 TO 2010
CLIMATE RECORD PERIOD 1897 TO 2015


WEATHER ITEM   OBSERVED TIME   RECORD YEAR NORMAL DEPARTURE LAST
                VALUE   (LST)  VALUE       VALUE  FROM      YEAR
                                                  NORMAL
..................................................................
TEMPERATURE (F)
 YESTERDAY
  MAXIMUM         74    408 PM  97    1955  84    -10       80
  MINIMUM         54    443 AM  44    1915  64    -10       70
  AVERAGE         64                        74    -10       75

PRECIPITATION (IN)
  YESTERDAY        0.00         MM      MM   0.14  -0.14     0.05
  MONTH TO DATE    3.47                      3.69  -0.22     4.38
  SINCE JUN 1     19.63                     12.41   7.22    15.85
  SINCE JAN 1     28.59                     26.67   1.92    27.24

DEGREE DAYS
 HEATING
  YESTERDAY        1                         0      1        0
  MONTH TO DATE    3                         0      3        0
  SINCE JUN 1     12                        14     -2        9
  SINCE JUL 1      7                         1      6        7

 COOLING
  YESTERDAY        0                         9     -9       10
  MONTH TO DATE  192                       280    -88      233
  SINCE JUN 1    728                       906   -178      670
  SINCE JAN 1    821                      1009   -188      808
..................................................................


WIND (MPH)
  HIGHEST WIND SPEED    13   HIGHEST WIND DIRECTION    SE (140)
  HIGHEST GUST SPEED    17   HIGHEST GUST DIRECTION    SE (140)
  AVERAGE WIND SPEED     5.5


SKY COVER
  POSSIBLE SUNSHINE  MM
  AVERAGE SKY COVER 0.0


WEATHER CONDITIONS
 THE FOLLOWING WEATHER WAS RECORDED YESTERDAY.
  NO SIGNIFICANT WEATHER WAS OBSERVED.


RELATIVE HUMIDITY (PERCENT)
 HIGHEST   100           500 AM
 LOWEST     61           300 PM
 AVERAGE    81

..........................................................


THE BURLINGTON IA CLIMATE NORMALS FOR TODAY
                         NORMAL    RECORD    YEAR
 MAXIMUM TEMPERATURE (F)   84        97      2013
 MINIMUM TEMPERATURE (F)   63        42      1986


SUNRISE AND SUNSET
AUGUST 28 2015........SUNRISE   627 AM CDT   SUNSET   743 PM CDT
AUGUST 29 2015........SUNRISE   628 AM CDT   SUNSET   742 PM CDT


-  INDICATES NEGATIVE NUMBERS.
R  INDICATES RECORD WAS SET OR TIED.
MM INDICATES DATA IS MISSING.
T  INDICATES TRACE AMOUNT.




$$
