000
CDUS43 KDVN 231004
CLIBRL


CLIMATE REPORT
NATIONAL WEATHER SERVICE QUAD CITIES IA IL
403 AM CST SUN NOV 23 2014


...................................

...THE BURLINGTON IA CLIMATE SUMMARY FOR NOVEMBER 22 2014...

CLIMATE NORMAL PERIOD 1981 TO 2010
CLIMATE RECORD PERIOD 1897 TO 2014


WEATHER ITEM   OBSERVED TIME   RECORD YEAR NORMAL DEPARTURE LAST
                VALUE   (LST)  VALUE       VALUE  FROM      YEAR
                                                  NORMAL
..................................................................
TEMPERATURE (F)
 YESTERDAY
  MAXIMUM         56    608 PM  72    1913  48      8       37
  MINIMUM         36   1231 AM   6    1929  30      6       20
  AVERAGE         46                        39      7       29

PRECIPITATION (IN)
  YESTERDAY        T            MM      MM   0.08  -0.08      T
  MONTH TO DATE    0.27                      1.83  -1.56     1.14
  SINCE SEP 1      9.54                      8.47   1.07     5.33
  SINCE JAN 1     38.61                     35.72   2.89    32.39

DEGREE DAYS
 HEATING
  YESTERDAY       19                        26     -7       36
  MONTH TO DATE  670                       453    217      501
  SINCE SEP 1   1112                       843    269      914
  SINCE JUL 1   1119                       847    272      925

 COOLING
  YESTERDAY        0                         0      0        0
  MONTH TO DATE    0                         0      0        0
  SINCE SEP 1     86                       163    -77      214
  SINCE JAN 1    940                      1206   -266     1115
..................................................................


WIND (MPH)
  HIGHEST WIND SPEED    22   HIGHEST WIND DIRECTION     S (190)
  HIGHEST GUST SPEED    29   HIGHEST GUST DIRECTION     S (200)
  AVERAGE WIND SPEED    12.6


SKY COVER
  POSSIBLE SUNSHINE  MM
  AVERAGE SKY COVER 0.9


WEATHER CONDITIONS
 THE FOLLOWING WEATHER WAS RECORDED YESTERDAY.
  LIGHT RAIN


RELATIVE HUMIDITY (PERCENT)
 HIGHEST    92           700 AM
 LOWEST     72          1200 PM
 AVERAGE    82

..........................................................


THE BURLINGTON IA CLIMATE NORMALS FOR TODAY
                         NORMAL    RECORD    YEAR
 MAXIMUM TEMPERATURE (F)   47        69      1931
 MINIMUM TEMPERATURE (F)   30         3      1950


SUNRISE AND SUNSET
NOVEMBER 23 2014......SUNRISE   701 AM CST   SUNSET   441 PM CST
NOVEMBER 24 2014......SUNRISE   702 AM CST   SUNSET   440 PM CST


-  INDICATES NEGATIVE NUMBERS.
R  INDICATES RECORD WAS SET OR TIED.
MM INDICATES DATA IS MISSING.
T  INDICATES TRACE AMOUNT.




$$
