000
CDUS43 KDVN 061008
CLIBRL


CLIMATE REPORT
NATIONAL WEATHER SERVICE QUAD CITIES IA IL
407 AM CST SAT FEB 6 2016


...................................

...THE BURLINGTON IA CLIMATE SUMMARY FOR FEBRUARY 5 2016...

CLIMATE NORMAL PERIOD 1981 TO 2010
CLIMATE RECORD PERIOD 1897 TO 2016


WEATHER ITEM   OBSERVED TIME   RECORD YEAR NORMAL DEPARTURE LAST
                VALUE   (LST)  VALUE       VALUE  FROM      YEAR
                                                  NORMAL
..................................................................
TEMPERATURE (F)
 YESTERDAY
  MAXIMUM         31    453 PM  62    1946  36     -5       15
  MINIMUM         20    732 AM -15    1979  19      1      -12
  AVERAGE         26                        28     -2        2

PRECIPITATION (IN)
  YESTERDAY        0.00         MM      MM   0.05  -0.05     0.00
  MONTH TO DATE    0.69                      0.23   0.46     0.50
  SINCE DEC 1      5.74                      3.56   2.18     2.70
  SINCE JAN 1      1.23                      1.47  -0.24     2.04

DEGREE DAYS
 HEATING
  YESTERDAY       39                        38      1       63
  MONTH TO DATE  174                       190    -16      256
  SINCE DEC 1   2193                      2518   -325     2479
  SINCE JUL 1   3110                      3591   -481     3856

 COOLING
  YESTERDAY        0                         0      0        0
  MONTH TO DATE    0                         0      0        0
  SINCE DEC 1      0                         0      0        0
  SINCE JAN 1      0                         0      0        0
..................................................................


WIND (MPH)
  HIGHEST WIND SPEED    14   HIGHEST WIND DIRECTION    NW (320)
  HIGHEST GUST SPEED    19   HIGHEST GUST DIRECTION    NW (320)
  AVERAGE WIND SPEED     4.2


SKY COVER
  POSSIBLE SUNSHINE  MM
  AVERAGE SKY COVER 0.3


WEATHER CONDITIONS
 THE FOLLOWING WEATHER WAS RECORDED YESTERDAY.
  FOG


RELATIVE HUMIDITY (PERCENT)
 HIGHEST    92           600 AM
 LOWEST     63           200 PM
 AVERAGE    78

..........................................................


THE BURLINGTON IA CLIMATE NORMALS FOR TODAY
                         NORMAL    RECORD    YEAR
 MAXIMUM TEMPERATURE (F)   37        65      1904
 MINIMUM TEMPERATURE (F)   19       -16      1982


SUNRISE AND SUNSET
FEBRUARY  6 2016......SUNRISE   710 AM CST   SUNSET   528 PM CST
FEBRUARY  7 2016......SUNRISE   709 AM CST   SUNSET   529 PM CST


-  INDICATES NEGATIVE NUMBERS.
R  INDICATES RECORD WAS SET OR TIED.
MM INDICATES DATA IS MISSING.
T  INDICATES TRACE AMOUNT.




$$
