000
CDUS43 KDVN 012226
CLIBRL


CLIMATE REPORT
NATIONAL WEATHER SERVICE QUAD CITIES IA IL
425 PM CST SUN FEB 1 2015


...................................

...THE BURLINGTON IA CLIMATE SUMMARY FOR FEBRUARY 1 2015...
VALID TODAY AS OF 0400 PM LOCAL TIME.

CLIMATE NORMAL PERIOD 1981 TO 2010
CLIMATE RECORD PERIOD 1897 TO 2015


WEATHER ITEM   OBSERVED TIME   RECORD YEAR NORMAL DEPARTURE LAST
                VALUE   (LST)  VALUE       VALUE  FROM      YEAR
                                                  NORMAL
..................................................................
TEMPERATURE (F)
 TODAY
  MAXIMUM         33   1200 PM  61    1911  36     -3       25
  MINIMUM         25    359 PM -14    1951  18      7       16
  AVERAGE         29                        27      2       21

PRECIPITATION (IN)
  TODAY            0.39         MM      MM   0.05   0.34     0.39
  MONTH TO DATE    0.39                      0.05   0.34     0.39
  SINCE DEC 1      2.59                      3.38  -0.79     2.55
  SINCE JAN 1      1.93                      1.29   0.64     1.47

DEGREE DAYS
 HEATING
  TODAY           36                        38     -2       44
  MONTH TO DATE   36                        38     -2       44
  SINCE DEC 1   2259                      2366   -107     2782
  SINCE JUL 1   3636                      3439    197     4019

 COOLING
  TODAY            0                         0      0        0
  MONTH TO DATE    0                         0      0        0
  SINCE DEC 1      0                         0      0        0
  SINCE JAN 1      0                         0      0        0
..................................................................


WIND (MPH)
  HIGHEST WIND SPEED    29   HIGHEST WIND DIRECTION    NE (30)
  HIGHEST GUST SPEED    36   HIGHEST GUST DIRECTION    NE (30)
  AVERAGE WIND SPEED    12.6


SKY COVER
  POSSIBLE SUNSHINE  MM
  AVERAGE SKY COVER 1.0


WEATHER CONDITIONS
 THE FOLLOWING WEATHER WAS RECORDED TODAY.
  SNOW
  LIGHT SNOW
  FOG


RELATIVE HUMIDITY (PERCENT)
 HIGHEST   100           500 AM
 LOWEST     84           300 PM
 AVERAGE    92

..........................................................


THE BURLINGTON IA CLIMATE NORMALS FOR TOMORROW
                         NORMAL    RECORD    YEAR
 MAXIMUM TEMPERATURE (F)   36        59      1987
 MINIMUM TEMPERATURE (F)   18       -22      1905


SUNRISE AND SUNSET
FEBRUARY  1 2015......SUNRISE   715 AM CST   SUNSET   522 PM CST
FEBRUARY  2 2015......SUNRISE   714 AM CST   SUNSET   523 PM CST


-  INDICATES NEGATIVE NUMBERS.
R  INDICATES RECORD WAS SET OR TIED.
MM INDICATES DATA IS MISSING.
T  INDICATES TRACE AMOUNT.




$$
