089
CDUS43 KDVN 241023
CLIBRL


CLIMATE REPORT
NATIONAL WEATHER SERVICE QUAD CITIES IA IL
420 AM CST TUE JAN 24 2017


...................................

...THE BURLINGTON IA CLIMATE SUMMARY FOR JANUARY 23 2017...

CLIMATE NORMAL PERIOD 1981 TO 2010
CLIMATE RECORD PERIOD 1897 TO 2017


WEATHER ITEM   OBSERVED TIME   RECORD YEAR NORMAL DEPARTURE LAST
                VALUE   (LST)  VALUE       VALUE  FROM      YEAR
                                                  NORMAL
..................................................................
TEMPERATURE (F)
 YESTERDAY
  MAXIMUM         39    307 PM  67    1909  35      4       31
  MINIMUM         33   1159 PM -20    1936  17     16       10
  AVERAGE         36                        26     10       21

PRECIPITATION (IN)
  YESTERDAY        0.00         MM      MM   0.04  -0.04     0.00
  MONTH TO DATE    1.40                      0.93   0.47     0.43
  SINCE DEC 1      2.38                      3.02  -0.64     4.94
  SINCE JAN 1      1.40                      0.93   0.47     0.43

DEGREE DAYS
 HEATING
  YESTERDAY       29                        39    -10       44
  MONTH TO DATE  844                       897    -53      979
  SINCE DEC 1   2003                      2010     -7     1773
  SINCE JUL 1   2759                      3083   -324     2690

 COOLING
  YESTERDAY        0                         0      0        0
  MONTH TO DATE    0                         0      0        0
  SINCE DEC 1      0                         0      0        0
  SINCE JAN 1      0                         0      0        0
..................................................................


WIND (MPH)
  HIGHEST WIND SPEED    13   HIGHEST WIND DIRECTION    NW (320)
  HIGHEST GUST SPEED    18   HIGHEST GUST DIRECTION    NW (320)
  AVERAGE WIND SPEED     7.1


SKY COVER
  POSSIBLE SUNSHINE  MM
  AVERAGE SKY COVER 1.0


WEATHER CONDITIONS
 THE FOLLOWING WEATHER WAS RECORDED YESTERDAY.
  NO SIGNIFICANT WEATHER WAS OBSERVED.


RELATIVE HUMIDITY (PERCENT)
 HIGHEST    92          1200 AM
 LOWEST     79           200 PM
 AVERAGE    86

..........................................................


THE BURLINGTON IA CLIMATE NORMALS FOR TODAY
                         NORMAL    RECORD    YEAR
 MAXIMUM TEMPERATURE (F)   35        68      1950
 MINIMUM TEMPERATURE (F)   17        -9      2008
                                             1963


SUNRISE AND SUNSET
JANUARY 24 2017.......SUNRISE   721 AM CST   SUNSET   513 PM CST
JANUARY 25 2017.......SUNRISE   720 AM CST   SUNSET   514 PM CST


-  INDICATES NEGATIVE NUMBERS.
R  INDICATES RECORD WAS SET OR TIED.
MM INDICATES DATA IS MISSING.
T  INDICATES TRACE AMOUNT.




$$
