000
CDUS43 KDVN 280903
CLIBRL


CLIMATE REPORT
NATIONAL WEATHER SERVICE QUAD CITIES IA IL
402 AM CDT SUN MAY 28 2017


...................................

...THE BURLINGTON IA CLIMATE SUMMARY FOR MAY 27 2017...

CLIMATE NORMAL PERIOD 1981 TO 2010
CLIMATE RECORD PERIOD 1897 TO 2017


WEATHER ITEM   OBSERVED TIME   RECORD YEAR NORMAL DEPARTURE LAST
                VALUE   (LST)  VALUE       VALUE  FROM      YEAR
                                                  NORMAL
..................................................................
TEMPERATURE (F)
 YESTERDAY
  MAXIMUM         75    402 PM  93    2012  78     -3       78
                                      2006
                                      1914
  MINIMUM         56    312 AM  36    1907  57     -1       63
  AVERAGE         66                        67     -1       71

PRECIPITATION (IN)
  YESTERDAY        0.00         MM      MM   0.14  -0.14     0.55
  MONTH TO DATE    3.32                      4.25  -0.93     2.54
  SINCE MAR 1     12.29                     10.80   1.49     9.01
  SINCE JAN 1     14.15                     13.66   0.49    10.39

DEGREE DAYS
 HEATING
  YESTERDAY        0                         2     -2        0
  MONTH TO DATE  134                       118     16      158
  SINCE MAR 1   1112                      1202    -90     1114
  SINCE JUL 1   4806                      5580   -774     4996

 COOLING
  YESTERDAY        1                         4     -3        6
  MONTH TO DATE   51                        64    -13       48
  SINCE MAR 1     71                        84    -13       66
  SINCE JAN 1     71                        84    -13       66
..................................................................


WIND (MPH)
  HIGHEST WIND SPEED    12   HIGHEST WIND DIRECTION    SE (130)
  HIGHEST GUST SPEED    16   HIGHEST GUST DIRECTION    SE (140)
  AVERAGE WIND SPEED     5.1


SKY COVER
  POSSIBLE SUNSHINE  MM
  AVERAGE SKY COVER 0.4


WEATHER CONDITIONS
 THE FOLLOWING WEATHER WAS RECORDED YESTERDAY.
  FOG
  FOG W/VISIBILITY <= 1/4 MILE


RELATIVE HUMIDITY (PERCENT)
 HIGHEST   100          1200 AM
 LOWEST     69           400 PM
 AVERAGE    85

..........................................................


THE BURLINGTON IA CLIMATE NORMALS FOR TODAY
                         NORMAL    RECORD    YEAR
 MAXIMUM TEMPERATURE (F)   78        94      2006
 MINIMUM TEMPERATURE (F)   57        37      1947


SUNRISE AND SUNSET
MAY 28 2017...........SUNRISE   537 AM CDT   SUNSET   827 PM CDT
MAY 29 2017...........SUNRISE   537 AM CDT   SUNSET   828 PM CDT


-  INDICATES NEGATIVE NUMBERS.
R  INDICATES RECORD WAS SET OR TIED.
MM INDICATES DATA IS MISSING.
T  INDICATES TRACE AMOUNT.




$$
