000
CDUS44 KBRO 052127
CLIBRO


CLIMATE REPORT
NATIONAL WEATHER SERVICE BROWNSVILLE TX
426 PM CDT SUN JUL 5 2015


...................................

...THE BROWNSVILLE CLIMATE SUMMARY FOR JULY 5 2015...
VALID TODAY AS OF 0400 PM LOCAL TIME.

CLIMATE NORMAL PERIOD 1981 TO 2010
CLIMATE RECORD PERIOD 1878 TO 2015


WEATHER ITEM   OBSERVED TIME   RECORD YEAR NORMAL DEPARTURE LAST
                VALUE   (LST)  VALUE       VALUE  FROM      YEAR
                                                  NORMAL
..................................................................
TEMPERATURE (F)
 TODAY
  MAXIMUM         91    238 PM  98    1900  93     -2       91
  MINIMUM         78    317 AM  68    1901  76      2       74
  AVERAGE         85                        85      0       83

PRECIPITATION (IN)
  TODAY            0.00          2.42 1886   0.08  -0.08     1.03
  MONTH TO DATE    2.36                      0.40   1.96     1.03
  SINCE JUN 1      3.12                      2.97   0.15     1.67
  SINCE JAN 1     23.61                     10.73  12.88     7.00

DEGREE DAYS
 HEATING
  TODAY            0                         0      0        0
  MONTH TO DATE    0                         0      0        0
  SINCE JUN 1      0                         0      0        0
  SINCE JUL 1      0                         0      0        0

 COOLING
  TODAY           20                        20      0       18
  MONTH TO DATE   85                       100    -15       95
  SINCE JUN 1    658                       667     -9      692
  SINCE JAN 1   1720                      1760    -40     1614
..................................................................


WIND (MPH)
  HIGHEST WIND SPEED    29   HIGHEST WIND DIRECTION    SE (150)
  HIGHEST GUST SPEED    35   HIGHEST GUST DIRECTION    SE (150)
  AVERAGE WIND SPEED    15.2


SKY COVER
  POSSIBLE SUNSHINE  MM
  AVERAGE SKY COVER 0.8


WEATHER CONDITIONS
 THE FOLLOWING WEATHER WAS RECORDED TODAY.
  NO SIGNIFICANT WEATHER WAS OBSERVED.


RELATIVE HUMIDITY (PERCENT)
 HIGHEST    97           400 AM
 LOWEST     64          1100 AM
 AVERAGE    81

..........................................................


THE BROWNSVILLE CLIMATE NORMALS FOR TOMORROW
                         NORMAL    RECORD    YEAR
 MAXIMUM TEMPERATURE (F)   93        99      1998
 MINIMUM TEMPERATURE (F)   76        64      1901


SUNRISE AND SUNSET
JULY  5 2015..........SUNRISE   643 AM CDT   SUNSET   825 PM CDT
JULY  6 2015..........SUNRISE   643 AM CDT   SUNSET   825 PM CDT


-  INDICATES NEGATIVE NUMBERS.
R  INDICATES RECORD WAS SET OR TIED.
MM INDICATES DATA IS MISSING.
T  INDICATES TRACE AMOUNT.

$$
