000
CDUS44 KBRO 160625
CLIBRO


CLIMATE REPORT
NATIONAL WEATHER SERVICE BROWNSVILLE TX
125 AM CDT TUE SEP 16 2014


...................................

...THE BROWNSVILLE CLIMATE SUMMARY FOR SEPTEMBER 15 2014...

CLIMATE NORMAL PERIOD 1981 TO 2010
CLIMATE RECORD PERIOD 1878 TO 2014


WEATHER ITEM   OBSERVED TIME   RECORD YEAR NORMAL DEPARTURE LAST
                VALUE   (LST)  VALUE       VALUE  FROM      YEAR
                                                  NORMAL
..................................................................
TEMPERATURE (F)
 YESTERDAY
  MAXIMUM         80   1220 PM 100    1900  91    -11       89
  MINIMUM         73    745 AM  63    1945  73      0       77
                                      1881
  AVERAGE         77                        82     -5       83

PRECIPITATION (IN)
  YESTERDAY        1.32          4.87 1934   0.22   1.10     0.62
  MONTH TO DATE    8.51                      2.89   5.62     8.34
  SINCE SEP 1      8.51                      2.89   5.62     8.34
  SINCE JAN 1     18.03                     17.70   0.33    18.39

SNOWFALL (IN)
  YESTERDAY        0.0           0.0  2002   0.0
                                      2001
  MONTH TO DATE    0.0                       0.0
  SINCE SEP 1      0.0                       0.0
  SINCE JUL 1      0.0                       0.0

DEGREE DAYS
 HEATING
  YESTERDAY        0                         0      0        0
  MONTH TO DATE    0                         0      0        0
  SINCE SEP 1      0                         0      0        0
  SINCE JUL 1      0                         0      0        0

 COOLING
  YESTERDAY       12                        17     -5       18
  MONTH TO DATE  273                       271      2      273
  SINCE SEP 1    273                       271      2      273
  SINCE JAN 1   3093                      3178    -85     3306
..................................................................


WIND (MPH)
  HIGHEST WIND SPEED    12   HIGHEST WIND DIRECTION    NW (330)
  HIGHEST GUST SPEED    15   HIGHEST GUST DIRECTION     E (100)
  AVERAGE WIND SPEED     5.2


SKY COVER
  POSSIBLE SUNSHINE  MM
  AVERAGE SKY COVER 0.8


WEATHER CONDITIONS
 THE FOLLOWING WEATHER WAS RECORDED YESTERDAY.
  THUNDERSTORM
  HEAVY RAIN
  RAIN
  LIGHT RAIN
  FOG


RELATIVE HUMIDITY (PERCENT)
 HIGHEST   100          1200 AM
 LOWEST     94           900 AM
 AVERAGE    97

..........................................................


THE BROWNSVILLE CLIMATE NORMALS FOR TODAY
                         NORMAL    RECORD    YEAR
 MAXIMUM TEMPERATURE (F)   90        99      1900
                                             1893
 MINIMUM TEMPERATURE (F)   73        58      1881


SUNRISE AND SUNSET
SEPTEMBER 16 2014.....SUNRISE   716 AM CDT   SUNSET   733 PM CDT
SEPTEMBER 17 2014.....SUNRISE   716 AM CDT   SUNSET   732 PM CDT


-  INDICATES NEGATIVE NUMBERS.
R  INDICATES RECORD WAS SET OR TIED.
MM INDICATES DATA IS MISSING.
T  INDICATES TRACE AMOUNT.




$$
