000
CDUS44 KBRO 122241
CLIBRO


CLIMATE REPORT
NATIONAL WEATHER SERVICE BROWNSVILLE TX
440 PM CST TUE DEC 12 2017


...................................

...THE BROWNSVILLE CLIMATE SUMMARY FOR DECEMBER 12 2017...
VALID TODAY AS OF 0400 PM LOCAL TIME.

CLIMATE NORMAL PERIOD 1981 TO 2010
CLIMATE RECORD PERIOD 1878 TO 2017


WEATHER ITEM   OBSERVED TIME   RECORD YEAR NORMAL DEPARTURE LAST
                VALUE   (LST)  VALUE       VALUE  FROM      YEAR
                                                  NORMAL
..................................................................
TEMPERATURE (F)
 TODAY
  MAXIMUM         77    140 PM  85    1981  72      5       81
  MINIMUM         51    109 AM  30    1966  53     -2       67
  AVERAGE         64                        63      1       74

PRECIPITATION (IN)
  TODAY            0.00          1.95 1891   0.03  -0.03     0.00
  MONTH TO DATE    0.83                      0.49   0.34     1.42
  SINCE DEC 1      0.83                      0.49   0.34     1.42
  SINCE JAN 1     22.55                     26.78  -4.23    22.56

SNOWFALL (IN)
  TODAY            0.0           0.0  2001   0.0
  MONTH TO DATE    0.3                       0.0
  SINCE DEC 1      0.3                       0.0
  SINCE JUL 1      0.3                       0.0

DEGREE DAYS
 HEATING
  TODAY            1                         5     -4        0
  MONTH TO DATE   85                        52     33       47
  SINCE DEC 1     85                        52     33       47
  SINCE JUL 1    101                       106     -5       55

 COOLING
  TODAY            0                         3     -3        9
  MONTH TO DATE   51                        38     13       41
  SINCE DEC 1     51                        38     13       41
  SINCE JAN 1   4770                      3983    787     4508
..................................................................


WIND (MPH)
  HIGHEST WIND SPEED    15   HIGHEST WIND DIRECTION     N (360)
  HIGHEST GUST SPEED    21   HIGHEST GUST DIRECTION    NW (330)
  AVERAGE WIND SPEED     7.0


SKY COVER
  POSSIBLE SUNSHINE  MM
  AVERAGE SKY COVER 0.0


WEATHER CONDITIONS
 THE FOLLOWING WEATHER WAS RECORDED TODAY.
  NO SIGNIFICANT WEATHER WAS OBSERVED.


RELATIVE HUMIDITY (PERCENT)
 HIGHEST    89          1200 AM
 LOWEST     29           100 PM
 AVERAGE    59

..........................................................


THE BROWNSVILLE CLIMATE NORMALS FOR TOMORROW
                         NORMAL    RECORD    YEAR
 MAXIMUM TEMPERATURE (F)   72        89      1921
 MINIMUM TEMPERATURE (F)   53        30      1989


SUNRISE AND SUNSET
DECEMBER 12 2017......SUNRISE   707 AM CST   SUNSET   540 PM CST
DECEMBER 13 2017......SUNRISE   708 AM CST   SUNSET   540 PM CST


-  INDICATES NEGATIVE NUMBERS.
R  INDICATES RECORD WAS SET OR TIED.
MM INDICATES DATA IS MISSING.
T  INDICATES TRACE AMOUNT.




$$
