000
CDUS44 KBRO 230634
CLIBRO


CLIMATE REPORT
NATIONAL WEATHER SERVICE BROWNSVILLE TX
134 AM CDT WED APR 23 2014


...................................

...THE BROWNSVILLE CLIMATE SUMMARY FOR APRIL 22 2014...

CLIMATE NORMAL PERIOD 1981 TO 2010
CLIMATE RECORD PERIOD 1878 TO 2014


WEATHER ITEM   OBSERVED TIME   RECORD YEAR NORMAL DEPARTURE LAST
                VALUE   (LST)  VALUE       VALUE  FROM      YEAR
                                                  NORMAL
..................................................................
TEMPERATURE (F)
 YESTERDAY
  MAXIMUM         89    235 PM  98    1983  85      4       86
  MINIMUM         66    540 AM  47    1884  67     -1       69
  AVERAGE         78                        76      2       78

PRECIPITATION (IN)
  YESTERDAY        0.00          1.82 1905   0.04  -0.04     0.00
  MONTH TO DATE    0.28                      1.14  -0.86     0.01
  SINCE MAR 1      1.74                      2.37  -0.63     0.29
  SINCE JAN 1      2.50                      4.72  -2.22     1.77

SNOWFALL (IN)
  YESTERDAY        0.0           0.0  2002   0.0
                                      2001
  MONTH TO DATE    0.0                       0.0
  SINCE MAR 1      0.0                       0.0
  SINCE JUL 1      0.0                       0.0

DEGREE DAYS
 HEATING
  YESTERDAY        0                         0      0        0
  MONTH TO DATE   10                         6      4        8
  SINCE MAR 1    100                        49     51       32
  SINCE JUL 1    824                       552    272      325

 COOLING
  YESTERDAY       13                        11      2       13
  MONTH TO DATE  184                       207    -23      205
  SINCE MAR 1    307                       381    -74      371
  SINCE JAN 1    427                       522    -95      592
..................................................................


WIND (MPH)
  HIGHEST WIND SPEED    17   HIGHEST WIND DIRECTION    SE (120)
  HIGHEST GUST SPEED    23   HIGHEST GUST DIRECTION     E (90)
  AVERAGE WIND SPEED     5.7


SKY COVER
  POSSIBLE SUNSHINE  MM
  AVERAGE SKY COVER 0.5


WEATHER CONDITIONS
 THE FOLLOWING WEATHER WAS RECORDED YESTERDAY.
  LIGHT RAIN


RELATIVE HUMIDITY (PERCENT)
 HIGHEST   100           600 AM
 LOWEST     55           100 PM
 AVERAGE    78

..........................................................


THE BROWNSVILLE CLIMATE NORMALS FOR TODAY
                         NORMAL    RECORD    YEAR
 MAXIMUM TEMPERATURE (F)   85        94      1958
 MINIMUM TEMPERATURE (F)   68        50      1884


SUNRISE AND SUNSET
APRIL 23 2014.........SUNRISE   659 AM CDT   SUNSET   757 PM CDT
APRIL 24 2014.........SUNRISE   658 AM CDT   SUNSET   758 PM CDT


-  INDICATES NEGATIVE NUMBERS.
R  INDICATES RECORD WAS SET OR TIED.
MM INDICATES DATA IS MISSING.
T  INDICATES TRACE AMOUNT.




$$
