459
CDUS44 KBRO 202231
CLIBRO


CLIMATE REPORT
NATIONAL WEATHER SERVICE BROWNSVILLE TX
431 PM CST TUE FEB 20 2018


...................................

...THE BROWNSVILLE CLIMATE SUMMARY FOR FEBRUARY 20 2018...
VALID TODAY AS OF 0400 PM LOCAL TIME.

CLIMATE NORMAL PERIOD 1981 TO 2010
CLIMATE RECORD PERIOD 1878 TO 2018


WEATHER ITEM   OBSERVED TIME   RECORD YEAR NORMAL DEPARTURE LAST
                VALUE   (LST)  VALUE       VALUE  FROM      YEAR
                                                  NORMAL
..................................................................
TEMPERATURE (F)
 TODAY
  MAXIMUM         84    145 PM  94    1912  75      9       76
  MINIMUM         73    741 AM  34    1895  56     17       59
  AVERAGE         79                        65     14       68

PRECIPITATION (IN)
  TODAY            0.00          1.13 1885   0.03  -0.03     0.14
  MONTH TO DATE    1.34                      0.84   0.50     1.35
  SINCE DEC 1      3.25                      3.26  -0.01     3.20
  SINCE JAN 1      2.10                      2.11  -0.01     1.53

SNOWFALL (IN)
  TODAY            0.0           0.0  2002   0.0
                                      2000
  MONTH TO DATE    0.0                       0.0
  SINCE DEC 1      0.3                       0.0
  SINCE JUL 1      0.3                       0.0

DEGREE DAYS
 HEATING
  TODAY            0                         3     -3        0
  MONTH TO DATE   53                        83    -30        9
  SINCE DEC 1    465                       428     37      191
  SINCE JUL 1    481                       482     -1      199

 COOLING
  TODAY           14                         3     11        3
  MONTH TO DATE  132                        55     77      163
  SINCE DEC 1    282                       194     88      480
  SINCE JAN 1    175                       114     61      304
..................................................................


WIND (MPH)
  HIGHEST WIND SPEED    32   HIGHEST WIND DIRECTION     S (160)
  HIGHEST GUST SPEED    39   HIGHEST GUST DIRECTION     S (170)
  AVERAGE WIND SPEED    21.0


SKY COVER
  POSSIBLE SUNSHINE  MM
  AVERAGE SKY COVER 0.8


WEATHER CONDITIONS
 THE FOLLOWING WEATHER WAS RECORDED TODAY.
  NO SIGNIFICANT WEATHER WAS OBSERVED.


RELATIVE HUMIDITY (PERCENT)
 HIGHEST    93          1200 AM
 LOWEST     65           100 PM
 AVERAGE    79

..........................................................


THE BROWNSVILLE CLIMATE NORMALS FOR TOMORROW
                         NORMAL    RECORD    YEAR
 MAXIMUM TEMPERATURE (F)   75        91      2017
 MINIMUM TEMPERATURE (F)   56        34      1921


SUNRISE AND SUNSET
FEBRUARY 20 2018......SUNRISE   701 AM CST   SUNSET   626 PM CST
FEBRUARY 21 2018......SUNRISE   700 AM CST   SUNSET   627 PM CST


-  INDICATES NEGATIVE NUMBERS.
R  INDICATES RECORD WAS SET OR TIED.
MM INDICATES DATA IS MISSING.
T  INDICATES TRACE AMOUNT.




$$
