363
CDUS44 KBRO 190625
CLIBRO


CLIMATE REPORT
NATIONAL WEATHER SERVICE BROWNSVILLE TX
125 AM CDT THU OCT 19 2017


...................................

...THE BROWNSVILLE CLIMATE SUMMARY FOR OCTOBER 18 2017...

CLIMATE NORMAL PERIOD 1981 TO 2010
CLIMATE RECORD PERIOD 1878 TO 2017


WEATHER ITEM   OBSERVED TIME   RECORD YEAR NORMAL DEPARTURE LAST
                VALUE   (LST)  VALUE       VALUE  FROM      YEAR
                                                  NORMAL
..................................................................
TEMPERATURE (F)
 YESTERDAY
  MAXIMUM         85    307 PM  97    2012  86     -1       95
  MINIMUM         59    641 AM  50    1974  67     -8       74
                                      1948
  AVERAGE         72                        76     -4       85

PRECIPITATION (IN)
  YESTERDAY        0.00          1.46 1930   0.13  -0.13     0.00
  MONTH TO DATE    3.00                      2.45   0.55     0.21
  SINCE SEP 1      7.64                      8.37  -0.73     2.19
  SINCE JAN 1     20.68                     23.18  -2.50    15.85

SNOWFALL (IN)
  YESTERDAY        0.0           0.0  2002   0.0
                                      2001
  MONTH TO DATE    0.0                       0.0
  SINCE SEP 1      0.0                       0.0
  SINCE JUL 1      0.0                       0.0

DEGREE DAYS
 HEATING
  YESTERDAY        0                         0      0        0
  MONTH TO DATE    0                         0      0        0
  SINCE SEP 1      0                         0      0        0
  SINCE JUL 1      0                         0      0        0

 COOLING
  YESTERDAY        7                        11     -4       20
  MONTH TO DATE  256                       226     30      314
  SINCE SEP 1    788                       730     58      930
  SINCE JAN 1   4315                      3637    678     4035
..................................................................


WIND (MPH)
  HIGHEST WIND SPEED    15   HIGHEST WIND DIRECTION     E (70)
  HIGHEST GUST SPEED    18   HIGHEST GUST DIRECTION     N (20)
  AVERAGE WIND SPEED     4.4


SKY COVER
  POSSIBLE SUNSHINE  MM
  AVERAGE SKY COVER 0.0


WEATHER CONDITIONS
 THE FOLLOWING WEATHER WAS RECORDED YESTERDAY.
  NO SIGNIFICANT WEATHER WAS OBSERVED.


RELATIVE HUMIDITY (PERCENT)
 HIGHEST   100           300 AM
 LOWEST     51          1100 AM
 AVERAGE    76

..........................................................


THE BROWNSVILLE CLIMATE NORMALS FOR TODAY
                         NORMAL    RECORD    YEAR
 MAXIMUM TEMPERATURE (F)   85        94      2016
 MINIMUM TEMPERATURE (F)   66        45      1989


SUNRISE AND SUNSET
OCTOBER 19 2017.......SUNRISE   731 AM CDT   SUNSET   658 PM CDT
OCTOBER 20 2017.......SUNRISE   731 AM CDT   SUNSET   657 PM CDT


-  INDICATES NEGATIVE NUMBERS.
R  INDICATES RECORD WAS SET OR TIED.
MM INDICATES DATA IS MISSING.
T  INDICATES TRACE AMOUNT.




$$
