000
CDUS44 KBRO 220628
CLIBRO


CLIMATE REPORT
NATIONAL WEATHER SERVICE BROWNSVILLE TX
128 AM CDT WED OCT 22 2014


...................................

...THE BROWNSVILLE CLIMATE SUMMARY FOR OCTOBER 21 2014...

CLIMATE NORMAL PERIOD 1981 TO 2010
CLIMATE RECORD PERIOD 1878 TO 2014


WEATHER ITEM   OBSERVED TIME   RECORD YEAR NORMAL DEPARTURE LAST
                VALUE   (LST)  VALUE       VALUE  FROM      YEAR
                                                  NORMAL
..................................................................
TEMPERATURE (F)
 YESTERDAY
  MAXIMUM         88   1137 AM  92    2007  85      3       90
                                      1979
                                      1920
  MINIMUM         70    602 AM  50    1964  66      4       71
                                      1917
  AVERAGE         79                        75      4       81

PRECIPITATION (IN)
  YESTERDAY        0.36          4.28 1887   0.12   0.24     0.29
  MONTH TO DATE    2.42                      2.80  -0.38     1.13
  SINCE SEP 1     12.78                      8.72   4.06    13.01
  SINCE JAN 1     22.30                     23.53  -1.23    23.06

SNOWFALL (IN)
  YESTERDAY        0.0           0.0  2002   0.0
                                      2001
  MONTH TO DATE    0.0                       0.0
  SINCE SEP 1      0.0                       0.0
  SINCE JUL 1      0.0                       0.0

DEGREE DAYS
 HEATING
  YESTERDAY        0                         0      0        0
  MONTH TO DATE    0                         0      0        0
  SINCE SEP 1      0                         0      0        0
  SINCE JUL 1      0                         0      0        0

 COOLING
  YESTERDAY       14                        11      3       16
  MONTH TO DATE  322                       259     63      254
  SINCE SEP 1    850                       763     87      791
  SINCE JAN 1   3670                      3670      0     3824
..................................................................


WIND (MPH)
  HIGHEST WIND SPEED    23   HIGHEST WIND DIRECTION    SE (130)
  HIGHEST GUST SPEED    29   HIGHEST GUST DIRECTION    SE (130)
  AVERAGE WIND SPEED     7.4


SKY COVER
  POSSIBLE SUNSHINE  MM
  AVERAGE SKY COVER 0.4


WEATHER CONDITIONS
 THE FOLLOWING WEATHER WAS RECORDED YESTERDAY.
  HEAVY RAIN
  LIGHT RAIN
  FOG


RELATIVE HUMIDITY (PERCENT)
 HIGHEST    97           600 AM
 LOWEST     55          1200 PM
 AVERAGE    76

..........................................................


THE BROWNSVILLE CLIMATE NORMALS FOR TODAY
                         NORMAL    RECORD    YEAR
 MAXIMUM TEMPERATURE (F)   85        95      1979
 MINIMUM TEMPERATURE (F)   66        48      1999


SUNRISE AND SUNSET
OCTOBER 22 2014.......SUNRISE   732 AM CDT   SUNSET   656 PM CDT
OCTOBER 23 2014.......SUNRISE   733 AM CDT   SUNSET   655 PM CDT


-  INDICATES NEGATIVE NUMBERS.
R  INDICATES RECORD WAS SET OR TIED.
MM INDICATES DATA IS MISSING.
T  INDICATES TRACE AMOUNT.




$$
