000
CDUS44 KBRO 252143
CLIBRO


CLIMATE REPORT
NATIONAL WEATHER SERVICE BROWNSVILLE TX
442 PM CDT MON MAY 25 2015


...................................

...THE BROWNSVILLE CLIMATE SUMMARY FOR MAY 25 2015...
VALID TODAY AS OF 0400 PM LOCAL TIME.

CLIMATE NORMAL PERIOD 1981 TO 2010
CLIMATE RECORD PERIOD 1878 TO 2015


WEATHER ITEM   OBSERVED TIME   RECORD YEAR NORMAL DEPARTURE LAST
                VALUE   (LST)  VALUE       VALUE  FROM      YEAR
                                                  NORMAL
..................................................................
TEMPERATURE (F)
 TODAY
  MAXIMUM         89   1122 AM  96    2011  90     -1       89
                                      1919
  MINIMUM         77    354 AM  52    1901  74      3       77
  AVERAGE         83                        82      1       83

PRECIPITATION (IN)
  TODAY            0.00          1.76 2007   0.09  -0.09     0.00
  MONTH TO DATE    3.73                      2.09   1.64     2.09
  SINCE MAR 1     10.18                      4.86   5.32     3.83
  SINCE JAN 1     14.50                      7.21   7.29     4.59

SNOWFALL (IN)
  TODAY            0.0           0.0  2002   0.0
                                      2001
                                      2000
  MONTH TO DATE    0.0                       0.0
  SINCE MAR 1      0.0                       0.0
  SINCE JUL 1      0.0                       0.0

DEGREE DAYS
 HEATING
  TODAY            0                         0      0        0
  MONTH TO DATE    0                         0      0        0
  SINCE MAR 1     67                        51     16      100
  SINCE JUL 1    690                       554    136      824

 COOLING
  TODAY           18                        17      1       18
  MONTH TO DATE  408                       372     36      283
  SINCE MAR 1    905                       848     57      697
  SINCE JAN 1    962                       989    -27      817
..................................................................


WIND (MPH)
  HIGHEST WIND SPEED    30   HIGHEST WIND DIRECTION    SE (150)
  HIGHEST GUST SPEED    37   HIGHEST GUST DIRECTION     S (160)
  AVERAGE WIND SPEED    16.4


SKY COVER
  POSSIBLE SUNSHINE  MM
  AVERAGE SKY COVER 0.6


WEATHER CONDITIONS
 THE FOLLOWING WEATHER WAS RECORDED TODAY.
  NO SIGNIFICANT WEATHER WAS OBSERVED.


RELATIVE HUMIDITY (PERCENT)
 HIGHEST    94           300 AM
 LOWEST     68          1100 AM
 AVERAGE    81

..........................................................


THE BROWNSVILLE CLIMATE NORMALS FOR TOMORROW
                         NORMAL    RECORD    YEAR
 MAXIMUM TEMPERATURE (F)   90        98      1928
 MINIMUM TEMPERATURE (F)   74        50      1901


SUNRISE AND SUNSET
MAY 25 2015...........SUNRISE   640 AM CDT   SUNSET   814 PM CDT
MAY 26 2015...........SUNRISE   639 AM CDT   SUNSET   814 PM CDT


-  INDICATES NEGATIVE NUMBERS.
R  INDICATES RECORD WAS SET OR TIED.
MM INDICATES DATA IS MISSING.
T  INDICATES TRACE AMOUNT.




$$
