000
CDUS44 KBRO 182133
CLIBRO


CLIMATE REPORT
NATIONAL WEATHER SERVICE BROWNSVILLE TX
433 PM CDT FRI AUG 18 2017


...................................

...THE BROWNSVILLE CLIMATE SUMMARY FOR AUGUST 18 2017...
VALID TODAY AS OF 0400 PM LOCAL TIME.

CLIMATE NORMAL PERIOD 1981 TO 2010
CLIMATE RECORD PERIOD 1878 TO 2017


WEATHER ITEM   OBSERVED TIME   RECORD YEAR NORMAL DEPARTURE LAST
                VALUE   (LST)  VALUE       VALUE  FROM      YEAR
                                                  NORMAL
..................................................................
TEMPERATURE (F)
 TODAY
  MAXIMUM         97    151 PM 104    1915  95      2       95
  MINIMUM         79    631 AM  70    1992  76      3       76
                                      1879
  AVERAGE         88                        85      3       86

PRECIPITATION (IN)
  TODAY            0.00          4.54 1916   0.07  -0.07     0.00
  MONTH TO DATE    0.97                      1.14  -0.17     0.30
  SINCE JUN 1      6.77                      5.75   1.02     3.46
  SINCE JAN 1     12.63                     13.51  -0.88    13.45

SNOWFALL (IN)
  TODAY            0.0           0.0  2001   0.0
  MONTH TO DATE    0.0                       0.0
  SINCE JUN 1      0.0                       0.0
  SINCE JUL 1      0.0                       0.0

DEGREE DAYS
 HEATING
  TODAY            0                         0      0        0
  MONTH TO DATE    0                         0      0        0
  SINCE JUN 1      0                         0      0        0
  SINCE JUL 1      0                         0      0        0

 COOLING
  TODAY           23                        20      3       21
  MONTH TO DATE  405                       376     29      406
  SINCE JUN 1   1616                      1561     55     1668
  SINCE JAN 1   3253                      2654    599     2828
..................................................................


WIND (MPH)
  HIGHEST WIND SPEED    20   HIGHEST WIND DIRECTION     E (110)
  HIGHEST GUST SPEED    24   HIGHEST GUST DIRECTION    SE (130)
  AVERAGE WIND SPEED     7.6


SKY COVER
  POSSIBLE SUNSHINE  MM
  AVERAGE SKY COVER 0.2


WEATHER CONDITIONS
 THE FOLLOWING WEATHER WAS RECORDED TODAY.
  NO SIGNIFICANT WEATHER WAS OBSERVED.


RELATIVE HUMIDITY (PERCENT)
 HIGHEST   100          1200 AM
 LOWEST     48           200 PM
 AVERAGE    74

..........................................................


THE BROWNSVILLE CLIMATE NORMALS FOR TOMORROW
                         NORMAL    RECORD    YEAR
 MAXIMUM TEMPERATURE (F)   95       100      1915
 MINIMUM TEMPERATURE (F)   76        70      1973
                                             1913
                                             1910


SUNRISE AND SUNSET
AUGUST 18 2017........SUNRISE   704 AM CDT   SUNSET   802 PM CDT
AUGUST 19 2017........SUNRISE   705 AM CDT   SUNSET   802 PM CDT


-  INDICATES NEGATIVE NUMBERS.
R  INDICATES RECORD WAS SET OR TIED.
MM INDICATES DATA IS MISSING.
T  INDICATES TRACE AMOUNT.




$$
