000
CDAK49 PAFG 261001
CLIBRW

CLIMATE REPORT
NATIONAL WEATHER SERVICE FAIRBANKS AK
201 AM AKDT FRI MAY 26 2017


...................................

...THE BARROW AK CLIMATE SUMMARY FOR MAY 25 2017...

CLIMATE NORMAL PERIOD 1981 TO 2010
CLIMATE RECORD PERIOD 1920 TO 2017


WEATHER ITEM   OBSERVED TIME   RECORD YEAR NORMAL DEPARTURE LAST
                VALUE   (LST)  VALUE       VALUE  FROM      YEAR
                                                  NORMAL
..................................................................
TEMPERATURE (F)
 YESTERDAY
  MAXIMUM         32    314 PM  44    1938  30      2       37
  MINIMUM         29   1127 PM   9    2001  22      7       32
                                      1997
                                      1921
  AVERAGE         31                        26      5       35

PRECIPITATION (IN)
  YESTERDAY        0.45R         0.34 2015   0.00   0.45      T
  MONTH TO DATE    0.64                      0.13   0.51     0.06
  SINCE MAR 1      0.94                      0.38   0.56     0.29
  SINCE JAN 1      1.81                      0.65   1.16     3.35

SNOWFALL (IN)
  YESTERDAY        4.2 R         1.0  1973   0.1    4.1       T
  MONTH TO DATE    7.4                       2.3    5.1      0.7
  SINCE MAR 1     10.4                       7.6    2.8      1.5
  SINCE JUL 1     37.3                      36.6    0.7     10.3
  SNOW DEPTH       3

DEGREE DAYS
 HEATING
  YESTERDAY       34                        39     -5       30
  MONTH TO DATE 1042                      1138    -96      927
  SINCE MAR 1   5021                      5441   -420     4518
  SINCE JUL 1  15983                     18298  -2315    15914

 COOLING
  YESTERDAY        0                         0      0        0
  MONTH TO DATE    0                         0      0        0
  SINCE MAR 1      0                         0      0        0
  SINCE JAN 1      0                         0      0        0
..................................................................


WIND (MPH)
  HIGHEST GUST SPEED    24   HIGHEST GUST DIRECTION    NE (60)


SKY COVER
  AVERAGE SKY COVER 1.0


WEATHER CONDITIONS
 THE FOLLOWING WEATHER WAS RECORDED YESTERDAY.
  LIGHT RAIN
  LT FREEZING RAIN
  HEAVY SNOW
  SNOW
  LIGHT SNOW
  FOG
  FOG W/VISIBILITY <= 1/4 MILE


RELATIVE HUMIDITY (PERCENT)
 HIGHEST   100
 LOWEST     92
 AVERAGE    96

..........................................................


THE BARROW AK CLIMATE NORMALS FOR TODAY
                         NORMAL    RECORD    YEAR
 MAXIMUM TEMPERATURE (F)   31        41      1990
 MINIMUM TEMPERATURE (F)   23         5      2001


SUNRISE AND SUNSET
MAY 26 2017...........SUN ABOVE VISIBLE HORIZON.
MAY 27 2017...........SUN ABOVE VISIBLE HORIZON.

-  INDICATES NEGATIVE NUMBERS.
R  INDICATES RECORD WAS SET OR TIED.
MM INDICATES DATA IS MISSING.
T  INDICATES TRACE AMOUNT.

&&

SNOW DEPTH IS MEASURED AT 3AM AKST/4AM AKDT.

----------------------------
AVAILABLE DAYLIGHT

AMOUNT OF DAYLIGHT TODAY  (HOUR:MIN)........24:00
GAIN/LOSS SINCE YESTERDAY (HOUR:MIN:SEC)....+0:00:00

$$
MAY 17
