193
CDAK49 PAFG 290949
CLIBRW

CLIMATE REPORT
NATIONAL WEATHER SERVICE FAIRBANKS AK
149 AM AKDT THU SEP 29 2016


...................................

...THE BARROW AK CLIMATE SUMMARY FOR SEPTEMBER 28 2016...

CLIMATE NORMAL PERIOD 1981 TO 2010
CLIMATE RECORD PERIOD 1920 TO 2016


WEATHER ITEM   OBSERVED TIME   RECORD YEAR NORMAL DEPARTURE LAST
                VALUE   (LST)  VALUE       VALUE  FROM      YEAR
                                                  NORMAL
..................................................................
TEMPERATURE (F)
 YESTERDAY
  MAXIMUM         42    151 PM  46    1929  31     11       MM
  MINIMUM         29   1247 AM   1    1975  24      5       MM
                                      1957
  AVERAGE         36                        27      9       MM

PRECIPITATION (IN)
  YESTERDAY        0.03          0.16 2010   0.02   0.01     0.05
  MONTH TO DATE    0.50                      0.69  -0.19     0.35
  SINCE SEP 1      0.50                      0.69  -0.19     0.35
  SINCE JAN 1      6.15                      3.74   2.41     4.78

SNOWFALL (IN)
  YESTERDAY        0.1           1.9  2013   0.2   -0.1     MM
                                      2010
  MONTH TO DATE    2.0                       4.0   -2.0      0.8
  SINCE SEP 1      2.0                       4.0   -2.0      0.8
  SINCE JUL 1      3.8                       5.1   -1.3      0.8
  SNOW DEPTH       0

DEGREE DAYS
 HEATING
  YESTERDAY       29                        38     -9       MM
  MONTH TO DATE  857                       909    -52      724
  SINCE SEP 1    857                       909    -52      724
  SINCE JUL 1   2286                      2464   -178     1927

 COOLING
  YESTERDAY        0                         0      0       MM
  MONTH TO DATE    0                         0      0        0
  SINCE SEP 1      0                         0      0        0
  SINCE JAN 1      0                         0      0        0
..................................................................


WIND (MPH)
  HIGHEST GUST SPEED    35   HIGHEST GUST DIRECTION    SW (230)


SKY COVER
  AVERAGE SKY COVER 1.0


WEATHER CONDITIONS
 THE FOLLOWING WEATHER WAS RECORDED YESTERDAY.
  LIGHT RAIN
  LIGHT SNOW
  FOG
  HAZE


RELATIVE HUMIDITY (PERCENT)
 HIGHEST    85
 LOWEST     78
 AVERAGE    82

..........................................................


THE BARROW AK CLIMATE NORMALS FOR TODAY
                         NORMAL    RECORD    YEAR
 MAXIMUM TEMPERATURE (F)   31        43      1989
 MINIMUM TEMPERATURE (F)   23         2      1981


SUNRISE AND SUNSET
SEPTEMBER 29 2016.....SUNRISE   840 AM AKDT  SUNSET   753 PM AKDT
SEPTEMBER 30 2016.....SUNRISE   844 AM AKDT  SUNSET   748 PM AKDT

-  INDICATES NEGATIVE NUMBERS.
R  INDICATES RECORD WAS SET OR TIED.
MM INDICATES DATA IS MISSING.
T  INDICATES TRACE AMOUNT.

&&

SNOW DEPTH IS MEASURED AT 3AM AKST/4AM AKDT.

----------------------------
AVAILABLE DAYLIGHT

AMOUNT OF DAYLIGHT TODAY  (HOUR:MIN)........11:13
GAIN/LOSS SINCE YESTERDAY (HOUR:MIN:SEC)....-0:09:13

$$
SDB SEP 16
