000
CDAK49 PABR 050906
CLIBRW

CLIMATE REPORT
NATIONAL WEATHER SERVICE BARROW, AK
106 AM AKDT WED AUG 5 2015

...................................
...THE BARROW WSO AP CLIMATE SUMMARY FOR AUGUST 4 2015...

CLIMATE NORMAL PERIOD  1981 TO  2010
CLIMATE RECORD PERIOD  1915 TO  2015

WEATHER ITEM   OBSERVED TIME    RECORD YEAR NORMAL DEPARTURE LAST
               VALUE    (LST)   VALUE       VALUE  FROM      YEAR
                                                   NORMAL
...................................................................
TEMPERATURE
YESTERDAY
 MAXIMUM            42  0311 PM    69  1977     46      -4     36
 MINIMUM            36  0512 AM    26  1932     35       1     29
 AVERAGE            39                          40      -1     33

PRECIPITATION
(INCHES)
 YESTERDAY           T           0.45  1969   0.04   -0.04   0.00
 MONTH TO DATE    0.36                        0.14    0.22   0.01
 SINCE JUN 1      1.42                        1.44   -0.02   2.49
 SINCE JAN 1      3.38                        2.14    1.24   4.11

SNOWFALL
(INCHES)
 YESTERDAY         0.0            0.3  1964    0.1    -0.1    0.0
 MONTH TO DATE     0.0                         0.1    -0.1    0.0
 SINCE JUN 1       1.0                         1.0     0.0    1.8
 SINCE JUL 1         T                         0.3    -0.3    0.9
 SNOW DEPTH (IN)     0                                          0

DEGREE DAYS
 HEATING
  YESTERDAY         26                          25       1     32
  MONTH TO DATE     99                         100      -1    120
  SINCE JUN 1     1592                        1727    -135   1881
  SINCE JUL 1      850                         847       3    948

 COOLING
  YESTERDAY          0                           0       0      0
  MONTH TO DATE      0                           0       0      0
  SINCE JUN 1        0                           0       0      0
  SINCE JAN 1        0                           0       0      0
...................................................................

WIND (MPH)
 HIGHEST WIND SPEED    28     HIGHEST WIND DIRECTION    290
 HIGHEST GUST SPEED    32     HIGHEST GUST DIRECTION    280
 AVERAGE WIND SPEED  12.8

WEATHER CONDITIONS
 THE FOLLOWING WEATHER WAS RECORDED YESTERDAY.
  RAIN


RELATIVE HUMIDITY
 HIGHEST RH     MM PERCENT       MM
 LOWEST  RH     MM PERCENT       MM
 AVERAGE RH     MM PERCENT       MM
...................................................................

THE BARROW CLIMATE NORMALS FOR TODAY
                           NORMAL    RECORD   YEAR
 MAXIMUM TEMPERATURE (F)     46        74     1999
 MINIMUM TEMPERATURE (F)     35        26     1955

SUNRISE AND SUNSET
 AUG 5 2015..........SUNRISE  3:47 AM      SUNSET  1:11 AM
 AUG 6 2015..........SUNRISE  3:58 AM      SUNSET  1:01 AM

-  INDICATES NEGATIVE NUMBERS.
R  INDICATES RECORD HAS BEEN SET OR TIED.
MM INDICATES DATA IS MISSING.
T  INDICATES TRACE OF PRECIPITATION.

&&
-------------------------------------------------------------------

AMOUNT OF DAYLIGHT TODAY  (HOUR:MIN)........21 HOURS 24 MINUTES
GAIN/LOSS SINCE YESTERDAY (HOUR:MIN:SEC)....-0:24:09

$$
DZB AUG 15
