000
CDAK49 PABR 290903
CLIBRW

CLIMATE REPORT
NATIONAL WEATHER SERVICE BARROW, AK
103 AM AKDT FRI JUL 29 2016

...................................
...THE BARROW WSO AP CLIMATE SUMMARY FOR JULY 28 2016...

CLIMATE NORMAL PERIOD  1981 TO  2010
CLIMATE RECORD PERIOD  1915 TO  2016

WEATHER ITEM   OBSERVED TIME    RECORD YEAR NORMAL DEPARTURE LAST
               VALUE    (LST)   VALUE       VALUE  FROM      YEAR
                                                   NORMAL
...................................................................
TEMPERATURE
YESTERDAY
 MAXIMUM            45   721 PM    70  2009     47      -2     37
 MINIMUM            38   354 PM    23  1936     35       3     31
 AVERAGE            42                          41       1     34

PRECIPITATION
(INCHES)
 YESTERDAY        0.11           0.42  1963   0.03    0.08   0.01
 MONTH TO DATE    0.49                        0.87   -0.38   0.10
 SINCE JUN 1      1.19                        1.19   -0.00   0.94
 SINCE JAN 1      2.52                        1.89    0.63   2.90

SNOWFALL
(INCHES)
 YESTERDAY         0.0              T  2015    0.0     0.0      T
 MONTH TO DATE       T                         0.2    -0.2      T
 SINCE JUN 1       2.7                         0.9     1.8    1.0
 SINCE JUL 1         T                         0.2    -0.2      T
 SNOW DEPTH (IN)     0                                          0

DEGREE DAYS
 HEATING
  YESTERDAY         23                          24      -1     31
  MONTH TO DATE    575                         675    -100    680
  SINCE JUN 1     1385                        1555    -170   1422
  SINCE JUL 1      575                         675    -100    680

 COOLING
  YESTERDAY          0                           0       0      0
  MONTH TO DATE      0                           0       0      0
  SINCE JUN 1        0                           0       0      0
  SINCE JAN 1        0                           0       0      0
...................................................................

WIND (MPH)
 HIGHEST WIND SPEED    17     HIGHEST WIND DIRECTION    240
 HIGHEST GUST SPEED    23     HIGHEST GUST DIRECTION    240
 AVERAGE WIND SPEED   9.2

SKY COVER
  POSSIBLE SUNSHINE    MM          AVERAGE SKY COVER     MM

WEATHER CONDITIONS
 THE FOLLOWING WEATHER WAS RECORDED YESTERDAY.
  FOG
  RAIN

...................................................................

THE BARROW CLIMATE NORMALS FOR TODAY
                           NORMAL    RECORD   YEAR
 MAXIMUM TEMPERATURE (F)     47        71     1968
 MINIMUM TEMPERATURE (F)     35        27     1936

SUNRISE AND SUNSET
 SUN ABOVE VISIBLE HORIZON

-  INDICATES NEGATIVE NUMBERS.
R  INDICATES RECORD HAS BEEN SET OR TIED.
MM INDICATES DATA IS MISSING.
T  INDICATES TRACE OF PRECIPITATION.

&&
-------------------------------------------------------------------

AMOUNT OF DAYLIGHT TODAY  (HOUR:MIN)........24 HOURS 00 MINUTES
GAIN/LOSS SINCE YESTERDAY (HOUR:MIN:SEC)....+0:00:00

$$
*** JUL 16
