000
CDAK49 PABR 200930
CLIBRW

CLIMATE REPORT
NATIONAL WEATHER SERVICE BARROW, AK
130 AM AKDT WED AUG 20 2014

...................................
...THE BARROW WSO AP CLIMATE SUMMARY FOR AUGUST 19 2014...

CLIMATE NORMAL PERIOD  1981 TO  2010
CLIMATE RECORD PERIOD  1915 TO  2014

WEATHER ITEM   OBSERVED TIME    RECORD YEAR NORMAL DEPARTURE LAST
               VALUE    (LST)   VALUE       VALUE  FROM      YEAR
                                                   NORMAL
...................................................................
TEMPERATURE
YESTERDAY
 MAXIMUM            43  0638 PM    66  2012     44      -1     37
 MINIMUM            34  0222 AM    24  1933     34       0     31
 AVERAGE            39                          39       0     34

PRECIPITATION
(INCHES)
 YESTERDAY           T           0.37  1961   0.03   -0.03      T
 MONTH TO DATE    0.01                        0.65   -0.64   1.25
 SINCE JUN 1      2.49                        1.95    0.54   3.70
 SINCE JAN 1      4.11                        2.65    1.46   4.92

SNOWFALL
(INCHES)
 YESTERDAY         0.0            1.4  1971    0.1    -0.1      T
 MONTH TO DATE       T                         0.4    -0.4      T
 SINCE JUN 1       1.8                         1.3     0.5    0.3
 SINCE JUL 1       0.9                         0.6     0.3      T
 SNOW DEPTH (IN)     0                                          0

DEGREE DAYS
 HEATING
  YESTERDAY         26                          26       0     31
  MONTH TO DATE    537                         481      56    432
  SINCE JUN 1     2298                        2108     190   1839
  SINCE JUL 1     1365                        1228     137   1061

 COOLING
  YESTERDAY          0                           0       0      0
  MONTH TO DATE      0                           0       0      0
  SINCE JUN 1        0                           0       0      0
  SINCE JAN 1        0                           0       0      0
...................................................................

WIND (MPH)
 HIGHEST WIND SPEED    12     HIGHEST WIND DIRECTION    100
 HIGHEST GUST SPEED    13     HIGHEST GUST DIRECTION    100
 AVERAGE WIND SPEED   5.7

WEATHER CONDITIONS
 THE FOLLOWING WEATHER WAS RECORDED YESTERDAY.
  FOG WITH VISIBILITY AS LOW AS 2 MILES
  RAIN

RELATIVE HUMIDITY
 HIGHEST RH     100 PERCENT    AT  1153 PM AST
 LOWEST  RH      79 PERCENT    AT   453 PM AST
 AVERAGE RH      95 PERCENT
...................................................................

THE BARROW CLIMATE NORMALS FOR TODAY
                           NORMAL    RECORD   YEAR
 MAXIMUM TEMPERATURE (F)     43        65     1965
 MINIMUM TEMPERATURE (F)     34        25     1981

SUNRISE AND SUNSET
 AUG 20 2014..........SUNRISE  5:36 AM      SUNSET 11:22 PM
 AUG 21 2014..........SUNRISE  5:41 AM      SUNSET 11:16 PM

-  INDICATES NEGATIVE NUMBERS.
R  INDICATES RECORD HAS BEEN SET OR TIED.
MM INDICATES DATA IS MISSING.
T  INDICATES TRACE OF PRECIPITATION.
&&
-------------------------------------------------------------------

AMOUNT OF DAYLIGHT TODAY  (HOUR:MIN)........17 HOURS 46 MINUTES
GAIN/LOSS SINCE YESTERDAY (HOUR:MIN:SEC)....-0:11:24

$$
RFL AUG 14
