000
CDAK49 PABR 020904
CLIBRW

CLIMATE REPORT
NATIONAL WEATHER SERVICE BARROW, AK
104 AM AKDT WED SEP 2 2015

...................................
...THE BARROW WSO AP CLIMATE SUMMARY FOR SEPTEMBER 1 2015...

CLIMATE NORMAL PERIOD  1981 TO  2010
CLIMATE RECORD PERIOD  1915 TO  2015

WEATHER ITEM   OBSERVED TIME    RECORD YEAR NORMAL DEPARTURE LAST
               VALUE    (LST)   VALUE       VALUE  FROM      YEAR
                                                   NORMAL
...................................................................
TEMPERATURE
YESTERDAY
 MAXIMUM            43  0235 PM    58  1937     41       2     38
 MINIMUM            34  0347 AM    20  1983     33       1     33
 AVERAGE            39                          37       2     36

PRECIPITATION
(INCHES)
 YESTERDAY        0.01           0.26  2005   0.03   -0.02      T
 MONTH TO DATE    0.01                        0.03   -0.02      T
 SINCE SEP 1      0.01                        0.03   -0.02   0.00
 SINCE JAN 1      4.72                        3.08    1.64   4.55

SNOWFALL
(INCHES)
 YESTERDAY         0.0            0.9  1945    0.1    -0.1      T
 MONTH TO DATE     0.0                         0.1    -0.1      T
 SINCE SEP 1       0.0                         0.1    -0.1    0.0
 SINCE JUL 1       0.8                         1.2    -0.4    1.4
 SNOW DEPTH (IN)     0                                          0

DEGREE DAYS
 HEATING
  YESTERDAY         26                          28      -2     29
  MONTH TO DATE     26                          28      -2     29
  SINCE SEP 1       26                          28      -2     29
  SINCE JUL 1     1604                        1582      22   1695

 COOLING
  YESTERDAY          0                           0       0      0
  MONTH TO DATE      0                           0       0      0
  SINCE SEP 1        0                           0       0      0
  SINCE JAN 1        0                           0       0      0
...................................................................

WIND (MPH)
 HIGHEST WIND SPEED    16     HIGHEST WIND DIRECTION    270
 HIGHEST GUST SPEED    19     HIGHEST GUST DIRECTION    270
 AVERAGE WIND SPEED   8.8

WEATHER CONDITIONS
 THE FOLLOWING WEATHER WAS RECORDED YESTERDAY.
  FOG
DRIZZLE
RAIN


RELATIVE HUMIDITY
 HIGHEST RH     MM PERCENT       MM
 LOWEST  RH     MM PERCENT       MM
 AVERAGE RH     MM PERCENT       MM
...................................................................

THE BARROW CLIMATE NORMALS FOR TODAY
                           NORMAL    RECORD   YEAR
 MAXIMUM TEMPERATURE (F)     40        61     1954
 MINIMUM TEMPERATURE (F)     32        22     1980

SUNRISE AND SUNSET
 SEP 2 2015..........SUNRISE  6:39 AM      SUNSET 10:12 PM
 SEP 3 2015..........SUNRISE  6:44 AM      SUNSET 10:07 PM

-  INDICATES NEGATIVE NUMBERS.
R  INDICATES RECORD HAS BEEN SET OR TIED.
MM INDICATES DATA IS MISSING.
T  INDICATES TRACE OF PRECIPITATION.

&&
-------------------------------------------------------------------

AMOUNT OF DAYLIGHT TODAY  (HOUR:MIN)........15 HOURS 33 MINUTES
GAIN/LOSS SINCE YESTERDAY (HOUR:MIN:SEC)....-0:09:53

$$
DZB SEP 15
