121
CDAK49 PAFG 190952
CLIBRW

CLIMATE REPORT
NATIONAL WEATHER SERVICE FAIRBANKS AK
1252 AM AKST FRI JAN 19 2018


...................................

...THE BARROW AK CLIMATE SUMMARY FOR JANUARY 18 2018...

CLIMATE NORMAL PERIOD 1981 TO 2010
CLIMATE RECORD PERIOD 1920 TO 2018


WEATHER ITEM   OBSERVED TIME   RECORD YEAR NORMAL DEPARTURE LAST
                VALUE   (LST)  VALUE       VALUE  FROM      YEAR
                                                  NORMAL
..................................................................
TEMPERATURE (F)
 YESTERDAY
  MAXIMUM         22    531 AM  31    1962  -8     30       -9
                                      1922
  MINIMUM          8   1159 PM -47    1951 -20     28      -22
  AVERAGE         15                       -14     29      -15

PRECIPITATION (IN)
  YESTERDAY        0.00          0.47 1962   0.01  -0.01      T
  MONTH TO DATE    0.16                      0.08   0.08     0.46
  SINCE DEC 1      0.54                      0.22   0.32     0.76
  SINCE JAN 1      0.16                      0.08   0.08     0.46

SNOWFALL (IN)
  YESTERDAY        0.0           4.7  1962   0.0    0.0       T
  MONTH TO DATE    0.2                       1.5   -1.3      4.2
  SINCE DEC 1      6.8                       5.0    1.8      8.4
  SINCE JUL 1     23.5                      25.3   -1.8     21.5
  SNOW DEPTH       8

DEGREE DAYS
 HEATING
  YESTERDAY       50                        79    -29       80
  MONTH TO DATE 1175                      1402   -227     1071
  SINCE DEC 1   3007                      3659   -652     3075
  SINCE JUL 1   7935                      9611  -1676     8030

 COOLING
  YESTERDAY        0                         0      0        0
  MONTH TO DATE    0                         0      0        0
  SINCE DEC 1      0                         0      0        0
  SINCE JAN 1      0                         0      0        0
..................................................................


WIND (MPH)
  HIGHEST GUST SPEED    41   HIGHEST GUST DIRECTION     W (260)


SKY COVER
  AVERAGE SKY COVER 1.0


WEATHER CONDITIONS
 THE FOLLOWING WEATHER WAS RECORDED YESTERDAY.
  LIGHT SNOW
  FOG


RELATIVE HUMIDITY (PERCENT)
 HIGHEST    92
 LOWEST     83
 AVERAGE    88

..........................................................


THE BARROW AK CLIMATE NORMALS FOR TODAY
                         NORMAL    RECORD    YEAR
 MAXIMUM TEMPERATURE (F)   -8        33      1922
 MINIMUM TEMPERATURE (F)  -20       -52      1925


SUNRISE AND SUNSET
JANUARY 19 2018.......SUN BELOW VISIBLE HORIZON.
JANUARY 20 2018.......SUN BELOW VISIBLE HORIZON.

-  INDICATES NEGATIVE NUMBERS.
R  INDICATES RECORD WAS SET OR TIED.
MM INDICATES DATA IS MISSING.
T  INDICATES TRACE AMOUNT.

&&

SNOW DEPTH IS MEASURED AT 3AM AKST/4AM AKDT.

----------------------------
AVAILABLE DAYLIGHT

AMOUNT OF DAYLIGHT TODAY  (HOUR:MIN)........0:00
GAIN/LOSS SINCE YESTERDAY (HOUR:MIN:SEC)....+0:00:00

$$
CCC JAN 18
