000
CDAK49 PAFG 171027
CLIBRW

CLIMATE REPORT
NATIONAL WEATHER SERVICE FAIRBANKS AK
127 AM AKST FRI NOV 17 2017


...................................

...THE BARROW AK CLIMATE SUMMARY FOR NOVEMBER 16 2017...

CLIMATE NORMAL PERIOD 1981 TO 2010
CLIMATE RECORD PERIOD 1920 TO 2017


WEATHER ITEM   OBSERVED TIME   RECORD YEAR NORMAL DEPARTURE LAST
                VALUE   (LST)  VALUE       VALUE  FROM      YEAR
                                                  NORMAL
..................................................................
TEMPERATURE (F)
 YESTERDAY
  MAXIMUM         19    832 PM  35    1996   6     13       28
  MINIMUM         16   1154 PM -38    1956  -5     21       -4
  AVERAGE         18                         0     18       12

PRECIPITATION (IN)
  YESTERDAY        T             0.20 1966   0.00   0.00      T
  MONTH TO DATE    0.69                      0.12   0.57     0.33
  SINCE SEP 1      2.06                      1.25   0.81     1.38
  SINCE JAN 1      7.73                      4.30   3.43     7.03

SNOWFALL (IN)
  YESTERDAY        0.1           3.2  2001   0.1    0.0       T
  MONTH TO DATE    4.9                       3.4    1.5      4.5
  SINCE SEP 1     12.0                      16.9   -4.9      9.5
  SINCE JUL 1     12.8                      18.0   -5.2     11.3
  SNOW DEPTH       5

DEGREE DAYS
 HEATING
  YESTERDAY       47                        65    -18       53
  MONTH TO DATE  542                       984   -442      725
  SINCE SEP 1   2699                      3452   -753     2708
  SINCE JUL 1   4042                      5007   -965     4137

 COOLING
  YESTERDAY        0                         0      0        0
  MONTH TO DATE    0                         0      0        0
  SINCE SEP 1      0                         0      0        0
  SINCE JAN 1      0                         0      0        0
..................................................................


WIND (MPH)
  HIGHEST GUST SPEED    33   HIGHEST GUST DIRECTION     E (110)


SKY COVER
  AVERAGE SKY COVER 1.0


WEATHER CONDITIONS
 THE FOLLOWING WEATHER WAS RECORDED YESTERDAY.
  LIGHT SNOW
  FOG
  BLOWING SNOW


RELATIVE HUMIDITY (PERCENT)
 HIGHEST    92
 LOWEST     80
 AVERAGE    86

..........................................................


THE BARROW AK CLIMATE NORMALS FOR TODAY
                         NORMAL    RECORD    YEAR
 MAXIMUM TEMPERATURE (F)    5        31      2010
                                             1996
 MINIMUM TEMPERATURE (F)   -6       -33      1956


SUNRISE AND SUNSET
NOVEMBER 17 2017......SUNRISE  1226 PM AKST  SUNSET   159 PM AKST
NOVEMBER 18 2017......SUNRISE  1246 PM AKST  SUNSET   139 PM AKST

-  INDICATES NEGATIVE NUMBERS.
R  INDICATES RECORD WAS SET OR TIED.
MM INDICATES DATA IS MISSING.
T  INDICATES TRACE AMOUNT.

&&

SNOW DEPTH IS MEASURED AT 3AM AKST/4AM AKDT.

----------------------------
AVAILABLE DAYLIGHT

AMOUNT OF DAYLIGHT TODAY  (HOUR:MIN)........1:33
GAIN/LOSS SINCE YESTERDAY (HOUR:MIN:SEC)....-0:27:36

$$
NOV 17
