220
CDAK49 PAFG 261002
CLIBRW

CLIMATE REPORT
NATIONAL WEATHER SERVICE FAIRBANKS AK
202 AM AKDT TUE SEP 26 2017


...................................

...THE BARROW AK CLIMATE SUMMARY FOR SEPTEMBER 25 2017...

CLIMATE NORMAL PERIOD 1981 TO 2010
CLIMATE RECORD PERIOD 1920 TO 2017


WEATHER ITEM   OBSERVED TIME   RECORD YEAR NORMAL DEPARTURE LAST
                VALUE   (LST)  VALUE       VALUE  FROM      YEAR
                                                  NORMAL
..................................................................
TEMPERATURE (F)
 YESTERDAY
  MAXIMUM         36   1248 PM  46    1984  32      4       37
  MINIMUM         31    836 PM   7    1924  25      6       27
  AVERAGE         34                        29      5       32

PRECIPITATION (IN)
  YESTERDAY        0.01          0.48 1978   0.02  -0.01      T
  MONTH TO DATE    0.53                      0.63  -0.10     0.45
  SINCE SEP 1      0.53                      0.63  -0.10     0.45
  SINCE JAN 1      6.20                      3.68   2.52     6.10

SNOWFALL (IN)
  YESTERDAY        0.1           4.0  1922   0.2   -0.1       T
  MONTH TO DATE    0.3                       3.3   -3.0      1.7
  SINCE SEP 1      0.3                       3.3   -3.0      1.7
  SINCE JUL 1      1.1                       4.4   -3.3      3.5
  SNOW DEPTH       T

DEGREE DAYS
 HEATING
  YESTERDAY       31                        36     -5       33
  MONTH TO DATE  733                       797    -64      761
  SINCE SEP 1    733                       797    -64      761
  SINCE JUL 1   2076                      2352   -276     2190

 COOLING
  YESTERDAY        0                         0      0        0
  MONTH TO DATE    0                         0      0        0
  SINCE SEP 1      0                         0      0        0
  SINCE JAN 1      0                         0      0        0
..................................................................


WIND (MPH)
  HIGHEST GUST SPEED    28   HIGHEST GUST DIRECTION     N (350)


SKY COVER
  AVERAGE SKY COVER 0.9


WEATHER CONDITIONS
 THE FOLLOWING WEATHER WAS RECORDED YESTERDAY.
  LIGHT SNOW
  FOG


RELATIVE HUMIDITY (PERCENT)
 HIGHEST   100
 LOWEST     59
 AVERAGE    80

..........................................................


THE BARROW AK CLIMATE NORMALS FOR TODAY
                         NORMAL    RECORD    YEAR
 MAXIMUM TEMPERATURE (F)   32        53      1929
 MINIMUM TEMPERATURE (F)   25         4      1922


SUNRISE AND SUNSET
SEPTEMBER 26 2017.....SUNRISE   826 AM AKDT  SUNSET   809 PM AKDT
SEPTEMBER 27 2017.....SUNRISE   830 AM AKDT  SUNSET   804 PM AKDT

-  INDICATES NEGATIVE NUMBERS.
R  INDICATES RECORD WAS SET OR TIED.
MM INDICATES DATA IS MISSING.
T  INDICATES TRACE AMOUNT.

&&

SNOW DEPTH IS MEASURED AT 3AM AKST/4AM AKDT.

----------------------------
AVAILABLE DAYLIGHT

AMOUNT OF DAYLIGHT TODAY  (HOUR:MIN)........11:43
GAIN/LOSS SINCE YESTERDAY (HOUR:MIN:SEC)....-0:09:11

$$
CCC SEP 17
