000
CDUS43 KGRR 080515
CLIBTL


CLIMATE REPORT
NATIONAL WEATHER SERVICE GRAND RAPIDS, MI
115 AM EDT WED JUL 8 2015


...................................

...THE BATTLE CREEK MI CLIMATE SUMMARY FOR JULY 7 2015...

CLIMATE NORMAL PERIOD 1981 TO 2010
CLIMATE RECORD PERIOD 1998 TO 2015


WEATHER ITEM   OBSERVED TIME   NORMAL DEPARTURE LAST
                VALUE   (LST)  VALUE  FROM      YEAR
                                      NORMAL
......................................................
TEMPERATURE (F)
 YESTERDAY
  MAXIMUM         77    129 AM  83     -6       83
  MINIMUM         57   1159 PM  59     -2       67
  AVERAGE         67            71     -4       75

PRECIPITATION (IN)
  YESTERDAY        1.15          0.11   1.04     0.70
  MONTH TO DATE    1.15          0.75   0.40     2.21
  SINCE JUN 1      9.72          3.98   5.74     7.78
  SINCE JAN 1     17.97         15.46   2.51    15.74

DEGREE DAYS
 HEATING
  YESTERDAY        0             0      0        0
  MONTH TO DATE    2             6     -4        2
  SINCE JUN 1     25            63    -38       20
  SINCE JUL 1      2             6     -4        2

 COOLING
  YESTERDAY        2             7     -5       10
  MONTH TO DATE   19            45    -26       16
  SINCE JUN 1    159           171    -12      192
  SINCE JAN 1    232           209     23      244
......................................................


WIND (MPH)
  RESULTANT WIND SPEED   3   RESULTANT WIND DIRECTION  NW (300)
  HIGHEST WIND SPEED    21   HIGHEST WIND DIRECTION     W (260)
  HIGHEST GUST SPEED    24   HIGHEST GUST DIRECTION     W (260)
  AVERAGE WIND SPEED     8.2


SKY COVER
  AVERAGE SKY COVER 0.6


WEATHER CONDITIONS
 THE FOLLOWING WEATHER WAS RECORDED YESTERDAY.
  HEAVY RAIN
  RAIN
  LIGHT RAIN
  FOG


RELATIVE HUMIDITY (PERCENT)
 HIGHEST    93           700 AM
 LOWEST     61           200 PM
 AVERAGE    77

..........................................................


THE BATTLE CREEK MI CLIMATE NORMALS FOR TODAY
                         NORMAL
 MAXIMUM TEMPERATURE (F)   83
 MINIMUM TEMPERATURE (F)   59


SUNRISE AND SUNSET
JULY  8 2015..........SUNRISE   612 AM EDT   SUNSET   919 PM EDT
JULY  9 2015..........SUNRISE   613 AM EDT   SUNSET   919 PM EDT


-  INDICATES NEGATIVE NUMBERS.
R  INDICATES RECORD WAS SET OR TIED.
MM INDICATES DATA IS MISSING.
T  INDICATES TRACE AMOUNT.




$$
