000
CDUS43 KGRR 082229
CLIBTL


CLIMATE REPORT
NATIONAL WEATHER SERVICE GRAND RAPIDS, MI
529 PM EST THU DEC 8 2016


...................................

...THE BATTLE CREEK MI CLIMATE SUMMARY FOR DECEMBER 8 2016...
VALID TODAY AS OF 0500 PM LOCAL TIME.

CLIMATE NORMAL PERIOD 1981 TO 2010
CLIMATE RECORD PERIOD 1998 TO 2016


WEATHER ITEM   OBSERVED TIME   NORMAL DEPARTURE LAST
                VALUE   (LST)  VALUE  FROM      YEAR
                                      NORMAL
......................................................
TEMPERATURE (F)
 TODAY
  MAXIMUM         29   1222 AM  37     -8       45
  MINIMUM         24    424 PM  22      2       37
  AVERAGE         27            30     -3       41

PRECIPITATION (IN)
  TODAY            0.01          0.06  -0.05     0.00
  MONTH TO DATE    0.52          0.55  -0.03     0.14
  SINCE DEC 1      0.52          0.55  -0.03     0.14
  SINCE JAN 1     30.90         31.71  -0.81    30.54

DEGREE DAYS
 HEATING
  TODAY           38            35      3       24
  MONTH TO DATE  248           272    -24      221
  SINCE DEC 1    248           272    -24      221
  SINCE JUL 1   1091          1710   -619     1271

 COOLING
  TODAY            0             0      0        0
  MONTH TO DATE    0             0      0        0
  SINCE DEC 1      0             0      0        0
  SINCE JAN 1    727           578    149      720
......................................................


WIND (MPH)
  RESULTANT WIND SPEED  15   RESULTANT WIND DIRECTION   W (270)
  HIGHEST WIND SPEED    28   HIGHEST WIND DIRECTION     W (260)
  HIGHEST GUST SPEED    44   HIGHEST GUST DIRECTION     W (260)
  AVERAGE WIND SPEED    15.6


SKY COVER
  AVERAGE SKY COVER 1.0


WEATHER CONDITIONS
 THE FOLLOWING WEATHER WAS RECORDED TODAY.
  LIGHT SNOW
  FOG


RELATIVE HUMIDITY (PERCENT)
 HIGHEST    88           400 PM
 LOWEST     68           600 AM
 AVERAGE    78

..........................................................


THE BATTLE CREEK MI CLIMATE NORMALS FOR TOMORROW
                         NORMAL
 MAXIMUM TEMPERATURE (F)   37
 MINIMUM TEMPERATURE (F)   22


SUNRISE AND SUNSET
DECEMBER  8 2016......SUNRISE   758 AM EST   SUNSET   508 PM EST
DECEMBER  9 2016......SUNRISE   758 AM EST   SUNSET   508 PM EST


-  INDICATES NEGATIVE NUMBERS.
R  INDICATES RECORD WAS SET OR TIED.
MM INDICATES DATA IS MISSING.
T  INDICATES TRACE AMOUNT.




$$
