000
CDUS43 KGRR 270517
CLIBTL


CLIMATE REPORT
NATIONAL WEATHER SERVICE GRAND RAPIDS, MI
116 AM EDT WED MAY 27 2015


...................................

...THE BATTLE CREEK MI CLIMATE SUMMARY FOR MAY 26 2015...

CLIMATE NORMAL PERIOD 1981 TO 2010
CLIMATE RECORD PERIOD 1998 TO 2015


WEATHER ITEM   OBSERVED TIME   NORMAL DEPARTURE LAST
                VALUE   (LST)  VALUE  FROM      YEAR
                                      NORMAL
......................................................
TEMPERATURE (F)
 YESTERDAY
  MAXIMUM         86    224 PM  73     13       84
  MINIMUM         65    433 AM  49     16       57
  AVERAGE         76            61     15       71

PRECIPITATION (IN)
  YESTERDAY        0.54          0.13   0.41     0.80
  MONTH TO DATE    3.15          3.15   0.00     3.09
  SINCE MAR 1      5.22          7.86  -2.64     6.38
  SINCE JAN 1      6.23         10.86  -4.63     7.91

DEGREE DAYS
 HEATING
  YESTERDAY        0             6     -6        0
  MONTH TO DATE  131           222    -91      213
  SINCE MAR 1   1567          1646    -79     1899
  SINCE JUL 1   6772          6611    161     7353

 COOLING
  YESTERDAY       11             2      9        6
  MONTH TO DATE   60            22     38       35
  SINCE MAR 1     60            29     31       35
  SINCE JAN 1     60            29     31       35
......................................................


WIND (MPH)
  RESULTANT WIND SPEED  11   RESULTANT WIND DIRECTION   S (190)
  HIGHEST WIND SPEED    33   HIGHEST WIND DIRECTION    SW (240)
  HIGHEST GUST SPEED    42   HIGHEST GUST DIRECTION    SW (240)
  AVERAGE WIND SPEED    12.3


SKY COVER
  AVERAGE SKY COVER 0.7


WEATHER CONDITIONS
 THE FOLLOWING WEATHER WAS RECORDED YESTERDAY.
  THUNDERSTORM
  HEAVY RAIN
  RAIN
  LIGHT RAIN
  FOG


RELATIVE HUMIDITY (PERCENT)
 HIGHEST    87           200 AM
 LOWEST     51           300 PM
 AVERAGE    69

..........................................................


THE BATTLE CREEK MI CLIMATE NORMALS FOR TODAY
                         NORMAL
 MAXIMUM TEMPERATURE (F)   74
 MINIMUM TEMPERATURE (F)   49


SUNRISE AND SUNSET
MAY 27 2015...........SUNRISE   610 AM EDT   SUNSET   907 PM EDT
MAY 28 2015...........SUNRISE   609 AM EDT   SUNSET   908 PM EDT


-  INDICATES NEGATIVE NUMBERS.
R  INDICATES RECORD WAS SET OR TIED.
MM INDICATES DATA IS MISSING.
T  INDICATES TRACE AMOUNT.




$$
