000
CDUS43 KGRR 210513
CLIBTL


CLIMATE REPORT
NATIONAL WEATHER SERVICE GRAND RAPIDS, MI
112 AM EDT SUN SEP 21 2014


...................................

...THE BATTLE CREEK MI CLIMATE SUMMARY FOR SEPTEMBER 20 2014...

CLIMATE NORMAL PERIOD 1981 TO 2010
CLIMATE RECORD PERIOD 1998 TO 2014


WEATHER ITEM   OBSERVED TIME   NORMAL DEPARTURE LAST
                VALUE   (LST)  VALUE  FROM      YEAR
                                      NORMAL
......................................................
TEMPERATURE (F)
 YESTERDAY
  MAXIMUM         79    219 PM  72      7       73
  MINIMUM         55    240 AM  48      7       63
  AVERAGE         67            60      7       68

PRECIPITATION (IN)
  YESTERDAY        0.04          0.13  -0.09     0.12
  MONTH TO DATE    2.11          2.42  -0.31     1.55
  SINCE SEP 1      2.11          2.42  -0.31     1.55
  SINCE JAN 1     22.05         23.96  -1.91    27.72

DEGREE DAYS
 HEATING
  YESTERDAY        0             6     -6        0
  MONTH TO DATE   93            73     20       61
  SINCE SEP 1     93            73     20       61
  SINCE JUL 1    122           114      8       99

 COOLING
  YESTERDAY        2             1      1        3
  MONTH TO DATE   56            46     10       69
  SINCE SEP 1     56            46     10       69
  SINCE JAN 1    593           564     29      674
......................................................


WIND (MPH)
  RESULTANT WIND SPEED  14   RESULTANT WIND DIRECTION  SW (210)
  HIGHEST WIND SPEED    26   HIGHEST WIND DIRECTION    SW (210)
  HIGHEST GUST SPEED    35   HIGHEST GUST DIRECTION     S (200)
  AVERAGE WIND SPEED    13.7


SKY COVER
  AVERAGE SKY COVER 0.5


WEATHER CONDITIONS
 THE FOLLOWING WEATHER WAS RECORDED YESTERDAY.
  THUNDERSTORM
  LIGHT RAIN
  FOG


RELATIVE HUMIDITY (PERCENT)
 HIGHEST    93           700 PM
 LOWEST     58           200 PM
 AVERAGE    76

..........................................................


THE BATTLE CREEK MI CLIMATE NORMALS FOR TODAY
                         NORMAL
 MAXIMUM TEMPERATURE (F)   71
 MINIMUM TEMPERATURE (F)   48


SUNRISE AND SUNSET
SEPTEMBER 21 2014.....SUNRISE   727 AM EDT   SUNSET   740 PM EDT
SEPTEMBER 22 2014.....SUNRISE   728 AM EDT   SUNSET   738 PM EDT


-  INDICATES NEGATIVE NUMBERS.
R  INDICATES RECORD WAS SET OR TIED.
MM INDICATES DATA IS MISSING.
T  INDICATES TRACE AMOUNT.




$$
