000
CDUS45 KMSO 222333
CLIBTM


CLIMATE REPORT
NATIONAL WEATHER SERVICE MISSOULA, MT
433 PM MST WED FEB 22 2017


...................................

...THE BUTTE MT CLIMATE SUMMARY FOR FEBRUARY 22 2017...
VALID TODAY AS OF 0400 PM LOCAL TIME.

CLIMATE NORMAL PERIOD 1981 TO 2010
CLIMATE RECORD PERIOD 1895 TO 2017


WEATHER ITEM   OBSERVED TIME   RECORD YEAR NORMAL DEPARTURE LAST
                VALUE   (LST)  VALUE       VALUE  FROM      YEAR
                                                  NORMAL
..................................................................
TEMPERATURE (F)
 TODAY
  MAXIMUM         33   1252 PM  56    1958  37     -4       35
  MINIMUM         26    809 AM -24    1910  11     15       21
  AVERAGE         30                        24      6       28

PRECIPITATION (IN)
  TODAY            T             0.40 1917   0.02  -0.02     0.00
  MONTH TO DATE    0.43                      0.33   0.10     0.09
  SINCE OCT 1      3.96                      2.69   1.27     3.17
  SINCE JAN 1      0.74                      0.80  -0.06     0.43

SNOWFALL (IN)
  TODAY           MM
  MONTH TO DATE   MM
  SINCE JAN 1     MM
  SINCE JUL 1     MM
  SNOW DEPTH      MM

DEGREE DAYS
 HEATING
  TODAY           35                        41     -6       37
  MONTH TO DATE  859                       958    -99      825
  SINCE DEC 1   4217                      3839    378     3737
  SINCE JUL 1   6511                      6329    182     6157

 COOLING
  TODAY            0                         0      0        0
  MONTH TO DATE    0                         0      0        0
  SINCE DEC 1      0                         0      0        0
  SINCE JAN 1      0                         0      0        0
..................................................................


WIND (MPH)
  HIGHEST WIND SPEED    13   HIGHEST WIND DIRECTION     S (190)
  HIGHEST GUST SPEED    15   HIGHEST GUST DIRECTION     W (270)
  AVERAGE WIND SPEED     4.2


SKY COVER
  POSSIBLE SUNSHINE  MM
  AVERAGE SKY COVER 0.9


WEATHER CONDITIONS
 THE FOLLOWING WEATHER WAS RECORDED TODAY.
  LIGHT SNOW
  FOG
  HAZE


RELATIVE HUMIDITY (PERCENT)
 HIGHEST    92           800 AM
 LOWEST     54           200 AM
 AVERAGE    73

..........................................................


THE BUTTE MT CLIMATE NORMALS FOR TOMORROW
                         NORMAL    RECORD    YEAR
 MAXIMUM TEMPERATURE (F)   37        57      1995
 MINIMUM TEMPERATURE (F)   11       -32      1942


SUNRISE AND SUNSET
FEBRUARY 22 2017......SUNRISE   720 AM MST   SUNSET   607 PM MST
FEBRUARY 23 2017......SUNRISE   719 AM MST   SUNSET   608 PM MST


-  INDICATES NEGATIVE NUMBERS.
R  INDICATES RECORD WAS SET OR TIED.
MM INDICATES DATA IS MISSING.
T  INDICATES TRACE AMOUNT.




$$
