000
CDUS45 KMSO 242236
CLIBTM


CLIMATE REPORT
NATIONAL WEATHER SERVICE MISSOULA, MT
434 PM MDT FRI OCT 24 2014


...................................

...THE BUTTE MT CLIMATE SUMMARY FOR OCTOBER 24 2014...
VALID TODAY AS OF 0400 PM LOCAL TIME.

CLIMATE NORMAL PERIOD 1981 TO 2010
CLIMATE RECORD PERIOD 1895 TO 2014


WEATHER ITEM   OBSERVED TIME   RECORD YEAR NORMAL DEPARTURE LAST
                VALUE   (LST)  VALUE       VALUE  FROM      YEAR
                                                  NORMAL
..................................................................
TEMPERATURE (F)
 TODAY
  MAXIMUM         47    259 PM  72    2007  52     -5       64
  MINIMUM         41    220 AM   0    1919  25     16       22
  AVERAGE         44                        38      6       43

PRECIPITATION (IN)
  TODAY            0.03          0.40 1897   0.02   0.01     0.00
  MONTH TO DATE    0.79                      0.63   0.16     0.17
  SINCE OCT 1      0.79                      0.63   0.16     0.17
  SINCE JAN 1     13.23                     11.51   1.72    10.45

SNOWFALL (IN)
  TODAY           MM
  MONTH TO DATE   MM
  SINCE JAN 1     MM
  SINCE JUL 1     MM
  SNOW DEPTH      MM

DEGREE DAYS
 HEATING
  TODAY           21                        27     -6       22
  MONTH TO DATE  423                       550   -127      637
  SINCE SEP 1    791                       943   -152      945
  SINCE JUL 1    954                      1171   -217     1012

 COOLING
  TODAY            0                         0      0        0
  MONTH TO DATE    0                         0      0        0
  SINCE SEP 1      1                         2     -1        8
  SINCE JAN 1     78                        81     -3      104
..................................................................


WIND (MPH)
  HIGHEST WIND SPEED    12   HIGHEST WIND DIRECTION     W (290)
  HIGHEST GUST SPEED    15   HIGHEST GUST DIRECTION     W (260)
  AVERAGE WIND SPEED     3.8


SKY COVER
  POSSIBLE SUNSHINE  MM
  AVERAGE SKY COVER 0.9


WEATHER CONDITIONS
 THE FOLLOWING WEATHER WAS RECORDED TODAY.
  LIGHT RAIN


RELATIVE HUMIDITY (PERCENT)
 HIGHEST    86           200 AM
 LOWEST     65           800 AM
 AVERAGE    76

..........................................................


THE BUTTE MT CLIMATE NORMALS FOR TOMORROW
                         NORMAL    RECORD    YEAR
 MAXIMUM TEMPERATURE (F)   51        71      1999
                                             1990
 MINIMUM TEMPERATURE (F)   24         0      1919


SUNRISE AND SUNSET
OCTOBER 24 2014.......SUNRISE   759 AM MDT   SUNSET   628 PM MDT
OCTOBER 25 2014.......SUNRISE   801 AM MDT   SUNSET   627 PM MDT


-  INDICATES NEGATIVE NUMBERS.
R  INDICATES RECORD WAS SET OR TIED.
MM INDICATES DATA IS MISSING.
T  INDICATES TRACE AMOUNT.




$$
