500
CDUS45 KMSO 010738
CLIBTM


CLIMATE REPORT
NATIONAL WEATHER SERVICE MISSOULA, MT
137 AM MDT WED JUN 1 2016


...................................

...THE BUTTE MT CLIMATE SUMMARY FOR MAY 31 2016...

CLIMATE NORMAL PERIOD 1981 TO 2010
CLIMATE RECORD PERIOD 1895 TO 2016


WEATHER ITEM   OBSERVED TIME   RECORD YEAR NORMAL DEPARTURE LAST
                VALUE   (LST)  VALUE       VALUE  FROM      YEAR
                                                  NORMAL
..................................................................
TEMPERATURE (F)
 YESTERDAY
  MAXIMUM         64    407 PM  84    1986  65     -1       75
  MINIMUM         31    547 AM  24    1950  38     -7       42
  AVERAGE         48                        52     -4       59

PRECIPITATION (IN)
  YESTERDAY        0.00          0.90 1908   0.09  -0.09     0.24
  MONTH TO DATE    1.45                      2.08  -0.63     1.76
  SINCE OCT 1      6.27                      6.80  -0.53     5.74
  SINCE JAN 1      3.53                      4.91  -1.38     3.35

SNOWFALL (IN)
  YESTERDAY       MM
  MONTH TO DATE   MM
  SINCE JAN 1     MM
  SINCE JUL 1     MM
  SNOW DEPTH      MM

DEGREE DAYS
 HEATING
  YESTERDAY       17                        13      4        6
  MONTH TO DATE  558                       541     17      520
  SINCE MAR 1   2176                      2363   -187     2144
  SINCE JUL 1   8573                      8932   -359     8025

 COOLING
  YESTERDAY        0                         0      0        0
  MONTH TO DATE    0                         0      0        0
  SINCE MAR 1      0                         0      0        0
  SINCE JAN 1      0                         0      0        0
..................................................................


WIND (MPH)
  HIGHEST WIND SPEED    18   HIGHEST WIND DIRECTION    SE (130)
  HIGHEST GUST SPEED    22   HIGHEST GUST DIRECTION    SE (130)
  AVERAGE WIND SPEED     5.5


SKY COVER
  POSSIBLE SUNSHINE  MM
  AVERAGE SKY COVER 0.3


WEATHER CONDITIONS
 THE FOLLOWING WEATHER WAS RECORDED YESTERDAY.
  NO SIGNIFICANT WEATHER WAS OBSERVED.


RELATIVE HUMIDITY (PERCENT)
 HIGHEST    85           600 AM
 LOWEST     27           300 PM
 AVERAGE    56

..........................................................


THE BUTTE MT CLIMATE NORMALS FOR TODAY
                         NORMAL    RECORD    YEAR
 MAXIMUM TEMPERATURE (F)   65        86      1977
 MINIMUM TEMPERATURE (F)   38        25      1934


SUNRISE AND SUNSET
JUNE  1 2016..........SUNRISE   543 AM MDT   SUNSET   914 PM MDT
JUNE  2 2016..........SUNRISE   542 AM MDT   SUNSET   915 PM MDT


-  INDICATES NEGATIVE NUMBERS.
R  INDICATES RECORD WAS SET OR TIED.
MM INDICATES DATA IS MISSING.
T  INDICATES TRACE AMOUNT.




$$
