000
CDUS45 KMSO 252231
CLIBTM


CLIMATE REPORT
NATIONAL WEATHER SERVICE MISSOULA, MT
430 PM MDT MON MAY 25 2015


...................................

...THE BUTTE MT CLIMATE SUMMARY FOR MAY 25 2015...
VALID TODAY AS OF 0400 PM LOCAL TIME.

CLIMATE NORMAL PERIOD 1981 TO 2010
CLIMATE RECORD PERIOD 1895 TO 2015


WEATHER ITEM   OBSERVED TIME   RECORD YEAR NORMAL DEPARTURE LAST
                VALUE   (LST)  VALUE       VALUE  FROM      YEAR
                                                  NORMAL
..................................................................
TEMPERATURE (F)
 TODAY
  MAXIMUM         69    222 PM  85    1934  64      5       73
  MINIMUM         34    536 AM  20    1950  37     -3       36
  AVERAGE         52                        50      2       55

PRECIPITATION (IN)
  TODAY            0.00          1.47 1987   0.08  -0.08     0.00
  MONTH TO DATE    1.13                      1.55  -0.42     0.80
  SINCE OCT 1      5.11                      6.27  -1.16     5.30
  SINCE JAN 1      2.72                      4.38  -1.66     4.26

SNOWFALL (IN)
  TODAY           MM
  MONTH TO DATE   MM
  SINCE JAN 1     MM
  SINCE JUL 1     MM
  SNOW DEPTH      MM

DEGREE DAYS
 HEATING
  TODAY           13                        15     -2       10
  MONTH TO DATE  459                       457      2      463
  SINCE MAR 1   2083                      2279   -196     2306
  SINCE JUL 1   7964                      8848   -884     8684

 COOLING
  TODAY            0                         0      0        0
  MONTH TO DATE    0                         0      0        0
  SINCE MAR 1      0                         0      0        0
  SINCE JAN 1      0                         0      0        0
..................................................................


WIND (MPH)
  HIGHEST WIND SPEED    12   HIGHEST WIND DIRECTION     W (280)
  HIGHEST GUST SPEED    16   HIGHEST GUST DIRECTION     W (280)
  AVERAGE WIND SPEED     4.1


SKY COVER
  POSSIBLE SUNSHINE  MM
  AVERAGE SKY COVER 0.1


WEATHER CONDITIONS
 THE FOLLOWING WEATHER WAS RECORDED TODAY.
  NO SIGNIFICANT WEATHER WAS OBSERVED.


RELATIVE HUMIDITY (PERCENT)
 HIGHEST    92           200 AM
 LOWEST     24           200 PM
 AVERAGE    58

..........................................................


THE BUTTE MT CLIMATE NORMALS FOR TOMORROW
                         NORMAL    RECORD    YEAR
 MAXIMUM TEMPERATURE (F)   64        83      1936
 MINIMUM TEMPERATURE (F)   37        22      1975


SUNRISE AND SUNSET
MAY 25 2015...........SUNRISE   548 AM MDT   SUNSET   906 PM MDT
MAY 26 2015...........SUNRISE   547 AM MDT   SUNSET   907 PM MDT


-  INDICATES NEGATIVE NUMBERS.
R  INDICATES RECORD WAS SET OR TIED.
MM INDICATES DATA IS MISSING.
T  INDICATES TRACE AMOUNT.




$$
