000
CDUS45 KMSO 160838
CLIBTM


CLIMATE REPORT
NATIONAL WEATHER SERVICE MISSOULA, MT
137 AM MST MON JAN 16 2017


...................................

...THE BUTTE MT CLIMATE SUMMARY FOR JANUARY 15 2017...

CLIMATE NORMAL PERIOD 1981 TO 2010
CLIMATE RECORD PERIOD 1895 TO 2017


WEATHER ITEM   OBSERVED TIME   RECORD YEAR NORMAL DEPARTURE LAST
                VALUE   (LST)  VALUE       VALUE  FROM      YEAR
                                                  NORMAL
..................................................................
TEMPERATURE (F)
 YESTERDAY
  MAXIMUM         18    338 PM  56    1911  32    -14       26
  MINIMUM        -14    804 AM -34    1947   8    -22       -2
  AVERAGE          2                        20    -18       12

PRECIPITATION (IN)
  YESTERDAY        0.00          0.28 1977   0.01  -0.01     0.00
  MONTH TO DATE    0.16                      0.24  -0.08     0.13
  SINCE OCT 1      3.38                      2.13   1.25     2.87
  SINCE JAN 1      0.16                      0.24  -0.08     0.13

SNOWFALL (IN)
  YESTERDAY       MM
  MONTH TO DATE   MM
  SINCE JAN 1     MM
  SINCE JUL 1     MM
  SNOW DEPTH      MM

DEGREE DAYS
 HEATING
  YESTERDAY       63                        45     18       53
  MONTH TO DATE  947                       689    258      764
  SINCE DEC 1   2587                      2163    424     2223
  SINCE JUL 1   4881                      4653    228     4643

 COOLING
  YESTERDAY        0                         0      0        0
  MONTH TO DATE    0                         0      0        0
  SINCE DEC 1      0                         0      0        0
  SINCE JAN 1      0                         0      0        0
..................................................................


WIND (MPH)
  HIGHEST WIND SPEED     8   HIGHEST WIND DIRECTION     E (110)
  HIGHEST GUST SPEED     8   HIGHEST GUST DIRECTION     E (110)
  AVERAGE WIND SPEED     2.1


SKY COVER
  POSSIBLE SUNSHINE  MM
  AVERAGE SKY COVER 0.0


WEATHER CONDITIONS
 THE FOLLOWING WEATHER WAS RECORDED YESTERDAY.
  NO SIGNIFICANT WEATHER WAS OBSERVED.


RELATIVE HUMIDITY (PERCENT)
 HIGHEST    87           800 AM
 LOWEST     54           400 PM
 AVERAGE    71

..........................................................


THE BUTTE MT CLIMATE NORMALS FOR TODAY
                         NORMAL    RECORD    YEAR
 MAXIMUM TEMPERATURE (F)   32        49      1974
 MINIMUM TEMPERATURE (F)    8       -32      1957


SUNRISE AND SUNSET
JANUARY 16 2017.......SUNRISE   807 AM MST   SUNSET   513 PM MST
JANUARY 17 2017.......SUNRISE   806 AM MST   SUNSET   515 PM MST


-  INDICATES NEGATIVE NUMBERS.
R  INDICATES RECORD WAS SET OR TIED.
MM INDICATES DATA IS MISSING.
T  INDICATES TRACE AMOUNT.




$$
