000
CDUS45 KMSO 250737
CLIBTM


CLIMATE REPORT
NATIONAL WEATHER SERVICE MISSOULA, MT
137 AM MDT MON JUL 25 2016


...................................

...THE BUTTE MT CLIMATE SUMMARY FOR JULY 24 2016...

CLIMATE NORMAL PERIOD 1981 TO 2010
CLIMATE RECORD PERIOD 1895 TO 2016


WEATHER ITEM   OBSERVED TIME   RECORD YEAR NORMAL DEPARTURE LAST
                VALUE   (LST)  VALUE       VALUE  FROM      YEAR
                                                  NORMAL
..................................................................
TEMPERATURE (F)
 YESTERDAY
  MAXIMUM         84    610 PM  97    1978  83      1       80
  MINIMUM         40    503 AM  38    1964  47     -7       43
  AVERAGE         62                        64     -2       62

PRECIPITATION (IN)
  YESTERDAY        0.00          0.47 1900   0.04  -0.04      T
  MONTH TO DATE    0.92                      1.06  -0.14     1.10
  SINCE OCT 1      8.12                     10.12  -2.00     7.77
  SINCE JAN 1      5.38                      8.23  -2.85     5.38

SNOWFALL (IN)
  YESTERDAY       MM
  MONTH TO DATE   MM
  SINCE JAN 1     MM
  SINCE JUL 1     MM
  SNOW DEPTH      MM

DEGREE DAYS
 HEATING
  YESTERDAY        3                         2      1        3
  MONTH TO DATE  130                        85     45       62
  SINCE JUN 1    319                       372    -53      210
  SINCE JUL 1    130                        85     45       62

 COOLING
  YESTERDAY        0                         2     -2        0
  MONTH TO DATE   17                        35    -18       20
  SINCE JUN 1     40                        42     -2       66
  SINCE JAN 1     40                        42     -2       66
..................................................................


WIND (MPH)
  HIGHEST WIND SPEED    12   HIGHEST WIND DIRECTION    NW (310)
  HIGHEST GUST SPEED    16   HIGHEST GUST DIRECTION    NW (300)
  AVERAGE WIND SPEED     3.7


SKY COVER
  POSSIBLE SUNSHINE  MM
  AVERAGE SKY COVER 0.0


WEATHER CONDITIONS
 THE FOLLOWING WEATHER WAS RECORDED YESTERDAY.
  NO SIGNIFICANT WEATHER WAS OBSERVED.


RELATIVE HUMIDITY (PERCENT)
 HIGHEST    73           500 AM
 LOWEST     15           600 PM
 AVERAGE    44

..........................................................


THE BUTTE MT CLIMATE NORMALS FOR TODAY
                         NORMAL    RECORD    YEAR
 MAXIMUM TEMPERATURE (F)   83        98      1933
 MINIMUM TEMPERATURE (F)   47        34      1948


SUNRISE AND SUNSET
JULY 25 2016..........SUNRISE   605 AM MDT   SUNSET   907 PM MDT
JULY 26 2016..........SUNRISE   606 AM MDT   SUNSET   906 PM MDT


-  INDICATES NEGATIVE NUMBERS.
R  INDICATES RECORD WAS SET OR TIED.
MM INDICATES DATA IS MISSING.
T  INDICATES TRACE AMOUNT.




$$
