000
CDUS45 KMSO 300757
CLIBTM


CLIMATE REPORT
NATIONAL WEATHER SERVICE MISSOULA, MT
157 AM MDT THU JUL 30 2015


...................................

...THE BUTTE MT CLIMATE SUMMARY FOR JULY 29 2015...

CLIMATE NORMAL PERIOD 1981 TO 2010
CLIMATE RECORD PERIOD 1895 TO 2015


WEATHER ITEM   OBSERVED TIME   RECORD YEAR NORMAL DEPARTURE LAST
                VALUE   (LST)  VALUE       VALUE  FROM      YEAR
                                                  NORMAL
..................................................................
TEMPERATURE (F)
 YESTERDAY
  MAXIMUM         76    441 PM  97    1934  83     -7       84
  MINIMUM         36    437 AM  31    1959  46    -10       48
  AVERAGE         56                        65     -9       66

PRECIPITATION (IN)
  YESTERDAY        0.00          0.36 1975   0.05  -0.05      T
  MONTH TO DATE    1.86                      1.27   0.59     0.69
  SINCE OCT 1      8.53                     10.33  -1.80     9.44
  SINCE JAN 1      6.14                      8.44  -2.30     8.40

SNOWFALL (IN)
  YESTERDAY        0.0
  MONTH TO DATE    0.0
  SINCE JAN 1      0.0
  SINCE JUL 1      0.0
  SNOW DEPTH       0

DEGREE DAYS
 HEATING
  YESTERDAY        9                         2      7        0
  MONTH TO DATE  102                        95      7       35
  SINCE JUN 1    250                       382   -132      388
  SINCE JUL 1    102                        95      7       35

 COOLING
  YESTERDAY        0                         2     -2        1
  MONTH TO DATE   20                        45    -25       59
  SINCE JUN 1     66                        52     14       59
  SINCE JAN 1     66                        52     14       59
..................................................................


WIND (MPH)
  HIGHEST WIND SPEED    13   HIGHEST WIND DIRECTION     W (290)
  HIGHEST GUST SPEED    16   HIGHEST GUST DIRECTION    NW (330)
  AVERAGE WIND SPEED     5.0


SKY COVER
  POSSIBLE SUNSHINE  MM
  AVERAGE SKY COVER 0.0


WEATHER CONDITIONS
 THE FOLLOWING WEATHER WAS RECORDED YESTERDAY.
  NO SIGNIFICANT WEATHER WAS OBSERVED.


RELATIVE HUMIDITY (PERCENT)
 HIGHEST    86           700 AM
 LOWEST     23           400 PM
 AVERAGE    55

..........................................................


THE BUTTE MT CLIMATE NORMALS FOR TODAY
                         NORMAL    RECORD    YEAR
 MAXIMUM TEMPERATURE (F)   83        98      2000
 MINIMUM TEMPERATURE (F)   46        37      1995


SUNRISE AND SUNSET
JULY 30 2015..........SUNRISE   610 AM MDT   SUNSET   902 PM MDT
JULY 31 2015..........SUNRISE   611 AM MDT   SUNSET   901 PM MDT


-  INDICATES NEGATIVE NUMBERS.
R  INDICATES RECORD WAS SET OR TIED.
MM INDICATES DATA IS MISSING.
T  INDICATES TRACE AMOUNT.




$$
