000
CDUS45 KMSO 020738
CLIBTM


CLIMATE REPORT
NATIONAL WEATHER SERVICE MISSOULA, MT
137 AM MDT MON MAY 2 2016


...................................

...THE BUTTE MT CLIMATE SUMMARY FOR MAY 1 2016...

CLIMATE NORMAL PERIOD 1981 TO 2010
CLIMATE RECORD PERIOD 1895 TO 2016


WEATHER ITEM   OBSERVED TIME   RECORD YEAR NORMAL DEPARTURE LAST
                VALUE   (LST)  VALUE       VALUE  FROM      YEAR
                                                  NORMAL
..................................................................
TEMPERATURE (F)
 YESTERDAY
  MAXIMUM         60    452 PM  80    1985  57      3       66
                                      2000
  MINIMUM         27    603 AM   9    1975  30     -3       27
  AVERAGE         44                        43      1       47

PRECIPITATION (IN)
  YESTERDAY        0.00          0.86 1938   0.04  -0.04     0.00
  MONTH TO DATE    0.00                      0.04  -0.04     0.00
  SINCE OCT 1      4.82                      4.76   0.06     3.98
  SINCE JAN 1      2.08                      2.87  -0.79     1.59

SNOWFALL (IN)
  YESTERDAY       MM
  MONTH TO DATE   MM
  SINCE JAN 1     MM
  SINCE JUL 1     MM
  SNOW DEPTH      MM

DEGREE DAYS
 HEATING
  YESTERDAY       21                        22     -1       18
  MONTH TO DATE   21                        22     -1       18
  SINCE MAR 1   1639                      1844   -205     1642
  SINCE JUL 1   8036                      8413   -377     7523

 COOLING
  YESTERDAY        0                         0      0        0
  MONTH TO DATE    0                         0      0        0
  SINCE MAR 1      0                         0      0        0
  SINCE JAN 1      0                         0      0        0
..................................................................


WIND (MPH)
  HIGHEST WIND SPEED    21   HIGHEST WIND DIRECTION    SE (130)
  HIGHEST GUST SPEED    29   HIGHEST GUST DIRECTION    SE (140)
  AVERAGE WIND SPEED     8.0


SKY COVER
  POSSIBLE SUNSHINE  MM
  AVERAGE SKY COVER 0.1


WEATHER CONDITIONS
 THE FOLLOWING WEATHER WAS RECORDED YESTERDAY.
  NO SIGNIFICANT WEATHER WAS OBSERVED.


RELATIVE HUMIDITY (PERCENT)
 HIGHEST    92           500 AM
 LOWEST     20           500 PM
 AVERAGE    56

..........................................................


THE BUTTE MT CLIMATE NORMALS FOR TODAY
                         NORMAL    RECORD    YEAR
 MAXIMUM TEMPERATURE (F)   57        82      1985
 MINIMUM TEMPERATURE (F)   30        11      1975


SUNRISE AND SUNSET
MAY  2 2016...........SUNRISE   615 AM MDT   SUNSET   840 PM MDT
MAY  3 2016...........SUNRISE   613 AM MDT   SUNSET   841 PM MDT


-  INDICATES NEGATIVE NUMBERS.
R  INDICATES RECORD WAS SET OR TIED.
MM INDICATES DATA IS MISSING.
T  INDICATES TRACE AMOUNT.




$$
