000
CDUS45 KMSO 102231
CLIBTM


CLIMATE REPORT
NATIONAL WEATHER SERVICE MISSOULA, MT
430 PM MDT THU JUL 10 2014


...................................

...THE BUTTE MT CLIMATE SUMMARY FOR JULY 10 2014...
VALID TODAY AS OF 0400 PM LOCAL TIME.

CLIMATE NORMAL PERIOD 1981 TO 2010
CLIMATE RECORD PERIOD 1895 TO 2014


WEATHER ITEM   OBSERVED TIME   RECORD YEAR NORMAL DEPARTURE LAST
                VALUE   (LST)  VALUE       VALUE  FROM      YEAR
                                                  NORMAL
..................................................................
TEMPERATURE (F)
 TODAY
  MAXIMUM         85    250 PM  96    1973  80      5       90
  MINIMUM         49    552 AM  36    1972  45      4       44
  AVERAGE         67                        62      5       67

PRECIPITATION (IN)
  TODAY            0.00          1.19 1983   0.05  -0.05     0.00
  MONTH TO DATE    0.24                      0.47  -0.23     0.26
  SINCE OCT 1      8.99                      9.53  -0.54     6.85
  SINCE JAN 1      7.95                      7.64   0.31     5.22

SNOWFALL (IN)
  TODAY           MM
  MONTH TO DATE   MM
  SINCE JAN 1     MM
  SINCE JUL 1     MM
  SNOW DEPTH      MM

DEGREE DAYS
 HEATING
  TODAY            0                         4     -4        0
  MONTH TO DATE    9                        46    -37        3
  SINCE JUN 1    362                       333     29      246
  SINCE JUL 1      9                        46    -37        3

 COOLING
  TODAY            2                         1      1        2
  MONTH TO DATE   26                        10     16       38
  SINCE JUN 1     26                        17      9       51
  SINCE JAN 1     26                        17      9       51
..................................................................


WIND (MPH)
  HIGHEST WIND SPEED    18   HIGHEST WIND DIRECTION    SW (230)
  HIGHEST GUST SPEED    25   HIGHEST GUST DIRECTION    SW (230)
  AVERAGE WIND SPEED     4.1


SKY COVER
  POSSIBLE SUNSHINE  MM
  AVERAGE SKY COVER 0.0


WEATHER CONDITIONS
 THE FOLLOWING WEATHER WAS RECORDED TODAY.
  NO SIGNIFICANT WEATHER WAS OBSERVED.


RELATIVE HUMIDITY (PERCENT)
 HIGHEST    96           200 AM
 LOWEST     16           300 PM
 AVERAGE    56

..........................................................


THE BUTTE MT CLIMATE NORMALS FOR TOMORROW
                         NORMAL    RECORD    YEAR
 MAXIMUM TEMPERATURE (F)   80        97      2002
 MINIMUM TEMPERATURE (F)   46        32      1951


SUNRISE AND SUNSET
JULY 10 2014..........SUNRISE   550 AM MDT   SUNSET   921 PM MDT
JULY 11 2014..........SUNRISE   551 AM MDT   SUNSET   920 PM MDT


-  INDICATES NEGATIVE NUMBERS.
R  INDICATES RECORD WAS SET OR TIED.
MM INDICATES DATA IS MISSING.
T  INDICATES TRACE AMOUNT.




$$
