000
CDUS44 KLIX 220806
CLIBTR


CLIMATE REPORT
NATIONAL WEATHER SERVICE NEW ORLEANS
205 AM CST WED FEB 22 2017


...................................

...THE BATON ROUGE  ASOS CLIMATE SUMMARY FOR FEBRUARY 21 2017...

CLIMATE NORMAL PERIOD 1981 TO 2010
CLIMATE RECORD PERIOD 1894 TO 2017


WEATHER ITEM   OBSERVED TIME   RECORD YEAR NORMAL DEPARTURE LAST
                VALUE   (LST)  VALUE       VALUE  FROM      YEAR
                                                  NORMAL
..................................................................
TEMPERATURE (F)
 YESTERDAY
  MAXIMUM         73    102 PM  82    2005  67      6       77
                                      1971
                                      1944
  MINIMUM         56    910 PM  25    1908  46     10       60
  AVERAGE         65                        56      9       69

PRECIPITATION (IN)
  YESTERDAY        0.24          3.66 2003   0.17   0.07     0.00
  MONTH TO DATE    1.28                      3.87  -2.59     2.47
  SINCE DEC 1     20.67                     15.19   5.48    14.53
  SINCE JAN 1     10.96                      9.59   1.37     8.20

SNOWFALL (IN)
  YESTERDAY        0.0
  MONTH TO DATE    0.0
  SINCE DEC 1      0.0
  SINCE JUL 1      0.0
  SNOW DEPTH       0

DEGREE DAYS
 HEATING
  YESTERDAY        0                         9     -9        0
  MONTH TO DATE   81                       236   -155      193
  SINCE DEC 1    574                      1041   -467      809
  SINCE JUL 1    687                      1276   -589      920

 COOLING
  YESTERDAY        0                         1     -1        4
  MONTH TO DATE   62                        19     43       12
  SINCE DEC 1    181                        54    127      103
  SINCE JAN 1    116                        32     84       16
..................................................................


WIND (MPH)
  HIGHEST WIND SPEED    24   HIGHEST WIND DIRECTION     W (270)
  HIGHEST GUST SPEED    28   HIGHEST GUST DIRECTION     W (270)
  AVERAGE WIND SPEED     6.4


SKY COVER
  POSSIBLE SUNSHINE  MM
  AVERAGE SKY COVER 0.7


WEATHER CONDITIONS
 THE FOLLOWING WEATHER WAS RECORDED YESTERDAY.
  THUNDERSTORM
  HEAVY RAIN
  RAIN
  LIGHT RAIN
  FOG


RELATIVE HUMIDITY (PERCENT)
 HIGHEST    97          1200 AM
 LOWEST     49           100 PM
 AVERAGE    73

..........................................................


THE BATON ROUGE  ASOS CLIMATE NORMALS FOR TODAY
                         NORMAL    RECORD    YEAR
 MAXIMUM TEMPERATURE (F)   67        87      1925
 MINIMUM TEMPERATURE (F)   46        24      1978


SUNRISE AND SUNSET
FEBRUARY 22 2017......SUNRISE   638 AM CST   SUNSET   558 PM CST
FEBRUARY 23 2017......SUNRISE   637 AM CST   SUNSET   559 PM CST


-  INDICATES NEGATIVE NUMBERS.
R  INDICATES RECORD WAS SET OR TIED.
MM INDICATES DATA IS MISSING.
T  INDICATES TRACE AMOUNT.




$$
