000
CDUS44 KLIX 260814
CLIBTR


CLIMATE REPORT
NATIONAL WEATHER SERVICE NEW ORLEANS
204 AM CST MON JAN 26 2015


...................................

...THE BATON ROUGE  ASOS CLIMATE SUMMARY FOR JANUARY 25 2015...

CLIMATE NORMAL PERIOD 1981 TO 2010
CLIMATE RECORD PERIOD 1894 TO 2015


WEATHER ITEM   OBSERVED TIME   RECORD YEAR NORMAL DEPARTURE LAST
                VALUE   (LST)  VALUE       VALUE  FROM      YEAR
                                                  NORMAL
..................................................................
TEMPERATURE (F)
 YESTERDAY
  MAXIMUM         69    254 PM  85    1909  63      6       54
  MINIMUM         39    609 AM  17    1963  41     -2       25
  AVERAGE         54                        52      2       40

PRECIPITATION (IN)
  YESTERDAY        0.00          1.96 1934   0.18  -0.18     0.00
  MONTH TO DATE    6.37                      4.58   1.79     1.69
  SINCE DEC 1     12.04                     10.18   1.86     5.41
  SINCE JAN 1      6.37                      4.58   1.79     1.69

SNOWFALL (IN)
  YESTERDAY        0.0
  MONTH TO DATE    T
  SINCE DEC 1      T
  SINCE JUL 1      T
  SNOW DEPTH       0

DEGREE DAYS
 HEATING
  YESTERDAY       11                        13     -2       25
  MONTH TO DATE  431                       348     83      485
  SINCE DEC 1    715                       729    -14      922
  SINCE JUL 1   1056                       964     92     1209

 COOLING
  YESTERDAY        0                         0      0        0
  MONTH TO DATE    1                         3     -2        0
  SINCE DEC 1     15                        25    -10       44
  SINCE JAN 1      1                         3     -2        0
..................................................................


WIND (MPH)
  HIGHEST WIND SPEED    24   HIGHEST WIND DIRECTION    SW (230)
  HIGHEST GUST SPEED    32   HIGHEST GUST DIRECTION    SW (220)
  AVERAGE WIND SPEED    10.5


SKY COVER
  POSSIBLE SUNSHINE  MM
  AVERAGE SKY COVER 0.0


WEATHER CONDITIONS
 THE FOLLOWING WEATHER WAS RECORDED YESTERDAY.
  FOG


RELATIVE HUMIDITY (PERCENT)
 HIGHEST    93           500 AM
 LOWEST     30           200 PM
 AVERAGE    62

..........................................................


THE BATON ROUGE  ASOS CLIMATE NORMALS FOR TODAY
                         NORMAL    RECORD    YEAR
 MAXIMUM TEMPERATURE (F)   63        83      1909
 MINIMUM TEMPERATURE (F)   42        17      1905


SUNRISE AND SUNSET
JANUARY 26 2015.......SUNRISE   659 AM CST   SUNSET   536 PM CST
JANUARY 27 2015.......SUNRISE   659 AM CST   SUNSET   536 PM CST


-  INDICATES NEGATIVE NUMBERS.
R  INDICATES RECORD WAS SET OR TIED.
MM INDICATES DATA IS MISSING.
T  INDICATES TRACE AMOUNT.




$$
