581
CDUS44 KLIX 220808
CLIBTR


CLIMATE REPORT
NATIONAL WEATHER SERVICE NEW ORLEANS
208 AM CST SUN JAN 22 2017


...................................

...THE BATON ROUGE  ASOS CLIMATE SUMMARY FOR JANUARY 21 2017...

CLIMATE NORMAL PERIOD 1981 TO 2010
CLIMATE RECORD PERIOD 1894 TO 2017


WEATHER ITEM   OBSERVED TIME   RECORD YEAR NORMAL DEPARTURE LAST
                VALUE   (LST)  VALUE       VALUE  FROM      YEAR
                                                  NORMAL
..................................................................
TEMPERATURE (F)
 YESTERDAY
  MAXIMUM         75    313 PM  82    1938  62     13       77
                                      1927
  MINIMUM         60    741 AM   9    1985  41     19       47
  AVERAGE         68                        52     16       62

PRECIPITATION (IN)
  YESTERDAY        1.67          2.28 1935   0.19   1.48     1.28
  MONTH TO DATE    9.51                      3.83   5.68     4.36
  SINCE DEC 1     19.22                      9.43   9.79    10.69
  SINCE JAN 1      9.51                      3.83   5.68     4.36

SNOWFALL (IN)
  YESTERDAY        0.0
  MONTH TO DATE    0.0
  SINCE DEC 1      0.0
  SINCE JUL 1      0.0
  SNOW DEPTH       0

DEGREE DAYS
 HEATING
  YESTERDAY        0                        14    -14        3
  MONTH TO DATE  135                       294   -159      300
  SINCE DEC 1    406                       675   -269      479
  SINCE JUL 1    519                       910   -391      590

 COOLING
  YESTERDAY        3                         0      3        0
  MONTH TO DATE   53                         3     50        0
  SINCE DEC 1    118                        25     93       87
  SINCE JAN 1     53                         3     50        0
..................................................................


WIND (MPH)
  HIGHEST WIND SPEED    21   HIGHEST WIND DIRECTION     W (290)
  HIGHEST GUST SPEED    27   HIGHEST GUST DIRECTION     W (290)
  AVERAGE WIND SPEED     9.3


SKY COVER
  POSSIBLE SUNSHINE  MM
  AVERAGE SKY COVER 0.7


WEATHER CONDITIONS
 THE FOLLOWING WEATHER WAS RECORDED YESTERDAY.
  THUNDERSTORM
  HEAVY RAIN
  RAIN
  LIGHT RAIN
  FOG
  HAZE


RELATIVE HUMIDITY (PERCENT)
 HIGHEST    97          1200 AM
 LOWEST     68          1200 PM
 AVERAGE    83

..........................................................


THE BATON ROUGE  ASOS CLIMATE NORMALS FOR TODAY
                         NORMAL    RECORD    YEAR
 MAXIMUM TEMPERATURE (F)   62        83      1920
 MINIMUM TEMPERATURE (F)   41        19      1935


SUNRISE AND SUNSET
JANUARY 22 2017.......SUNRISE   700 AM CST   SUNSET   532 PM CST
JANUARY 23 2017.......SUNRISE   700 AM CST   SUNSET   533 PM CST


-  INDICATES NEGATIVE NUMBERS.
R  INDICATES RECORD WAS SET OR TIED.
MM INDICATES DATA IS MISSING.
T  INDICATES TRACE AMOUNT.




$$
