000
CDUS44 KLIX 290703
CLIBTR


CLIMATE REPORT
NATIONAL WEATHER SERVICE NEW ORLEANS
202 AM CDT MON AUG 29 2016


...................................

...THE BATON ROUGE  ASOS CLIMATE SUMMARY FOR AUGUST 28 2016...

CLIMATE NORMAL PERIOD 1981 TO 2010
CLIMATE RECORD PERIOD 1894 TO 2016


WEATHER ITEM   OBSERVED TIME   RECORD YEAR NORMAL DEPARTURE LAST
                VALUE   (LST)  VALUE       VALUE  FROM      YEAR
                                                  NORMAL
..................................................................
TEMPERATURE (F)
 YESTERDAY
  MAXIMUM         91    159 PM 100    2011  92     -1       91
                                      1998
  MINIMUM         75   1159 PM  61    1968  73      2       63
  AVERAGE         83                        82      1       77

PRECIPITATION (IN)
  YESTERDAY        0.70          1.90 1920   0.17   0.53     0.00
  MONTH TO DATE   29.61                      5.30  24.31     5.30
  SINCE JUN 1     43.59                     16.67  26.92    15.01
  SINCE JAN 1     73.80                     41.19  32.61    47.39

SNOWFALL (IN)
  YESTERDAY        0.0
  MONTH TO DATE    0.0
  SINCE JUN 1      0.0
  SINCE JUL 1      0.0
  SNOW DEPTH       0

DEGREE DAYS
 HEATING
  YESTERDAY        0                         0      0        0
  MONTH TO DATE    0                         0      0        0
  SINCE JUN 1      0                         0      0        0
  SINCE JUL 1      0                         0      0        0

 COOLING
  YESTERDAY       18                        17      1       12
  MONTH TO DATE  505                       503      2      525
  SINCE JUN 1   1630                      1543     87     1656
  SINCE JAN 1   2206                      2108     98     2327
..................................................................


WIND (MPH)
  HIGHEST WIND SPEED    31   HIGHEST WIND DIRECTION     E (90)
  HIGHEST GUST SPEED    38   HIGHEST GUST DIRECTION     E (110)
  AVERAGE WIND SPEED     6.4


SKY COVER
  POSSIBLE SUNSHINE  MM
  AVERAGE SKY COVER 0.2


WEATHER CONDITIONS
 THE FOLLOWING WEATHER WAS RECORDED YESTERDAY.
  THUNDERSTORM
  HEAVY RAIN
  RAIN
  LIGHT RAIN
  FOG


RELATIVE HUMIDITY (PERCENT)
 HIGHEST   100           600 AM
 LOWEST     56           200 PM
 AVERAGE    78

..........................................................


THE BATON ROUGE  ASOS CLIMATE NORMALS FOR TODAY
                         NORMAL    RECORD    YEAR
 MAXIMUM TEMPERATURE (F)   92       100      1998
 MINIMUM TEMPERATURE (F)   73        59      1992


SUNRISE AND SUNSET
AUGUST 29 2016........SUNRISE   640 AM CDT   SUNSET   730 PM CDT
AUGUST 30 2016........SUNRISE   640 AM CDT   SUNSET   729 PM CDT


-  INDICATES NEGATIVE NUMBERS.
R  INDICATES RECORD WAS SET OR TIED.
MM INDICATES DATA IS MISSING.
T  INDICATES TRACE AMOUNT.




$$
