000
CDUS44 KLIX 060805
CLIBTR


CLIMATE REPORT
NATIONAL WEATHER SERVICE NEW ORLEANS
204 AM CST FRI MAR 6 2015


...................................

...THE BATON ROUGE  ASOS CLIMATE SUMMARY FOR MARCH 5 2015...

CLIMATE NORMAL PERIOD 1981 TO 2010
CLIMATE RECORD PERIOD 1894 TO 2015


WEATHER ITEM   OBSERVED TIME   RECORD YEAR NORMAL DEPARTURE LAST
                VALUE   (LST)  VALUE       VALUE  FROM      YEAR
                                                  NORMAL
..................................................................
TEMPERATURE (F)
 YESTERDAY
  MAXIMUM         73    106 AM  86    1905  70      3       61
  MINIMUM         30   1159 PM  24    2002  48    -18       36
  AVERAGE         52                        59     -7       49

PRECIPITATION (IN)
  YESTERDAY        0.12          2.56 1948   0.15  -0.03     0.00
  MONTH TO DATE    1.58                      0.78   0.80     0.63
  SINCE MAR 1      1.58                      0.78   0.80     0.63
  SINCE JAN 1     11.33                     11.54  -0.21     9.90

SNOWFALL (IN)
  YESTERDAY        T
  MONTH TO DATE    T
  SINCE MAR 1      T
  SINCE JUL 1      T
  SNOW DEPTH       0

DEGREE DAYS
 HEATING
  YESTERDAY       13                         7      6       16
  MONTH TO DATE   23                        37    -14       63
  SINCE MAR 1     23                        37    -14       63
  SINCE JUL 1   1565                      1372    193     1769

 COOLING
  YESTERDAY        0                         1     -1        0
  MONTH TO DATE   14                         5      9        9
  SINCE MAR 1     14                         5      9        9
  SINCE JAN 1     18                        36    -18       29
..................................................................


WIND (MPH)
  HIGHEST WIND SPEED    21   HIGHEST WIND DIRECTION    SW (210)
  HIGHEST GUST SPEED    33   HIGHEST GUST DIRECTION     N (350)
  AVERAGE WIND SPEED    11.0


SKY COVER
  POSSIBLE SUNSHINE  MM
  AVERAGE SKY COVER 0.8


WEATHER CONDITIONS
 THE FOLLOWING WEATHER WAS RECORDED YESTERDAY.
  LIGHT RAIN
  FOG


RELATIVE HUMIDITY (PERCENT)
 HIGHEST    92           500 AM
 LOWEST     59           900 PM
 AVERAGE    76

..........................................................


THE BATON ROUGE  ASOS CLIMATE NORMALS FOR TODAY
                         NORMAL    RECORD    YEAR
 MAXIMUM TEMPERATURE (F)   70        85      1945
 MINIMUM TEMPERATURE (F)   49        28      1960


SUNRISE AND SUNSET
MARCH  6 2015.........SUNRISE   625 AM CST   SUNSET   607 PM CST
MARCH  7 2015.........SUNRISE   624 AM CST   SUNSET   607 PM CST


-  INDICATES NEGATIVE NUMBERS.
R  INDICATES RECORD WAS SET OR TIED.
MM INDICATES DATA IS MISSING.
T  INDICATES TRACE AMOUNT.




$$
