000
CDUS44 KLIX 302132
CLIBTR


CLIMATE REPORT
NATIONAL WEATHER SERVICE NEW ORLEANS
430 PM CDT SUN APR 30 2017


...................................

...THE BATON ROUGE  ASOS CLIMATE SUMMARY FOR APRIL 30 2017...
VALID TODAY AS OF 0400 PM LOCAL TIME.

CLIMATE NORMAL PERIOD 1981 TO 2010
CLIMATE RECORD PERIOD 1894 TO 2017


WEATHER ITEM   OBSERVED TIME   RECORD YEAR NORMAL DEPARTURE LAST
                VALUE   (LST)  VALUE       VALUE  FROM      YEAR
                                                  NORMAL
..................................................................
TEMPERATURE (F)
 TODAY
  MAXIMUM         80    655 AM  92    1952  83     -3       78
  MINIMUM         68   1018 AM  42    1908  61      7       67
  AVERAGE         74

PRECIPITATION (IN)
  TODAY            2.83          3.92 1975   0.14   2.69     1.62
  MONTH TO DATE    7.40                      4.46   2.94     4.74
  SINCE MAR 1     11.14                      8.87   2.27    14.74
  SINCE JAN 1     22.57                     19.63   2.94    24.05

SNOWFALL (IN)
  TODAY            0.0
  MONTH TO DATE    0.0
  SINCE MAR 1      0.0
  SINCE JUL 1      0.0
  SNOW DEPTH       0

DEGREE DAYS
 HEATING
  TODAY            0                         0      0        0
  MONTH TO DATE   11                        51    -40       19
  SINCE MAR 1     95                       218   -123       88
  SINCE JUL 1    799                      1553   -754     1079

 COOLING
  TODAY            9                         7      2        8
  MONTH TO DATE  204                       142     62      159
  SINCE MAR 1    342                       200    142      256
  SINCE JAN 1    485                       231    254      273
..................................................................


WIND (MPH)
  HIGHEST WIND SPEED    33   HIGHEST WIND DIRECTION     W (250)
  HIGHEST GUST SPEED    43   HIGHEST GUST DIRECTION    SE (150)
  AVERAGE WIND SPEED    13.5


SKY COVER
  POSSIBLE SUNSHINE  MM
  AVERAGE SKY COVER 0.9


WEATHER CONDITIONS
 THE FOLLOWING WEATHER WAS RECORDED TODAY.
  THUNDERSTORM
  HEAVY RAIN
  RAIN
  LIGHT RAIN
  FOG
  HAZE


RELATIVE HUMIDITY (PERCENT)
 HIGHEST   100          1200 PM
 LOWEST     74           200 AM
 AVERAGE    87

..........................................................


THE BATON ROUGE  ASOS CLIMATE NORMALS FOR TOMORROW
                         NORMAL    RECORD    YEAR
 MAXIMUM TEMPERATURE (F)   83        91      1990
 MINIMUM TEMPERATURE (F)   61        40      1908


SUNRISE AND SUNSET
APRIL 30 2017.........SUNRISE   622 AM CDT   SUNSET   742 PM CDT
MAY  1 2017...........SUNRISE   621 AM CDT   SUNSET   743 PM CDT


-  INDICATES NEGATIVE NUMBERS.
R  INDICATES RECORD WAS SET OR TIED.
MM INDICATES DATA IS MISSING.
T  INDICATES TRACE AMOUNT.




$$
