000
CDUS44 KLIX 112225
CLIBTR


CLIMATE REPORT
NATIONAL WEATHER SERVICE NEW ORLEANS
424 PM CST MON DEC 11 2017


...................................

...THE BATON ROUGE  ASOS CLIMATE SUMMARY FOR DECEMBER 11 2017...
VALID TODAY AS OF 0400 PM LOCAL TIME.

CLIMATE NORMAL PERIOD 1981 TO 2010
CLIMATE RECORD PERIOD 1894 TO 2017


WEATHER ITEM   OBSERVED TIME   RECORD YEAR NORMAL DEPARTURE LAST
                VALUE   (LST)  VALUE       VALUE  FROM      YEAR
                                                  NORMAL
..................................................................
TEMPERATURE (F)
 TODAY
  MAXIMUM         70    259 PM  83    2007  65      5       72
  MINIMUM         35    713 AM  23    1995  43     -8       34
  AVERAGE         53

PRECIPITATION (IN)
  TODAY            0.00          3.42 1983   0.18  -0.18     0.00
  MONTH TO DATE    3.25                      1.87   1.38     4.50
  SINCE DEC 1      3.25                      1.87   1.38     4.50
  SINCE JAN 1     65.04                     56.92   8.12    85.33

SNOWFALL (IN)
  TODAY            0.0
  MONTH TO DATE    3.5
  SINCE DEC 1      3.5
  SINCE JUL 1      3.5
  SNOW DEPTH       0

DEGREE DAYS
 HEATING
  TODAY           12                        12      0       12
  MONTH TO DATE  146                       120     26      132
  SINCE DEC 1    146                       120     26      132
  SINCE JUL 1    353                       355     -2      245

 COOLING
  TODAY            0                         1     -1        0
  MONTH TO DATE    2                        11     -9        0
  SINCE DEC 1      2                        11     -9        0
  SINCE JAN 1   2976                      2812    164     3121
..................................................................


WIND (MPH)
  HIGHEST WIND SPEED    14   HIGHEST WIND DIRECTION    SW (240)
  HIGHEST GUST SPEED    17   HIGHEST GUST DIRECTION    SW (240)
  AVERAGE WIND SPEED     4.7


SKY COVER
  POSSIBLE SUNSHINE  MM
  AVERAGE SKY COVER 0.0


WEATHER CONDITIONS
 THE FOLLOWING WEATHER WAS RECORDED TODAY.
  FOG


RELATIVE HUMIDITY (PERCENT)
 HIGHEST    92           300 AM
 LOWEST     26           300 PM
 AVERAGE    59

..........................................................


THE BATON ROUGE  ASOS CLIMATE NORMALS FOR TOMORROW
                         NORMAL    RECORD    YEAR
 MAXIMUM TEMPERATURE (F)   65        83      1971
 MINIMUM TEMPERATURE (F)   43        15      1962


SUNRISE AND SUNSET
DECEMBER 11 2017......SUNRISE   652 AM CST   SUNSET   504 PM CST
DECEMBER 12 2017......SUNRISE   652 AM CST   SUNSET   505 PM CST


-  INDICATES NEGATIVE NUMBERS.
R  INDICATES RECORD WAS SET OR TIED.
MM INDICATES DATA IS MISSING.
T  INDICATES TRACE AMOUNT.




$$
