000
CDUS44 KLIX 290801
CLIBTR


CLIMATE REPORT
NATIONAL WEATHER SERVICE NEW ORLEANS
301 AM CDT WED JUL 29 2015


...................................

...THE BATON ROUGE  ASOS CLIMATE SUMMARY FOR JULY 28 2015...

CLIMATE NORMAL PERIOD 1981 TO 2010
CLIMATE RECORD PERIOD 1894 TO 2015


WEATHER ITEM   OBSERVED TIME   RECORD YEAR NORMAL DEPARTURE LAST
                VALUE   (LST)  VALUE       VALUE  FROM      YEAR
                                                  NORMAL
..................................................................
TEMPERATURE (F)
 YESTERDAY
  MAXIMUM         98    323 PM 100    1995  93      5       94
  MINIMUM         74    509 AM  65    1911  74      0       76
  AVERAGE         86                        83      3       85

PRECIPITATION (IN)
  YESTERDAY        0.00          2.72 1951   0.17  -0.17     0.00
  MONTH TO DATE    3.42                      4.47  -1.05     5.78
  SINCE JUN 1      9.40                     10.88  -1.48    17.14
  SINCE JAN 1     41.78                     35.40   6.38    41.48

SNOWFALL (IN)
  YESTERDAY        0.0
  MONTH TO DATE    0.0
  SINCE JUN 1      0.0
  SINCE JUL 1      0.0
  SNOW DEPTH       0

DEGREE DAYS
 HEATING
  YESTERDAY        0                         0      0        0
  MONTH TO DATE    0                         0      0        0
  SINCE JUN 1      0                         0      0        0
  SINCE JUL 1      0                         0      0        0

 COOLING
  YESTERDAY       21                        18      3       20
  MONTH TO DATE  568                       504     64      460
  SINCE JUN 1   1064                       988     76      929
  SINCE JAN 1   1735                      1553    182     1435
..................................................................


WIND (MPH)
  HIGHEST WIND SPEED     9   HIGHEST WIND DIRECTION     W (250)
  HIGHEST GUST SPEED    13   HIGHEST GUST DIRECTION     N (20)
  AVERAGE WIND SPEED     2.0


SKY COVER
  POSSIBLE SUNSHINE  MM
  AVERAGE SKY COVER 0.2


WEATHER CONDITIONS
 THE FOLLOWING WEATHER WAS RECORDED YESTERDAY.
  FOG


RELATIVE HUMIDITY (PERCENT)
 HIGHEST    94           300 AM
 LOWEST     42           200 PM
 AVERAGE    68

..........................................................


THE BATON ROUGE  ASOS CLIMATE NORMALS FOR TODAY
                         NORMAL    RECORD    YEAR
 MAXIMUM TEMPERATURE (F)   93        99      1921
                                             1907
 MINIMUM TEMPERATURE (F)   74        65      1994


SUNRISE AND SUNSET
JULY 29 2015..........SUNRISE   621 AM CDT   SUNSET   801 PM CDT
JULY 30 2015..........SUNRISE   621 AM CDT   SUNSET   800 PM CDT


-  INDICATES NEGATIVE NUMBERS.
R  INDICATES RECORD WAS SET OR TIED.
MM INDICATES DATA IS MISSING.
T  INDICATES TRACE AMOUNT.




$$
