000
CDUS44 KLIX 090846
CLIBTR


CLIMATE REPORT
NATIONAL WEATHER SERVICE NEW ORLEANS
246 AM CST TUE FEB 9 2016


...................................

...THE BATON ROUGE  ASOS CLIMATE SUMMARY FOR FEBRUARY 8 2016...

CLIMATE NORMAL PERIOD 1981 TO 2010
CLIMATE RECORD PERIOD 1894 TO 2016


WEATHER ITEM   OBSERVED TIME   RECORD YEAR NORMAL DEPARTURE LAST
                VALUE   (LST)  VALUE       VALUE  FROM      YEAR
                                                  NORMAL
..................................................................
TEMPERATURE (F)
 YESTERDAY
  MAXIMUM         59    152 PM  85    1925  64     -5       75
  MINIMUM         41    629 AM  11    1895  43     -2       47
  AVERAGE         50                        54     -4       61

PRECIPITATION (IN)
  YESTERDAY        0.00          2.30 1901   0.19  -0.19     0.00
  MONTH TO DATE    1.85                      1.51   0.34     0.78
  SINCE DEC 1     13.91                     12.83   1.08    12.82
  SINCE JAN 1      7.58                      7.23   0.35     7.15

SNOWFALL (IN)
  YESTERDAY        0.0
  MONTH TO DATE    0.0
  SINCE DEC 1      0.0
  SINCE JUL 1      0.0
  SNOW DEPTH       0

DEGREE DAYS
 HEATING
  YESTERDAY       15                        12      3        4
  MONTH TO DATE  103                        99      4      125
  SINCE DEC 1    719                       904   -185      902
  SINCE JUL 1    830                      1139   -309     1243

 COOLING
  YESTERDAY        0                         1     -1        0
  MONTH TO DATE    7                         6      1        0
  SINCE DEC 1     98                        41     57       15
  SINCE JAN 1     11                        19     -8        1
..................................................................


WIND (MPH)
  HIGHEST WIND SPEED    31   HIGHEST WIND DIRECTION     W (280)
  HIGHEST GUST SPEED    45   HIGHEST GUST DIRECTION     W (270)
  AVERAGE WIND SPEED    13.1


SKY COVER
  POSSIBLE SUNSHINE  MM
  AVERAGE SKY COVER 0.0


WEATHER CONDITIONS
 THE FOLLOWING WEATHER WAS RECORDED YESTERDAY.
  NO SIGNIFICANT WEATHER WAS OBSERVED.


RELATIVE HUMIDITY (PERCENT)
 HIGHEST    89           600 AM
 LOWEST     17           200 PM
 AVERAGE    53

..........................................................


THE BATON ROUGE  ASOS CLIMATE NORMALS FOR TODAY
                         NORMAL    RECORD    YEAR
 MAXIMUM TEMPERATURE (F)   65        83      1911
                                             1904
 MINIMUM TEMPERATURE (F)   43        17      1933


SUNRISE AND SUNSET
FEBRUARY  9 2016......SUNRISE   650 AM CST   SUNSET   547 PM CST
FEBRUARY 10 2016......SUNRISE   650 AM CST   SUNSET   548 PM CST


-  INDICATES NEGATIVE NUMBERS.
R  INDICATES RECORD WAS SET OR TIED.
MM INDICATES DATA IS MISSING.
T  INDICATES TRACE AMOUNT.




$$
