000
CDUS44 KLIX 210701
CLIBTR


CLIMATE REPORT
NATIONAL WEATHER SERVICE NEW ORLEANS
201 AM CDT TUE OCT 21 2014


...................................

...THE BATON ROUGE  ASOS CLIMATE SUMMARY FOR OCTOBER 20 2014...

CLIMATE NORMAL PERIOD 1981 TO 2010
CLIMATE RECORD PERIOD 1894 TO 2014


WEATHER ITEM   OBSERVED TIME   RECORD YEAR NORMAL DEPARTURE LAST
                VALUE   (LST)  VALUE       VALUE  FROM      YEAR
                                                  NORMAL
..................................................................
TEMPERATURE (F)
 YESTERDAY
  MAXIMUM         78    336 PM  90    2004  80     -2       74
                                      1993
                                      1921
  MINIMUM         51    542 AM  35    1989  56     -5       51
  AVERAGE         65                        68     -3       63

PRECIPITATION (IN)
  YESTERDAY        0.00          2.11 1898   0.17  -0.17     0.00
  MONTH TO DATE    2.35                      2.98  -0.63     2.61
  SINCE SEP 1      5.41                      7.52  -2.11     9.51
  SINCE JAN 1     52.53                     49.23   3.30    62.17

SNOWFALL (IN)
  YESTERDAY        0.0
  MONTH TO DATE    0.0
  SINCE SEP 1      0.0
  SINCE JUL 1      0.0
  SNOW DEPTH       0

DEGREE DAYS
 HEATING
  YESTERDAY        0                         2     -2        2
  MONTH TO DATE    3                        17    -14        2
  SINCE SEP 1      3                        19    -16        2
  SINCE JUL 1      3                        19    -16        2

 COOLING
  YESTERDAY        0                         5     -5        0
  MONTH TO DATE  156                       136     20      156
  SINCE SEP 1    602                       546     56      633
  SINCE JAN 1   2630                      2707    -77     2601
..................................................................


WIND (MPH)
  HIGHEST WIND SPEED     8   HIGHEST WIND DIRECTION    NE (30)
  HIGHEST GUST SPEED    11   HIGHEST GUST DIRECTION     N (360)
  AVERAGE WIND SPEED     2.7


SKY COVER
  POSSIBLE SUNSHINE  MM
  AVERAGE SKY COVER 0.0


WEATHER CONDITIONS
 THE FOLLOWING WEATHER WAS RECORDED YESTERDAY.
  NO SIGNIFICANT WEATHER WAS OBSERVED.


RELATIVE HUMIDITY (PERCENT)
 HIGHEST    93          1200 AM
 LOWEST     40          1200 PM
 AVERAGE    67

..........................................................


THE BATON ROUGE  ASOS CLIMATE NORMALS FOR TODAY
                         NORMAL    RECORD    YEAR
 MAXIMUM TEMPERATURE (F)   80        91      1919
 MINIMUM TEMPERATURE (F)   56        36      1976


SUNRISE AND SUNSET
OCTOBER 21 2014.......SUNRISE   711 AM CDT   SUNSET   627 PM CDT
OCTOBER 22 2014.......SUNRISE   712 AM CDT   SUNSET   626 PM CDT


-  INDICATES NEGATIVE NUMBERS.
R  INDICATES RECORD WAS SET OR TIED.
MM INDICATES DATA IS MISSING.
T  INDICATES TRACE AMOUNT.




$$
