000
CDUS44 KLIX 292116
CLIBTR


CLIMATE REPORT
NATIONAL WEATHER SERVICE NEW ORLEANS
415 PM CDT SUN MAR 29 2015


...................................

...THE BATON ROUGE  ASOS CLIMATE SUMMARY FOR MARCH 29 2015...
VALID TODAY AS OF 0400 PM LOCAL TIME.

CLIMATE NORMAL PERIOD 1981 TO 2010
CLIMATE RECORD PERIOD 1894 TO 2015


WEATHER ITEM   OBSERVED TIME   RECORD YEAR NORMAL DEPARTURE LAST
                VALUE   (LST)  VALUE       VALUE  FROM      YEAR
                                                  NORMAL
..................................................................
TEMPERATURE (F)
 TODAY
  MAXIMUM         81    142 PM  88    1924  76      5       74
  MINIMUM         48    637 AM  32    1899  53     -5       50
  AVERAGE         65

PRECIPITATION (IN)
  TODAY            0.00          3.25 1995   0.15  -0.15      T
  MONTH TO DATE    3.38                      4.10  -0.72     3.22
  SINCE MAR 1      3.38                      4.10  -0.72     3.22
  SINCE JAN 1     13.13                     14.86  -1.73    12.49

SNOWFALL (IN)
  TODAY            0.0
  MONTH TO DATE    T
  SINCE MAR 1      T
  SINCE JUL 1      T
  SNOW DEPTH       0

DEGREE DAYS
 HEATING
  TODAY            0                         3     -3        3
  MONTH TO DATE   93                       161    -68      210
  SINCE MAR 1     93                       161    -68      210
  SINCE JUL 1   1635                      1496    139     1916

 COOLING
  TODAY            0                         3     -3        0
  MONTH TO DATE   91                        53     38       26
  SINCE MAR 1     91                        53     38       26
  SINCE JAN 1     95                        84     11       46
..................................................................


WIND (MPH)
  HIGHEST WIND SPEED    21   HIGHEST WIND DIRECTION     S (200)
  HIGHEST GUST SPEED    26   HIGHEST GUST DIRECTION     S (200)
  AVERAGE WIND SPEED     9.1


SKY COVER
  POSSIBLE SUNSHINE  MM
  AVERAGE SKY COVER 0.3


WEATHER CONDITIONS
 THE FOLLOWING WEATHER WAS RECORDED TODAY.
  NO SIGNIFICANT WEATHER WAS OBSERVED.


RELATIVE HUMIDITY (PERCENT)
 HIGHEST    96           300 AM
 LOWEST     45           300 PM
 AVERAGE    71

..........................................................


THE BATON ROUGE  ASOS CLIMATE NORMALS FOR TOMORROW
                         NORMAL    RECORD    YEAR
 MAXIMUM TEMPERATURE (F)   76        90      1946
 MINIMUM TEMPERATURE (F)   53        33      1944


SUNRISE AND SUNSET
MARCH 29 2015.........SUNRISE   658 AM CDT   SUNSET   722 PM CDT
MARCH 30 2015.........SUNRISE   656 AM CDT   SUNSET   722 PM CDT


-  INDICATES NEGATIVE NUMBERS.
R  INDICATES RECORD WAS SET OR TIED.
MM INDICATES DATA IS MISSING.
T  INDICATES TRACE AMOUNT.




$$
