000
CDUS41 KBTV 220543
CLIBTV


CLIMATE REPORT
NATIONAL WEATHER SERVICE BURLINGTON VT
1243 AM EST SUN JAN 22 2017


...................................

...THE BURLINGTON VT CLIMATE SUMMARY FOR JANUARY 21 2017...

CLIMATE NORMAL PERIOD 1981 TO 2010
CLIMATE RECORD PERIOD 1884 TO 2017


WEATHER ITEM   OBSERVED TIME   RECORD YEAR NORMAL DEPARTURE LAST
                VALUE   (LST)  VALUE       VALUE  FROM      YEAR
                                                  NORMAL
..................................................................
TEMPERATURE (F)
 YESTERDAY
  MAXIMUM         44    329 PM  54    2006  27     17       20
  MINIMUM         37    654 AM -15    1971  10     27       10
  AVERAGE         41                        18     23       15

PRECIPITATION (IN)
  YESTERDAY        T             0.92 1979   0.07  -0.07     0.00
  MONTH TO DATE    0.88                      1.39  -0.51     1.05
  SINCE DEC 1      3.23                      3.77  -0.54     5.49
  SINCE JAN 1      0.88                      1.39  -0.51     1.05

SNOWFALL (IN)
  YESTERDAY        0.0            4.9 1979   0.7   -0.7      0.0
  MONTH TO DATE    4.1                      14.2  -10.1     11.0
  SINCE DEC 1     20.8                      32.1  -11.3     18.1
  SINCE JUL 1     25.1                      37.5  -12.4     18.3
  SNOW DEPTH       0

DEGREE DAYS
 HEATING
  YESTERDAY       24                        47    -23       50
  MONTH TO DATE  752                       972   -220      856
  SINCE DEC 1   1860                      2186   -326     1650
  SINCE JUL 1   3065                      3731   -666     2889

 COOLING
  YESTERDAY        0                         0      0        0
  MONTH TO DATE    0                         0      0        0
  SINCE DEC 1      0                         0      0        0
  SINCE JAN 1      0                         0      0        0
..................................................................


WIND (MPH)
  HIGHEST WIND SPEED    13   HIGHEST WIND DIRECTION     S (200)
  HIGHEST GUST SPEED    16   HIGHEST GUST DIRECTION     S (190)
  AVERAGE WIND SPEED     4.4


SKY COVER
  POSSIBLE SUNSHINE  MM
  AVERAGE SKY COVER 1.0


WEATHER CONDITIONS
 THE FOLLOWING WEATHER WAS RECORDED YESTERDAY.
  LIGHT RAIN
  FOG


RELATIVE HUMIDITY (PERCENT)
 HIGHEST    92           600 AM
 LOWEST     76          1200 AM
 AVERAGE    84

..........................................................


THE BURLINGTON VT CLIMATE NORMALS FOR TODAY
                         NORMAL    RECORD    YEAR
 MAXIMUM TEMPERATURE (F)   27        59      1906
 MINIMUM TEMPERATURE (F)   10       -22      1970


SUNRISE AND SUNSET
JANUARY 22 2017.......SUNRISE   721 AM EST   SUNSET   448 PM EST
JANUARY 23 2017.......SUNRISE   720 AM EST   SUNSET   450 PM EST


-  INDICATES NEGATIVE NUMBERS.
R  INDICATES RECORD WAS SET OR TIED.
MM INDICATES DATA IS MISSING.
T  INDICATES TRACE AMOUNT.

&&

LAKE CHAMPLAIN DATA:
LEVEL...............95.13 FEET
TEMPERATURE.........38 DEGREES

MOUNT MANSFIELD DATA:
HIGH................31 DEGREES
LOW.................24 DEGREES
PRECIPITATION.......0.03 INCHES
NEW SNOW............NONE
SNOW AT STAKE.......52 INCHES

$$
