563
CDUS41 KBTV 170535
CLIBTV


CLIMATE REPORT
NATIONAL WEATHER SERVICE BURLINGTON VT
132 AM EDT TUE OCT 17 2017


...................................

...THE BURLINGTON VT CLIMATE SUMMARY FOR OCTOBER 16 2017...

CLIMATE NORMAL PERIOD 1981 TO 2010
CLIMATE RECORD PERIOD 1884 TO 2017


WEATHER ITEM   OBSERVED TIME   RECORD YEAR NORMAL DEPARTURE LAST
                VALUE   (LST)  VALUE       VALUE  FROM      YEAR
                                                  NORMAL
..................................................................
TEMPERATURE (F)
 YESTERDAY
  MAXIMUM         60   1201 AM  84    1947  57      3       66
  MINIMUM         42   1159 PM  24    1978  39      3       54
  AVERAGE         51                        48      3       60

PRECIPITATION (IN)
  YESTERDAY        T             1.41 2002   0.11  -0.11      T
  MONTH TO DATE    1.47                      1.94  -0.47     0.26
  SINCE SEP 1      4.26                      5.58  -1.32     1.65
  SINCE JAN 1     33.96                     29.65   4.31    20.85

SNOWFALL (IN)
  YESTERDAY       MM             0.1  1973   0.0   MM        0.0
  MONTH TO DATE    0.0                       0.0    0.0      0.0
  SINCE SEP 1      0.0                       T      0.0      0.0
  SINCE JUL 1      0.0                       T      0.0      0.0
  SNOW DEPTH       0

DEGREE DAYS
 HEATING
  YESTERDAY       14                        17     -3        5
  MONTH TO DATE  100                       229   -129      140
  SINCE SEP 1    186                       404   -218      219
  SINCE JUL 1    209                       446   -237      224

 COOLING
  YESTERDAY        0                         0      0        0
  MONTH TO DATE   13                         0     13        0
  SINCE SEP 1    127                        41     86      108
  SINCE JAN 1    644                       489    155      852
..................................................................


WIND (MPH)
  HIGHEST WIND SPEED    29   HIGHEST WIND DIRECTION    NW (310)
  HIGHEST GUST SPEED    38   HIGHEST GUST DIRECTION    NW (320)
  AVERAGE WIND SPEED    13.1


SKY COVER
  POSSIBLE SUNSHINE  MM
  AVERAGE SKY COVER 0.9


WEATHER CONDITIONS
 THE FOLLOWING WEATHER WAS RECORDED YESTERDAY.
  LIGHT RAIN


RELATIVE HUMIDITY (PERCENT)
 HIGHEST    71           400 AM
 LOWEST     53           800 PM
 AVERAGE    62

..........................................................


THE BURLINGTON VT CLIMATE NORMALS FOR TODAY
                         NORMAL    RECORD    YEAR
 MAXIMUM TEMPERATURE (F)   57        85      1947
 MINIMUM TEMPERATURE (F)   39        23      1978
                                             1937


SUNRISE AND SUNSET
OCTOBER 17 2017.......SUNRISE   711 AM EDT   SUNSET   605 PM EDT
OCTOBER 18 2017.......SUNRISE   712 AM EDT   SUNSET   603 PM EDT


-  INDICATES NEGATIVE NUMBERS.
R  INDICATES RECORD WAS SET OR TIED.
MM INDICATES DATA IS MISSING.
T  INDICATES TRACE AMOUNT.







&&

LAKE CHAMPLAIN DATA:
LEVEL...............94.54 FEET
TEMPERATURE.........61 DEGREES

MOUNT MANSFIELD DATA:
HIGH................59 DEGREES
LOW.................27 DEGREES
PRECIPITATION.......0.36 INCHES
NEW SNOW............TRACE

$$
