697
CDUS41 KBTV 122132
CLIBTV


CLIMATE REPORT
NATIONAL WEATHER SERVICE BURLINGTON VT
426 PM EST FRI FEB 12 2016


...................................

...THE BURLINGTON VT CLIMATE SUMMARY FOR FEBRUARY 12 2016...
VALID TODAY AS OF 0400 PM LOCAL TIME.

CLIMATE NORMAL PERIOD 1981 TO 2010
CLIMATE RECORD PERIOD 1884 TO 2016


WEATHER ITEM   OBSERVED TIME   RECORD YEAR NORMAL DEPARTURE LAST
                VALUE   (LST)  VALUE       VALUE  FROM      YEAR
                                                  NORMAL
..................................................................
TEMPERATURE (F)
 TODAY
  MAXIMUM         22    359 PM  56    1999  30     -8       27
  MINIMUM          0    745 AM -30    1979  12    -12        4
  AVERAGE         11                        21    -10       16

PRECIPITATION (IN)
  TODAY            0.00          0.96 1925   0.07  -0.07     0.02
  MONTH TO DATE    0.37                      0.76  -0.39     0.80
  SINCE DEC 1      6.00                      5.20   0.80     4.94
  SINCE JAN 1      1.56                      2.82  -1.26     2.09

SNOWFALL (IN)
  TODAY            0.0           6.8  1988   0.6   -0.6      1.2
  MONTH TO DATE    4.0                       7.3   -3.3     15.4
  SINCE DEC 1     24.2                      46.3  -22.1     58.0
  SINCE JUL 1     24.4                      51.7  -27.3     68.6
  SNOW DEPTH       2

DEGREE DAYS
 HEATING
  TODAY           54                        44     10       49
  MONTH TO DATE  434                       542   -108      672
  SINCE DEC 1   2463                      3191   -728     3265
  SINCE JUL 1   3702                      4736  -1034     4590

 COOLING
  TODAY            0                         0      0        0
  MONTH TO DATE    0                         0      0        0
  SINCE DEC 1      0                         0      0        0
  SINCE JAN 1      0                         0      0        0
..................................................................


WIND (MPH)
  HIGHEST WIND SPEED    20   HIGHEST WIND DIRECTION     S (190)
  HIGHEST GUST SPEED    27   HIGHEST GUST DIRECTION     S (170)
  AVERAGE WIND SPEED    10.0


SKY COVER
  POSSIBLE SUNSHINE  MM
  AVERAGE SKY COVER 0.6


WEATHER CONDITIONS
 THE FOLLOWING WEATHER WAS RECORDED TODAY.
  NO SIGNIFICANT WEATHER WAS OBSERVED.


RELATIVE HUMIDITY (PERCENT)
 HIGHEST    79           700 AM
 LOWEST     45           300 PM
 AVERAGE    62

..........................................................


THE BURLINGTON VT CLIMATE NORMALS FOR TOMORROW
                         NORMAL    RECORD    YEAR
 MAXIMUM TEMPERATURE (F)   30        53      1984
                                             1937
 MINIMUM TEMPERATURE (F)   12       -25      1967


SUNRISE AND SUNSET
FEBRUARY 12 2016......SUNRISE   658 AM EST   SUNSET   517 PM EST
FEBRUARY 13 2016......SUNRISE   656 AM EST   SUNSET   518 PM EST


-  INDICATES NEGATIVE NUMBERS.
R  INDICATES RECORD WAS SET OR TIED.
MM INDICATES DATA IS MISSING.
T  INDICATES TRACE AMOUNT.




$$
