000
CDUS41 KBTV 230530
CLIBTV

CLIMATE REPORT
NATIONAL WEATHER SERVICE BURLINGTON VT
130 AM EDT THU MAR 23 2017

...................................

...THE BURLINGTON VT CLIMATE SUMMARY FOR MARCH 22 2017...

CLIMATE NORMAL PERIOD 1981 TO 2010
CLIMATE RECORD PERIOD 1884 TO 2017


WEATHER ITEM   OBSERVED TIME   RECORD YEAR NORMAL DEPARTURE LAST
                VALUE   (LST)  VALUE       VALUE  FROM      YEAR
                                                  NORMAL
..................................................................
TEMPERATURE (F)
 YESTERDAY
  MAXIMUM         36    111 AM  81    2012  42     -6       47
  MINIMUM         11   1159 PM   1    1885  24    -13       26
  AVERAGE         24                        33     -9       37

PRECIPITATION (IN)
  YESTERDAY        0.03          1.03 2001   0.07  -0.04      T
  MONTH TO DATE    1.78                      1.53   0.25     1.30
  SINCE MAR 1      1.78                      1.53   0.25     1.30
  SINCE JAN 1      6.45                      5.35   1.10     5.63

SNOWFALL (IN)
  YESTERDAY        0.2           8.5  1998   0.4   -0.2       T
  MONTH TO DATE   32.0                      12.6   19.4      1.0
  SINCE MAR 1     32.0                      12.6   19.4      1.0
  SINCE JUL 1     91.2                      73.4   17.8     30.0
  SNOW DEPTH       0

DEGREE DAYS
 HEATING
  YESTERDAY       41                        32      9       28
  MONTH TO DATE  872                       790     82      658
  SINCE MAR 1    872                       790     82      658
  SINCE JUL 1   5250                      6200   -950     5042

 COOLING
  YESTERDAY        0                         0      0        0
  MONTH TO DATE    0                         0      0        0
  SINCE MAR 1      0                         0      0        0
  SINCE JAN 1      0                         0      0        0
..................................................................


WIND (MPH)
  HIGHEST WIND SPEED    32   HIGHEST WIND DIRECTION    NW (320)
  HIGHEST GUST SPEED    39   HIGHEST GUST DIRECTION    NW (310)
  AVERAGE WIND SPEED    19.3


SKY COVER
  POSSIBLE SUNSHINE  MM
  AVERAGE SKY COVER 0.6


WEATHER CONDITIONS
 THE FOLLOWING WEATHER WAS RECORDED YESTERDAY.
  LIGHT SNOW
  FOG


RELATIVE HUMIDITY (PERCENT)
 HIGHEST    96           100 AM
 LOWEST     39           400 PM
 AVERAGE    68

..........................................................


THE BURLINGTON VT CLIMATE NORMALS FOR TODAY
                         NORMAL    RECORD    YEAR
 MAXIMUM TEMPERATURE (F)   43        73      1938
 MINIMUM TEMPERATURE (F)   25         1      1934
                                             1896


SUNRISE AND SUNSET
MARCH 23 2017.........SUNRISE   650 AM EDT   SUNSET   709 PM EDT
MARCH 24 2017.........SUNRISE   648 AM EDT   SUNSET   710 PM EDT


-  INDICATES NEGATIVE NUMBERS.
R  INDICATES RECORD WAS SET OR TIED.
MM INDICATES DATA IS MISSING.
T  INDICATES TRACE AMOUNT.

&&

LAKE CHAMPLAIN DATA:
LEVEL...............96.94 FEET
TEMPERATURE.........34 DEGREES

MOUNT MANSFIELD DATA:
HIGH................25 DEGREES
LOW.................-4 DEGREES
PRECIPITATION.......0.54 INCHES
NEW SNOW............5.6 INCHES
SNOW AT STAKE.......97 INCHES

$$
