000
CDUS41 KBUF 012132
CLIBUF


CLIMATE REPORT
NATIONAL WEATHER SERVICE BUFFALO NY
431 PM EST SUN FEB 1 2015


...................................

...THE BUFFALO NY CLIMATE SUMMARY FOR FEBRUARY 1 2015...
VALID TODAY AS OF 0400 PM LOCAL TIME.

CLIMATE NORMAL PERIOD 1981 TO 2010
CLIMATE RECORD PERIOD 1871 TO 2015


WEATHER ITEM   OBSERVED TIME   RECORD YEAR NORMAL DEPARTURE LAST
                VALUE   (LST)  VALUE       VALUE  FROM      YEAR
                                                  NORMAL
..................................................................
TEMPERATURE (F)
 TODAY
  MAXIMUM         27    633 AM  56    1989  31     -4       40
  MINIMUM         17    421 PM  -5    1962  18     -1       26
                                      1961
                                      1948
  AVERAGE         22                        25     -3       33

PRECIPITATION (IN)
  TODAY            0.03          0.92 2008   0.09  -0.06     0.56
                                      2002
  MONTH TO DATE    0.03                      0.09  -0.06     0.56
  SINCE DEC 1      4.77                      7.16  -2.39     8.65
  SINCE JAN 1      2.62                      3.27  -0.65     3.72

SNOWFALL (IN)
  TODAY            0.6          12.0  1979   0.7   -0.1       T
  MONTH TO DATE    0.6                       0.7   -0.1       T
  SINCE DEC 1     36.9                      53.4  -16.5     70.9
  SINCE JUL 1     57.4                      62.2   -4.8     80.9
  SNOW DEPTH       6

DEGREE DAYS
 HEATING
  TODAY           43                        40      3       32
  MONTH TO DATE   43                        40      3       32
  SINCE DEC 1   2384                      2366     18     2561
  SINCE JUL 1   3682                      3699    -17     3879

 COOLING
  TODAY            0                         0      0        0
  MONTH TO DATE    0                         0      0        0
  SINCE DEC 1      0                         0      0        0
  SINCE JAN 1      0                         0      0        0
..................................................................


WIND (MPH)
  HIGHEST WIND SPEED    21   HIGHEST WIND DIRECTION    NE (60)
  HIGHEST GUST SPEED    26   HIGHEST GUST DIRECTION     E (70)
  AVERAGE WIND SPEED    11.9


SKY COVER
  AVERAGE SKY COVER 0.9


WEATHER CONDITIONS
 THE FOLLOWING WEATHER WAS RECORDED TODAY.
  SNOW
  LIGHT SNOW
  FOG


RELATIVE HUMIDITY (PERCENT)
 HIGHEST    81           200 AM
 LOWEST     73           200 PM
 AVERAGE    77

..........................................................


THE BUFFALO NY CLIMATE NORMALS FOR TOMORROW
                         NORMAL    RECORD    YEAR
 MAXIMUM TEMPERATURE (F)   31        57      1973
 MINIMUM TEMPERATURE (F)   18       -20      1961


SUNRISE AND SUNSET
FEBRUARY  1 2015......SUNRISE   730 AM EST   SUNSET   527 PM EST
FEBRUARY  2 2015......SUNRISE   729 AM EST   SUNSET   529 PM EST


-  INDICATES NEGATIVE NUMBERS.
R  INDICATES RECORD WAS SET OR TIED.
MM INDICATES DATA IS MISSING.
T  INDICATES TRACE AMOUNT.

$$
