000
CDUS41 KBUF 162120
CLIBUF


CLIMATE REPORT
NATIONAL WEATHER SERVICE BUFFALO NY
419 PM EST MON JAN 16 2017


...................................

...THE BUFFALO NY CLIMATE SUMMARY FOR JANUARY 16 2017...
VALID TODAY AS OF 0400 PM LOCAL TIME.

CLIMATE NORMAL PERIOD 1981 TO 2010
CLIMATE RECORD PERIOD 1871 TO 2017


WEATHER ITEM   OBSERVED TIME   RECORD YEAR NORMAL DEPARTURE LAST
                VALUE   (LST)  VALUE       VALUE  FROM      YEAR
                                                  NORMAL
..................................................................
TEMPERATURE (F)
 TODAY
  MAXIMUM         37    128 PM  57    1953  31      6       43
  MINIMUM         19    558 AM -10    1984  18      1       28
                                      1982
  AVERAGE         28                        25      3       36

PRECIPITATION (IN)
  TODAY            0.00          0.72 1959   0.10  -0.10     0.06
  MONTH TO DATE    1.38                      1.75  -0.37     1.30
  SINCE DEC 1      5.44                      5.64  -0.20     4.20
  SINCE JAN 1      1.38                      1.75  -0.37     1.30

SNOWFALL (IN)
  TODAY            0.0           6.9  1959   0.8   -0.8       T
  MONTH TO DATE    2.9                      13.9  -11.0     17.6
  SINCE DEC 1     33.0                      41.3   -8.3     18.6
  SINCE JUL 1     33.9                      50.1  -16.2     18.6
  SNOW DEPTH       0

DEGREE DAYS
 HEATING
  TODAY           37                        40     -3       29
  MONTH TO DATE  600                       635    -35      598
  SINCE DEC 1   1640                      1717    -77     1301
  SINCE JUL 1   2610                      3050   -440     2345

 COOLING
  TODAY            0                         0      0        0
  MONTH TO DATE    0                         0      0        0
  SINCE DEC 1      0                         0      0        0
  SINCE JAN 1      0                         0      0        0
..................................................................


WIND (MPH)
  HIGHEST WIND SPEED    15   HIGHEST WIND DIRECTION    SW (230)
  HIGHEST GUST SPEED    18   HIGHEST GUST DIRECTION    SW (240)
  AVERAGE WIND SPEED     7.6


SKY COVER
  AVERAGE SKY COVER 0.4


WEATHER CONDITIONS
 THE FOLLOWING WEATHER WAS RECORDED TODAY.
  NO SIGNIFICANT WEATHER WAS OBSERVED.


RELATIVE HUMIDITY (PERCENT)
 HIGHEST    84           300 AM
 LOWEST     52           200 PM
 AVERAGE    68

..........................................................


THE BUFFALO NY CLIMATE NORMALS FOR TOMORROW
                         NORMAL    RECORD    YEAR
 MAXIMUM TEMPERATURE (F)   31        56      1952
 MINIMUM TEMPERATURE (F)   18       -16      1982


SUNRISE AND SUNSET
JANUARY 16 2017.......SUNRISE   742 AM EST   SUNSET   507 PM EST
JANUARY 17 2017.......SUNRISE   742 AM EST   SUNSET   509 PM EST


-  INDICATES NEGATIVE NUMBERS.
R  INDICATES RECORD WAS SET OR TIED.
MM INDICATES DATA IS MISSING.
T  INDICATES TRACE AMOUNT.




$$
