000
CDUS41 KBUF 311013
CLIBUF


CLIMATE REPORT
NATIONAL WEATHER SERVICE BUFFALO NY
612 AM EDT TUE MAY 31 2016


...................................

...THE BUFFALO NY CLIMATE SUMMARY FOR MAY 30 2016...

CLIMATE NORMAL PERIOD 1981 TO 2010
CLIMATE RECORD PERIOD 1871 TO 2016


WEATHER ITEM   OBSERVED TIME   RECORD YEAR NORMAL DEPARTURE LAST
                VALUE   (LST)  VALUE       VALUE  FROM      YEAR
                                                  NORMAL
..................................................................
TEMPERATURE (F)
 YESTERDAY
  MAXIMUM         78    238 PM  91    2006  71      7       82
  MINIMUM         63   1159 PM  34    1961  52     11       62
  AVERAGE         71                        61     10       72

PRECIPITATION (IN)
  YESTERDAY        0.00          1.73 1972   0.12  -0.12     0.23
  MONTH TO DATE    1.21                      3.34  -2.13     1.06
  SINCE MAR 1      5.96                      9.22  -3.26     5.20
  SINCE JAN 1     11.24                     14.89  -3.65    10.19

SNOWFALL (IN)
  YESTERDAY        0.0           0.0    MM   0.0    0.0      0.0
  MONTH TO DATE    T                         0.3   -0.3      0.0
  SINCE MAR 1      8.0                      15.9   -7.9      9.9
  SINCE JUL 1     55.1                      94.7  -39.6    112.9
  SNOW DEPTH       0

DEGREE DAYS
 HEATING
  YESTERDAY        0                         5     -5        0
  MONTH TO DATE  237                       268    -31      147
  SINCE MAR 1   1657                      1805   -148     1819
  SINCE JUL 1   5595                      6549   -954     6967

 COOLING
  YESTERDAY        6                         1      5        7
  MONTH TO DATE   53                        18     35       91
  SINCE MAR 1     53                        21     32       91
  SINCE JAN 1     53                        21     32       91
..................................................................


WIND (MPH)
  HIGHEST WIND SPEED    24   HIGHEST WIND DIRECTION     W (250)
  HIGHEST GUST SPEED    33   HIGHEST GUST DIRECTION    SW (220)
  AVERAGE WIND SPEED    12.3


SKY COVER
  AVERAGE SKY COVER 0.4


WEATHER CONDITIONS
 THE FOLLOWING WEATHER WAS RECORDED YESTERDAY.
  NO SIGNIFICANT WEATHER WAS OBSERVED.


RELATIVE HUMIDITY (PERCENT)
 HIGHEST    84          1100 PM
 LOWEST     50           200 PM
 AVERAGE    67

..........................................................


THE BUFFALO NY CLIMATE NORMALS FOR TODAY
                         NORMAL    RECORD    YEAR
 MAXIMUM TEMPERATURE (F)   71        90      1919
 MINIMUM TEMPERATURE (F)   53        39      1966
                                             1945


SUNRISE AND SUNSET
MAY 31 2016...........SUNRISE   539 AM EDT   SUNSET   847 PM EDT
JUNE  1 2016..........SUNRISE   539 AM EDT   SUNSET   848 PM EDT


-  INDICATES NEGATIVE NUMBERS.
R  INDICATES RECORD WAS SET OR TIED.
MM INDICATES DATA IS MISSING.
T  INDICATES TRACE AMOUNT.




$$
