000
CDUS46 KLOX 241000
CLIBUR


CLIMATE REPORT
NATIONAL WEATHER SERVICE LOS ANGELES/OXNARD CA
200 AM PST MON NOV 24 2014


...................................

...THE BOB HOPE AIRPORT (BURBANK) CA CLIMATE SUMMARY FOR NOVEMBER 23 2014...

CLIMATE NORMAL PERIOD 1981 TO 2010
CLIMATE RECORD PERIOD 1939 TO 2014


WEATHER ITEM   OBSERVED TIME   RECORD YEAR NORMAL DEPARTURE LAST
                VALUE   (LST)  VALUE       VALUE  FROM      YEAR
                                                  NORMAL
..................................................................
TEMPERATURE (F)
 YESTERDAY
  MAXIMUM         79    159 PM  86    1950  71      8       66
  MINIMUM         53   1121 PM  33    1941  44      9       51
  AVERAGE         66                        57      9       59

PRECIPITATION (IN)
  YESTERDAY        0.00          0.93 1973   0.04  -0.04     0.00
  MONTH TO DATE    0.07                      0.75  -0.68     0.24
  SINCE JUL 1      0.45                      2.04  -1.59     0.35
  SINCE JAN 1      5.36                     14.59  -9.23     2.95

SNOWFALL (IN)
  YESTERDAY        0.0
  MONTH TO DATE    0.0
  SINCE SEP 1      0.0
  SINCE JUL 1      0.0

DEGREE DAYS
 HEATING
  YESTERDAY        0                         8     -8        6
  MONTH TO DATE   50                       118    -68       39
  SINCE SEP 1     51                       167   -116       66
  SINCE JUL 1     51                       167   -116       66

 COOLING
  YESTERDAY        1                         0      1        0
  MONTH TO DATE   35                        12     23       52
  SINCE SEP 1    645                       361    284      582
  SINCE JAN 1   1945                      1243    702     2011
..................................................................


WIND (MPH)
  HIGHEST WIND SPEED    25   HIGHEST WIND DIRECTION     N (10)
  HIGHEST GUST SPEED    32   HIGHEST GUST DIRECTION     N (360)
  AVERAGE WIND SPEED     9.8


SKY COVER
  POSSIBLE SUNSHINE  MM
  AVERAGE SKY COVER 0.0


WEATHER CONDITIONS
 THE FOLLOWING WEATHER WAS RECORDED YESTERDAY.
  NO SIGNIFICANT WEATHER WAS OBSERVED.


RELATIVE HUMIDITY (PERCENT)
 HIGHEST    72          1200 AM
 LOWEST      5           100 PM
 AVERAGE    39

..........................................................


THE BOB HOPE AIRPORT (BURBANK) CA CLIMATE NORMALS FOR TODAY
                         NORMAL    RECORD    YEAR
 MAXIMUM TEMPERATURE (F)   71        89      1977
 MINIMUM TEMPERATURE (F)   44        33      1973


SUNRISE AND SUNSET
NOVEMBER 24 2014......SUNRISE   635 AM PST   SUNSET   445 PM PST
NOVEMBER 25 2014......SUNRISE   636 AM PST   SUNSET   445 PM PST


-  INDICATES NEGATIVE NUMBERS.
R  INDICATES RECORD WAS SET OR TIED.
MM INDICATES DATA IS MISSING.
T  INDICATES TRACE AMOUNT.




$$
