497
CDUS46 KLOX 240912
CLIBUR


CLIMATE REPORT
NATIONAL WEATHER SERVICE LOS ANGELES/OXNARD CA
202 AM PDT TUE MAY 24 2016


...................................

...THE BOB HOPE AIRPORT (BURBANK) CA CLIMATE SUMMARY FOR MAY 23 2016...

CLIMATE NORMAL PERIOD 1981 TO 2010
CLIMATE RECORD PERIOD 1939 TO 2016


WEATHER ITEM   OBSERVED TIME   RECORD YEAR NORMAL DEPARTURE LAST
                VALUE   (LST)  VALUE       VALUE  FROM      YEAR
                                                  NORMAL
..................................................................
TEMPERATURE (F)
 YESTERDAY
  MAXIMUM         71    107 PM  96    1949  77     -6       71
  MINIMUM         53    530 AM  46    1960  56     -3       56
  AVERAGE         62                        66     -4       64

PRECIPITATION (IN)
  YESTERDAY        0.00          0.13 2008   0.01  -0.01     0.00
  MONTH TO DATE    0.02                      0.29  -0.27     0.30
  SINCE OCT 1      7.66                     16.82  -9.16     7.58
  SINCE JAN 1      6.56                     12.38  -5.82     3.08

SNOWFALL (IN)
  YESTERDAY        0.0
  MONTH TO DATE    0.0
  SINCE MAR 1      0.0
  SINCE JUL 1      0.0

DEGREE DAYS
 HEATING
  YESTERDAY        3                         1      2        1
  MONTH TO DATE   41                        49     -8       62
  SINCE MAR 1    213                       405   -192      174
  SINCE JUL 1   1120                      1546   -426      731

 COOLING
  YESTERDAY        0                         2     -2        0
  MONTH TO DATE   29                        46    -17       26
  SINCE MAR 1    118                        91     27      221
  SINCE JAN 1    173                        97     76      247
..................................................................


WIND (MPH)
  HIGHEST WIND SPEED    15   HIGHEST WIND DIRECTION     S (180)
  HIGHEST GUST SPEED    21   HIGHEST GUST DIRECTION     S (180)
  AVERAGE WIND SPEED     6.7


SKY COVER
  POSSIBLE SUNSHINE  MM
  AVERAGE SKY COVER 0.3


WEATHER CONDITIONS
 THE FOLLOWING WEATHER WAS RECORDED YESTERDAY.
  NO SIGNIFICANT WEATHER WAS OBSERVED.


RELATIVE HUMIDITY (PERCENT)
 HIGHEST    77          1200 AM
 LOWEST     44           100 PM
 AVERAGE    61

..........................................................


THE BOB HOPE AIRPORT (BURBANK) CA CLIMATE NORMALS FOR TODAY
                         NORMAL    RECORD    YEAR
 MAXIMUM TEMPERATURE (F)   77        92      1949
 MINIMUM TEMPERATURE (F)   56        42      1980


SUNRISE AND SUNSET
MAY 24 2016...........SUNRISE   546 AM PDT   SUNSET   755 PM PDT
MAY 25 2016...........SUNRISE   545 AM PDT   SUNSET   756 PM PDT


-  INDICATES NEGATIVE NUMBERS.
R  INDICATES RECORD WAS SET OR TIED.
MM INDICATES DATA IS MISSING.
T  INDICATES TRACE AMOUNT.




$$
