000
CDUS46 KLOX 130909
CLIBUR


CLIMATE REPORT
NATIONAL WEATHER SERVICE LOS ANGELES/OXNARD CA
109 AM PST WED DEC 13 2017


...................................

...THE BOB HOPE AIRPORT (BURBANK) CA CLIMATE SUMMARY FOR DECEMBER 12 2017...

CLIMATE NORMAL PERIOD 1981 TO 2010
CLIMATE RECORD PERIOD 1939 TO 2017


WEATHER ITEM   OBSERVED TIME   RECORD YEAR NORMAL DEPARTURE LAST
                VALUE   (LST)  VALUE       VALUE  FROM      YEAR
                                                  NORMAL
..................................................................
TEMPERATURE (F)
 YESTERDAY
  MAXIMUM         83    256 PM  85    2010  67     16       65
  MINIMUM         44    655 AM  27    1972  41      3       53
  AVERAGE         64                        54     10       59

PRECIPITATION (IN)
  YESTERDAY        0.00          1.22 2014   0.07  -0.07     0.00
  MONTH TO DATE    0.00                      0.73  -0.73     0.00
  SINCE OCT 1      0.08                      2.77  -2.69     1.34
  SINCE JAN 1      9.70                     15.64  -5.94     7.90

SNOWFALL (IN)
  YESTERDAY        0.0
  MONTH TO DATE    0.0
  SINCE DEC 1      0.0
  SINCE JUL 1      0.0

DEGREE DAYS
 HEATING
  YESTERDAY        1                        11    -10        6
  MONTH TO DATE   12                       126   -114       99
  SINCE DEC 1     12                       126   -114       99
  SINCE JUL 1     51                       354   -303      217

 COOLING
  YESTERDAY        0                         0      0        0
  MONTH TO DATE    6                         0      6        0
  SINCE DEC 1      6                         0      6        0
  SINCE JAN 1   1938                      1245    693     1730
..................................................................


WIND (MPH)
  HIGHEST WIND SPEED     8   HIGHEST WIND DIRECTION    SE (120)
  HIGHEST GUST SPEED    12   HIGHEST GUST DIRECTION     E (90)
  AVERAGE WIND SPEED     1.7


SKY COVER
  POSSIBLE SUNSHINE  MM
  AVERAGE SKY COVER 0.0


WEATHER CONDITIONS
 THE FOLLOWING WEATHER WAS RECORDED YESTERDAY.
  NO SIGNIFICANT WEATHER WAS OBSERVED.


RELATIVE HUMIDITY (PERCENT)
 HIGHEST    33           400 AM
 LOWEST      5           100 PM
 AVERAGE    19

..........................................................


THE BOB HOPE AIRPORT (BURBANK) CA CLIMATE NORMALS FOR TODAY
                         NORMAL    RECORD    YEAR
 MAXIMUM TEMPERATURE (F)   67        85      1953
 MINIMUM TEMPERATURE (F)   41        29      1945


SUNRISE AND SUNSET
DECEMBER 13 2017......SUNRISE   651 AM PST   SUNSET   445 PM PST
DECEMBER 14 2017......SUNRISE   652 AM PST   SUNSET   445 PM PST


-  INDICATES NEGATIVE NUMBERS.
R  INDICATES RECORD WAS SET OR TIED.
MM INDICATES DATA IS MISSING.
T  INDICATES TRACE AMOUNT.




$$
