000
CDUS46 KLOX 230900
CLIBUR


CLIMATE REPORT
NATIONAL WEATHER SERVICE LOS ANGELES/OXNARD CA
200 AM PDT SUN APR 23 2017


...................................

...THE BOB HOPE AIRPORT (BURBANK) CA CLIMATE SUMMARY FOR APRIL 22 2017...

CLIMATE NORMAL PERIOD 1981 TO 2010
CLIMATE RECORD PERIOD 1939 TO 2017


WEATHER ITEM   OBSERVED TIME   RECORD YEAR NORMAL DEPARTURE LAST
                VALUE   (LST)  VALUE       VALUE  FROM      YEAR
                                                  NORMAL
..................................................................
TEMPERATURE (F)
 YESTERDAY
  MAXIMUM         91    225 PM  96    1946  74     17       73
  MINIMUM         61    549 AM  36    1978  51     10       55
  AVERAGE         76                        62     14       64

PRECIPITATION (IN)
  YESTERDAY        0.00          0.45 1967   0.02  -0.02     0.00
  MONTH TO DATE    0.09                      0.89  -0.80     0.30
  SINCE OCT 1     13.70                     16.31  -2.61     7.64
  SINCE JAN 1      9.44                     11.87  -2.43     6.54

SNOWFALL (IN)
  YESTERDAY        0.0
  MONTH TO DATE    0.0
  SINCE MAR 1      0.0
  SINCE JUL 1      0.0

DEGREE DAYS
 HEATING
  YESTERDAY        0                         4     -4        1
  MONTH TO DATE   37                       111    -74       28
  SINCE MAR 1    125                       329   -204      143
  SINCE JUL 1   1118                      1470   -352     1050

 COOLING
  YESTERDAY       11                         2      9        0
  MONTH TO DATE   37                        23     14       73
  SINCE MAR 1    103                        33     70       89
  SINCE JAN 1    104                        39     65      144
..................................................................


WIND (MPH)
  HIGHEST WIND SPEED    14   HIGHEST WIND DIRECTION    SW (220)
  HIGHEST GUST SPEED    18   HIGHEST GUST DIRECTION    SE (130)
  AVERAGE WIND SPEED     4.9


SKY COVER
  POSSIBLE SUNSHINE  MM
  AVERAGE SKY COVER 0.0


WEATHER CONDITIONS
 THE FOLLOWING WEATHER WAS RECORDED YESTERDAY.
  NO SIGNIFICANT WEATHER WAS OBSERVED.


RELATIVE HUMIDITY (PERCENT)
 HIGHEST    47          1100 PM
 LOWEST     13          1100 AM
 AVERAGE    30

..........................................................


THE BOB HOPE AIRPORT (BURBANK) CA CLIMATE NORMALS FOR TODAY
                         NORMAL    RECORD    YEAR
 MAXIMUM TEMPERATURE (F)   74        94      1946
 MINIMUM TEMPERATURE (F)   51        38      1978


SUNRISE AND SUNSET
APRIL 23 2017.........SUNRISE   612 AM PDT   SUNSET   732 PM PDT
APRIL 24 2017.........SUNRISE   611 AM PDT   SUNSET   732 PM PDT


-  INDICATES NEGATIVE NUMBERS.
R  INDICATES RECORD WAS SET OR TIED.
MM INDICATES DATA IS MISSING.
T  INDICATES TRACE AMOUNT.




$$
