000
CDUS46 KLOX 260112
CLIBUR


CLIMATE REPORT
NATIONAL WEATHER SERVICE LOS ANGELES/OXNARD CA
611 PM PDT THU MAY 25 2017


...................................

...THE BOB HOPE AIRPORT (BURBANK) CA CLIMATE SUMMARY FOR MAY 25 2017...
VALID TODAY AS OF 0600 PM LOCAL TIME.

CLIMATE NORMAL PERIOD 1981 TO 2010
CLIMATE RECORD PERIOD 1939 TO 2017


WEATHER ITEM   OBSERVED TIME   RECORD YEAR NORMAL DEPARTURE LAST
                VALUE   (LST)  VALUE       VALUE  FROM      YEAR
                                                  NORMAL
..................................................................
TEMPERATURE (F)
 TODAY
  MAXIMUM         67    330 PM 103    1974  77    -10       68
  MINIMUM         58    707 AM  43    1980  56      2       55
  AVERAGE         63                        66     -3       62

PRECIPITATION (IN)
  TODAY            0.00          0.02 1995   0.01  -0.01     0.00
                                      1994
  MONTH TO DATE    0.13                      0.31  -0.18     0.02
  SINCE OCT 1     13.83                     16.84  -3.01     7.66
  SINCE JAN 1      9.57                     12.40  -2.83     6.56

SNOWFALL (IN)
  TODAY            0.0
  MONTH TO DATE    0.0
  SINCE MAR 1      0.0
  SINCE JUL 1      0.0

DEGREE DAYS
 HEATING
  TODAY            2                         1      1        3
  MONTH TO DATE   57                        51      6       46
  SINCE MAR 1    183                       407   -224      218
  SINCE JUL 1   1176                      1548   -372     1125

 COOLING
  TODAY            0                         3     -3        0
  MONTH TO DATE   90                        52     38       29
  SINCE MAR 1    237                        97    140      118
  SINCE JAN 1    238                       103    135      173
..................................................................


WIND (MPH)
  HIGHEST WIND SPEED    14   HIGHEST WIND DIRECTION     S (190)
  HIGHEST GUST SPEED    19   HIGHEST GUST DIRECTION     S (180)
  AVERAGE WIND SPEED     7.5


SKY COVER
  POSSIBLE SUNSHINE  MM
  AVERAGE SKY COVER 0.9


WEATHER CONDITIONS
 THE FOLLOWING WEATHER WAS RECORDED TODAY.
  NO SIGNIFICANT WEATHER WAS OBSERVED.


RELATIVE HUMIDITY (PERCENT)
 HIGHEST    80          1200 AM
 LOWEST     48           300 PM
 AVERAGE    64

..........................................................


THE BOB HOPE AIRPORT (BURBANK) CA CLIMATE NORMALS FOR TOMORROW
                         NORMAL    RECORD    YEAR
 MAXIMUM TEMPERATURE (F)   77       100      1974
 MINIMUM TEMPERATURE (F)   56        42      1977


SUNRISE AND SUNSET
MAY 25 2017...........SUNRISE   545 AM PDT   SUNSET   756 PM PDT
MAY 26 2017...........SUNRISE   545 AM PDT   SUNSET   757 PM PDT


-  INDICATES NEGATIVE NUMBERS.
R  INDICATES RECORD WAS SET OR TIED.
MM INDICATES DATA IS MISSING.
T  INDICATES TRACE AMOUNT.




$$
