000
CDUS46 KLOX 230900
CLIBUR


CLIMATE REPORT
NATIONAL WEATHER SERVICE LOS ANGELES/OXNARD CA
159 AM PDT WED APR 23 2014


...................................

...THE BOB HOPE AIRPORT (BURBANK) CA CLIMATE SUMMARY FOR APRIL 22 2014...

CLIMATE NORMAL PERIOD 1981 TO 2010
CLIMATE RECORD PERIOD 1939 TO 2014


WEATHER ITEM   OBSERVED TIME   RECORD YEAR NORMAL DEPARTURE LAST
                VALUE   (LST)  VALUE       VALUE  FROM      YEAR
                                                  NORMAL
..................................................................
TEMPERATURE (F)
 YESTERDAY
  MAXIMUM         71   1253 PM  96    1946  74     -3       78
  MINIMUM         57    157 AM  36    1978  51      6       59
  AVERAGE         64                        62      2       69

PRECIPITATION (IN)
  YESTERDAY        0.00          0.45 1967   0.02  -0.02     0.00
  MONTH TO DATE    0.04                      0.89  -0.85      T
  SINCE JUL 1      5.34                     16.63 -11.29     4.70
  SINCE JAN 1      4.91                     11.87  -6.96     1.90

SNOWFALL (IN)
  YESTERDAY        0.0
  MONTH TO DATE    0.0
  SINCE MAR 1      0.0
  SINCE JUL 1      0.0

DEGREE DAYS
 HEATING
  YESTERDAY        1                         4     -3        0
  MONTH TO DATE   56                       111    -55       18
  SINCE MAR 1    144                       329   -185       87
  SINCE JUL 1    621                      1470   -849     1098

 COOLING
  YESTERDAY        0                         2     -2        4
  MONTH TO DATE   51                        23     28       55
  SINCE MAR 1     71                        33     38      103
  SINCE JAN 1    131                        39     92      105
..................................................................


WIND (MPH)
  HIGHEST WIND SPEED    18   HIGHEST WIND DIRECTION     N (360)
  HIGHEST GUST SPEED    MM   HIGHEST GUST DIRECTION    MM
  AVERAGE WIND SPEED     6.9


SKY COVER
  POSSIBLE SUNSHINE  MM
  AVERAGE SKY COVER 0.5


WEATHER CONDITIONS
 THE FOLLOWING WEATHER WAS RECORDED YESTERDAY.
  FOG
  HAZE


RELATIVE HUMIDITY (PERCENT)
 HIGHEST    86          1200 AM
 LOWEST     19          1000 PM
 AVERAGE    53

..........................................................


THE BOB HOPE AIRPORT (BURBANK) CA CLIMATE NORMALS FOR TODAY
                         NORMAL    RECORD    YEAR
 MAXIMUM TEMPERATURE (F)   74        94      1946
 MINIMUM TEMPERATURE (F)   51        38      1978


SUNRISE AND SUNSET
APRIL 23 2014.........SUNRISE   613 AM PDT   SUNSET   731 PM PDT
APRIL 24 2014.........SUNRISE   612 AM PDT   SUNSET   732 PM PDT


-  INDICATES NEGATIVE NUMBERS.
R  INDICATES RECORD WAS SET OR TIED.
MM INDICATES DATA IS MISSING.
T  INDICATES TRACE AMOUNT.




$$
