413
CDUS43 KLMK 080627
CLIBWG


CLIMATE REPORT
NATIONAL WEATHER SERVICE LOUISVILLE KY
127 AM EST THU DEC 8 2016


...................................

...THE BOWLING GREEN KY CLIMATE SUMMARY FOR DECEMBER 7 2016...

CLIMATE NORMAL PERIOD 1981 TO 2010
CLIMATE RECORD PERIOD 1870 TO 2016


WEATHER ITEM   OBSERVED TIME   RECORD YEAR NORMAL DEPARTURE LAST
                VALUE   (LST)  VALUE       VALUE  FROM      YEAR
                                                  NORMAL
..................................................................
TEMPERATURE (F)
 YESTERDAY
  MAXIMUM         50    230 PM  70    1951  50      0       57
                                      1916
  MINIMUM         31    617 AM   7    1977  31      0       34
  AVERAGE         41                        41      0       46

PRECIPITATION (IN)
  YESTERDAY        0.00          6.15 1924   0.16  -0.16     0.00
  MONTH TO DATE    0.93                      1.12  -0.19     0.60
  SINCE DEC 1      0.93                      1.12  -0.19     0.60
  SINCE JAN 1     42.89                     46.21  -3.32    49.85

SNOWFALL (IN)
  YESTERDAY        0.0           0.4  1950   0.0    0.0      0.0
  MONTH TO DATE    0.0                       0.1   -0.1      0.0
  SINCE DEC 1      0.0                       0.1   -0.1      0.0
  SINCE JUL 1      0.0                       0.1   -0.1      0.0
  SNOW DEPTH       0

DEGREE DAYS
 HEATING
  YESTERDAY       24                        24      0       19
  MONTH TO DATE  162                       163     -1      146
  SINCE DEC 1    162                       163     -1      146
  SINCE JUL 1    648                       926   -278      684

 COOLING
  YESTERDAY        0                         0      0        0
  MONTH TO DATE    0                         0      0        0
  SINCE DEC 1      0                         0      0        0
  SINCE JAN 1   1979                      1491    488     1671
..................................................................


WIND (MPH)
  HIGHEST WIND SPEED    30   HIGHEST WIND DIRECTION    NW (330)
  HIGHEST GUST SPEED    32   HIGHEST GUST DIRECTION    NW (330)
  AVERAGE WIND SPEED     4.0


SKY COVER
  POSSIBLE SUNSHINE  MM
  AVERAGE SKY COVER 0.2


WEATHER CONDITIONS
 THE FOLLOWING WEATHER WAS RECORDED YESTERDAY.
  FOG
  FOG W/VISIBILITY <= 1/4 MILE


RELATIVE HUMIDITY (PERCENT)
 HIGHEST   100           600 AM
 LOWEST     34           400 PM
 AVERAGE    67

..........................................................


THE BOWLING GREEN KY CLIMATE NORMALS FOR TODAY
                         NORMAL    RECORD    YEAR
 MAXIMUM TEMPERATURE (F)   50        76      1894
 MINIMUM TEMPERATURE (F)   31         2      1882


SUNRISE AND SUNSET
DECEMBER  8 2016......SUNRISE   647 AM CST   SUNSET   429 PM CST
DECEMBER  9 2016......SUNRISE   648 AM CST   SUNSET   429 PM CST


-  INDICATES NEGATIVE NUMBERS.
R  INDICATES RECORD WAS SET OR TIED.
MM INDICATES DATA IS MISSING.
T  INDICATES TRACE AMOUNT.




$$
