000
CDUS43 KLMK 220626
CLIBWG


CLIMATE REPORT
NATIONAL WEATHER SERVICE LOUISVILLE KY
126 AM EST MON DEC 22 2014


...................................

...THE BOWLING GREEN KY CLIMATE SUMMARY FOR DECEMBER 21 2014...

CLIMATE NORMAL PERIOD 1981 TO 2010
CLIMATE RECORD PERIOD 1870 TO 2014


WEATHER ITEM   OBSERVED TIME   RECORD YEAR NORMAL DEPARTURE LAST
                VALUE   (LST)  VALUE       VALUE  FROM      YEAR
                                                  NORMAL
..................................................................
TEMPERATURE (F)
 YESTERDAY
  MAXIMUM         51    241 PM  74    2013  46      5       74
  MINIMUM         22    707 AM  -8    1901  28     -6       60
  AVERAGE         37                        37      0       67

PRECIPITATION (IN)
  YESTERDAY        0.00          2.57 1990   0.16  -0.16     1.21
  MONTH TO DATE    1.10                      3.39  -2.29     4.24
  SINCE DEC 1      1.10                      3.39  -2.29     4.24
  SINCE JAN 1     45.53                     48.48  -2.95    58.89

SNOWFALL (IN)
  YESTERDAY        0.0           0.4  1944   0.1   -0.1      0.0
                                      1906
  MONTH TO DATE    T                         0.6   -0.6      0.1
  SINCE DEC 1      T                         0.6   -0.6      0.1
  SINCE JUL 1      0.3                       0.6   -0.3      1.2
  SNOW DEPTH       0

DEGREE DAYS
 HEATING
  YESTERDAY       28                        28      0        0
  MONTH TO DATE  485                       533    -48      499
  SINCE DEC 1    485                       533    -48      499
  SINCE JUL 1   1382                      1296     86     1379

 COOLING
  YESTERDAY        0                         0      0        2
  MONTH TO DATE    0                         0      0        2
  SINCE DEC 1      0                         0      0        2
  SINCE JAN 1   1488                      1491     -3     1501
..................................................................


WIND (MPH)
  HIGHEST WIND SPEED    10   HIGHEST WIND DIRECTION    NE (60)
  HIGHEST GUST SPEED    19   HIGHEST GUST DIRECTION     N (350)
  AVERAGE WIND SPEED     4.1


SKY COVER
  POSSIBLE SUNSHINE  MM
  AVERAGE SKY COVER 0.2


WEATHER CONDITIONS
 THE FOLLOWING WEATHER WAS RECORDED YESTERDAY.
  FOG
  HAZE


RELATIVE HUMIDITY (PERCENT)
 HIGHEST    92           700 AM
 LOWEST     42           200 PM
 AVERAGE    67

..........................................................


THE BOWLING GREEN KY CLIMATE NORMALS FOR TODAY
                         NORMAL    RECORD    YEAR
 MAXIMUM TEMPERATURE (F)   46        66      1941
 MINIMUM TEMPERATURE (F)   28       -14      1989


SUNRISE AND SUNSET
DECEMBER 22 2014......SUNRISE   656 AM CST   SUNSET   433 PM CST
DECEMBER 23 2014......SUNRISE   656 AM CST   SUNSET   434 PM CST


-  INDICATES NEGATIVE NUMBERS.
R  INDICATES RECORD WAS SET OR TIED.
MM INDICATES DATA IS MISSING.
T  INDICATES TRACE AMOUNT.




$$
