764
CDUS41 KLWX 252125
CLIBWI


CLIMATE REPORT
NATIONAL WEATHER SERVICE BALTIMORE MD/WASHINGTON DC
424 PM EST SUN FEB 25 2018


...................................

...THE BALTIMORE MD CLIMATE SUMMARY FOR FEBRUARY 25 2018...
VALID TODAY AS OF 0400 PM LOCAL TIME.

CLIMATE NORMAL PERIOD 1981 TO 2010
CLIMATE RECORD PERIOD 1871 TO 2018


WEATHER ITEM   OBSERVED TIME   RECORD YEAR NORMAL DEPARTURE LAST
                VALUE   (LST)  VALUE       VALUE  FROM      YEAR
                                                  NORMAL
..................................................................
TEMPERATURE (F)
 TODAY
  MAXIMUM         50    359 PM  83    1930  47      3       75
  MINIMUM         44    756 AM   8    1914  28     16       43
                                      1900
                                      1894
  AVERAGE         47                        38      9       59

PRECIPITATION (IN)
  TODAY            0.34          1.52 1874   0.11   0.23     0.75
  MONTH TO DATE    5.30                      2.59   2.71     1.21
  SINCE DEC 1      7.25                      9.01  -1.76     6.67
  SINCE JAN 1      6.30                      5.64   0.66     3.90

SNOWFALL (IN)
  TODAY            0.0           5.0  1934   0.2   -0.2
  MONTH TO DATE    2.2                       7.4   -5.2
  SINCE JUL 1      8.7                      17.6   -8.9
  SNOW DEPTH       0

DEGREE DAYS
 HEATING
  TODAY           18                        27     -9        6
  MONTH TO DATE  588                       739   -151      511
  SINCE DEC 1   2510                      2611   -101     2127
  SINCE JUL 1   3257                      3515   -258     2826

 COOLING
  TODAY            0                         0      0        0
  MONTH TO DATE    1                         0      1        0
  SINCE DEC 1      1                         0      1        0
  SINCE JAN 1      1                         0      1        0
..................................................................


WIND (MPH)
  HIGHEST WIND SPEED    14   HIGHEST WIND DIRECTION     W (290)
  HIGHEST GUST SPEED    19   HIGHEST GUST DIRECTION     E (100)
  AVERAGE WIND SPEED     5.4


SKY COVER
  POSSIBLE SUNSHINE  MM
  AVERAGE SKY COVER 0.9


WEATHER CONDITIONS
 THE FOLLOWING WEATHER WAS RECORDED TODAY.
  HEAVY RAIN
  LIGHT RAIN
  FOG
  FOG W/VISIBILITY <= 1/4 MILE


RELATIVE HUMIDITY (PERCENT)
 HIGHEST   100           200 AM
 LOWEST    100           200 AM
 AVERAGE   100

..........................................................


THE BALTIMORE MD CLIMATE NORMALS FOR TOMORROW
                         NORMAL    RECORD    YEAR
 MAXIMUM TEMPERATURE (F)   48        74      1932
                                             1890
 MINIMUM TEMPERATURE (F)   29        13      1990
                                             1970


SUNRISE AND SUNSET
FEBRUARY 25 2018......SUNRISE   645 AM EST   SUNSET   555 PM EST
FEBRUARY 26 2018......SUNRISE   644 AM EST   SUNSET   556 PM EST


-  INDICATES NEGATIVE NUMBERS.
R  INDICATES RECORD WAS SET OR TIED.
MM INDICATES DATA IS MISSING.
T  INDICATES TRACE AMOUNT.




$$
