000
CDUS41 KLWX 040530
CLIBWI


CLIMATE REPORT
NATIONAL WEATHER SERVICE BALTIMORE MD/WASHINGTON DC
129 AM EDT SAT JUL 4 2015


...................................

...THE BALTIMORE MD CLIMATE SUMMARY FOR JULY 3 2015...

CLIMATE NORMAL PERIOD 1981 TO 2010
CLIMATE RECORD PERIOD 1870 TO 2015


WEATHER ITEM   OBSERVED TIME   RECORD YEAR NORMAL DEPARTURE LAST
                VALUE   (LST)  VALUE       VALUE  FROM      YEAR
                                                  NORMAL
..................................................................
TEMPERATURE (F)
 YESTERDAY
  MAXIMUM         81    240 PM 104    1898  87     -6       89
  MINIMUM         61    522 AM  50    2001  66     -5       72
  AVERAGE         71                        77     -6       81

PRECIPITATION (IN)
  YESTERDAY        T             2.33 1978   0.12  -0.12     0.35
  MONTH TO DATE    0.80                      0.37   0.43     0.83
  SINCE JUN 1     13.89                      3.83  10.06     4.78
  SINCE JAN 1     31.09                     20.86  10.23    28.40

SNOWFALL (IN)
  YESTERDAY        0.0          MM      MM   0.0    0.0
  MONTH TO DATE    0.0                       0.0    0.0
  SINCE JUL 1      0.0                       0.0    0.0
  SNOW DEPTH       0

DEGREE DAYS
 HEATING
  YESTERDAY        0                         0      0        0
  MONTH TO DATE    0                         0      0        0
  SINCE JUN 1     14                        15     -1        2
  SINCE JUL 1      0                         0      0        0

 COOLING
  YESTERDAY        6                        12     -6       16
  MONTH TO DATE   22                        34    -12       50
  SINCE JUN 1    318                       272     46      306
  SINCE JAN 1    507                       356    151      391
..................................................................


WIND (MPH)
  HIGHEST WIND SPEED    10   HIGHEST WIND DIRECTION    SE (150)
  HIGHEST GUST SPEED    15   HIGHEST GUST DIRECTION     S (160)
  AVERAGE WIND SPEED     3.2


SKY COVER
  POSSIBLE SUNSHINE  MM
  AVERAGE SKY COVER 0.7


WEATHER CONDITIONS
 THE FOLLOWING WEATHER WAS RECORDED YESTERDAY.
  LIGHT RAIN
  FOG
  HAZE


RELATIVE HUMIDITY (PERCENT)
 HIGHEST   100           100 AM
 LOWEST     45           300 PM
 AVERAGE    73

..........................................................


THE BALTIMORE MD CLIMATE NORMALS FOR TODAY
                         NORMAL    RECORD    YEAR
 MAXIMUM TEMPERATURE (F)   87       100      2002
                                             1966
                                             1898
 MINIMUM TEMPERATURE (F)   66        53      1986


SUNRISE AND SUNSET
JULY  4 2015..........SUNRISE   546 AM EDT   SUNSET   836 PM EDT
JULY  5 2015..........SUNRISE   546 AM EDT   SUNSET   836 PM EDT


-  INDICATES NEGATIVE NUMBERS.
R  INDICATES RECORD WAS SET OR TIED.
MM INDICATES DATA IS MISSING.
T  INDICATES TRACE AMOUNT.




$$
