000
CDUS41 KLWX 282123
CLIBWI


CLIMATE REPORT
NATIONAL WEATHER SERVICE BALTIMORE MD/WASHINGTON DC
523 PM EDT WED JUN 28 2017


...................................

...THE BALTIMORE MD CLIMATE SUMMARY FOR JUNE 28 2017...
VALID TODAY AS OF 0500 PM LOCAL TIME.

CLIMATE NORMAL PERIOD 1981 TO 2010
CLIMATE RECORD PERIOD 1871 TO 2017


WEATHER ITEM   OBSERVED TIME   RECORD YEAR NORMAL DEPARTURE LAST
                VALUE   (LST)  VALUE       VALUE  FROM      YEAR
                                                  NORMAL
..................................................................
TEMPERATURE (F)
 TODAY
  MAXIMUM         81    348 PM  99    2010  86     -5       84
  MINIMUM         51R   513 AM  53    1970  65    -14       68
  AVERAGE         66                        76    -10       76

PRECIPITATION (IN)
  TODAY            0.00          4.47 1885   0.11  -0.11     0.56
  MONTH TO DATE    1.40                      3.23  -1.83     3.20
  SINCE JUN 1      1.40                      3.23  -1.83     3.20
  SINCE JAN 1     18.53                     20.26  -1.73    21.05

SNOWFALL (IN)
  TODAY            0.0          MM      MM   0.0    0.0
  MONTH TO DATE    0.0                       0.0    0.0
  SINCE JUL 1      3.0                      20.1  -17.1
  SNOW DEPTH       0

DEGREE DAYS
 HEATING
  TODAY            0                         0      0        0
  MONTH TO DATE   11                        13     -2        4
  SINCE JUN 1     11                        13     -2        4
  SINCE JUL 1   3862                      4762   -900     4004

 COOLING
  TODAY            1                        11    -10       11
  MONTH TO DATE  250                       217     33      237
  SINCE JUN 1    250                       217     33      237
  SINCE JAN 1    358                       301     57      339
..................................................................


WIND (MPH)
  HIGHEST WIND SPEED    13   HIGHEST WIND DIRECTION     W (260)
  HIGHEST GUST SPEED    20   HIGHEST GUST DIRECTION    NW (330)
  AVERAGE WIND SPEED     4.1


SKY COVER
  POSSIBLE SUNSHINE  MM
  AVERAGE SKY COVER 0.2


WEATHER CONDITIONS
 THE FOLLOWING WEATHER WAS RECORDED TODAY.
  NO SIGNIFICANT WEATHER WAS OBSERVED.


RELATIVE HUMIDITY (PERCENT)
 HIGHEST    93           500 AM
 LOWEST     26           400 PM
 AVERAGE    60

..........................................................


THE BALTIMORE MD CLIMATE NORMALS FOR TOMORROW
                         NORMAL    RECORD    YEAR
 MAXIMUM TEMPERATURE (F)   87       105      1934
 MINIMUM TEMPERATURE (F)   66        53      1974


SUNRISE AND SUNSET
JUNE 28 2017..........SUNRISE   543 AM EDT   SUNSET   837 PM EDT
JUNE 29 2017..........SUNRISE   543 AM EDT   SUNSET   837 PM EDT


-  INDICATES NEGATIVE NUMBERS.
R  INDICATES RECORD WAS SET OR TIED.
MM INDICATES DATA IS MISSING.
T  INDICATES TRACE AMOUNT.




$$
