000
CDUS41 KLWX 012205
CLIBWI


CLIMATE REPORT
NATIONAL WEATHER SERVICE BALTIMORE MD/WASHINGTON DC
502 PM EST SUN MAR 1 2015


...................................

...THE BALTIMORE MD CLIMATE SUMMARY FOR MARCH 1 2015...
VALID TODAY AS OF 0500 PM LOCAL TIME.

CLIMATE NORMAL PERIOD 1981 TO 2010
CLIMATE RECORD PERIOD 1870 TO 2015


WEATHER ITEM   OBSERVED TIME   RECORD YEAR NORMAL DEPARTURE LAST
                VALUE   (LST)  VALUE       VALUE  FROM      YEAR
                                                  NORMAL
..................................................................
TEMPERATURE (F)
 TODAY
  MAXIMUM         31    359 PM  80    1972  49    -18       44
  MINIMUM         16    211 AM  11    1980  29    -13       14
  AVERAGE         24                        39    -15       29

PRECIPITATION (IN)
  TODAY            0.40          1.17 1954   0.11   0.29     0.00
  MONTH TO DATE    0.40                      0.11   0.29     0.00
  SINCE MAR 1      0.40                      0.11   0.29     0.00
  SINCE JAN 1      6.53                      6.06   0.47     7.29

SNOWFALL (IN)
  TODAY            0.2           6.0  1952   0.1    0.1
  MONTH TO DATE    0.2                       0.1    0.1
  SINCE JUL 1     21.2                      18.3    2.9
  SNOW DEPTH       1

DEGREE DAYS
 HEATING
  TODAY           41                        26     15       36
  MONTH TO DATE   41                        26     15       36
  SINCE MAR 1     41                        26     15       36
  SINCE JUL 1   3856                      3621    235     3793

 COOLING
  TODAY            0                         0      0        0
  MONTH TO DATE    0                         0      0        0
  SINCE MAR 1      0                         0      0        0
  SINCE JAN 1      0                         0      0        0
..................................................................


WIND (MPH)
  HIGHEST WIND SPEED     9   HIGHEST WIND DIRECTION     S (170)
  HIGHEST GUST SPEED    13   HIGHEST GUST DIRECTION     S (170)
  AVERAGE WIND SPEED     1.2


SKY COVER
  POSSIBLE SUNSHINE  MM
  AVERAGE SKY COVER 0.9


WEATHER CONDITIONS
 THE FOLLOWING WEATHER WAS RECORDED TODAY.
  FREEZING RAIN
  LT FREEZING RAIN
  SNOW
  LIGHT SNOW
  SLEET
  FOG


RELATIVE HUMIDITY (PERCENT)
 HIGHEST    92           300 PM
 LOWEST     61          1200 AM
 AVERAGE    77

..........................................................


THE BALTIMORE MD CLIMATE NORMALS FOR TOMORROW
                         NORMAL    RECORD    YEAR
 MAXIMUM TEMPERATURE (F)   49        80      1972
 MINIMUM TEMPERATURE (F)   30        13      1980
                                             1962


SUNRISE AND SUNSET
MARCH  1 2015.........SUNRISE   640 AM EST   SUNSET   559 PM EST
MARCH  2 2015.........SUNRISE   638 AM EST   SUNSET   600 PM EST


-  INDICATES NEGATIVE NUMBERS.
R  INDICATES RECORD WAS SET OR TIED.
MM INDICATES DATA IS MISSING.
T  INDICATES TRACE AMOUNT.




$$
