000
CDUS41 KLWX 210525
CLIBWI


CLIMATE REPORT
NATIONAL WEATHER SERVICE BALTIMORE MD/WASHINGTON DC
1224 AM EST TUE FEB 21 2017


...................................

...THE BALTIMORE MD CLIMATE SUMMARY FOR FEBRUARY 20 2017...

CLIMATE NORMAL PERIOD 1981 TO 2010
CLIMATE RECORD PERIOD 1870 TO 2017


WEATHER ITEM   OBSERVED TIME   RECORD YEAR NORMAL DEPARTURE LAST
                VALUE   (LST)  VALUE       VALUE  FROM      YEAR
                                                  NORMAL
..................................................................
TEMPERATURE (F)
 YESTERDAY
  MAXIMUM         64    301 PM  76    1930  46     18       67
  MINIMUM         37    712 AM   1    2015  27     10       39
  AVERAGE         51                        37     14       53

PRECIPITATION (IN)
  YESTERDAY        0.00          1.81 1924   0.11  -0.11     0.00
  MONTH TO DATE    0.46                      2.06  -1.60     2.42
  SINCE DEC 1      5.92                      8.48  -2.56    11.77
  SINCE JAN 1      3.15                      5.11  -1.96     5.92

SNOWFALL (IN)
  YESTERDAY        0.0           9.9  1947   0.3   -0.3
  MONTH TO DATE    T                         6.2   -6.2
  SINCE JUL 1      0.7                      16.4  -15.7
  SNOW DEPTH       0

DEGREE DAYS
 HEATING
  YESTERDAY       14                        28    -14       12
  MONTH TO DATE  464                       601   -137      616
  SINCE DEC 1   2080                      2473   -393     2122
  SINCE JUL 1   2779                      3377   -598     2842

 COOLING
  YESTERDAY        0                         0      0        0
  MONTH TO DATE    0                         0      0        0
  SINCE DEC 1      0                         0      0        1
  SINCE JAN 1      0                         0      0        0
..................................................................


WIND (MPH)
  HIGHEST WIND SPEED    16   HIGHEST WIND DIRECTION     N (360)
  HIGHEST GUST SPEED    25   HIGHEST GUST DIRECTION     N (350)
  AVERAGE WIND SPEED     6.4


SKY COVER
  POSSIBLE SUNSHINE  MM
  AVERAGE SKY COVER 0.2


WEATHER CONDITIONS
 THE FOLLOWING WEATHER WAS RECORDED YESTERDAY.
  NO SIGNIFICANT WEATHER WAS OBSERVED.


RELATIVE HUMIDITY (PERCENT)
 HIGHEST    92           700 AM
 LOWEST     27           100 PM
 AVERAGE    60

..........................................................


THE BALTIMORE MD CLIMATE NORMALS FOR TODAY
                         NORMAL    RECORD    YEAR
 MAXIMUM TEMPERATURE (F)   46        74      1930
 MINIMUM TEMPERATURE (F)   28         2      2015


SUNRISE AND SUNSET
FEBRUARY 21 2017......SUNRISE   650 AM EST   SUNSET   551 PM EST
FEBRUARY 22 2017......SUNRISE   649 AM EST   SUNSET   552 PM EST


-  INDICATES NEGATIVE NUMBERS.
R  INDICATES RECORD WAS SET OR TIED.
MM INDICATES DATA IS MISSING.
T  INDICATES TRACE AMOUNT.




$$
