000
CDUS41 KLWX 080525
CLIBWI


CLIMATE REPORT
NATIONAL WEATHER SERVICE BALTIMORE MD/WASHINGTON DC
1224 AM EST MON FEB 8 2016


...................................

...THE BALTIMORE MD CLIMATE SUMMARY FOR FEBRUARY 7 2016...

CLIMATE NORMAL PERIOD 1981 TO 2010
CLIMATE RECORD PERIOD 1870 TO 2016


WEATHER ITEM   OBSERVED TIME   RECORD YEAR NORMAL DEPARTURE LAST
                VALUE   (LST)  VALUE       VALUE  FROM      YEAR
                                                  NORMAL
..................................................................
TEMPERATURE (F)
 YESTERDAY
  MAXIMUM         44    424 PM  64    1904  43      1       46
  MINIMUM         22    728 AM   6    1895  25     -3       19
  AVERAGE         33                        34     -1       33

PRECIPITATION (IN)
  YESTERDAY        0.00          1.64 1965   0.10  -0.10     0.00
  MONTH TO DATE    0.88                      0.72   0.16     0.35
  SINCE DEC 1     10.23                      7.14   3.09     7.82
  SINCE JAN 1      4.38                      3.77   0.61     4.24

SNOWFALL (IN)
  YESTERDAY        0.0          10.1  1967   0.3   -0.3
  MONTH TO DATE    T                         2.3   -2.3
  SINCE JUL 1     30.0                      12.5   17.5
  SNOW DEPTH       0

DEGREE DAYS
 HEATING
  YESTERDAY       32                        31      1       32
  MONTH TO DATE  170                       217    -47      245
  SINCE DEC 1   1676                      2089   -413     2066
  SINCE JUL 1   2396                      2993   -597     2958

 COOLING
  YESTERDAY        0                         0      0        0
  MONTH TO DATE    0                         0      0        0
  SINCE DEC 1      1                         0      1        0
  SINCE JAN 1      0                         0      0        0
..................................................................


WIND (MPH)
  HIGHEST WIND SPEED    12   HIGHEST WIND DIRECTION    NE (30)
  HIGHEST GUST SPEED    18   HIGHEST GUST DIRECTION    NE (30)
  AVERAGE WIND SPEED     3.5


SKY COVER
  POSSIBLE SUNSHINE  MM
  AVERAGE SKY COVER 0.7


WEATHER CONDITIONS
 THE FOLLOWING WEATHER WAS RECORDED YESTERDAY.
  NO SIGNIFICANT WEATHER WAS OBSERVED.


RELATIVE HUMIDITY (PERCENT)
 HIGHEST    88           400 AM
 LOWEST     33           400 PM
 AVERAGE    61

..........................................................


THE BALTIMORE MD CLIMATE NORMALS FOR TODAY
                         NORMAL    RECORD    YEAR
 MAXIMUM TEMPERATURE (F)   43        70      1965
 MINIMUM TEMPERATURE (F)   26        -1      1967


SUNRISE AND SUNSET
FEBRUARY  8 2016......SUNRISE   707 AM EST   SUNSET   535 PM EST
FEBRUARY  9 2016......SUNRISE   706 AM EST   SUNSET   536 PM EST


-  INDICATES NEGATIVE NUMBERS.
R  INDICATES RECORD WAS SET OR TIED.
MM INDICATES DATA IS MISSING.
T  INDICATES TRACE AMOUNT.




$$
