000
CDUS45 KRIW 030735
CLIBYG


CLIMATE REPORT
NATIONAL WEATHER SERVICE RIVERTON WY
133 AM MDT MON AUG 3 2015


...................................

...THE BUFFALO WY CLIMATE SUMMARY FOR AUGUST 2 2015...

CLIMATE NORMAL PERIOD 1981 TO 2010
CLIMATE RECORD PERIOD 1998 TO 2015


WEATHER ITEM   OBSERVED TIME   RECORD YEAR NORMAL DEPARTURE LAST
                VALUE   (LST)  VALUE       VALUE  FROM      YEAR
                                                  NORMAL
..................................................................
TEMPERATURE (F)
 YESTERDAY
  MAXIMUM         87    431 PM  97    2001  86      1       86
  MINIMUM         62   1144 PM  49    1999  58      4       61
  AVERAGE         75                        72      3       74

PRECIPITATION (IN)
  YESTERDAY        0.00          0.26 1998   0.04  -0.04     0.01
  MONTH TO DATE    0.00                      0.08  -0.08     0.01
  SINCE JUN 1      4.00                      4.02  -0.02     3.86
  SINCE JAN 1     11.26                      9.54   1.72     7.62

DEGREE DAYS
 HEATING
  YESTERDAY        0                         1     -1        0
  MONTH TO DATE    0                         2     -2        0
  SINCE JUN 1     84                       190   -106      217
  SINCE JUL 1     30                        27      3       11

 COOLING
  YESTERDAY       10                         8      2        9
  MONTH TO DATE   23                        16      7       19
  SINCE JUN 1    241                       270    -29      213
  SINCE JAN 1    241                       277    -36      224
..................................................................


WIND (MPH)
  HIGHEST WIND SPEED    25   HIGHEST WIND DIRECTION     N (360)
  HIGHEST GUST SPEED    31   HIGHEST GUST DIRECTION     N (350)
  AVERAGE WIND SPEED     9.9


SKY COVER
  POSSIBLE SUNSHINE  MM
  AVERAGE SKY COVER 0.0


WEATHER CONDITIONS
 THE FOLLOWING WEATHER WAS RECORDED YESTERDAY.
  NO SIGNIFICANT WEATHER WAS OBSERVED.


RELATIVE HUMIDITY (PERCENT)
 HIGHEST    44          1100 PM
 LOWEST     16           900 AM
 AVERAGE    30

..........................................................


THE BUFFALO WY CLIMATE NORMALS FOR TODAY
                         NORMAL    RECORD    YEAR
 MAXIMUM TEMPERATURE (F)   86       103      2001
 MINIMUM TEMPERATURE (F)   58        47      2012


SUNRISE AND SUNSET
AUGUST  3 2015........SUNRISE   556 AM MDT   SUNSET   829 PM MDT
AUGUST  4 2015........SUNRISE   557 AM MDT   SUNSET   828 PM MDT


-  INDICATES NEGATIVE NUMBERS.
R  INDICATES RECORD WAS SET OR TIED.
MM INDICATES DATA IS MISSING.
T  INDICATES TRACE AMOUNT.




$$
