000
CDUS45 KRIW 280730
CLIBYG


CLIMATE REPORT
NATIONAL WEATHER SERVICE RIVERTON WY
130 AM MDT THU AUG 28 2014


...................................

...THE BUFFALO WY CLIMATE SUMMARY FOR AUGUST 27 2014...

CLIMATE NORMAL PERIOD 1981 TO 2010
CLIMATE RECORD PERIOD 1998 TO 2014


WEATHER ITEM   OBSERVED TIME   RECORD YEAR NORMAL DEPARTURE LAST
                VALUE   (LST)  VALUE       VALUE  FROM      YEAR
                                                  NORMAL
..................................................................
TEMPERATURE (F)
 YESTERDAY
  MAXIMUM         78   1214 PM  96    2012  81     -3       89
                                      2011
  MINIMUM         53    536 AM  41    2004  53      0       62
  AVERAGE         66                        67     -1       76

PRECIPITATION (IN)
  YESTERDAY        0.15          0.92 2002   0.01   0.14     0.01
  MONTH TO DATE    2.24                      0.74   1.50     0.23
  SINCE JUN 1      6.09                      4.68   1.41     1.29
  SINCE JAN 1      9.85                     10.20  -0.35     4.42

DEGREE DAYS
 HEATING
  YESTERDAY        0                         2     -2        0
  MONTH TO DATE   42                        31     11        0
  SINCE JUN 1    259                       219     40      101
  SINCE JUL 1     53                        56     -3        1

 COOLING
  YESTERDAY        1                         4     -3       11
  MONTH TO DATE  123                       168    -45      224
  SINCE JUN 1    317                       422   -105      559
  SINCE JAN 1    328                       429   -101      569
..................................................................


WIND (MPH)
  HIGHEST WIND SPEED    21   HIGHEST WIND DIRECTION     S (170)
  HIGHEST GUST SPEED    24   HIGHEST GUST DIRECTION     S (190)
  AVERAGE WIND SPEED     8.0


SKY COVER
  POSSIBLE SUNSHINE  MM
  AVERAGE SKY COVER 0.1


WEATHER CONDITIONS
 THE FOLLOWING WEATHER WAS RECORDED YESTERDAY.
  HEAVY RAIN
  RAIN
  LIGHT RAIN


RELATIVE HUMIDITY (PERCENT)
 HIGHEST    84           800 PM
 LOWEST     39           300 PM
 AVERAGE    62

..........................................................


THE BUFFALO WY CLIMATE NORMALS FOR TODAY
                         NORMAL    RECORD    YEAR
 MAXIMUM TEMPERATURE (F)   81        97      2012
 MINIMUM TEMPERATURE (F)   53        44      2008


SUNRISE AND SUNSET
AUGUST 28 2014........SUNRISE   625 AM MDT   SUNSET   750 PM MDT
AUGUST 29 2014........SUNRISE   626 AM MDT   SUNSET   748 PM MDT


-  INDICATES NEGATIVE NUMBERS.
R  INDICATES RECORD WAS SET OR TIED.
MM INDICATES DATA IS MISSING.
T  INDICATES TRACE AMOUNT.




$$
