000
CDUS45 KRIW 230749
CLIBYG


CLIMATE REPORT
NATIONAL WEATHER SERVICE RIVERTON WY
138 AM MDT SUN JUL 23 2017


...................................

...THE BUFFALO WY CLIMATE SUMMARY FOR JULY 22 2017...

CLIMATE NORMAL PERIOD 1981 TO 2010
CLIMATE RECORD PERIOD 1998 TO 2017


WEATHER ITEM   OBSERVED TIME   RECORD YEAR NORMAL DEPARTURE LAST
                VALUE   (LST)  VALUE       VALUE  FROM      YEAR
                                                  NORMAL
..................................................................
TEMPERATURE (F)
 YESTERDAY
  MAXIMUM         88    400 PM 101    2016  86      2      101
  MINIMUM         63   1159 PM  51    2010  58      5       66
  AVERAGE         76                        72      4       84

PRECIPITATION (IN)
  YESTERDAY        0.00          0.12 2004   0.05  -0.05     0.00
  MONTH TO DATE    0.90                      1.19  -0.29     0.14
  SINCE JUN 1      2.60                      3.47  -0.87     0.53
  SINCE JAN 1     10.88                      8.99   1.89     5.45

DEGREE DAYS
 HEATING
  YESTERDAY        0                         1     -1        0
  MONTH TO DATE    0                        25    -25        1
  SINCE JUN 1     98                       188    -90       16
  SINCE JUL 1      0                        25    -25        1

 COOLING
  YESTERDAY       11                         8      3       19
  MONTH TO DATE  238                       134    104      171
  SINCE JUN 1    285                       185    100      306
  SINCE JAN 1    296                       192    104      311
..................................................................


WIND (MPH)
  HIGHEST WIND SPEED    18   HIGHEST WIND DIRECTION    NW (330)
  HIGHEST GUST SPEED    26   HIGHEST GUST DIRECTION    NW (320)
  AVERAGE WIND SPEED     8.2


SKY COVER
  POSSIBLE SUNSHINE  MM
  AVERAGE SKY COVER 0.0


WEATHER CONDITIONS
 THE FOLLOWING WEATHER WAS RECORDED YESTERDAY.
  NO SIGNIFICANT WEATHER WAS OBSERVED.


RELATIVE HUMIDITY (PERCENT)
 HIGHEST    37          1200 AM
 LOWEST     13           200 PM
 AVERAGE    25

..........................................................


THE BUFFALO WY CLIMATE NORMALS FOR TODAY
                         NORMAL    RECORD    YEAR
 MAXIMUM TEMPERATURE (F)   86       100      2014
                                             2007
 MINIMUM TEMPERATURE (F)   58        48      2004


SUNRISE AND SUNSET
JULY 23 2017..........SUNRISE   545 AM MDT   SUNSET   841 PM MDT
JULY 24 2017..........SUNRISE   546 AM MDT   SUNSET   840 PM MDT


-  INDICATES NEGATIVE NUMBERS.
R  INDICATES RECORD WAS SET OR TIED.
MM INDICATES DATA IS MISSING.
T  INDICATES TRACE AMOUNT.




$$
