000
CDUS45 KRIW 290733
CLIBYG


CLIMATE REPORT
NATIONAL WEATHER SERVICE RIVERTON WY
132 AM MDT TUE JUL 29 2014


...................................

...THE BUFFALO WY CLIMATE SUMMARY FOR JULY 28 2014...

CLIMATE NORMAL PERIOD 1981 TO 2010
CLIMATE RECORD PERIOD 1998 TO 2014


WEATHER ITEM   OBSERVED TIME   RECORD YEAR NORMAL DEPARTURE LAST
                VALUE   (LST)  VALUE       VALUE  FROM      YEAR
                                                  NORMAL
..................................................................
TEMPERATURE (F)
 YESTERDAY
  MAXIMUM         88    414 PM 100    2006  86      2       83
  MINIMUM         54    518 AM  49    2004  58     -4       59
  AVERAGE         71                        72     -1       71

PRECIPITATION (IN)
  YESTERDAY        T             0.28 2004   0.05  -0.05      T
  MONTH TO DATE    0.94                      1.49  -0.55      T
  SINCE JUN 1      3.85                      3.77   0.08     0.95
  SINCE JAN 1      7.61                      9.29  -1.68     4.08

DEGREE DAYS
 HEATING
  YESTERDAY        0                         1     -1        0
  MONTH TO DATE   11                        31    -20        0
  SINCE JUN 1    217                       194     23      100
  SINCE JUL 1     11                        31    -20        0

 COOLING
  YESTERDAY        6                         8     -2        6
  MONTH TO DATE  176                       182     -6      251
  SINCE JUN 1    181                       233    -52      328
  SINCE JAN 1    192                       240    -48      338
..................................................................


WIND (MPH)
  HIGHEST WIND SPEED    14   HIGHEST WIND DIRECTION     W (260)
  HIGHEST GUST SPEED    19   HIGHEST GUST DIRECTION    NE (60)
  AVERAGE WIND SPEED     7.1


SKY COVER
  POSSIBLE SUNSHINE  MM
  AVERAGE SKY COVER 0.1


WEATHER CONDITIONS
 THE FOLLOWING WEATHER WAS RECORDED YESTERDAY.
  NO SIGNIFICANT WEATHER WAS OBSERVED.


RELATIVE HUMIDITY (PERCENT)
 HIGHEST    60           700 AM
 LOWEST     23           400 PM
 AVERAGE    42

..........................................................


THE BUFFALO WY CLIMATE NORMALS FOR TODAY
                         NORMAL    RECORD    YEAR
 MAXIMUM TEMPERATURE (F)   86       101      2006
 MINIMUM TEMPERATURE (F)   58        46      2009


SUNRISE AND SUNSET
JULY 29 2014..........SUNRISE   551 AM MDT   SUNSET   835 PM MDT
JULY 30 2014..........SUNRISE   552 AM MDT   SUNSET   834 PM MDT


-  INDICATES NEGATIVE NUMBERS.
R  INDICATES RECORD WAS SET OR TIED.
MM INDICATES DATA IS MISSING.
T  INDICATES TRACE AMOUNT.




$$
