000
CDUS45 KRIW 300042
CLIBYG


CLIMATE REPORT
NATIONAL WEATHER SERVICE RIVERTON WY
641 PM MDT SAT AUG 29 2015


...................................

...THE BUFFALO WY CLIMATE SUMMARY FOR AUGUST 29 2015...
VALID TODAY AS OF 0500 PM LOCAL TIME.

CLIMATE NORMAL PERIOD 1981 TO 2010
CLIMATE RECORD PERIOD 1998 TO 2015


WEATHER ITEM   OBSERVED TIME   RECORD YEAR NORMAL DEPARTURE LAST
                VALUE   (LST)  VALUE       VALUE  FROM      YEAR
                                                  NORMAL
..................................................................
TEMPERATURE (F)
 TODAY
  MAXIMUM         97        MM  99    2012  81     16       75
  MINIMUM         65        MM  47    2009  52     13       56
                                      2003
  AVERAGE         81

PRECIPITATION (IN)
  TODAY            0.00          0.25 2011   0.02  -0.02     0.01
  MONTH TO DATE    1.15                      0.78   0.37     2.25
  SINCE JUN 1      5.15                      4.72   0.43     6.10
  SINCE JAN 1     12.41                     10.24   2.17     9.86

DEGREE DAYS
 HEATING
  TODAY            0                         3     -3        0
  MONTH TO DATE   49                        36     13       42
  SINCE JUN 1    133                       224    -91      259
  SINCE JUL 1     79                        61     18       53

 COOLING
  TODAY           16                         4     12        1
  MONTH TO DATE  208                       176     32      128
  SINCE JUN 1    426                       430     -4      322
  SINCE JAN 1    426                       437    -11      333
..................................................................


WIND (MPH)
  HIGHEST WIND SPEED    14   HIGHEST WIND DIRECTION    SW (220)
  HIGHEST GUST SPEED    16   HIGHEST GUST DIRECTION    SE (130)
  AVERAGE WIND SPEED     6.7


SKY COVER
  POSSIBLE SUNSHINE  MM
  AVERAGE SKY COVER 0.0


WEATHER CONDITIONS
 THE FOLLOWING WEATHER WAS RECORDED TODAY.
  NO SIGNIFICANT WEATHER WAS OBSERVED.


RELATIVE HUMIDITY (PERCENT)
 HIGHEST    37          1200 AM
 LOWEST      8           300 PM
 AVERAGE    23

..........................................................


THE BUFFALO WY CLIMATE NORMALS FOR TOMORROW
                         NORMAL    RECORD    YEAR
 MAXIMUM TEMPERATURE (F)   80        96      2008
 MINIMUM TEMPERATURE (F)   52        45      2005


SUNRISE AND SUNSET
AUGUST 29 2015........SUNRISE   626 AM MDT   SUNSET   749 PM MDT
AUGUST 30 2015........SUNRISE   627 AM MDT   SUNSET   747 PM MDT


-  INDICATES NEGATIVE NUMBERS.
R  INDICATES RECORD WAS SET OR TIED.
MM INDICATES DATA IS MISSING.
T  INDICATES TRACE AMOUNT.




$$
