000
CDUS45 KRIW 220732
CLIBYG


CLIMATE REPORT
NATIONAL WEATHER SERVICE RIVERTON WY
130 AM MDT MON SEP 22 2014


...................................

...THE BUFFALO WY CLIMATE SUMMARY FOR SEPTEMBER 21 2014...

CLIMATE NORMAL PERIOD 1981 TO 2010
CLIMATE RECORD PERIOD 1998 TO 2014


WEATHER ITEM   OBSERVED TIME   RECORD YEAR NORMAL DEPARTURE LAST
                VALUE   (LST)  VALUE       VALUE  FROM      YEAR
                                                  NORMAL
..................................................................
TEMPERATURE (F)
 YESTERDAY
  MAXIMUM         75    407 PM  85    2013  68      7       85
  MINIMUM         44    517 AM  31    2000  43      1       49
  AVERAGE         60                        55      5       67

PRECIPITATION (IN)
  YESTERDAY        0.00          0.35 2006   0.05  -0.05     0.00
  MONTH TO DATE    0.84                      0.82   0.02     2.02
  SINCE SEP 1      0.84                      0.82   0.02     2.02
  SINCE JAN 1     11.05                     11.09  -0.04     6.44

DEGREE DAYS
 HEATING
  YESTERDAY        5                        10     -5        0
  MONTH TO DATE  197                       137     60       35
  SINCE SEP 1    197                       137     60       35
  SINCE JUL 1    256                       202     54       36

 COOLING
  YESTERDAY        0                         1     -1        2
  MONTH TO DATE   26                        42    -16       95
  SINCE SEP 1     26                        42    -16       95
  SINCE JAN 1    360                       488   -128      709
..................................................................


WIND (MPH)
  HIGHEST WIND SPEED    23   HIGHEST WIND DIRECTION    SE (150)
  HIGHEST GUST SPEED    28   HIGHEST GUST DIRECTION    SE (140)
  AVERAGE WIND SPEED    10.9


SKY COVER
  POSSIBLE SUNSHINE  MM
  AVERAGE SKY COVER 0.0


WEATHER CONDITIONS
 THE FOLLOWING WEATHER WAS RECORDED YESTERDAY.
  NO SIGNIFICANT WEATHER WAS OBSERVED.


RELATIVE HUMIDITY (PERCENT)
 HIGHEST    71           500 AM
 LOWEST     29          1200 PM
 AVERAGE    50

..........................................................


THE BUFFALO WY CLIMATE NORMALS FOR TODAY
                         NORMAL    RECORD    YEAR
 MAXIMUM TEMPERATURE (F)   68        88      2007
 MINIMUM TEMPERATURE (F)   42        25      2000


SUNRISE AND SUNSET
SEPTEMBER 22 2014.....SUNRISE   654 AM MDT   SUNSET   704 PM MDT
SEPTEMBER 23 2014.....SUNRISE   655 AM MDT   SUNSET   702 PM MDT


-  INDICATES NEGATIVE NUMBERS.
R  INDICATES RECORD WAS SET OR TIED.
MM INDICATES DATA IS MISSING.
T  INDICATES TRACE AMOUNT.




$$
