000
CDUS45 KRIW 110741
CLIBYG


CLIMATE REPORT
NATIONAL WEATHER SERVICE RIVERTON WY
1231 AM MST THU FEB 11 2016


...................................

...THE BUFFALO WY CLIMATE SUMMARY FOR FEBRUARY 10 2016...

CLIMATE NORMAL PERIOD 1981 TO 2010
CLIMATE RECORD PERIOD 1998 TO 2016


WEATHER ITEM   OBSERVED TIME   RECORD YEAR NORMAL DEPARTURE LAST
                VALUE   (LST)  VALUE       VALUE  FROM      YEAR
                                                  NORMAL
..................................................................
TEMPERATURE (F)
 YESTERDAY
  MAXIMUM         60R   429 AM  53    1999  37     23       47
  MINIMUM         40   1003 PM  -5    2008  18     22       27
  AVERAGE         50                        27     23       37

PRECIPITATION (IN)
  YESTERDAY        0.00          0.15 2012   0.01  -0.01     0.01
  MONTH TO DATE    0.22                      0.13   0.09     0.04
  SINCE DEC 1      0.45                      0.95  -0.50     0.28
  SINCE JAN 1      0.35                      0.55  -0.20     0.20

DEGREE DAYS
 HEATING
  YESTERDAY       15                        38    -23       28
  MONTH TO DATE  339                       380    -41      260
  SINCE DEC 1   2496                      2753   -257     2245
  SINCE JUL 1   3925                      4587   -662     4001

 COOLING
  YESTERDAY        0                         0      0        0
  MONTH TO DATE    0                         0      0        0
  SINCE DEC 1      0                         0      0        0
  SINCE JAN 1      0                         0      0        0
..................................................................


WIND (MPH)
  HIGHEST WIND SPEED    23   HIGHEST WIND DIRECTION     N (350)
  HIGHEST GUST SPEED    34   HIGHEST GUST DIRECTION     N (350)
  AVERAGE WIND SPEED     8.7


SKY COVER
  POSSIBLE SUNSHINE  MM
  AVERAGE SKY COVER 0.0


WEATHER CONDITIONS
 THE FOLLOWING WEATHER WAS RECORDED YESTERDAY.
  NO SIGNIFICANT WEATHER WAS OBSERVED.


RELATIVE HUMIDITY (PERCENT)
 HIGHEST    51          1000 PM
 LOWEST     14           400 AM
 AVERAGE    33

..........................................................


THE BUFFALO WY CLIMATE NORMALS FOR TODAY
                         NORMAL    RECORD    YEAR
 MAXIMUM TEMPERATURE (F)   37        55      2002
 MINIMUM TEMPERATURE (F)   18        -1      2004


SUNRISE AND SUNSET
FEBRUARY 11 2016......SUNRISE   713 AM MST   SUNSET   530 PM MST
FEBRUARY 12 2016......SUNRISE   712 AM MST   SUNSET   531 PM MST


-  INDICATES NEGATIVE NUMBERS.
R  INDICATES RECORD WAS SET OR TIED.
MM INDICATES DATA IS MISSING.
T  INDICATES TRACE AMOUNT.




$$
