000
CDUS45 KRIW 040732
CLIBYG


CLIMATE REPORT
NATIONAL WEATHER SERVICE RIVERTON WY
1230 AM MST SUN DEC 4 2016


...................................

...THE BUFFALO WY CLIMATE SUMMARY FOR DECEMBER 3 2016...

CLIMATE NORMAL PERIOD 1981 TO 2010
CLIMATE RECORD PERIOD 1998 TO 2016


WEATHER ITEM   OBSERVED TIME   RECORD YEAR NORMAL DEPARTURE LAST
                VALUE   (LST)  VALUE       VALUE  FROM      YEAR
                                                  NORMAL
..................................................................
TEMPERATURE (F)
 YESTERDAY
  MAXIMUM         43    129 PM  51    2007  37      6       43
  MINIMUM         21    141 AM   2    2013  16      5       25
                                      2009
  AVERAGE         32                        27      5       34

PRECIPITATION (IN)
  YESTERDAY        0.00          0.05 2002   0.02  -0.02     0.00
  MONTH TO DATE    T                         0.06  -0.06     0.00
  SINCE DEC 1      T                         0.06  -0.06     0.00
  SINCE JAN 1     12.04                     13.11  -1.07    13.67

DEGREE DAYS
 HEATING
  YESTERDAY       33                        38     -5       31
  MONTH TO DATE  100                       114    -14      100
  SINCE DEC 1    100                       114    -14      100
  SINCE JUL 1   1282                      1948   -666     1529

 COOLING
  YESTERDAY        0                         0      0        0
  MONTH TO DATE    0                         0      0        0
  SINCE DEC 1      0                         0      0        0
  SINCE JAN 1    632                       492    140      560
..................................................................


WIND (MPH)
  HIGHEST WIND SPEED    22   HIGHEST WIND DIRECTION    NW (330)
  HIGHEST GUST SPEED    28   HIGHEST GUST DIRECTION     N (340)
  AVERAGE WIND SPEED     6.6


SKY COVER
  POSSIBLE SUNSHINE  MM
  AVERAGE SKY COVER 0.6


WEATHER CONDITIONS
 THE FOLLOWING WEATHER WAS RECORDED YESTERDAY.
  NO SIGNIFICANT WEATHER WAS OBSERVED.


RELATIVE HUMIDITY (PERCENT)
 HIGHEST    52          1200 AM
 LOWEST     32           500 PM
 AVERAGE    42

..........................................................


THE BUFFALO WY CLIMATE NORMALS FOR TODAY
                         NORMAL    RECORD    YEAR
 MAXIMUM TEMPERATURE (F)   37        61      2007
 MINIMUM TEMPERATURE (F)   16        -9      2013


SUNRISE AND SUNSET
DECEMBER  4 2016......SUNRISE   727 AM MST   SUNSET   428 PM MST
DECEMBER  5 2016......SUNRISE   728 AM MST   SUNSET   428 PM MST


-  INDICATES NEGATIVE NUMBERS.
R  INDICATES RECORD WAS SET OR TIED.
MM INDICATES DATA IS MISSING.
T  INDICATES TRACE AMOUNT.




$$
