000
CDUS45 KRIW 010739
CLIBYG


CLIMATE REPORT
NATIONAL WEATHER SERVICE RIVERTON WY
136 AM MDT WED JUL 1 2015


...................................

...THE BUFFALO WY CLIMATE SUMMARY FOR JUNE 30 2015...

CLIMATE NORMAL PERIOD 1981 TO 2010
CLIMATE RECORD PERIOD 1998 TO 2015


WEATHER ITEM   OBSERVED TIME   RECORD YEAR NORMAL DEPARTURE LAST
                VALUE   (LST)  VALUE       VALUE  FROM      YEAR
                                                  NORMAL
..................................................................
TEMPERATURE (F)
 YESTERDAY
  MAXIMUM         85    443 PM  99    2002  81      4       67
  MINIMUM         65    529 AM  46    1999  53     12       52
  AVERAGE         75                        67      8       60

PRECIPITATION (IN)
  YESTERDAY        0.03          0.18 1999   0.05  -0.02      T
  MONTH TO DATE    3.23                      2.28   0.95     2.91
  SINCE JUN 1      3.23                      2.28   0.95     2.91
  SINCE JAN 1     10.49                      7.80   2.69     6.67

DEGREE DAYS
 HEATING
  YESTERDAY        0                         2     -2        5
  MONTH TO DATE   54                       162   -108      206
  SINCE JUN 1     54                       163   -109      206
  SINCE JUL 1   6481                      7417   -936     7493

 COOLING
  YESTERDAY       10                         4      6        0
  MONTH TO DATE   70                        51     19        5
  SINCE JUN 1     70                        51     19        5
  SINCE JAN 1     70                        58     12       16
..................................................................


WIND (MPH)
  HIGHEST WIND SPEED    20   HIGHEST WIND DIRECTION     N (350)
  HIGHEST GUST SPEED    27   HIGHEST GUST DIRECTION     N (340)
  AVERAGE WIND SPEED     8.2


SKY COVER
  POSSIBLE SUNSHINE  MM
  AVERAGE SKY COVER 0.2


WEATHER CONDITIONS
 THE FOLLOWING WEATHER WAS RECORDED YESTERDAY.
  LIGHT RAIN


RELATIVE HUMIDITY (PERCENT)
 HIGHEST    63           500 AM
 LOWEST     32           500 PM
 AVERAGE    48

..........................................................


THE BUFFALO WY CLIMATE NORMALS FOR TODAY
                         NORMAL    RECORD    YEAR
 MAXIMUM TEMPERATURE (F)   81       101      2012
 MINIMUM TEMPERATURE (F)   54        42      1999


SUNRISE AND SUNSET
JULY  1 2015..........SUNRISE   526 AM MDT   SUNSET   855 PM MDT
JULY  2 2015..........SUNRISE   527 AM MDT   SUNSET   855 PM MDT


-  INDICATES NEGATIVE NUMBERS.
R  INDICATES RECORD WAS SET OR TIED.
MM INDICATES DATA IS MISSING.
T  INDICATES TRACE AMOUNT.




$$
