000
CDUS45 KRIW 240737
CLIBYG


CLIMATE REPORT
NATIONAL WEATHER SERVICE RIVERTON WY
1237 AM MST SAT FEB 24 2018


...................................

...THE BUFFALO WY CLIMATE SUMMARY FOR FEBRUARY 23 2018...

CLIMATE NORMAL PERIOD 1981 TO 2010
CLIMATE RECORD PERIOD 1998 TO 2018


WEATHER ITEM   OBSERVED TIME   RECORD YEAR NORMAL DEPARTURE LAST
                VALUE   (LST)  VALUE       VALUE  FROM      YEAR
                                                  NORMAL
..................................................................
TEMPERATURE (F)
 YESTERDAY
  MAXIMUM         21    355 PM  57    2009  40    -19       30
  MINIMUM          2    605 AM -13    2003  19    -17       21
  AVERAGE         12                        29    -17       26

PRECIPITATION (IN)
  YESTERDAY        0.00          0.10 2017   0.01  -0.01     0.10
  MONTH TO DATE    0.22                      0.29  -0.07     0.32
  SINCE DEC 1      0.66                      1.11  -0.45     0.67
  SINCE JAN 1      0.34                      0.71  -0.37     0.42

DEGREE DAYS
 HEATING
  YESTERDAY       53                        36     17       39
  MONTH TO DATE 1089                       858    231      700
  SINCE DEC 1   3269                      3231     38     3445
  SINCE JUL 1   4931                      5065   -134     4627

 COOLING
  YESTERDAY        0                         0      0        0
  MONTH TO DATE    0                         0      0        0
  SINCE DEC 1      0                         0      0        0
  SINCE JAN 1      0                         0      0        0
..................................................................


WIND (MPH)
  HIGHEST WIND SPEED    10   HIGHEST WIND DIRECTION     S (160)
  HIGHEST GUST SPEED    12   HIGHEST GUST DIRECTION     S (160)
  AVERAGE WIND SPEED     3.5


SKY COVER
  POSSIBLE SUNSHINE  MM
  AVERAGE SKY COVER 0.0


WEATHER CONDITIONS
 THE FOLLOWING WEATHER WAS RECORDED YESTERDAY.
  NO SIGNIFICANT WEATHER WAS OBSERVED.


RELATIVE HUMIDITY (PERCENT)
 HIGHEST    73           800 PM
 LOWEST     47          1000 PM
 AVERAGE    60

..........................................................


THE BUFFALO WY CLIMATE NORMALS FOR TODAY
                         NORMAL    RECORD    YEAR
 MAXIMUM TEMPERATURE (F)   40        59      2009
 MINIMUM TEMPERATURE (F)   19       -15      2003


SUNRISE AND SUNSET
FEBRUARY 24 2018......SUNRISE   652 AM MST   SUNSET   548 PM MST
FEBRUARY 25 2018......SUNRISE   651 AM MST   SUNSET   550 PM MST


-  INDICATES NEGATIVE NUMBERS.
R  INDICATES RECORD WAS SET OR TIED.
MM INDICATES DATA IS MISSING.
T  INDICATES TRACE AMOUNT.




$$
