000
CDUS45 KRIW 020738
CLIBYG


CLIMATE REPORT
NATIONAL WEATHER SERVICE RIVERTON WY
128 AM MDT TUE JUN 2 2015


...................................

...THE BUFFALO WY CLIMATE SUMMARY FOR JUNE 1 2015...

CLIMATE NORMAL PERIOD 1981 TO 2010
CLIMATE RECORD PERIOD 1998 TO 2015


WEATHER ITEM   OBSERVED TIME   RECORD YEAR NORMAL DEPARTURE LAST
                VALUE   (LST)  VALUE       VALUE  FROM      YEAR
                                                  NORMAL
..................................................................
TEMPERATURE (F)
 YESTERDAY
  MAXIMUM         81R   240 PM  80    2011  68     13       60
  MINIMUM         54    343 AM  34    2000  44     10       44
  AVERAGE         68                        56     12       52

PRECIPITATION (IN)
  YESTERDAY        0.04          0.47 2008   0.11  -0.07     0.11
  MONTH TO DATE    0.04                      0.11  -0.07     0.11
  SINCE JUN 1      0.04                      0.11  -0.07     0.11
  SINCE JAN 1      7.30                      5.63   1.67     3.87

DEGREE DAYS
 HEATING
  YESTERDAY        0                         9     -9       13
  MONTH TO DATE    0                         9     -9       13
  SINCE JUN 1      0                         9     -9       13
  SINCE JUL 1   6427                      7263   -836     7300

 COOLING
  YESTERDAY        3                         0      3        0
  MONTH TO DATE    3                         0      3        0
  SINCE JUN 1      3                         0      3        0
  SINCE JAN 1      3                         7     -4       11
..................................................................


WIND (MPH)
  HIGHEST WIND SPEED    44   HIGHEST WIND DIRECTION     W (260)
  HIGHEST GUST SPEED    56   HIGHEST GUST DIRECTION     W (260)
  AVERAGE WIND SPEED     9.1


SKY COVER
  POSSIBLE SUNSHINE  MM
  AVERAGE SKY COVER 0.0


WEATHER CONDITIONS
 THE FOLLOWING WEATHER WAS RECORDED YESTERDAY.
  THUNDERSTORM
  LIGHT RAIN


RELATIVE HUMIDITY (PERCENT)
 HIGHEST    67          1200 AM
 LOWEST     42           300 PM
 AVERAGE    55

..........................................................


THE BUFFALO WY CLIMATE NORMALS FOR TODAY
                         NORMAL    RECORD    YEAR
 MAXIMUM TEMPERATURE (F)   68        88      2006
 MINIMUM TEMPERATURE (F)   44        34      2000


SUNRISE AND SUNSET
JUNE  2 2015..........SUNRISE   525 AM MDT   SUNSET   845 PM MDT
JUNE  3 2015..........SUNRISE   525 AM MDT   SUNSET   846 PM MDT


-  INDICATES NEGATIVE NUMBERS.
R  INDICATES RECORD WAS SET OR TIED.
MM INDICATES DATA IS MISSING.
T  INDICATES TRACE AMOUNT.




$$
