000
CDUS45 KPIH 240731
CLIBYI


CLIMATE REPORT
NATIONAL WEATHER SERVICE POCATELLO ID
130 AM MDT THU JUL 24 2014


...................................

...THE BURLEY ID CLIMATE SUMMARY FOR JULY 23 2014...

CLIMATE NORMAL PERIOD 1981 TO 2010
CLIMATE RECORD PERIOD 1948 TO 2014


WEATHER ITEM   OBSERVED TIME   RECORD YEAR NORMAL DEPARTURE LAST
                VALUE   (LST)  VALUE       VALUE  FROM      YEAR
                                                  NORMAL
..................................................................
TEMPERATURE (F)
 YESTERDAY
  MAXIMUM         94    344 PM 101    2003  87      7       91
                                      1959
  MINIMUM         58    147 AM  40    1954  55      3       51
  AVERAGE         76                        71      5       71

PRECIPITATION (IN)
  YESTERDAY        0.00          0.56 1993   0.01  -0.01     0.00
  MONTH TO DATE    0.01                      0.22  -0.21     0.03
  SINCE OCT 1      7.38                      9.11  -1.73     5.92
  SINCE JAN 1      6.77                      6.28   0.49     2.32

SNOWFALL (IN)
  YESTERDAY       MM
  MONTH TO DATE   MM
  SINCE JUN 1     MM
  SINCE JUL 1     MM
  SNOW DEPTH      MM

DEGREE DAYS
 HEATING
  YESTERDAY        0                         0      0        0
  MONTH TO DATE    0                        20    -20        0
  SINCE JUN 1    104                       154    -50      101
  SINCE JUL 1      0                        20    -20        0

 COOLING
  YESTERDAY       11                         6      5        6
  MONTH TO DATE  207                       112     95      206
  SINCE JUN 1    226                       159     67      292
  SINCE JAN 1    227                       165     62      302
..................................................................


WIND (MPH)
  HIGHEST WIND SPEED    25   HIGHEST WIND DIRECTION     W (250)
  HIGHEST GUST SPEED    32   HIGHEST GUST DIRECTION     W (260)
  AVERAGE WIND SPEED     7.1


SKY COVER
  POSSIBLE SUNSHINE  MM
  AVERAGE SKY COVER 0.0


WEATHER CONDITIONS
 THE FOLLOWING WEATHER WAS RECORDED YESTERDAY.
  NO SIGNIFICANT WEATHER WAS OBSERVED.


RELATIVE HUMIDITY (PERCENT)
 HIGHEST    69           200 AM
 LOWEST     18           400 PM
 AVERAGE    44

..........................................................


THE BURLEY ID CLIMATE NORMALS FOR TODAY
                         NORMAL    RECORD    YEAR
 MAXIMUM TEMPERATURE (F)   87        98      1978
 MINIMUM TEMPERATURE (F)   55        43      1970


SUNRISE AND SUNSET
JULY 24 2014..........SUNRISE   619 AM MDT   SUNSET   903 PM MDT
JULY 25 2014..........SUNRISE   620 AM MDT   SUNSET   902 PM MDT


-  INDICATES NEGATIVE NUMBERS.
R  INDICATES RECORD WAS SET OR TIED.
MM INDICATES DATA IS MISSING.
T  INDICATES TRACE AMOUNT.




$$
