000
CDUS45 KPIH 280731
CLIBYI


CLIMATE REPORT
NATIONAL WEATHER SERVICE POCATELLO ID
131 AM MDT MON JUL 28 2014


...................................

...THE BURLEY ID CLIMATE SUMMARY FOR JULY 27 2014...

CLIMATE NORMAL PERIOD 1981 TO 2010
CLIMATE RECORD PERIOD 1948 TO 2014


WEATHER ITEM   OBSERVED TIME   RECORD YEAR NORMAL DEPARTURE LAST
                VALUE   (LST)  VALUE       VALUE  FROM      YEAR
                                                  NORMAL
..................................................................
TEMPERATURE (F)
 YESTERDAY
  MAXIMUM         96    455 PM 103    1999  87      9       88
  MINIMUM         51    521 AM  43    1963  55     -4       65
  AVERAGE         74                        71      3       77

PRECIPITATION (IN)
  YESTERDAY        0.00          0.04 1982   0.01  -0.01      T
  MONTH TO DATE    0.01                      0.26  -0.25     0.03
  SINCE OCT 1      7.38                      9.15  -1.77     5.92
  SINCE JAN 1      6.77                      6.32   0.45     2.32

SNOWFALL (IN)
  YESTERDAY       MM
  MONTH TO DATE   MM
  SINCE JUN 1     MM
  SINCE JUL 1     MM
  SNOW DEPTH      MM

DEGREE DAYS
 HEATING
  YESTERDAY        0                         0      0        0
  MONTH TO DATE    3                        20    -17        0
  SINCE JUN 1    107                       154    -47      101
  SINCE JUL 1      3                        20    -17        0

 COOLING
  YESTERDAY        9                         6      3       12
  MONTH TO DATE  220                       136     84      244
  SINCE JUN 1    239                       183     56      330
  SINCE JAN 1    240                       189     51      340
..................................................................


WIND (MPH)
  HIGHEST WIND SPEED    12   HIGHEST WIND DIRECTION     N (360)
  HIGHEST GUST SPEED    16   HIGHEST GUST DIRECTION    NE (40)
  AVERAGE WIND SPEED     4.4


SKY COVER
  POSSIBLE SUNSHINE  MM
  AVERAGE SKY COVER 0.0


WEATHER CONDITIONS
 THE FOLLOWING WEATHER WAS RECORDED YESTERDAY.
  HAZE


RELATIVE HUMIDITY (PERCENT)
 HIGHEST    83           400 AM
 LOWEST     12           100 PM
 AVERAGE    48

..........................................................


THE BURLEY ID CLIMATE NORMALS FOR TODAY
                         NORMAL    RECORD    YEAR
 MAXIMUM TEMPERATURE (F)   87       102      1995
 MINIMUM TEMPERATURE (F)   55        46      1963


SUNRISE AND SUNSET
JULY 28 2014..........SUNRISE   623 AM MDT   SUNSET   859 PM MDT
JULY 29 2014..........SUNRISE   624 AM MDT   SUNSET   858 PM MDT


-  INDICATES NEGATIVE NUMBERS.
R  INDICATES RECORD WAS SET OR TIED.
MM INDICATES DATA IS MISSING.
T  INDICATES TRACE AMOUNT.




$$
