000
CDUS45 KPIH 062334
CLIBYI


CLIMATE REPORT
NATIONAL WEATHER SERVICE POCATELLO ID
430 PM MST FRI MAR 6 2015


...................................

...THE BURLEY ID CLIMATE SUMMARY FOR MARCH 6 2015...
VALID TODAY AS OF 0400 PM LOCAL TIME.

CLIMATE NORMAL PERIOD 1981 TO 2010
CLIMATE RECORD PERIOD 1948 TO 2015


WEATHER ITEM   OBSERVED TIME   RECORD YEAR NORMAL DEPARTURE LAST
                VALUE   (LST)  VALUE       VALUE  FROM      YEAR
                                                  NORMAL
..................................................................
TEMPERATURE (F)
 TODAY
  MAXIMUM         58    358 PM  64    1986  47     11       55
  MINIMUM         23    646 AM   7    1976  26     -3       35
  AVERAGE         41                        37      4       45

PRECIPITATION (IN)
  TODAY            0.00          0.22 2002   0.03  -0.03     0.19
  MONTH TO DATE    0.01                      0.20  -0.19     0.65
  SINCE OCT 1      3.11                      4.71  -1.60     3.10
  SINCE JAN 1      1.06                      1.88  -0.82     2.49

SNOWFALL (IN)
  TODAY           MM
  MONTH TO DATE   MM
  SINCE MAR 1     MM
  SINCE JUL 1     MM
  SNOW DEPTH      MM

DEGREE DAYS
 HEATING
  TODAY           24                        28     -4       20
  MONTH TO DATE  186                       175     11      119
  SINCE MAR 1    186                       175     11      119
  SINCE JUL 1   4163                      5197  -1034     4814

 COOLING
  TODAY            0                         0      0        0
  MONTH TO DATE    0                         0      0        0
  SINCE MAR 1      0                         0      0        0
  SINCE JAN 1      0                         0      0        0
..................................................................


WIND (MPH)
  HIGHEST WIND SPEED    13   HIGHEST WIND DIRECTION    SW (210)
  HIGHEST GUST SPEED    17   HIGHEST GUST DIRECTION     W (250)
  AVERAGE WIND SPEED     4.3


SKY COVER
  POSSIBLE SUNSHINE  MM
  AVERAGE SKY COVER 0.0


WEATHER CONDITIONS
 THE FOLLOWING WEATHER WAS RECORDED TODAY.
  NO SIGNIFICANT WEATHER WAS OBSERVED.


RELATIVE HUMIDITY (PERCENT)
 HIGHEST    81           600 AM
 LOWEST     17           400 PM
 AVERAGE    49

..........................................................


THE BURLEY ID CLIMATE NORMALS FOR TOMORROW
                         NORMAL    RECORD    YEAR
 MAXIMUM TEMPERATURE (F)   48        65      1970
 MINIMUM TEMPERATURE (F)   26         3      1985


SUNRISE AND SUNSET
MARCH  6 2015.........SUNRISE   703 AM MST   SUNSET   631 PM MST
MARCH  7 2015.........SUNRISE   701 AM MST   SUNSET   632 PM MST


-  INDICATES NEGATIVE NUMBERS.
R  INDICATES RECORD WAS SET OR TIED.
MM INDICATES DATA IS MISSING.
T  INDICATES TRACE AMOUNT.




$$
