000
CDUS45 KPIH 030744
CLIBYI


CLIMATE REPORT
NATIONAL WEATHER SERVICE POCATELLO ID
135 AM MDT MON AUG 3 2015


...................................

...THE BURLEY ID CLIMATE SUMMARY FOR AUGUST 2 2015...

CLIMATE NORMAL PERIOD 1981 TO 2010
CLIMATE RECORD PERIOD 1948 TO 2015


WEATHER ITEM   OBSERVED TIME   RECORD YEAR NORMAL DEPARTURE LAST
                VALUE   (LST)  VALUE       VALUE  FROM      YEAR
                                                  NORMAL
..................................................................
TEMPERATURE (F)
 YESTERDAY
  MAXIMUM         96    510 PM 104    1954  87      9       92
  MINIMUM         53    558 AM  41    1957  54     -1       60
  AVERAGE         75                        71      4       76

PRECIPITATION (IN)
  YESTERDAY        T             0.59 1951   0.01  -0.01     0.00
  MONTH TO DATE    T                         0.02  -0.02     0.00
  SINCE OCT 1      8.32                      9.21  -0.89     7.38
  SINCE JAN 1      6.27                      6.38  -0.11     6.77

SNOWFALL (IN)
  YESTERDAY       MM
  MONTH TO DATE   MM
  SINCE JUN 1     MM
  SINCE JUL 1     MM
  SNOW DEPTH      MM

DEGREE DAYS
 HEATING
  YESTERDAY        0                         0      0        0
  MONTH TO DATE    0                         0      0        0
  SINCE JUN 1     45                       156   -111      107
  SINCE JUL 1     19                        22     -3        3

 COOLING
  YESTERDAY       10                         6      4       11
  MONTH TO DATE   18                        12      6       19
  SINCE JUN 1    321                       219    102      290
  SINCE JAN 1    326                       225    101      291
..................................................................


WIND (MPH)
  HIGHEST WIND SPEED     8   HIGHEST WIND DIRECTION     S (180)
  HIGHEST GUST SPEED    11   HIGHEST GUST DIRECTION    NW (330)
  AVERAGE WIND SPEED     1.9


SKY COVER
  POSSIBLE SUNSHINE  MM
  AVERAGE SKY COVER 0.0


WEATHER CONDITIONS
 THE FOLLOWING WEATHER WAS RECORDED YESTERDAY.
  NO SIGNIFICANT WEATHER WAS OBSERVED.


RELATIVE HUMIDITY (PERCENT)
 HIGHEST    77           600 AM
 LOWEST     14           400 PM
 AVERAGE    46

..........................................................


THE BURLEY ID CLIMATE NORMALS FOR TODAY
                         NORMAL    RECORD    YEAR
 MAXIMUM TEMPERATURE (F)   87       103      1997
 MINIMUM TEMPERATURE (F)   54        39      1956


SUNRISE AND SUNSET
AUGUST  3 2015........SUNRISE   629 AM MDT   SUNSET   853 PM MDT
AUGUST  4 2015........SUNRISE   630 AM MDT   SUNSET   852 PM MDT


-  INDICATES NEGATIVE NUMBERS.
R  INDICATES RECORD WAS SET OR TIED.
MM INDICATES DATA IS MISSING.
T  INDICATES TRACE AMOUNT.




$$
