000
CDUS45 KPIH 232321
CLIBYI


CLIMATE REPORT
NATIONAL WEATHER SERVICE POCATELLO ID
520 PM MDT TUE SEP 23 2014


...................................

...THE BURLEY ID CLIMATE SUMMARY FOR SEPTEMBER 23 2014...
VALID TODAY AS OF 0500 PM LOCAL TIME.

CLIMATE NORMAL PERIOD 1981 TO 2010
CLIMATE RECORD PERIOD 1948 TO 2014


WEATHER ITEM   OBSERVED TIME   RECORD YEAR NORMAL DEPARTURE LAST
                VALUE   (LST)  VALUE       VALUE  FROM      YEAR
                                                  NORMAL
..................................................................
TEMPERATURE (F)
 TODAY
  MAXIMUM         84    324 PM  91    1987  71     13       67
  MINIMUM         46    531 AM  28    1985  41      5       44
  AVERAGE         65                        56      9       56

PRECIPITATION (IN)
  TODAY            0.00          0.24 1973   0.02  -0.02     0.00
  MONTH TO DATE    0.08                      0.40  -0.32     1.22
  SINCE OCT 1     10.17                      9.99   0.18     7.52
  SINCE JAN 1      9.56                      7.16   2.40     3.92

SNOWFALL (IN)
  TODAY           MM
  MONTH TO DATE   MM
  SINCE SEP 1     MM
  SINCE JUL 1     MM
  SNOW DEPTH      MM

DEGREE DAYS
 HEATING
  TODAY            0                         9     -9        9
  MONTH TO DATE   74                       136    -62       53
  SINCE SEP 1     74                       136    -62       53
  SINCE JUL 1    104                       193    -89       53

 COOLING
  TODAY            0                         0      0        0
  MONTH TO DATE   19                        19      0       54
  SINCE SEP 1     19                        19      0       54
  SINCE JAN 1    420                       363     57      642
..................................................................


WIND (MPH)
  HIGHEST WIND SPEED    10   HIGHEST WIND DIRECTION    NE (60)
  HIGHEST GUST SPEED    13   HIGHEST GUST DIRECTION     E (70)
  AVERAGE WIND SPEED     3.0


SKY COVER
  POSSIBLE SUNSHINE  MM
  AVERAGE SKY COVER 0.0


WEATHER CONDITIONS
 THE FOLLOWING WEATHER WAS RECORDED TODAY.
  NO SIGNIFICANT WEATHER WAS OBSERVED.


RELATIVE HUMIDITY (PERCENT)
 HIGHEST    93           300 AM
 LOWEST     31           300 PM
 AVERAGE    62

..........................................................


THE BURLEY ID CLIMATE NORMALS FOR TOMORROW
                         NORMAL    RECORD    YEAR
 MAXIMUM TEMPERATURE (F)   71        93      2001
 MINIMUM TEMPERATURE (F)   40        24      2000


SUNRISE AND SUNSET
SEPTEMBER 23 2014.....SUNRISE   724 AM MDT   SUNSET   730 PM MDT
SEPTEMBER 24 2014.....SUNRISE   725 AM MDT   SUNSET   729 PM MDT


-  INDICATES NEGATIVE NUMBERS.
R  INDICATES RECORD WAS SET OR TIED.
MM INDICATES DATA IS MISSING.
T  INDICATES TRACE AMOUNT.




$$
