000
CDUS45 KPIH 240736
CLIBYI


CLIMATE REPORT
NATIONAL WEATHER SERVICE POCATELLO ID
135 AM MDT MON JUL 24 2017


...................................

...THE BURLEY ID CLIMATE SUMMARY FOR JULY 23 2017...

CLIMATE NORMAL PERIOD 1981 TO 2010
CLIMATE RECORD PERIOD 1948 TO 2017


WEATHER ITEM   OBSERVED TIME   RECORD YEAR NORMAL DEPARTURE LAST
                VALUE   (LST)  VALUE       VALUE  FROM      YEAR
                                                  NORMAL
..................................................................
TEMPERATURE (F)
 YESTERDAY
  MAXIMUM         93    444 PM 101    2003  87      6       81
                                      1959
  MINIMUM         57    133 AM  40    1954  55      2       53
  AVERAGE         75                        71      4       67

PRECIPITATION (IN)
  YESTERDAY        T             0.69 2015   0.01  -0.01     0.00
  MONTH TO DATE    T                         0.22  -0.22     0.24
  SINCE OCT 1     13.17                      9.11   4.06     8.17
  SINCE JAN 1      8.38                      6.28   2.10     5.37

SNOWFALL (IN)
  YESTERDAY       MM
  MONTH TO DATE   MM
  SINCE JUN 1     MM
  SINCE JUL 1     MM
  SNOW DEPTH      MM

DEGREE DAYS
 HEATING
  YESTERDAY        0                         0      0        0
  MONTH TO DATE    0                        20    -20       26
  SINCE JUN 1     77                       154    -77       76
  SINCE JUL 1      0                        20    -20       26

 COOLING
  YESTERDAY       10                         6      4        2
  MONTH TO DATE  206                       112     94       76
  SINCE JUN 1    277                       159    118      176
  SINCE JAN 1    282                       165    117      180
..................................................................


WIND (MPH)
  HIGHEST WIND SPEED    16   HIGHEST WIND DIRECTION     W (280)
  HIGHEST GUST SPEED    25   HIGHEST GUST DIRECTION     W (280)
  AVERAGE WIND SPEED     5.9


SKY COVER
  POSSIBLE SUNSHINE  MM
  AVERAGE SKY COVER 0.0


WEATHER CONDITIONS
 THE FOLLOWING WEATHER WAS RECORDED YESTERDAY.
  LIGHT RAIN


RELATIVE HUMIDITY (PERCENT)
 HIGHEST    67          1200 AM
 LOWEST     16           100 PM
 AVERAGE    42

..........................................................


THE BURLEY ID CLIMATE NORMALS FOR TODAY
                         NORMAL    RECORD    YEAR
 MAXIMUM TEMPERATURE (F)   87        98      1978
 MINIMUM TEMPERATURE (F)   55        43      1970


SUNRISE AND SUNSET
JULY 24 2017..........SUNRISE   619 AM MDT   SUNSET   903 PM MDT
JULY 25 2017..........SUNRISE   620 AM MDT   SUNSET   902 PM MDT


-  INDICATES NEGATIVE NUMBERS.
R  INDICATES RECORD WAS SET OR TIED.
MM INDICATES DATA IS MISSING.
T  INDICATES TRACE AMOUNT.




$$
