000
CDUS45 KPIH 130812
CLIBYI


CLIMATE REPORT
NATIONAL WEATHER SERVICE POCATELLO ID
211 AM MDT SUN JUL 13 2014


...................................

...THE BURLEY ID CLIMATE SUMMARY FOR JULY 12 2014...

CLIMATE NORMAL PERIOD 1981 TO 2010
CLIMATE RECORD PERIOD 1948 TO 2014


WEATHER ITEM   OBSERVED TIME   RECORD YEAR NORMAL DEPARTURE LAST
                VALUE   (LST)  VALUE       VALUE  FROM      YEAR
                                                  NORMAL
..................................................................
TEMPERATURE (F)
 YESTERDAY
  MAXIMUM         92    402 PM 101    2002  85      7       88
  MINIMUM         63    533 AM  42    2008  54      9       52
  AVERAGE         78                        69      9       70

PRECIPITATION (IN)
  YESTERDAY        0.00          1.00 1952   0.01  -0.01     0.00
  MONTH TO DATE    T                         0.13  -0.13     0.01
  SINCE OCT 1      7.37                      9.02  -1.65     5.90
  SINCE JAN 1      6.76                      6.19   0.57     2.30

SNOWFALL (IN)
  YESTERDAY       MM
  MONTH TO DATE   MM
  SINCE JUN 1     MM
  SINCE JUL 1     MM
  SNOW DEPTH      MM

DEGREE DAYS
 HEATING
  YESTERDAY        0                         1     -1        0
  MONTH TO DATE    0                        14    -14        0
  SINCE JUN 1    104                       148    -44      101
  SINCE JUL 1      0                        14    -14        0

 COOLING
  YESTERDAY       13                         5      8        5
  MONTH TO DATE  105                        49     56      118
  SINCE JUN 1    124                        96     28      204
  SINCE JAN 1    125                       102     23      214
..................................................................


WIND (MPH)
  HIGHEST WIND SPEED    12   HIGHEST WIND DIRECTION     W (280)
  HIGHEST GUST SPEED    16   HIGHEST GUST DIRECTION     W (250)
  AVERAGE WIND SPEED     4.6


SKY COVER
  POSSIBLE SUNSHINE  MM
  AVERAGE SKY COVER 0.0


WEATHER CONDITIONS
 THE FOLLOWING WEATHER WAS RECORDED YESTERDAY.
  NO SIGNIFICANT WEATHER WAS OBSERVED.


RELATIVE HUMIDITY (PERCENT)
 HIGHEST    78
 LOWEST     21
 AVERAGE    50

..........................................................


THE BURLEY ID CLIMATE NORMALS FOR TODAY
                         NORMAL    RECORD    YEAR
 MAXIMUM TEMPERATURE (F)   85       100      2002
 MINIMUM TEMPERATURE (F)   54        40      1950


SUNRISE AND SUNSET
JULY 13 2014..........SUNRISE   609 AM MDT   SUNSET   912 PM MDT
JULY 14 2014..........SUNRISE   610 AM MDT   SUNSET   911 PM MDT


-  INDICATES NEGATIVE NUMBERS.
R  INDICATES RECORD WAS SET OR TIED.
MM INDICATES DATA IS MISSING.
T  INDICATES TRACE AMOUNT.




$$
