000
CDUS45 KPIH 220738
CLIBYI


CLIMATE REPORT
NATIONAL WEATHER SERVICE POCATELLO ID
132 AM MDT FRI AUG 22 2014


...................................

...THE BURLEY ID CLIMATE SUMMARY FOR AUGUST 21 2014...

CLIMATE NORMAL PERIOD 1981 TO 2010
CLIMATE RECORD PERIOD 1948 TO 2014


WEATHER ITEM   OBSERVED TIME   RECORD YEAR NORMAL DEPARTURE LAST
                VALUE   (LST)  VALUE       VALUE  FROM      YEAR
                                                  NORMAL
..................................................................
TEMPERATURE (F)
 YESTERDAY
  MAXIMUM         77    253 PM  98    2009  84     -7       86
  MINIMUM         57    642 AM  38    1974  51      6       63
  AVERAGE         67                        67      0       75

PRECIPITATION (IN)
  YESTERDAY        0.33          0.66 2003   0.01   0.32      T
  MONTH TO DATE    1.86                      0.25   1.61      T
  SINCE OCT 1      9.24                      9.44  -0.20     5.93
  SINCE JAN 1      8.63                      6.61   2.02     2.33

SNOWFALL (IN)
  YESTERDAY       MM
  MONTH TO DATE   MM
  SINCE JUN 1     MM
  SINCE JUL 1     MM
  SNOW DEPTH      MM

DEGREE DAYS
 HEATING
  YESTERDAY        0                         1     -1        0
  MONTH TO DATE    1                        14    -13        0
  SINCE JUN 1    108                       170    -62      101
  SINCE JUL 1      4                        36    -32        0

 COOLING
  YESTERDAY        2                         4     -2       10
  MONTH TO DATE  119                       105     14      143
  SINCE JUN 1    390                       312     78      507
  SINCE JAN 1    391                       318     73      517
..................................................................


WIND (MPH)
  HIGHEST WIND SPEED    25   HIGHEST WIND DIRECTION    SW (220)
  HIGHEST GUST SPEED    30   HIGHEST GUST DIRECTION    SW (220)
  AVERAGE WIND SPEED     5.7


SKY COVER
  POSSIBLE SUNSHINE  MM
  AVERAGE SKY COVER 0.3


WEATHER CONDITIONS
 THE FOLLOWING WEATHER WAS RECORDED YESTERDAY.
  THUNDERSTORM
  RAIN
  LIGHT RAIN
  FOG


RELATIVE HUMIDITY (PERCENT)
 HIGHEST    93           300 AM
 LOWEST     43           200 PM
 AVERAGE    68

..........................................................


THE BURLEY ID CLIMATE NORMALS FOR TODAY
                         NORMAL    RECORD    YEAR
 MAXIMUM TEMPERATURE (F)   84        99      1997
 MINIMUM TEMPERATURE (F)   50        39      1966


SUNRISE AND SUNSET
AUGUST 22 2014........SUNRISE   649 AM MDT   SUNSET   826 PM MDT
AUGUST 23 2014........SUNRISE   650 AM MDT   SUNSET   824 PM MDT


-  INDICATES NEGATIVE NUMBERS.
R  INDICATES RECORD WAS SET OR TIED.
MM INDICATES DATA IS MISSING.
T  INDICATES TRACE AMOUNT.




$$
