000
CDUS45 KPIH 290731
CLIBYI


CLIMATE REPORT
NATIONAL WEATHER SERVICE POCATELLO ID
129 AM MDT FRI APR 29 2016


...................................

...THE BURLEY ID CLIMATE SUMMARY FOR APRIL 28 2016...

CLIMATE NORMAL PERIOD 1981 TO 2010
CLIMATE RECORD PERIOD 1948 TO 2016


WEATHER ITEM   OBSERVED TIME   RECORD YEAR NORMAL DEPARTURE LAST
                VALUE   (LST)  VALUE       VALUE  FROM      YEAR
                                                  NORMAL
..................................................................
TEMPERATURE (F)
 YESTERDAY
  MAXIMUM         61    307 PM  84    1987  62     -1       76
  MINIMUM         37    246 AM  22    1966  36      1       29
  AVERAGE         49                        49      0       53

PRECIPITATION (IN)
  YESTERDAY        0.01          0.80 1951   0.05  -0.04     0.00
  MONTH TO DATE    0.84                      1.00  -0.16     0.22
  SINCE OCT 1      6.38                      6.54  -0.16     3.57
  SINCE JAN 1      3.58                      3.71  -0.13     1.52

SNOWFALL (IN)
  YESTERDAY       MM
  MONTH TO DATE   MM
  SINCE MAR 1     MM
  SINCE JUL 1     MM
  SNOW DEPTH      MM

DEGREE DAYS
 HEATING
  YESTERDAY       16                        16      0       12
  MONTH TO DATE  381                       537   -156      508
  SINCE MAR 1   1072                      1334   -262     1104
  SINCE JUL 1   5579                      6356   -777     5081

 COOLING
  YESTERDAY        0                         0      0        0
  MONTH TO DATE    0                         0      0        0
  SINCE MAR 1      0                         0      0        0
  SINCE JAN 1      0                         0      0        0
..................................................................


WIND (MPH)
  HIGHEST WIND SPEED    22   HIGHEST WIND DIRECTION     W (250)
  HIGHEST GUST SPEED    28   HIGHEST GUST DIRECTION     W (250)
  AVERAGE WIND SPEED     7.1


SKY COVER
  POSSIBLE SUNSHINE  MM
  AVERAGE SKY COVER 0.4


WEATHER CONDITIONS
 THE FOLLOWING WEATHER WAS RECORDED YESTERDAY.
  LIGHT RAIN


RELATIVE HUMIDITY (PERCENT)
 HIGHEST    92           200 AM
 LOWEST     36          1100 AM
 AVERAGE    64

..........................................................


THE BURLEY ID CLIMATE NORMALS FOR TODAY
                         NORMAL    RECORD    YEAR
 MAXIMUM TEMPERATURE (F)   62        87      1992
 MINIMUM TEMPERATURE (F)   37        24      2014


SUNRISE AND SUNSET
APRIL 29 2016.........SUNRISE   632 AM MDT   SUNSET   833 PM MDT
APRIL 30 2016.........SUNRISE   630 AM MDT   SUNSET   835 PM MDT


-  INDICATES NEGATIVE NUMBERS.
R  INDICATES RECORD WAS SET OR TIED.
MM INDICATES DATA IS MISSING.
T  INDICATES TRACE AMOUNT.




$$
