000
CDUS45 KPIH 270736
CLIBYI


CLIMATE REPORT
NATIONAL WEATHER SERVICE POCATELLO ID
134 AM MDT SAT MAY 27 2017


...................................

...THE BURLEY ID CLIMATE SUMMARY FOR MAY 26 2017...

CLIMATE NORMAL PERIOD 1981 TO 2010
CLIMATE RECORD PERIOD 1948 TO 2017


WEATHER ITEM   OBSERVED TIME   RECORD YEAR NORMAL DEPARTURE LAST
                VALUE   (LST)  VALUE       VALUE  FROM      YEAR
                                                  NORMAL
..................................................................
TEMPERATURE (F)
 YESTERDAY
  MAXIMUM         54    515 PM  91    1958  70    -16       69
  MINIMUM         42   1159 PM  27    1978  44     -2       41
  AVERAGE         48                        57     -9       55

PRECIPITATION (IN)
  YESTERDAY        0.49          0.78 2012   0.04   0.45     0.00
  MONTH TO DATE    1.29                      1.19   0.10     1.27
  SINCE OCT 1     12.41                      7.82   4.59     7.90
  SINCE JAN 1      7.62                      4.99   2.63     5.10

SNOWFALL (IN)
  YESTERDAY       MM
  MONTH TO DATE   MM
  SINCE MAR 1     MM
  SINCE JUL 1     MM
  SNOW DEPTH      MM

DEGREE DAYS
 HEATING
  YESTERDAY       17                         8      9       10
  MONTH TO DATE  273                       303    -30      258
  SINCE MAR 1   1417                      1669   -252     1361
  SINCE JUL 1   6223                      6691   -468     5868

 COOLING
  YESTERDAY        0                         0      0        0
  MONTH TO DATE    0                         0      0        4
  SINCE MAR 1      0                         0      0        4
  SINCE JAN 1      0                         0      0        4
..................................................................


WIND (MPH)
  HIGHEST WIND SPEED    17   HIGHEST WIND DIRECTION     W (290)
  HIGHEST GUST SPEED    24   HIGHEST GUST DIRECTION     W (290)
  AVERAGE WIND SPEED     6.3


SKY COVER
  POSSIBLE SUNSHINE  MM
  AVERAGE SKY COVER 0.8


WEATHER CONDITIONS
 THE FOLLOWING WEATHER WAS RECORDED YESTERDAY.
  THUNDERSTORM
  HEAVY RAIN
  RAIN
  LIGHT RAIN
  FOG


RELATIVE HUMIDITY (PERCENT)
 HIGHEST    96           600 AM
 LOWEST     54          1200 AM
 AVERAGE    75

..........................................................


THE BURLEY ID CLIMATE NORMALS FOR TODAY
                         NORMAL    RECORD    YEAR
 MAXIMUM TEMPERATURE (F)   70        91      1958
 MINIMUM TEMPERATURE (F)   44        33      1965


SUNRISE AND SUNSET
MAY 27 2017...........SUNRISE   603 AM MDT   SUNSET   902 PM MDT
MAY 28 2017...........SUNRISE   602 AM MDT   SUNSET   903 PM MDT


-  INDICATES NEGATIVE NUMBERS.
R  INDICATES RECORD WAS SET OR TIED.
MM INDICATES DATA IS MISSING.
T  INDICATES TRACE AMOUNT.




$$
