000
CDUS45 KPIH 230729
CLIBYI


CLIMATE REPORT
NATIONAL WEATHER SERVICE POCATELLO ID
1229 AM MST FRI FEB 23 2018


...................................

...THE BURLEY ID CLIMATE SUMMARY FOR FEBRUARY 22 2018...

CLIMATE NORMAL PERIOD 1981 TO 2010
CLIMATE RECORD PERIOD 1948 TO 2018


WEATHER ITEM   OBSERVED TIME   RECORD YEAR NORMAL DEPARTURE LAST
                VALUE   (LST)  VALUE       VALUE  FROM      YEAR
                                                  NORMAL
..................................................................
TEMPERATURE (F)
 YESTERDAY
  MAXIMUM         29    156 PM  66    1958  42    -13       44
  MINIMUM         13   1143 PM -10    1952  23    -10       30
  AVERAGE         21                        33    -12       37

PRECIPITATION (IN)
  YESTERDAY        T             0.25 1986   0.03  -0.03     0.05
  MONTH TO DATE    0.65                      0.59   0.06     1.80
  SINCE OCT 1      3.53                      4.33  -0.80     8.64
  SINCE JAN 1      1.91                      1.50   0.41     3.85

SNOWFALL (IN)
  YESTERDAY       MM
  MONTH TO DATE   MM
  SINCE DEC 1     MM
  SINCE JUL 1     MM
  SNOW DEPTH      MM

DEGREE DAYS
 HEATING
  YESTERDAY       44                        32     12       28
  MONTH TO DATE  665                       769   -104      589
  SINCE DEC 1   2535                      3147   -612     3188
  SINCE JUL 1   4089                      4835   -746     4586

 COOLING
  YESTERDAY        0                         0      0        0
  MONTH TO DATE    0                         0      0        0
  SINCE DEC 1      0                         0      0        0
  SINCE JAN 1      0                         0      0        0
..................................................................


WIND (MPH)
  HIGHEST WIND SPEED    16   HIGHEST WIND DIRECTION     W (290)
  HIGHEST GUST SPEED    23   HIGHEST GUST DIRECTION     W (280)
  AVERAGE WIND SPEED     7.8


SKY COVER
  POSSIBLE SUNSHINE  MM
  AVERAGE SKY COVER 0.7


WEATHER CONDITIONS
 THE FOLLOWING WEATHER WAS RECORDED YESTERDAY.
  SNOW
  LIGHT SNOW
  FOG
  FOG W/VISIBILITY <= 1/4 MILE


RELATIVE HUMIDITY (PERCENT)
 HIGHEST    92           900 PM
 LOWEST     53          1200 PM
 AVERAGE    73

..........................................................


THE BURLEY ID CLIMATE NORMALS FOR TODAY
                         NORMAL    RECORD    YEAR
 MAXIMUM TEMPERATURE (F)   43        66      1995
 MINIMUM TEMPERATURE (F)   23         5      1955


SUNRISE AND SUNSET
FEBRUARY 23 2018......SUNRISE   720 AM MST   SUNSET   617 PM MST
FEBRUARY 24 2018......SUNRISE   718 AM MST   SUNSET   619 PM MST


-  INDICATES NEGATIVE NUMBERS.
R  INDICATES RECORD WAS SET OR TIED.
MM INDICATES DATA IS MISSING.
T  INDICATES TRACE AMOUNT.




$$
