000
CDUS45 KTFX 291100
CLIBZN


CLIMATE REPORT
NATIONAL WEATHER SERVICE GREAT FALLS MT
456 AM MDT THU SEP 29 2016


...................................

...THE BOZEMAN/GALLATIN FIELD MT CLIMATE SUMMARY FOR SEPTEMBER 28 2016...

CLIMATE NORMAL PERIOD 1981 TO 2010
CLIMATE RECORD PERIOD 1935 TO 2016


WEATHER ITEM   OBSERVED TIME   RECORD YEAR NORMAL DEPARTURE LAST
                VALUE   (LST)  VALUE       VALUE  FROM      YEAR
                                                  NORMAL
..................................................................
TEMPERATURE (F)
 YESTERDAY
  MAXIMUM         73    504 PM  90    2010  69      4       69
  MINIMUM         40    422 AM  17    1999  36      4       37
  AVERAGE         57                        53      4       53

PRECIPITATION (IN)
  YESTERDAY        0.00          0.20 1965   0.04  -0.04     0.00
  MONTH TO DATE    1.10                      1.03   0.07     1.05
  SINCE OCT 1     12.74                     13.91  -1.17    12.05
  SINCE JAN 1      9.89                     11.53  -1.64    10.12

SNOWFALL (IN)
  YESTERDAY        0.0           1.0  1959   0.1   -0.1      0.0
  MONTH TO DATE    0.0                       0.3   -0.3      0.0
  SINCE SEP 1      0.0                       0.3   -0.3      0.0
  SINCE JUL 1      0.0                       0.3   -0.3      0.0
  SNOW DEPTH       0

DEGREE DAYS
 HEATING
  YESTERDAY        8                        12     -4       12
  MONTH TO DATE  296                       213     83      203
  SINCE SEP 1    296                       213     83      203
  SINCE JUL 1    405                       280    125      302

 COOLING
  YESTERDAY        0                         0      0        0
  MONTH TO DATE   10                        20    -10        9
  SINCE SEP 1     10                        20    -10        9
  SINCE JAN 1    232                       366   -134      243
..................................................................


WIND (MPH)
  HIGHEST WIND SPEED    10   HIGHEST WIND DIRECTION    SE (130)
  HIGHEST GUST SPEED    13   HIGHEST GUST DIRECTION    NW (300)
  AVERAGE WIND SPEED     3.8


SKY COVER
  AVERAGE SKY COVER 0.0


WEATHER CONDITIONS
 THE FOLLOWING WEATHER WAS RECORDED YESTERDAY.
  NO SIGNIFICANT WEATHER WAS OBSERVED.


RELATIVE HUMIDITY (PERCENT)
 HIGHEST    86
 LOWEST     41
 AVERAGE    64

..........................................................


THE BOZEMAN/GALLATIN FIELD MT CLIMATE NORMALS FOR TODAY
                         NORMAL    RECORD    YEAR
 MAXIMUM TEMPERATURE (F)   69        88      1967
 MINIMUM TEMPERATURE (F)   36        15      1985


SUNRISE AND SUNSET
SEPTEMBER 29 2016.....SUNRISE   721 AM MDT   SUNSET   707 PM MDT
SEPTEMBER 30 2016.....SUNRISE   722 AM MDT   SUNSET   706 PM MDT


-  INDICATES NEGATIVE NUMBERS.
R  INDICATES RECORD WAS SET OR TIED.
MM INDICATES DATA IS MISSING.
T  INDICATES TRACE AMOUNT.




$$
