000
CDUS45 KTFX 260946
CLIBZN


CLIMATE REPORT
NATIONAL WEATHER SERVICE GREAT FALLS MT
244 AM MST FRI DEC 26 2014


...................................

...THE BOZEMAN/GALLATIN FIELD MT CLIMATE SUMMARY FOR DECEMBER 25 2014...

CLIMATE NORMAL PERIOD 1981 TO 2010
CLIMATE RECORD PERIOD 1935 TO 2014


WEATHER ITEM   OBSERVED TIME   RECORD YEAR NORMAL DEPARTURE
                VALUE   (LST)  VALUE       VALUE  FROM
                                                  NORMAL
...............................................................
TEMPERATURE (F)
 YESTERDAY
  MAXIMUM         30    302 AM  52    1980  33     -3
  MINIMUM         -6   1122 PM -28    1944   8    -14
                                      1941
  AVERAGE         12                        21     -9

PRECIPITATION (IN)
  YESTERDAY        0.15          0.44 1967   0.02   0.13
  MONTH TO DATE    0.53                      0.43   0.10
  SINCE OCT 1      1.87                      2.29  -0.42
  SINCE JAN 1     15.48                     13.90   1.58

SNOWFALL (IN)
  YESTERDAY        2.7           6.0  1967   0.2    2.5
  MONTH TO DATE    7.1                       5.1    2.0
  SINCE DEC 1      7.1                       5.1    2.0
  SINCE JUL 1     22.7                      12.5   10.2
  SNOW DEPTH       6

DEGREE DAYS
 HEATING
  YESTERDAY       53                                9
  MONTH TO DATE  922                             -171
  SINCE DEC 1    922                             -171
  SINCE JUL 1   3049                               75

 COOLING
  YESTERDAY        0                                0
  MONTH TO DATE    0                                0
  SINCE DEC 1      0                                0
  SINCE JAN 1    187                             -181
...............................................................


WIND (MPH)
  HIGHEST WIND SPEED    18   HIGHEST WIND DIRECTION     N (340)
  HIGHEST GUST SPEED    24   HIGHEST GUST DIRECTION     N (340)
  AVERAGE WIND SPEED     5.2



WEATHER CONDITIONS
 THE FOLLOWING WEATHER WAS RECORDED YESTERDAY.
  HEAVY SNOW
  SNOW
  LIGHT SNOW
  FOG
  FOG W/VISIBILITY <= 1/4 MILE


RELATIVE HUMIDITY (PERCENT)
 HIGHEST    95
 LOWEST     68
 AVERAGE    82

..........................................................


THE BOZEMAN/GALLATIN FIELD MT CLIMATE NORMALS FOR TODAY
                         NORMAL    RECORD    YEAR
 MAXIMUM TEMPERATURE (F)   33        60      1980
 MINIMUM TEMPERATURE (F)    8       -27      1996


SUNRISE AND SUNSET
DECEMBER 26 2014......SUNRISE   805 AM MST   SUNSET   446 PM MST
DECEMBER 27 2014......SUNRISE   805 AM MST   SUNSET   447 PM MST


-  INDICATES NEGATIVE NUMBERS.
R  INDICATES RECORD WAS SET OR TIED.
MM INDICATES DATA IS MISSING.
T  INDICATES TRACE AMOUNT.




$$
