000
CDUS45 KTFX 071014
CLIBZN


CLIMATE REPORT
NATIONAL WEATHER SERVICE GREAT FALLS MT
410 AM MDT TUE JUL 7 2015


...................................

...THE BOZEMAN/GALLATIN FIELD MT CLIMATE SUMMARY FOR JULY 6 2015...

CLIMATE NORMAL PERIOD 1981 TO 2010
CLIMATE RECORD PERIOD 1935 TO 2015


WEATHER ITEM   OBSERVED TIME   RECORD YEAR NORMAL DEPARTURE LAST
                VALUE   (LST)  VALUE       VALUE  FROM      YEAR
                                                  NORMAL
..................................................................
TEMPERATURE (F)
 YESTERDAY
  MAXIMUM         82    503 PM 106    2007  85     -3       91
  MINIMUM         53    514 AM  35    1999  50      3       49
  AVERAGE         68                        68      0       70

PRECIPITATION (IN)
  YESTERDAY        T             0.89 1994   0.04  -0.04     0.00
  MONTH TO DATE    0.02                      0.27  -0.25     0.06
  SINCE OCT 1      8.51                     10.95  -2.44    10.11
  SINCE JAN 1      6.58                      8.57  -1.99     9.06

SNOWFALL (IN)
  YESTERDAY        0.0           0.0  1999   0.0    0.0      0.0
                                      1994
  MONTH TO DATE    0.0                       0.0    0.0      0.0
  SINCE JUN 1      0.0                       0.0    0.0      0.0
  SINCE JUL 1      0.0                       0.0    0.0      0.0
  SNOW DEPTH       0

DEGREE DAYS
 HEATING
  YESTERDAY        0                         2     -2        0
  MONTH TO DATE    3                        12     -9        6
  SINCE JUN 1     75                       153    -78      242
  SINCE JUL 1      3                        12     -9        6

 COOLING
  YESTERDAY        3                         4     -1        5
  MONTH TO DATE   30                        22      8       23
  SINCE JUN 1    100                        60     40       23
  SINCE JAN 1    100                        64     36       23
..................................................................


WIND (MPH)
  HIGHEST WIND SPEED    18   HIGHEST WIND DIRECTION    SE (140)
  HIGHEST GUST SPEED    23   HIGHEST GUST DIRECTION    SE (140)
  AVERAGE WIND SPEED     3.0


SKY COVER
  AVERAGE SKY COVER 0.5


WEATHER CONDITIONS
 THE FOLLOWING WEATHER WAS RECORDED YESTERDAY.
  LIGHT RAIN


RELATIVE HUMIDITY (PERCENT)
 HIGHEST    89
 LOWEST     22
 AVERAGE    56

..........................................................


THE BOZEMAN/GALLATIN FIELD MT CLIMATE NORMALS FOR TODAY
                         NORMAL    RECORD    YEAR
 MAXIMUM TEMPERATURE (F)   86        98      1963
 MINIMUM TEMPERATURE (F)   50        30      1971


SUNRISE AND SUNSET
JULY  7 2015..........SUNRISE   542 AM MDT   SUNSET   916 PM MDT
JULY  8 2015..........SUNRISE   543 AM MDT   SUNSET   916 PM MDT


-  INDICATES NEGATIVE NUMBERS.
R  INDICATES RECORD WAS SET OR TIED.
MM INDICATES DATA IS MISSING.
T  INDICATES TRACE AMOUNT.




$$
