000
CDUS45 KTFX 020747
CLIBZN


CLIMATE REPORT
NATIONAL WEATHER SERVICE GREAT FALLS MT
147 AM MDT MON MAY 2 2016


...................................

...THE BOZEMAN/GALLATIN FIELD MT CLIMATE SUMMARY FOR MAY 1 2016...

CLIMATE NORMAL PERIOD 1981 TO 2010
CLIMATE RECORD PERIOD 1935 TO 2016


WEATHER ITEM   OBSERVED TIME   RECORD YEAR NORMAL DEPARTURE LAST
                VALUE   (LST)  VALUE       VALUE  FROM      YEAR
                                                  NORMAL
..................................................................
TEMPERATURE (F)
 YESTERDAY
  MAXIMUM         64    518 PM  83    2007  64      0       70
  MINIMUM         29    506 AM  15    1954  35     -6       31
  AVERAGE         47                        49     -2       51

PRECIPITATION (IN)
  YESTERDAY        0.00          0.60 1997   0.06  -0.06     0.00
  MONTH TO DATE    0.00                      0.06  -0.06     0.00
  SINCE OCT 1      5.24                      5.89  -0.65     4.56
  SINCE JAN 1      2.39                      3.51  -1.12     2.63

SNOWFALL (IN)
  YESTERDAY        0.0           4.0  1951   0.1   -0.1      0.0
  MONTH TO DATE    0.0                       0.1   -0.1      0.0
  SINCE MAR 1      2.1                      15.3  -13.2      7.0
  SINCE JUL 1     25.7                      37.6  -11.9     37.4
  SNOW DEPTH       0

DEGREE DAYS
 HEATING
  YESTERDAY       18                        16      2       14
  MONTH TO DATE   18                        16      2       14
  SINCE MAR 1   1392                      1497   -105     1456
  SINCE JUL 1   7077                      7077      0     7038

 COOLING
  YESTERDAY        0                         0      0        0
  MONTH TO DATE    0                         0      0        0
  SINCE MAR 1      0                         0      0        0
  SINCE JAN 1      0                         0      0        0
..................................................................


WIND (MPH)
  HIGHEST WIND SPEED    15   HIGHEST WIND DIRECTION    SE (150)
  HIGHEST GUST SPEED    19   HIGHEST GUST DIRECTION     E (70)
  AVERAGE WIND SPEED     5.6


SKY COVER
  AVERAGE SKY COVER 0.0


WEATHER CONDITIONS
 THE FOLLOWING WEATHER WAS RECORDED YESTERDAY.
  NO SIGNIFICANT WEATHER WAS OBSERVED.


RELATIVE HUMIDITY (PERCENT)
 HIGHEST    92
 LOWEST     27
 AVERAGE    60

..........................................................


THE BOZEMAN/GALLATIN FIELD MT CLIMATE NORMALS FOR TODAY
                         NORMAL    RECORD    YEAR
 MAXIMUM TEMPERATURE (F)   64        85      1947
                                             1944
 MINIMUM TEMPERATURE (F)   35        18      2013
                                             1954


SUNRISE AND SUNSET
MAY  2 2016...........SUNRISE   610 AM MDT   SUNSET   834 PM MDT
MAY  3 2016...........SUNRISE   608 AM MDT   SUNSET   835 PM MDT


-  INDICATES NEGATIVE NUMBERS.
R  INDICATES RECORD WAS SET OR TIED.
MM INDICATES DATA IS MISSING.
T  INDICATES TRACE AMOUNT.




$$
