000
CDUS42 KCAE 230552
CLICAE


CLIMATE REPORT
NATIONAL WEATHER SERVICE COLUMBIA SC
144 AM EDT SAT MAY 23 2015


...................................

...THE COLUMBIA METRO AIRPORT SC CLIMATE SUMMARY FOR MAY 22 2015...

CLIMATE NORMAL PERIOD 1981 TO 2010
CLIMATE RECORD PERIOD 1887 TO 2015


WEATHER ITEM   OBSERVED TIME   RECORD YEAR NORMAL DEPARTURE LAST
                VALUE   (LST)  VALUE       VALUE  FROM      YEAR
                                                  NORMAL
..................................................................
TEMPERATURE (F)
 YESTERDAY
  MAXIMUM         81    356 PM 100    1941  85     -4       94
  MINIMUM         57   1159 PM  41    1954  62     -5       70
  AVERAGE         69                        73     -4       82

PRECIPITATION (IN)
  YESTERDAY        0.00          4.68 1967   0.09  -0.09     0.00
  MONTH TO DATE    1.71                      2.01  -0.30     2.07
  SINCE MAR 1      8.52                      8.36   0.16     8.99
  SINCE JAN 1     15.88                     15.55   0.33    15.31

SNOWFALL (IN)
  YESTERDAY        0.0          MM      MM   0.0             0.0
  MONTH TO DATE    0.0                       0.0             0.0
  SINCE MAR 1      0.0                       0.1             0.0
  SINCE JUL 1      T                         1.5             4.2

DEGREE DAYS
 HEATING
  YESTERDAY        0                         0      0        0
  MONTH TO DATE    6                        18    -12       10
  SINCE MAR 1    274                       450   -176      476
  SINCE JUL 1   2463                      2549    -86     2560

 COOLING
  YESTERDAY        4                         9     -5       17
  MONTH TO DATE  186                       136     50      184
  SINCE MAR 1    329                       227    102      285
  SINCE JAN 1    329                       231     98      292
..................................................................


WIND (MPH)
  HIGHEST WIND SPEED    18   HIGHEST WIND DIRECTION    NE (50)
  HIGHEST GUST SPEED    24   HIGHEST GUST DIRECTION    NE (40)
  AVERAGE WIND SPEED     6.4


SKY COVER
  AVERAGE SKY COVER 0.5


WEATHER CONDITIONS
 THE FOLLOWING WEATHER WAS RECORDED YESTERDAY.
  NO SIGNIFICANT WEATHER WAS OBSERVED.


RELATIVE HUMIDITY (PERCENT)
 HIGHEST    72          1100 PM
 LOWEST     30           500 PM
 AVERAGE    51

..........................................................


THE COLUMBIA METRO AIRPORT SC CLIMATE NORMALS FOR TODAY
                         NORMAL    RECORD    YEAR
 MAXIMUM TEMPERATURE (F)   85       102      1941
                                             1891
 MINIMUM TEMPERATURE (F)   62        42      2002


SUNRISE AND SUNSET
MAY 23 2015...........SUNRISE   618 AM EDT   SUNSET   824 PM EDT
MAY 24 2015...........SUNRISE   618 AM EDT   SUNSET   825 PM EDT


-  INDICATES NEGATIVE NUMBERS.
R  INDICATES RECORD WAS SET OR TIED.
MM INDICATES DATA IS MISSING.
T  INDICATES TRACE AMOUNT.




$$
