000
CDUS42 KCAE 072221
CLICAE


CLIMATE REPORT
NATIONAL WEATHER SERVICE COLUMBIA SC
521 PM EST WED DEC 7 2016


...................................

...THE COLUMBIA METRO AIRPORT SC CLIMATE SUMMARY FOR DECEMBER 7 2016...
VALID TODAY AS OF 0500 PM LOCAL TIME.

CLIMATE NORMAL PERIOD 1981 TO 2010
CLIMATE RECORD PERIOD 1887 TO 2016


WEATHER ITEM   OBSERVED TIME   RECORD YEAR NORMAL DEPARTURE LAST
                VALUE   (LST)  VALUE       VALUE  FROM      YEAR
                                                  NORMAL
..................................................................
TEMPERATURE (F)
 TODAY
  MAXIMUM         58    131 PM  80    1998  60     -2       70
  MINIMUM         50    925 AM  15    1937  37     13       44
  AVERAGE         54                        48      6       57

PRECIPITATION (IN)
  TODAY            0.00          1.18 1989   0.10  -0.10      T
  MONTH TO DATE    1.56                      0.70   0.86     0.33
  SINCE DEC 1      1.56                      0.70   0.86     0.33
  SINCE JAN 1     37.76                     42.07  -4.31    57.46

SNOWFALL (IN)
  TODAY            0.0          MM      MM   0.0             0.0
  MONTH TO DATE    0.0                       0.0             0.0
  SINCE DEC 1      0.0                       0.0             0.0
  SINCE JUL 1      0.0                       0.0             0.0

DEGREE DAYS
 HEATING
  TODAY           11                        17     -6        8
  MONTH TO DATE   98                       111    -13       80
  SINCE DEC 1     98                       111    -13       80
  SINCE JUL 1    400                       552   -152      350

 COOLING
  TODAY            0                         0      0        0
  MONTH TO DATE    0                         0      0        0
  SINCE DEC 1      0                         0      0        0
  SINCE JAN 1   2886                      2167    719     2602
..................................................................


WIND (MPH)
  HIGHEST WIND SPEED     9   HIGHEST WIND DIRECTION     S (190)
  HIGHEST GUST SPEED    14   HIGHEST GUST DIRECTION     S (170)
  AVERAGE WIND SPEED     3.5


SKY COVER
  AVERAGE SKY COVER 1.0


WEATHER CONDITIONS
 THE FOLLOWING WEATHER WAS RECORDED TODAY.
  FOG


RELATIVE HUMIDITY (PERCENT)
 HIGHEST    93           400 AM
 LOWEST     72           200 PM
 AVERAGE    83

..........................................................


THE COLUMBIA METRO AIRPORT SC CLIMATE NORMALS FOR TOMORROW
                         NORMAL    RECORD    YEAR
 MAXIMUM TEMPERATURE (F)   60        83      1978
 MINIMUM TEMPERATURE (F)   37        16      2010


SUNRISE AND SUNSET
DECEMBER  7 2016......SUNRISE   717 AM EST   SUNSET   515 PM EST
DECEMBER  8 2016......SUNRISE   718 AM EST   SUNSET   515 PM EST


-  INDICATES NEGATIVE NUMBERS.
R  INDICATES RECORD WAS SET OR TIED.
MM INDICATES DATA IS MISSING.
T  INDICATES TRACE AMOUNT.




$$
