000
CDUS42 KCAE 250607
CLICAE


CLIMATE REPORT
NATIONAL WEATHER SERVICE COLUMBIA SC
207 AM EDT SAT MAR 25 2017


...................................

...THE COLUMBIA METRO AIRPORT SC CLIMATE SUMMARY FOR MARCH 24 2017...

CLIMATE NORMAL PERIOD 1981 TO 2010
CLIMATE RECORD PERIOD 1887 TO 2017


WEATHER ITEM   OBSERVED TIME   RECORD YEAR NORMAL DEPARTURE LAST
                VALUE   (LST)  VALUE       VALUE  FROM      YEAR
                                                  NORMAL
..................................................................
TEMPERATURE (F)
 YESTERDAY
  MAXIMUM         77    408 PM  91    1929  71      6       82
  MINIMUM         48    203 AM  28    1972  45      3       50
  AVERAGE         63                        58      5       66

PRECIPITATION (IN)
  YESTERDAY        0.00          1.57 2013   0.10  -0.10      T
  MONTH TO DATE    1.83                      2.92  -1.09     0.97
  SINCE MAR 1      1.83                      2.92  -1.09     0.97
  SINCE JAN 1     10.47                     10.11   0.36     7.60

SNOWFALL (IN)
  YESTERDAY        0.0           0.4  1983   0.0             0.0
  MONTH TO DATE    T                         0.1             0.0
  SINCE MAR 1      T                         0.1             0.0
  SINCE JUL 1      0.1                       1.5              T

DEGREE DAYS
 HEATING
  YESTERDAY        2                         8     -6        0
  MONTH TO DATE  274                       258     16      135
  SINCE MAR 1    274                       258     16      135
  SINCE JUL 1   1615                      2357   -742     1698

 COOLING
  YESTERDAY        0                         1     -1        1
  MONTH TO DATE   14                        12      2       55
  SINCE MAR 1     14                        12      2       55
  SINCE JAN 1     32                        16     16       59
..................................................................


WIND (MPH)
  HIGHEST WIND SPEED    17   HIGHEST WIND DIRECTION    SE (140)
  HIGHEST GUST SPEED    20   HIGHEST GUST DIRECTION     S (200)
  AVERAGE WIND SPEED     6.9


SKY COVER
  AVERAGE SKY COVER 0.6


WEATHER CONDITIONS
 THE FOLLOWING WEATHER WAS RECORDED YESTERDAY.
  NO SIGNIFICANT WEATHER WAS OBSERVED.


RELATIVE HUMIDITY (PERCENT)
 HIGHEST    66           900 AM
 LOWEST     33           200 PM
 AVERAGE    50

..........................................................


THE COLUMBIA METRO AIRPORT SC CLIMATE NORMALS FOR TODAY
                         NORMAL    RECORD    YEAR
 MAXIMUM TEMPERATURE (F)   71        90      1929
 MINIMUM TEMPERATURE (F)   45        27      1940


SUNRISE AND SUNSET
MARCH 25 2017.........SUNRISE   721 AM EDT   SUNSET   740 PM EDT
MARCH 26 2017.........SUNRISE   720 AM EDT   SUNSET   741 PM EDT


-  INDICATES NEGATIVE NUMBERS.
R  INDICATES RECORD WAS SET OR TIED.
MM INDICATES DATA IS MISSING.
T  INDICATES TRACE AMOUNT.




$$
