000
CDUS42 KCAE 270628
CLICAE


CLIMATE REPORT
NATIONAL WEATHER SERVICE COLUMBIA SC
127 AM EST TUE JAN 27 2015


...................................

...THE COLUMBIA METRO AIRPORT SC CLIMATE SUMMARY FOR JANUARY 26 2015...

CLIMATE NORMAL PERIOD 1981 TO 2010
CLIMATE RECORD PERIOD 1887 TO 2015


WEATHER ITEM   OBSERVED TIME   RECORD YEAR NORMAL DEPARTURE LAST
                VALUE   (LST)  VALUE       VALUE  FROM      YEAR
                                                  NORMAL
..................................................................
TEMPERATURE (F)
 YESTERDAY
  MAXIMUM         59    130 PM  81    1950  57      2       57
  MINIMUM         37    654 AM  13    1940  34      3       25
  AVERAGE         48                        46      2       41

PRECIPITATION (IN)
  YESTERDAY        T             1.31 1906   0.11  -0.11     0.00
  MONTH TO DATE    2.60                      2.98  -0.38     3.18
  SINCE DEC 1      6.50                      6.20   0.30     9.06
  SINCE JAN 1      2.60                      2.98  -0.38     3.18

SNOWFALL (IN)
  YESTERDAY        0.0           1.4  1961   0.0             0.0
  MONTH TO DATE    0.0                       0.7             0.0
  SINCE DEC 1      0.0                       0.8             0.0
  SINCE JUL 1      T                         0.8              T

DEGREE DAYS
 HEATING
  YESTERDAY       17                        20     -3       24
  MONTH TO DATE  504                       533    -29      619
  SINCE DEC 1    962                      1102   -140     1044
  SINCE JUL 1   1467                      1543    -76     1491

 COOLING
  YESTERDAY        0                         0      0        0
  MONTH TO DATE    0                         0      0        0
  SINCE DEC 1      0                         3     -3       14
  SINCE JAN 1      0                         0      0        0
..................................................................


WIND (MPH)
  HIGHEST WIND SPEED    24   HIGHEST WIND DIRECTION     W (270)
  HIGHEST GUST SPEED    29   HIGHEST GUST DIRECTION     W (270)
  AVERAGE WIND SPEED     9.4


SKY COVER
  AVERAGE SKY COVER 0.4


WEATHER CONDITIONS
 THE FOLLOWING WEATHER WAS RECORDED YESTERDAY.
  LIGHT RAIN
  FOG


RELATIVE HUMIDITY (PERCENT)
 HIGHEST    92           800 AM
 LOWEST     45          1100 PM
 AVERAGE    69

..........................................................


THE COLUMBIA METRO AIRPORT SC CLIMATE NORMALS FOR TODAY
                         NORMAL    RECORD    YEAR
 MAXIMUM TEMPERATURE (F)   57        79      1949
 MINIMUM TEMPERATURE (F)   34        10      1940


SUNRISE AND SUNSET
JANUARY 27 2015.......SUNRISE   725 AM EST   SUNSET   550 PM EST
JANUARY 28 2015.......SUNRISE   724 AM EST   SUNSET   551 PM EST


-  INDICATES NEGATIVE NUMBERS.
R  INDICATES RECORD WAS SET OR TIED.
MM INDICATES DATA IS MISSING.
T  INDICATES TRACE AMOUNT.




$$
