000
CDUS42 KCAE 300552
CLICAE


CLIMATE REPORT
NATIONAL WEATHER SERVICE COLUMBIA SC
151 AM EDT TUE JUN 30 2015


...................................

...THE COLUMBIA METRO AIRPORT SC CLIMATE SUMMARY FOR JUNE 29 2015...

CLIMATE NORMAL PERIOD 1981 TO 2010
CLIMATE RECORD PERIOD 1887 TO 2015


WEATHER ITEM   OBSERVED TIME   RECORD YEAR NORMAL DEPARTURE LAST
                VALUE   (LST)  VALUE       VALUE  FROM      YEAR
                                                  NORMAL
..................................................................
TEMPERATURE (F)
 YESTERDAY
  MAXIMUM         90    411 PM 109    2012  92     -2       91
  MINIMUM         65    513 AM  54    1981  71     -6       74
  AVERAGE         78                        81     -3       83

PRECIPITATION (IN)
  YESTERDAY        0.00          1.55 2007   0.15  -0.15     0.00
  MONTH TO DATE    7.94                      4.53   3.41     1.11
  SINCE JUN 1      7.94                      4.53   3.41     1.11
  SINCE JAN 1     23.82                     21.04   2.78    20.07

SNOWFALL (IN)
  YESTERDAY        0.0          MM      MM   0.0             0.0
  MONTH TO DATE    0.0                       0.0             0.0
  SINCE JUN 1      0.0                       0.0             0.0
  SINCE JUL 1      T                         1.5             4.2

DEGREE DAYS
 HEATING
  YESTERDAY        0                         0      0        0
  MONTH TO DATE    0                         0      0        0
  SINCE JUN 1      0                         0      0        0
  SINCE JUL 1   2463                      2551    -88     2560

 COOLING
  YESTERDAY       13                        16     -3       18
  MONTH TO DATE  520                       407    113      502
  SINCE JUN 1    520                       407    113      502
  SINCE JAN 1    941                       728    213      916
..................................................................


WIND (MPH)
  HIGHEST WIND SPEED    17   HIGHEST WIND DIRECTION     W (270)
  HIGHEST GUST SPEED    23   HIGHEST GUST DIRECTION     W (270)
  AVERAGE WIND SPEED     6.2


SKY COVER
  AVERAGE SKY COVER 0.4


WEATHER CONDITIONS
 THE FOLLOWING WEATHER WAS RECORDED YESTERDAY.
  NO SIGNIFICANT WEATHER WAS OBSERVED.


RELATIVE HUMIDITY (PERCENT)
 HIGHEST    87           300 AM
 LOWEST     31          1100 AM
 AVERAGE    59

..........................................................


THE COLUMBIA METRO AIRPORT SC CLIMATE NORMALS FOR TODAY
                         NORMAL    RECORD    YEAR
 MAXIMUM TEMPERATURE (F)   92       109      2012
 MINIMUM TEMPERATURE (F)   71        55      1962


SUNRISE AND SUNSET
JUNE 30 2015..........SUNRISE   616 AM EDT   SUNSET   840 PM EDT
JULY  1 2015..........SUNRISE   617 AM EDT   SUNSET   840 PM EDT


-  INDICATES NEGATIVE NUMBERS.
R  INDICATES RECORD WAS SET OR TIED.
MM INDICATES DATA IS MISSING.
T  INDICATES TRACE AMOUNT.




$$
