000
CDUS42 KCAE 162229
CLICAE


CLIMATE REPORT
NATIONAL WEATHER SERVICE COLUMBIA SC
529 PM EST TUE JAN 16 2018


...................................

...THE COLUMBIA METRO AIRPORT SC CLIMATE SUMMARY FOR JANUARY 16 2018...
VALID TODAY AS OF 0500 PM LOCAL TIME.

CLIMATE NORMAL PERIOD 1981 TO 2010
CLIMATE RECORD PERIOD 1887 TO 2018


WEATHER ITEM   OBSERVED TIME   RECORD YEAR NORMAL DEPARTURE LAST
                VALUE   (LST)  VALUE       VALUE  FROM      YEAR
                                                  NORMAL
..................................................................
TEMPERATURE (F)
 TODAY
  MAXIMUM         57    231 PM  79    1950  56      1       59
  MINIMUM         22    741 AM  11    1893  34    -12       54
  AVERAGE         40                        45     -5       57

PRECIPITATION (IN)
  TODAY            0.00          2.06 1925   0.12  -0.12     0.00
  MONTH TO DATE    0.57                      1.82  -1.25     4.53
  SINCE DEC 1      3.86                      5.04  -1.18     7.88
  SINCE JAN 1      0.57                      1.82  -1.25     4.53

SNOWFALL (IN)
  TODAY            0.0          MM      MM   0.0             0.0
  MONTH TO DATE    T                         0.4             0.1
  SINCE DEC 1      T                         0.5             0.1
  SINCE JUL 1      T                         0.5             0.1

DEGREE DAYS
 HEATING
  TODAY           25                        20      5        8
  MONTH TO DATE  410                       333     77      210
  SINCE DEC 1    881                       902    -21      679
  SINCE JUL 1   1259                      1343    -84      981

 COOLING
  TODAY            0                         0      0        0
  MONTH TO DATE    2                         0      2        1
  SINCE DEC 1      2                         3     -1        4
  SINCE JAN 1      2                         0      2        1
..................................................................


WIND (MPH)
  HIGHEST WIND SPEED     8   HIGHEST WIND DIRECTION     S (180)
  HIGHEST GUST SPEED    10   HIGHEST GUST DIRECTION     S (170)
  AVERAGE WIND SPEED     2.0


SKY COVER
  AVERAGE SKY COVER 0.3


WEATHER CONDITIONS
 THE FOLLOWING WEATHER WAS RECORDED TODAY.
  NO SIGNIFICANT WEATHER WAS OBSERVED.


RELATIVE HUMIDITY (PERCENT)
 HIGHEST    96           500 AM
 LOWEST     30           200 PM
 AVERAGE    63

..........................................................


THE COLUMBIA METRO AIRPORT SC CLIMATE NORMALS FOR TOMORROW
                         NORMAL    RECORD    YEAR
 MAXIMUM TEMPERATURE (F)   56        79      1974
 MINIMUM TEMPERATURE (F)   34         9      1977


SUNRISE AND SUNSET
JANUARY 16 2018.......SUNRISE   729 AM EST   SUNSET   540 PM EST
JANUARY 17 2018.......SUNRISE   729 AM EST   SUNSET   540 PM EST


-  INDICATES NEGATIVE NUMBERS.
R  INDICATES RECORD WAS SET OR TIED.
MM INDICATES DATA IS MISSING.
T  INDICATES TRACE AMOUNT.




$$
