000
CDUS42 KCAE 042227
CLICAE


CLIMATE REPORT
NATIONAL WEATHER SERVICE COLUMBIA SC
525 PM EST WED MAR 4 2015


...................................

...THE COLUMBIA METRO AIRPORT SC CLIMATE SUMMARY FOR MARCH 4 2015...
VALID TODAY AS OF 0500 PM LOCAL TIME.

CLIMATE NORMAL PERIOD 1981 TO 2010
CLIMATE RECORD PERIOD 1887 TO 2015


WEATHER ITEM   OBSERVED TIME   RECORD YEAR NORMAL DEPARTURE LAST
                VALUE   (LST)  VALUE       VALUE  FROM      YEAR
                                                  NORMAL
..................................................................
TEMPERATURE (F)
 TODAY
  MAXIMUM         81    259 PM  88    1976  65     16       40
  MINIMUM         44   1207 AM  17    1980  40      4       28
  AVERAGE         63                        52     11       34

PRECIPITATION (IN)
  TODAY            0.01          1.67 1929   0.13  -0.12     0.00
  MONTH TO DATE    0.52                      0.52   0.00     0.02
  SINCE MAR 1      0.52                      0.52   0.00     0.02
  SINCE JAN 1      7.88                      7.71   0.17     6.34

SNOWFALL (IN)
  TODAY            0.0          MM      MM   0.0             0.0
  MONTH TO DATE    0.0                       0.0             0.0
  SINCE MAR 1      0.0                       0.0             0.0
  SINCE JUL 1      T                         1.4             4.2

DEGREE DAYS
 HEATING
  TODAY            2                        13    -11       31
  MONTH TO DATE   48                        53     -5       68
  SINCE MAR 1     48                        53     -5       68
  SINCE JUL 1   2237                      2152     85     2152

 COOLING
  TODAY            0                         0      0        0
  MONTH TO DATE    0                         0      0        0
  SINCE MAR 1      0                         0      0        0
  SINCE JAN 1      0                         4     -4        7
..................................................................


WIND (MPH)
  HIGHEST WIND SPEED    31   HIGHEST WIND DIRECTION    SW (240)
  HIGHEST GUST SPEED    41   HIGHEST GUST DIRECTION    SW (230)
  AVERAGE WIND SPEED     9.8


SKY COVER
  AVERAGE SKY COVER 0.8


WEATHER CONDITIONS
 THE FOLLOWING WEATHER WAS RECORDED TODAY.
  LIGHT RAIN
  FOG
  FOG W/VISIBILITY <= 1/4 MILE


RELATIVE HUMIDITY (PERCENT)
 HIGHEST   100           100 AM
 LOWEST     45           200 PM
 AVERAGE    73

..........................................................


THE COLUMBIA METRO AIRPORT SC CLIMATE NORMALS FOR TOMORROW
                         NORMAL    RECORD    YEAR
 MAXIMUM TEMPERATURE (F)   65        85      1976
                                             1955
 MINIMUM TEMPERATURE (F)   40        18      1978


SUNRISE AND SUNSET
MARCH  4 2015.........SUNRISE   650 AM EST   SUNSET   623 PM EST
MARCH  5 2015.........SUNRISE   648 AM EST   SUNSET   624 PM EST


-  INDICATES NEGATIVE NUMBERS.
R  INDICATES RECORD WAS SET OR TIED.
MM INDICATES DATA IS MISSING.
T  INDICATES TRACE AMOUNT.




$$
