000
CDUS45 KGJT 260735
CLICAG


CLIMATE REPORT
NATIONAL WEATHER SERVICE GRAND JUNCTION CO
1233 AM MST SUN FEB 26 2017


...................................

...THE CRAIG CO CLIMATE SUMMARY FOR FEBRUARY 25 2017...

CLIMATE NORMAL PERIOD 1981 TO 2010
CLIMATE RECORD PERIOD 9999 TO 9999


WEATHER ITEM   OBSERVED TIME   RECORD YEAR NORMAL DEPARTURE LAST
                VALUE   (LST)  VALUE       VALUE  FROM      YEAR
                                                  NORMAL
..................................................................
TEMPERATURE (F)
 YESTERDAY
  MAXIMUM         24    322 PM  MM      MM  37    -13       40
  MINIMUM          5   1244 AM  MM      MM  11     -6        4
  AVERAGE         15                        24     -9       22

PRECIPITATION (IN)
  YESTERDAY        T            MM      MM   0.03  -0.03     0.00
  MONTH TO DATE    1.03                      0.73   0.30     0.34
  SINCE DEC 1      4.05                      2.61   1.44     3.11
  SINCE JAN 1      2.85                      1.61   1.24     1.74

SNOWFALL (IN)
  YESTERDAY       MM            MM      MM  MM     MM       MM
  MONTH TO DATE   MM                        MM     MM       MM
  SINCE DEC 1     MM                        MM     MM       MM
  SINCE JUL 1     MM                        MM     MM       MM
  SNOW DEPTH      MM

DEGREE DAYS
 HEATING
  YESTERDAY       50                        41      9       43
  MONTH TO DATE  823                      1120   -297     1185
  SINCE DEC 1   3748                      4119   -371     4455
  SINCE JUL 1   5386                      6204   -818     6132

 COOLING
  YESTERDAY        0                         0      0        0
  MONTH TO DATE    0                         0      0        0
  SINCE DEC 1      0                         0      0        0
  SINCE JAN 1      0                         0      0        0
..................................................................


WIND (MPH)
  HIGHEST WIND SPEED    25   HIGHEST WIND DIRECTION     W (260)
  HIGHEST GUST SPEED    33   HIGHEST GUST DIRECTION     W (260)
  AVERAGE WIND SPEED     7.0


SKY COVER
  POSSIBLE SUNSHINE  MM
  AVERAGE SKY COVER 0.9


WEATHER CONDITIONS
 THE FOLLOWING WEATHER WAS RECORDED YESTERDAY.
  LIGHT SNOW
  FOG
  HAZE


RELATIVE HUMIDITY (PERCENT)
 HIGHEST    84           700 AM
 LOWEST     42           100 PM
 AVERAGE    63

..........................................................


THE CRAIG CO CLIMATE NORMALS FOR TODAY
                         NORMAL    RECORD    YEAR
 MAXIMUM TEMPERATURE (F)   37        MM        MM
 MINIMUM TEMPERATURE (F)   11        MM        MM


SUNRISE AND SUNSET
FEBRUARY 26 2017......SUNRISE   648 AM MST   SUNSET   559 PM MST
FEBRUARY 27 2017......SUNRISE   646 AM MST   SUNSET   600 PM MST


-  INDICATES NEGATIVE NUMBERS.
R  INDICATES RECORD WAS SET OR TIED.
MM INDICATES DATA IS MISSING.
T  INDICATES TRACE AMOUNT.




$$
