000
CDUS41 KCLE 220537
CLICAK


CLIMATE REPORT
NATIONAL WEATHER SERVICE CLEVELAND OH
126 AM EDT WED OCT 22 2014


...................................

...THE AKRON CANTON OH CLIMATE SUMMARY FOR OCTOBER 21 2014...

CLIMATE NORMAL PERIOD 1981 TO 2010
CLIMATE RECORD PERIOD 1887 TO 2014


WEATHER ITEM   OBSERVED TIME   RECORD YEAR NORMAL DEPARTURE LAST
                VALUE   (LST)  VALUE       VALUE  FROM      YEAR
                                                  NORMAL
..................................................................
TEMPERATURE (F)
 YESTERDAY
  MAXIMUM         52   1047 AM  80    1920  59     -7       62
  MINIMUM         47   1159 PM  22    1952  41      6       41
  AVERAGE         50                        50      0       52

PRECIPITATION (IN)
  YESTERDAY        1.00                      0.09   0.91     0.10
  MONTH TO DATE    3.21                      1.90   1.31     4.94
  SINCE SEP 1      4.41                      5.35  -0.94     7.84
  SINCE JAN 1     40.20                     32.55   7.65    34.91

SNOWFALL (IN)
  YESTERDAY        0.0                       0.0    0.0      0.0
  MONTH TO DATE    0.0                       0.1   -0.1      0.0
  SINCE SEP 1      0.0                       0.1   -0.1      0.0
  SINCE JUL 1      0.0                       0.1   -0.1      0.0
  SNOW DEPTH       0

DEGREE DAYS
 HEATING
  YESTERDAY       15                        15      0       13
  MONTH TO DATE  214                       250    -36      147
  SINCE SEP 1    301                       369    -68      249
  SINCE JUL 1    317                       389    -72      262

 COOLING
  YESTERDAY        0                         0      0        0
  MONTH TO DATE    4                         3      1       28
  SINCE SEP 1     83                        67     16      105
  SINCE JAN 1    719                       649     70      829
..................................................................


WIND (MPH)
  HIGHEST WIND SPEED    20   HIGHEST WIND DIRECTION    NW (330)
  HIGHEST GUST SPEED    26   HIGHEST GUST DIRECTION     N (340)
  AVERAGE WIND SPEED     9.4


SKY COVER
  POSSIBLE SUNSHINE  MM
  AVERAGE SKY COVER 1.0


WEATHER CONDITIONS
 THE FOLLOWING WEATHER WAS RECORDED YESTERDAY.
  HEAVY RAIN
  RAIN
  LIGHT RAIN
  FOG


RELATIVE HUMIDITY (PERCENT)
 HIGHEST    93           800 PM
 LOWEST     74           200 PM
 AVERAGE    84

..........................................................


THE AKRON CANTON OH CLIMATE NORMALS FOR TODAY
                         NORMAL    RECORD    YEAR
 MAXIMUM TEMPERATURE (F)   59        80      1920
 MINIMUM TEMPERATURE (F)   41        26      1997


SUNRISE AND SUNSET
OCTOBER 22 2014.......SUNRISE   745 AM EDT   SUNSET   635 PM EDT
OCTOBER 23 2014.......SUNRISE   746 AM EDT   SUNSET   634 PM EDT


-  INDICATES NEGATIVE NUMBERS.
R  INDICATES RECORD WAS SET OR TIED.
MM INDICATES DATA IS MISSING.
T  INDICATES TRACE AMOUNT.




$$
