000
CDUS41 KCLE 250528
CLICAK


CLIMATE REPORT
NATIONAL WEATHER SERVICE CLEVELAND OH
1228 AM EST SUN FEB 25 2018


...................................

...THE AKRON CANTON OH CLIMATE SUMMARY FOR FEBRUARY 24 2018...

CLIMATE NORMAL PERIOD 1981 TO 2010
CLIMATE RECORD PERIOD 1887 TO 2018


WEATHER ITEM   OBSERVED TIME   RECORD YEAR NORMAL DEPARTURE LAST
                VALUE   (LST)  VALUE       VALUE  FROM      YEAR
                                                  NORMAL
..................................................................
TEMPERATURE (F)
 YESTERDAY
  MAXIMUM         51   1232 AM  76    2017  39     12       76
  MINIMUM         42    138 PM -10    2015  23     19       57
  AVERAGE         47                        31     16       67

PRECIPITATION (IN)
  YESTERDAY        0.90                      0.09   0.81     0.01
  MONTH TO DATE    4.81                      1.96   2.85     1.70
  SINCE DEC 1      8.90                      7.41   1.49    10.84
  SINCE JAN 1      7.00                      4.57   2.43     7.84

SNOWFALL (IN)
  YESTERDAY        0.0                       0.4   -0.4      0.0
  MONTH TO DATE   11.2                       8.9    2.3      4.2
  SINCE DEC 1     37.4                      31.5    5.9     19.1
  SINCE JUL 1     37.5                      34.9    2.6     21.2
  SNOW DEPTH       0

DEGREE DAYS
 HEATING
  YESTERDAY       18                        34    -16        0
  MONTH TO DATE  729                       875   -146      599
  SINCE DEC 1   3084                      3152    -68     2625
  SINCE JUL 1   4074                      4411   -337     3503

 COOLING
  YESTERDAY        0                         0      0        2
  MONTH TO DATE    3                         0      3        2
  SINCE DEC 1      3                         0      3        2
  SINCE JAN 1      3                         0      3        2
..................................................................


WIND (MPH)
  HIGHEST WIND SPEED    17   HIGHEST WIND DIRECTION    SE (120)
  HIGHEST GUST SPEED    22   HIGHEST GUST DIRECTION    SE (120)
  AVERAGE WIND SPEED     9.0


SKY COVER
  POSSIBLE SUNSHINE  MM
  AVERAGE SKY COVER 1.0


WEATHER CONDITIONS
 THE FOLLOWING WEATHER WAS RECORDED YESTERDAY.
  RAIN
  LIGHT RAIN
  FOG
  HAZE


RELATIVE HUMIDITY (PERCENT)
 HIGHEST    93          1100 PM
 LOWEST     80           300 AM
 AVERAGE    87

..........................................................


THE AKRON CANTON OH CLIMATE NORMALS FOR TODAY
                         NORMAL    RECORD    YEAR
 MAXIMUM TEMPERATURE (F)   39        68      2000
 MINIMUM TEMPERATURE (F)   23        -6      1914
                                             1900


SUNRISE AND SUNSET
FEBRUARY 25 2018......SUNRISE   706 AM EST   SUNSET   612 PM EST
FEBRUARY 26 2018......SUNRISE   704 AM EST   SUNSET   613 PM EST


-  INDICATES NEGATIVE NUMBERS.
R  INDICATES RECORD WAS SET OR TIED.
MM INDICATES DATA IS MISSING.
T  INDICATES TRACE AMOUNT.




$$
