046
CDUS45 KABQ 270831
CLICAO


CLIMATE REPORT
NATIONAL WEATHER SERVICE ALBUQUERQUE NM
230 AM MDT THU APR 27 2017


...................................

...THE CLAYTON  NM CLIMATE SUMMARY FOR APRIL 26 2017...

CLIMATE NORMAL PERIOD 1981 TO 2010
CLIMATE RECORD PERIOD 1896 TO 2017


WEATHER ITEM   OBSERVED TIME   RECORD YEAR NORMAL DEPARTURE
                VALUE   (LST)  VALUE       VALUE  FROM
                                                  NORMAL
...............................................................
TEMPERATURE (F)
 YESTERDAY
  MAXIMUM         59    246 PM  90    1927  70    -11
  MINIMUM         32    142 AM  21    1924  41     -9
  AVERAGE         46                        56    -10

PRECIPITATION (IN)
  YESTERDAY        0.33          1.73 1941   0.04   0.29
  MONTH TO DATE    1.72                      0.80   0.92
  SINCE MAR 1      2.52                      1.75   0.77
  SINCE JAN 1      3.90                      2.37   1.53

SNOWFALL (IN)
  YESTERDAY        T
  MONTH TO DATE    6.1
  SINCE MAR 1      6.2
  SINCE JUL 1     17.6

DEGREE DAYS
 HEATING
  YESTERDAY       19                        10      9
  MONTH TO DATE  270                       348    -78
  SINCE MAR 1    692                       992   -300
  SINCE JUL 1   3712                      4669   -957

 COOLING
  YESTERDAY        0                         0      0
  MONTH TO DATE   12                         0     12
  SINCE MAR 1     18                         1     17
  SINCE JAN 1     20                         1     19
...............................................................


WIND (MPH)
  HIGHEST WIND SPEED    25   HIGHEST WIND DIRECTION     N (360)
  HIGHEST GUST SPEED    32   HIGHEST GUST DIRECTION    NW (310)
  AVERAGE WIND SPEED    12.4


SKY COVER
  AVERAGE SKY COVER 0.5


WEATHER CONDITIONS
 THE FOLLOWING WEATHER WAS RECORDED YESTERDAY.
  HEAVY RAIN
  RAIN
  LIGHT RAIN
  LIGHT SNOW
  FOG


RELATIVE HUMIDITY (PERCENT)
 HIGHEST   100           100 AM
 LOWEST     32           500 PM
 AVERAGE    66

..........................................................


THE CLAYTON  NM CLIMATE NORMALS FOR TODAY
                         NORMAL    RECORD    YEAR
 MAXIMUM TEMPERATURE (F)   70        87      1981
 MINIMUM TEMPERATURE (F)   41        21      1932
                                             1920


SUNRISE AND SUNSET
APRIL 27 2017.........SUNRISE   603 AM MDT   SUNSET   737 PM MDT
APRIL 28 2017.........SUNRISE   602 AM MDT   SUNSET   738 PM MDT


-  INDICATES NEGATIVE NUMBERS.
R  INDICATES RECORD WAS SET OR TIED.
MM INDICATES DATA IS MISSING.
T  INDICATES TRACE AMOUNT.

$$
