000
CDUS45 KABQ 300902
CLICAO


CLIMATE REPORT
NATIONAL WEATHER SERVICE ALBUQUERQUE NM
302 AM MDT SAT JUL 30 2016


...................................

...THE CLAYTON  NM CLIMATE SUMMARY FOR JULY 29 2016...

CLIMATE NORMAL PERIOD 1981 TO 2010
CLIMATE RECORD PERIOD 1896 TO 2016


WEATHER ITEM   OBSERVED TIME   RECORD YEAR NORMAL DEPARTURE
                VALUE   (LST)  VALUE       VALUE  FROM
                                                  NORMAL
...............................................................
TEMPERATURE (F)
 YESTERDAY
  MAXIMUM         91    215 PM 100    1934  88      3
  MINIMUM         60    503 AM  53    1971  61     -1
                                      1943
                                      1929
  AVERAGE         76                        74      2

PRECIPITATION (IN)
  YESTERDAY        0.03          2.02 1982   0.10  -0.07
  MONTH TO DATE    1.17                      2.46  -1.29
  SINCE JUN 1      5.18                      4.59   0.59
  SINCE JAN 1      8.82                      9.06  -0.24

SNOWFALL (IN)
  YESTERDAY        0.0
  MONTH TO DATE    0.0
  SINCE JUN 1      0.0
  SINCE JUL 1      0.0

DEGREE DAYS
 HEATING
  YESTERDAY        0                         0      0
  MONTH TO DATE    0                         0      0
  SINCE JUN 1      7                        23    -16
  SINCE JUL 1      0                         0      0

 COOLING
  YESTERDAY       11                        10      1
  MONTH TO DATE  420                       286    134
  SINCE JUN 1    681                       469    212
  SINCE JAN 1    700                       520    180
...............................................................


WIND (MPH)
  HIGHEST WIND SPEED    31   HIGHEST WIND DIRECTION    SE (130)
  HIGHEST GUST SPEED    37   HIGHEST GUST DIRECTION     S (170)
  AVERAGE WIND SPEED    12.7


SKY COVER
  AVERAGE SKY COVER 0.3


WEATHER CONDITIONS
 THE FOLLOWING WEATHER WAS RECORDED YESTERDAY.
  THUNDERSTORM
  HEAVY RAIN
  LIGHT RAIN


RELATIVE HUMIDITY (PERCENT)
 HIGHEST    90           300 AM
 LOWEST     35           300 PM
 AVERAGE    63

..........................................................


THE CLAYTON  NM CLIMATE NORMALS FOR TODAY
                         NORMAL    RECORD    YEAR
 MAXIMUM TEMPERATURE (F)   88       105      1934
 MINIMUM TEMPERATURE (F)   61        52      1971
                                             1925


SUNRISE AND SUNSET
JULY 30 2016..........SUNRISE   558 AM MDT   SUNSET   800 PM MDT
JULY 31 2016..........SUNRISE   559 AM MDT   SUNSET   759 PM MDT


-  INDICATES NEGATIVE NUMBERS.
R  INDICATES RECORD WAS SET OR TIED.
MM INDICATES DATA IS MISSING.
T  INDICATES TRACE AMOUNT.




$$
