000
CDUS45 KABQ 030844
CLICAO


CLIMATE REPORT
NATIONAL WEATHER SERVICE ALBUQUERQUE NM
144 AM MST SAT DEC 3 2016


...................................

...THE CLAYTON  NM CLIMATE SUMMARY FOR DECEMBER 2 2016...

CLIMATE NORMAL PERIOD 1981 TO 2010
CLIMATE RECORD PERIOD 1896 TO 2016


WEATHER ITEM   OBSERVED TIME   RECORD YEAR NORMAL DEPARTURE
                VALUE   (LST)  VALUE       VALUE  FROM
                                                  NORMAL
...............................................................
TEMPERATURE (F)
 YESTERDAY
  MAXIMUM         42   1202 PM  76    1926  50     -8
  MINIMUM         22   1208 AM   2    1985  24     -2
  AVERAGE         32                        37     -5

PRECIPITATION (IN)
  YESTERDAY        0.01          0.25 1953   0.01   0.00
                                      1897
  MONTH TO DATE    0.01                      0.02  -0.01
  SINCE DEC 1      0.01                      0.02  -0.01
  SINCE JAN 1     19.93                     15.45   4.48

SNOWFALL (IN)
  YESTERDAY        0.1
  MONTH TO DATE    0.1
  SINCE DEC 1      0.1
  SINCE JUL 1      0.1

DEGREE DAYS
 HEATING
  YESTERDAY       33                        28      5
  MONTH TO DATE   66                        56     10
  SINCE DEC 1     66                        56     10
  SINCE JUL 1    734                      1108   -374

 COOLING
  YESTERDAY        0                         0      0
  MONTH TO DATE    0                         0      0
  SINCE DEC 1      0                         0      0
  SINCE JAN 1   1115                       909    206
...............................................................


WIND (MPH)
  HIGHEST WIND SPEED    18   HIGHEST WIND DIRECTION    NE (60)
  HIGHEST GUST SPEED    21   HIGHEST GUST DIRECTION    NE (60)
  AVERAGE WIND SPEED     8.3


SKY COVER
  AVERAGE SKY COVER 0.7


WEATHER CONDITIONS
 THE FOLLOWING WEATHER WAS RECORDED YESTERDAY.
  LIGHT SNOW
  FOG


RELATIVE HUMIDITY (PERCENT)
 HIGHEST    68           100 AM
 LOWEST     40          1200 PM
 AVERAGE    54

..........................................................


THE CLAYTON  NM CLIMATE NORMALS FOR TODAY
                         NORMAL    RECORD    YEAR
 MAXIMUM TEMPERATURE (F)   50        74      1926
 MINIMUM TEMPERATURE (F)   23         4      1899


SUNRISE AND SUNSET
DECEMBER  3 2016......SUNRISE   648 AM MST   SUNSET   437 PM MST
DECEMBER  4 2016......SUNRISE   649 AM MST   SUNSET   437 PM MST


-  INDICATES NEGATIVE NUMBERS.
R  INDICATES RECORD WAS SET OR TIED.
MM INDICATES DATA IS MISSING.
T  INDICATES TRACE AMOUNT.




$$
