084
CDUS45 KABQ 280915
CLICAO


CLIMATE REPORT
NATIONAL WEATHER SERVICE ALBUQUERQUE NM
215 AM MST TUE FEB 28 2017


...................................

...THE CLAYTON  NM CLIMATE SUMMARY FOR FEBRUARY 27 2017...

CLIMATE NORMAL PERIOD 1981 TO 2010
CLIMATE RECORD PERIOD 1896 TO 2017


WEATHER ITEM   OBSERVED TIME   RECORD YEAR NORMAL DEPARTURE
                VALUE   (LST)  VALUE       VALUE  FROM
                                                  NORMAL
...............................................................
TEMPERATURE (F)
 YESTERDAY
  MAXIMUM         66    401 PM  75    2016  54     12
                                      2006
                                      1932
  MINIMUM         23    340 AM  -4    1962  26     -3
  AVERAGE         45                        40      5

PRECIPITATION (IN)
  YESTERDAY        0.00          0.30 1922   0.01  -0.01
  MONTH TO DATE    0.25                      0.32  -0.07
  SINCE DEC 1      1.59                      0.96   0.63
  SINCE JAN 1      1.38                      0.60   0.78

SNOWFALL (IN)
  YESTERDAY        0.0
  MONTH TO DATE    1.0
  SINCE DEC 1     11.4
  SINCE JUL 1     11.4

DEGREE DAYS
 HEATING
  YESTERDAY       20                        25     -5
  MONTH TO DATE  519                       746   -227
  SINCE DEC 1   2333                      2600   -267
  SINCE JUL 1   3001                      3652   -651

 COOLING
  YESTERDAY        0                         0      0
  MONTH TO DATE    2                         0      2
  SINCE DEC 1      2                         0      2
  SINCE JAN 1      2                         0      2
...............................................................


WIND (MPH)
  HIGHEST WIND SPEED    40   HIGHEST WIND DIRECTION    SW (230)
  HIGHEST GUST SPEED    51   HIGHEST GUST DIRECTION    SW (230)
  AVERAGE WIND SPEED    14.8


SKY COVER
  AVERAGE SKY COVER 0.0


WEATHER CONDITIONS
 THE FOLLOWING WEATHER WAS RECORDED YESTERDAY.
  NO SIGNIFICANT WEATHER WAS OBSERVED.


RELATIVE HUMIDITY (PERCENT)
 HIGHEST    63           400 AM
 LOWEST      9           500 PM
 AVERAGE    36

..........................................................


THE CLAYTON  NM CLIMATE NORMALS FOR TODAY
                         NORMAL    RECORD    YEAR
 MAXIMUM TEMPERATURE (F)   54        80      2006
 MINIMUM TEMPERATURE (F)   26        -4      1962


SUNRISE AND SUNSET
FEBRUARY 28 2017......SUNRISE   624 AM MST   SUNSET   547 PM MST
MARCH  1 2017.........SUNRISE   623 AM MST   SUNSET   548 PM MST


-  INDICATES NEGATIVE NUMBERS.
R  INDICATES RECORD WAS SET OR TIED.
MM INDICATES DATA IS MISSING.
T  INDICATES TRACE AMOUNT.




$$
