000
CDUS45 KABQ 110828
CLICAO


CLIMATE REPORT
NATIONAL WEATHER SERVICE ALBUQUERQUE NM
127 AM MST THU FEB 11 2016


...................................

...THE CLAYTON  NM CLIMATE SUMMARY FOR FEBRUARY 10 2016...

CLIMATE NORMAL PERIOD 1981 TO 2010
CLIMATE RECORD PERIOD 1896 TO 2016


WEATHER ITEM   OBSERVED TIME   RECORD YEAR NORMAL DEPARTURE
                VALUE   (LST)  VALUE       VALUE  FROM
                                                  NORMAL
...............................................................
TEMPERATURE (F)
 YESTERDAY
  MAXIMUM         77R   248 PM  76    1962  50     27
  MINIMUM         33    107 AM -10    1981  23     10
  AVERAGE         55                        36     19

PRECIPITATION (IN)
  YESTERDAY        0.00          0.70 1953   0.01  -0.01
  MONTH TO DATE    0.11                      0.10   0.01
  SINCE DEC 1      1.00                      0.74   0.26
  SINCE JAN 1      0.39                      0.38   0.01

SNOWFALL (IN)
  YESTERDAY        0.0
  MONTH TO DATE    0.9
  SINCE DEC 1     15.1
  SINCE JUL 1     22.2

DEGREE DAYS
 HEATING
  YESTERDAY       10                        28    -18
  MONTH TO DATE  307                       289     18
  SINCE DEC 1   2031                      2143   -112
  SINCE JUL 1   2920                      3195   -275

 COOLING
  YESTERDAY        0                         0      0
  MONTH TO DATE    0                         0      0
  SINCE DEC 1      0                         0      0
  SINCE JAN 1      0                         0      0
...............................................................


WIND (MPH)
  HIGHEST WIND SPEED    21   HIGHEST WIND DIRECTION     N (360)
  HIGHEST GUST SPEED    28   HIGHEST GUST DIRECTION     N (10)
  AVERAGE WIND SPEED    11.3


SKY COVER
  AVERAGE SKY COVER 0.0


WEATHER CONDITIONS
 THE FOLLOWING WEATHER WAS RECORDED YESTERDAY.
  NO SIGNIFICANT WEATHER WAS OBSERVED.


RELATIVE HUMIDITY (PERCENT)
 HIGHEST    52          1200 AM
 LOWEST      5          1100 AM
 AVERAGE    29

..........................................................


THE CLAYTON  NM CLIMATE NORMALS FOR TODAY
                         NORMAL    RECORD    YEAR
 MAXIMUM TEMPERATURE (F)   51        81      1951
 MINIMUM TEMPERATURE (F)   23       -18      1899


SUNRISE AND SUNSET
FEBRUARY 11 2016......SUNRISE   645 AM MST   SUNSET   529 PM MST
FEBRUARY 12 2016......SUNRISE   644 AM MST   SUNSET   530 PM MST


-  INDICATES NEGATIVE NUMBERS.
R  INDICATES RECORD WAS SET OR TIED.
MM INDICATES DATA IS MISSING.
T  INDICATES TRACE AMOUNT.




$$
