000
CDUS45 KABQ 010830
CLICAO


CLIMATE REPORT
NATIONAL WEATHER SERVICE ALBUQUERQUE NM
230 AM MDT WED OCT 1 2014


...................................

...THE CLAYTON  NM CLIMATE SUMMARY FOR SEPTEMBER 30 2014...

CLIMATE NORMAL PERIOD 1981 TO 2010
CLIMATE RECORD PERIOD 1896 TO 2014


WEATHER ITEM   OBSERVED TIME   RECORD YEAR NORMAL DEPARTURE
                VALUE   (LST)  VALUE       VALUE  FROM
                                                  NORMAL
...............................................................
TEMPERATURE (F)
 YESTERDAY
  MAXIMUM         77    336 PM  91    2009  74      3
                                      1928
  MINIMUM         45    601 AM  28    1985  46     -1
                                      1984
  AVERAGE         61                        60      1

PRECIPITATION (IN)
  YESTERDAY        0.00          2.15 1930   0.04  -0.04
  MONTH TO DATE    3.13                      1.67   1.46
  SINCE SEP 1      3.13                      1.67   1.46
  SINCE JAN 1     11.66                     13.87  -2.21

SNOWFALL (IN)
  YESTERDAY        0.0
  MONTH TO DATE    0.0
  SINCE SEP 1      0.0
  SINCE JUL 1      0.0

DEGREE DAYS
 HEATING
  YESTERDAY        4                         6     -2
  MONTH TO DATE   47                        79    -32
  SINCE SEP 1     47                        78    -31
  SINCE JUL 1     47                        84    -37

 COOLING
  YESTERDAY        0                         1     -1
  MONTH TO DATE  111                       102      9
  SINCE SEP 1    111                       102      9
  SINCE JAN 1   1115                       899    216
...............................................................


WIND (MPH)
  HIGHEST WIND SPEED    22   HIGHEST WIND DIRECTION     S (180)
  HIGHEST GUST SPEED    25   HIGHEST GUST DIRECTION     S (180)
  AVERAGE WIND SPEED     9.0


SKY COVER
  AVERAGE SKY COVER 0.0


WEATHER CONDITIONS
 THE FOLLOWING WEATHER WAS RECORDED YESTERDAY.
  NO SIGNIFICANT WEATHER WAS OBSERVED.


RELATIVE HUMIDITY (PERCENT)
 HIGHEST    86          1200 AM
 LOWEST     23           300 PM
 AVERAGE    55

..........................................................


THE CLAYTON  NM CLIMATE NORMALS FOR TODAY
                         NORMAL    RECORD    YEAR
 MAXIMUM TEMPERATURE (F)   73        90      2000
 MINIMUM TEMPERATURE (F)   46        32      1961


SUNRISE AND SUNSET
OCTOBER  1 2014.......SUNRISE   648 AM MDT   SUNSET   636 PM MDT
OCTOBER  2 2014.......SUNRISE   649 AM MDT   SUNSET   635 PM MDT


-  INDICATES NEGATIVE NUMBERS.
R  INDICATES RECORD WAS SET OR TIED.
MM INDICATES DATA IS MISSING.
T  INDICATES TRACE AMOUNT.




$$
