000
CDUS45 KABQ 280831
CLICAO


CLIMATE REPORT
NATIONAL WEATHER SERVICE ALBUQUERQUE NM
229 AM MDT WED SEP 28 2016


...................................

...THE CLAYTON  NM CLIMATE SUMMARY FOR SEPTEMBER 27 2016...

CLIMATE NORMAL PERIOD 1981 TO 2010
CLIMATE RECORD PERIOD 1896 TO 2016


WEATHER ITEM   OBSERVED TIME   RECORD YEAR NORMAL DEPARTURE
                VALUE   (LST)  VALUE       VALUE  FROM
                                                  NORMAL
...............................................................
TEMPERATURE (F)
 YESTERDAY
  MAXIMUM         82    236 PM  94    2009  75      7
  MINIMUM         47    456 AM  28    1927  48     -1
  AVERAGE         65                        61      4

PRECIPITATION (IN)
  YESTERDAY        0.00          1.60 1976   0.04  -0.04
  MONTH TO DATE    2.63                      1.54   1.09
  SINCE SEP 1      2.63                      1.54   1.09
  SINCE JAN 1     18.39                     13.74   4.65

SNOWFALL (IN)
  YESTERDAY        0.0
  MONTH TO DATE    0.0
  SINCE SEP 1      0.0
  SINCE JUL 1      0.0

DEGREE DAYS
 HEATING
  YESTERDAY        0                         5     -5
  MONTH TO DATE   32                        62    -30
  SINCE SEP 1     32                        62    -30
  SINCE JUL 1     34                        68    -34

 COOLING
  YESTERDAY        0                         1     -1
  MONTH TO DATE  128                       100     28
  SINCE SEP 1    128                       100     28
  SINCE JAN 1   1066                       897    169
...............................................................


WIND (MPH)
  HIGHEST WIND SPEED    15   HIGHEST WIND DIRECTION     W (270)
  HIGHEST GUST SPEED    20   HIGHEST GUST DIRECTION     W (270)
  AVERAGE WIND SPEED     7.2


SKY COVER
  AVERAGE SKY COVER 0.0


WEATHER CONDITIONS
 THE FOLLOWING WEATHER WAS RECORDED YESTERDAY.
  HAZE


RELATIVE HUMIDITY (PERCENT)
 HIGHEST    66           100 AM
 LOWEST     18           200 PM
 AVERAGE    42

..........................................................


THE CLAYTON  NM CLIMATE NORMALS FOR TODAY
                         NORMAL    RECORD    YEAR
 MAXIMUM TEMPERATURE (F)   74        91      2011
                                             1898
 MINIMUM TEMPERATURE (F)   47        28      1945


SUNRISE AND SUNSET
SEPTEMBER 28 2016.....SUNRISE   646 AM MDT   SUNSET   640 PM MDT
SEPTEMBER 29 2016.....SUNRISE   647 AM MDT   SUNSET   638 PM MDT


-  INDICATES NEGATIVE NUMBERS.
R  INDICATES RECORD WAS SET OR TIED.
MM INDICATES DATA IS MISSING.
T  INDICATES TRACE AMOUNT.

$$
