000
CDUS45 KABQ 210829
CLICAO


CLIMATE REPORT
NATIONAL WEATHER SERVICE ALBUQUERQUE NM
128 AM MST SUN DEC 21 2014


...................................

...THE CLAYTON  NM CLIMATE SUMMARY FOR DECEMBER 20 2014...

CLIMATE NORMAL PERIOD 1981 TO 2010
CLIMATE RECORD PERIOD 1896 TO 2014


WEATHER ITEM   OBSERVED TIME   RECORD YEAR NORMAL DEPARTURE
                VALUE   (LST)  VALUE       VALUE  FROM
                                                  NORMAL
...............................................................
TEMPERATURE (F)
 YESTERDAY
  MAXIMUM         53    135 PM  75    1917  47      6
  MINIMUM         26    332 AM  -6    1924  21      5
  AVERAGE         40                        34      6

PRECIPITATION (IN)
  YESTERDAY        0.00          0.43 1938   0.01  -0.01
  MONTH TO DATE    0.24                      0.23   0.01
  SINCE DEC 1      0.24                      0.23   0.01
  SINCE JAN 1     13.13                     15.66  -2.53

SNOWFALL (IN)
  YESTERDAY        0.0
  MONTH TO DATE    T
  SINCE DEC 1      T
  SINCE JUL 1      2.6

DEGREE DAYS
 HEATING
  YESTERDAY       25                        31     -6
  MONTH TO DATE  476                       600   -124
  SINCE DEC 1    476                       600   -124
  SINCE JUL 1   1428                      1652   -224

 COOLING
  YESTERDAY        0                         0      0
  MONTH TO DATE    0                         0      0
  SINCE DEC 1      0                         0      0
  SINCE JAN 1   1130                       909    221
...............................................................


WIND (MPH)
  HIGHEST WIND SPEED    15   HIGHEST WIND DIRECTION     W (270)
  HIGHEST GUST SPEED    19   HIGHEST GUST DIRECTION     W (270)
  AVERAGE WIND SPEED     7.3


SKY COVER
  AVERAGE SKY COVER 0.0


WEATHER CONDITIONS
 THE FOLLOWING WEATHER WAS RECORDED YESTERDAY.
  NO SIGNIFICANT WEATHER WAS OBSERVED.


RELATIVE HUMIDITY (PERCENT)
 HIGHEST    85          1200 AM
 LOWEST     28           100 PM
 AVERAGE    57

..........................................................


THE CLAYTON  NM CLIMATE NORMALS FOR TODAY
                         NORMAL    RECORD    YEAR
 MAXIMUM TEMPERATURE (F)   47        73      1915
 MINIMUM TEMPERATURE (F)   21       -14      1990
                                             1983


SUNRISE AND SUNSET
DECEMBER 21 2014......SUNRISE   701 AM MST   SUNSET   441 PM MST
DECEMBER 22 2014......SUNRISE   701 AM MST   SUNSET   441 PM MST


-  INDICATES NEGATIVE NUMBERS.
R  INDICATES RECORD WAS SET OR TIED.
MM INDICATES DATA IS MISSING.
T  INDICATES TRACE AMOUNT.




$$
