000
CDUS45 KABQ 250829
CLICAO


CLIMATE REPORT
NATIONAL WEATHER SERVICE ALBUQUERQUE NM
228 AM MDT WED MAY 25 2016


...................................

...THE CLAYTON  NM CLIMATE SUMMARY FOR MAY 24 2016...

CLIMATE NORMAL PERIOD 1981 TO 2010
CLIMATE RECORD PERIOD 1896 TO 2016


WEATHER ITEM   OBSERVED TIME   RECORD YEAR NORMAL DEPARTURE
                VALUE   (LST)  VALUE       VALUE  FROM
                                                  NORMAL
...............................................................
TEMPERATURE (F)
 YESTERDAY
  MAXIMUM         86    319 PM  95    1984  78      8
  MINIMUM         41    457 AM  37    1924  50     -9
  AVERAGE         64                        64      0

PRECIPITATION (IN)
  YESTERDAY        0.00          1.48 1956   0.07  -0.07
  MONTH TO DATE    0.82                      1.38  -0.56
  SINCE MAR 1      2.92                      3.27  -0.35
  SINCE JAN 1      3.36                      3.89  -0.53

SNOWFALL (IN)
  YESTERDAY        0.0
  MONTH TO DATE    0.5
  SINCE MAR 1      2.1
  SINCE JUL 1     25.5

DEGREE DAYS
 HEATING
  YESTERDAY        1                         3     -2
  MONTH TO DATE  171                       136     35
  SINCE MAR 1   1044                      1165   -121
  SINCE JUL 1   4294                      4842   -548

 COOLING
  YESTERDAY        0                         2     -2
  MONTH TO DATE   12                        29    -17
  SINCE MAR 1     12                        35    -23
  SINCE JAN 1     12                        35    -23
...............................................................


WIND (MPH)
  HIGHEST WIND SPEED    31   HIGHEST WIND DIRECTION     S (190)
  HIGHEST GUST SPEED    37   HIGHEST GUST DIRECTION     S (190)
  AVERAGE WIND SPEED    12.4


SKY COVER
  AVERAGE SKY COVER 0.0


WEATHER CONDITIONS
 THE FOLLOWING WEATHER WAS RECORDED YESTERDAY.
  NO SIGNIFICANT WEATHER WAS OBSERVED.


RELATIVE HUMIDITY (PERCENT)
 HIGHEST    79           500 AM
 LOWEST     10           500 PM
 AVERAGE    45

..........................................................


THE CLAYTON  NM CLIMATE NORMALS FOR TODAY
                         NORMAL    RECORD    YEAR
 MAXIMUM TEMPERATURE (F)   78        96      2006
 MINIMUM TEMPERATURE (F)   50        28      1924


SUNRISE AND SUNSET
MAY 25 2016...........SUNRISE   539 AM MDT   SUNSET   801 PM MDT
MAY 26 2016...........SUNRISE   538 AM MDT   SUNSET   801 PM MDT


-  INDICATES NEGATIVE NUMBERS.
R  INDICATES RECORD WAS SET OR TIED.
MM INDICATES DATA IS MISSING.
T  INDICATES TRACE AMOUNT.




$$
