000
CDUS45 KABQ 180828
CLICAO


CLIMATE REPORT
NATIONAL WEATHER SERVICE ALBUQUERQUE NM
126 AM MST MON DEC 18 2017


...................................

...THE CLAYTON  NM CLIMATE SUMMARY FOR DECEMBER 17 2017...

CLIMATE NORMAL PERIOD 1981 TO 2010
CLIMATE RECORD PERIOD 1896 TO 2017


WEATHER ITEM   OBSERVED TIME   RECORD YEAR NORMAL DEPARTURE
                VALUE   (LST)  VALUE       VALUE  FROM
                                                  NORMAL
...............................................................
TEMPERATURE (F)
 YESTERDAY
  MAXIMUM         44    303 PM  80    1980  47     -3
  MINIMUM         26    649 PM  -5    2016  21      5
  AVERAGE         35                        34      1

PRECIPITATION (IN)
  YESTERDAY        0.00          0.40 1898   0.01  -0.01
  MONTH TO DATE    T                         0.19  -0.19
  SINCE DEC 1      T                         0.19  -0.19
  SINCE JAN 1     20.41                     15.62   4.79

SNOWFALL (IN)
  YESTERDAY        0.0
  MONTH TO DATE    T
  SINCE DEC 1      T
  SINCE JUL 1      0.5

DEGREE DAYS
 HEATING
  YESTERDAY       30                        31     -1
  MONTH TO DATE  418                       507    -89
  SINCE DEC 1    418                       507    -89
  SINCE JUL 1   1303                      1559   -256

 COOLING
  YESTERDAY        0                         0      0
  MONTH TO DATE    0                         0      0
  SINCE DEC 1      0                         0      0
  SINCE JAN 1    827                       909    -82
...............................................................


WIND (MPH)
  HIGHEST WIND SPEED    25   HIGHEST WIND DIRECTION    NW (320)
  HIGHEST GUST SPEED    30   HIGHEST GUST DIRECTION    NW (320)
  AVERAGE WIND SPEED    12.9


SKY COVER
  AVERAGE SKY COVER 0.0


WEATHER CONDITIONS
 THE FOLLOWING WEATHER WAS RECORDED YESTERDAY.
  NO SIGNIFICANT WEATHER WAS OBSERVED.


RELATIVE HUMIDITY (PERCENT)
 HIGHEST    81           400 AM
 LOWEST     49           100 PM
 AVERAGE    65

..........................................................


THE CLAYTON  NM CLIMATE NORMALS FOR TODAY
                         NORMAL    RECORD    YEAR
 MAXIMUM TEMPERATURE (F)   47        72      2013
                                             1988
                                             1980
 MINIMUM TEMPERATURE (F)   21        -4      2016
                                             1996


SUNRISE AND SUNSET
DECEMBER 18 2017......SUNRISE   659 AM MST   SUNSET   440 PM MST
DECEMBER 19 2017......SUNRISE   700 AM MST   SUNSET   440 PM MST


-  INDICATES NEGATIVE NUMBERS.
R  INDICATES RECORD WAS SET OR TIED.
MM INDICATES DATA IS MISSING.
T  INDICATES TRACE AMOUNT.

$$
