745
CDUS45 KABQ 220828
CLICAO


CLIMATE REPORT
NATIONAL WEATHER SERVICE ALBUQUERQUE NM
227 AM MDT THU JUN 22 2017


...................................

...THE CLAYTON  NM CLIMATE SUMMARY FOR JUNE 21 2017...

CLIMATE NORMAL PERIOD 1981 TO 2010
CLIMATE RECORD PERIOD 1896 TO 2017


WEATHER ITEM   OBSERVED TIME   RECORD YEAR NORMAL DEPARTURE
                VALUE   (LST)  VALUE       VALUE  FROM
                                                  NORMAL
...............................................................
TEMPERATURE (F)
 YESTERDAY
  MAXIMUM         98   1240 PM 100    1981  86     12
  MINIMUM         63    456 AM  45    1989  58      5
  AVERAGE         81                        72      9

PRECIPITATION (IN)
  YESTERDAY        0.06          1.41 1989   0.07  -0.01
  MONTH TO DATE    0.24                      1.49  -1.25
  SINCE JUN 1      0.24                      1.49  -1.25
  SINCE JAN 1      7.99                      5.96   2.03

SNOWFALL (IN)
  YESTERDAY        0.0
  MONTH TO DATE    0.0
  SINCE JUN 1      0.0
  SINCE JUL 1     25.3

DEGREE DAYS
 HEATING
  YESTERDAY        0                         0      0
  MONTH TO DATE    0                        21    -21
  SINCE JUN 1      0                        21    -21
  SINCE JUL 1   4012                      4882   -870

 COOLING
  YESTERDAY       16                         7      9
  MONTH TO DATE  136                       108     28
  SINCE JUN 1    136                       108     28
  SINCE JAN 1    168                       159      9
...............................................................


WIND (MPH)
  HIGHEST WIND SPEED    32   HIGHEST WIND DIRECTION     S (180)
  HIGHEST GUST SPEED    46   HIGHEST GUST DIRECTION    SE (130)
  AVERAGE WIND SPEED    11.6


SKY COVER
  AVERAGE SKY COVER 0.1


WEATHER CONDITIONS
 THE FOLLOWING WEATHER WAS RECORDED YESTERDAY.
  THUNDERSTORM
  RAIN
  LIGHT RAIN


RELATIVE HUMIDITY (PERCENT)
 HIGHEST    67           500 AM
 LOWEST     17          1200 PM
 AVERAGE    42

..........................................................


THE CLAYTON  NM CLIMATE NORMALS FOR TODAY
                         NORMAL    RECORD    YEAR
 MAXIMUM TEMPERATURE (F)   87        99      2010
                                             1978
                                             1924
 MINIMUM TEMPERATURE (F)   58        44      1926


SUNRISE AND SUNSET
JUNE 22 2017..........SUNRISE   535 AM MDT   SUNSET   814 PM MDT
JUNE 23 2017..........SUNRISE   535 AM MDT   SUNSET   814 PM MDT


-  INDICATES NEGATIVE NUMBERS.
R  INDICATES RECORD WAS SET OR TIED.
MM INDICATES DATA IS MISSING.
T  INDICATES TRACE AMOUNT.




$$
