000
CDUS45 KABQ 250828
CLICAO


CLIMATE REPORT
NATIONAL WEATHER SERVICE ALBUQUERQUE NM
228 AM MDT THU AUG 25 2016


...................................

...THE CLAYTON  NM CLIMATE SUMMARY FOR AUGUST 24 2016...

CLIMATE NORMAL PERIOD 1981 TO 2010
CLIMATE RECORD PERIOD 1896 TO 2016


WEATHER ITEM   OBSERVED TIME   RECORD YEAR NORMAL DEPARTURE
                VALUE   (LST)  VALUE       VALUE  FROM
                                                  NORMAL
...............................................................
TEMPERATURE (F)
 YESTERDAY
  MAXIMUM         82    407 PM 100    1936  86     -4
                                      1922
  MINIMUM         58   1159 PM  42    1928  60     -2
  AVERAGE         70                        73     -3

PRECIPITATION (IN)
  YESTERDAY        0.27          1.85 1918   0.08   0.19
  MONTH TO DATE    5.56                      2.41   3.15
  SINCE JUN 1     11.18                      7.20   3.98
  SINCE JAN 1     14.82                     11.67   3.15

SNOWFALL (IN)
  YESTERDAY        0.0
  MONTH TO DATE    0.0
  SINCE JUN 1      0.0
  SINCE JUL 1      0.0

DEGREE DAYS
 HEATING
  YESTERDAY        0                         0      0
  MONTH TO DATE    1                         0      1
  SINCE JUN 1      8                        25    -17
  SINCE JUL 1      1                         2     -1

 COOLING
  YESTERDAY        5                         8     -3
  MONTH TO DATE  196                       209    -13
  SINCE JUN 1    901                       695    206
  SINCE JAN 1    920                       746    174
...............................................................


WIND (MPH)
  HIGHEST WIND SPEED    31   HIGHEST WIND DIRECTION    NW (310)
  HIGHEST GUST SPEED    38   HIGHEST GUST DIRECTION    NW (310)
  AVERAGE WIND SPEED     8.7


SKY COVER
  AVERAGE SKY COVER 0.1


WEATHER CONDITIONS
 THE FOLLOWING WEATHER WAS RECORDED YESTERDAY.
  THUNDERSTORM
  HEAVY RAIN
  RAIN
  LIGHT RAIN


RELATIVE HUMIDITY (PERCENT)
 HIGHEST    90           900 PM
 LOWEST     35           400 PM
 AVERAGE    63

..........................................................


THE CLAYTON  NM CLIMATE NORMALS FOR TODAY
                         NORMAL    RECORD    YEAR
 MAXIMUM TEMPERATURE (F)   85        96      1936
 MINIMUM TEMPERATURE (F)   59        46      1928


SUNRISE AND SUNSET
AUGUST 25 2016........SUNRISE   619 AM MDT   SUNSET   730 PM MDT
AUGUST 26 2016........SUNRISE   620 AM MDT   SUNSET   728 PM MDT


-  INDICATES NEGATIVE NUMBERS.
R  INDICATES RECORD WAS SET OR TIED.
MM INDICATES DATA IS MISSING.
T  INDICATES TRACE AMOUNT.




$$
