000
CDUS45 KABQ 160935
CLICAO


CLIMATE REPORT
NATIONAL WEATHER SERVICE ALBUQUERQUE NM
332 AM MDT TUE SEP 16 2014


...................................

...THE CLAYTON  NM CLIMATE SUMMARY FOR SEPTEMBER 15 2014...

CLIMATE NORMAL PERIOD 1981 TO 2010
CLIMATE RECORD PERIOD 1896 TO 2014


WEATHER ITEM   OBSERVED TIME   RECORD YEAR NORMAL DEPARTURE
                VALUE   (LST)  VALUE       VALUE  FROM
                                                  NORMAL
...............................................................
TEMPERATURE (F)
 YESTERDAY
  MAXIMUM         68    913 AM  96    1898  80    -12
  MINIMUM         55   1159 PM  36    1947  53      2
  AVERAGE         62                        66     -4

PRECIPITATION (IN)
  YESTERDAY        T             3.03 1919   0.05  -0.05
  MONTH TO DATE    2.68                      0.91   1.77
  SINCE SEP 1      2.68                      0.91   1.77
  SINCE JAN 1     11.21                     13.11  -1.90

SNOWFALL (IN)
  YESTERDAY        0.0
  MONTH TO DATE    0.0
  SINCE SEP 1      0.0
  SINCE JUL 1      0.0

DEGREE DAYS
 HEATING
  YESTERDAY        3                         2      1
  MONTH TO DATE   43                        17     26
  SINCE SEP 1     43                        17     26
  SINCE JUL 1     43                        23     20

 COOLING
  YESTERDAY        0                         3     -3
  MONTH TO DATE   62                        73    -11
  SINCE SEP 1     62                        73    -11
  SINCE JAN 1   1066                       870    196
...............................................................


WIND (MPH)
  HIGHEST WIND SPEED    25   HIGHEST WIND DIRECTION     N (360)
  HIGHEST GUST SPEED    32   HIGHEST GUST DIRECTION     N (350)
  AVERAGE WIND SPEED    12.6


SKY COVER
  AVERAGE SKY COVER 0.7


WEATHER CONDITIONS
 THE FOLLOWING WEATHER WAS RECORDED YESTERDAY.
  LIGHT RAIN
  FOG


RELATIVE HUMIDITY (PERCENT)
 HIGHEST    93           600 AM
 LOWEST     63           800 AM
 AVERAGE    78

..........................................................


THE CLAYTON  NM CLIMATE NORMALS FOR TODAY
                         NORMAL    RECORD    YEAR
 MAXIMUM TEMPERATURE (F)   79        94      2000
 MINIMUM TEMPERATURE (F)   52        34      1951


SUNRISE AND SUNSET
SEPTEMBER 16 2014.....SUNRISE   636 AM MDT   SUNSET   658 PM MDT
SEPTEMBER 17 2014.....SUNRISE   637 AM MDT   SUNSET   657 PM MDT


-  INDICATES NEGATIVE NUMBERS.
R  INDICATES RECORD WAS SET OR TIED.
MM INDICATES DATA IS MISSING.
T  INDICATES TRACE AMOUNT.




$$
