000
CDUS41 KCAR 170532
CLICAR


CLIMATE REPORT
NATIONAL WEATHER SERVICE CARIBOU, ME
131 AM EDT THU APR 17 2014


...................................

...THE CARIBOU ME CLIMATE SUMMARY FOR APRIL 16 2014...

CLIMATE NORMAL PERIOD 1981 TO 2010
CLIMATE RECORD PERIOD 1939 TO 2014


WEATHER ITEM   OBSERVED TIME   RECORD YEAR NORMAL DEPARTURE LAST
                VALUE   (LST)  VALUE       VALUE  FROM      YEAR
                                                  NORMAL
..................................................................
TEMPERATURE (F)
 YESTERDAY
  MAXIMUM         39   1208 AM  76    2012  48     -9       50
  MINIMUM         18   1159 PM  11    2003  30    -12       35
                                      1981
  AVERAGE         29                        39    -10       43

PRECIPITATION (IN)
  YESTERDAY        0.33          0.54 1988   0.09   0.24     0.12
  MONTH TO DATE    2.45                      1.42   1.03     0.97
  SINCE MAR 1      5.89                      3.93   1.96     2.71
  SINCE JAN 1     12.11                      8.85   3.26     8.08

SNOWFALL (IN)
  YESTERDAY        0.5           5.2  1947   0.2    0.3      0.0
  MONTH TO DATE    5.8                       5.3    0.5      4.3
  SINCE MAR 1     47.9                      23.6   24.3     19.5
  SINCE JUL 1    147.3                     106.1   41.2    106.9
  SNOW DEPTH       3

DEGREE DAYS
 HEATING
  YESTERDAY       36                        26     10       22
  MONTH TO DATE  467                       480    -13      509
  SINCE MAR 1   2007                      1734    273     1594
  SINCE JUL 1   8661                      8455    206     7742

 COOLING
  YESTERDAY        0                         0      0        0
  MONTH TO DATE    0                         0      0        0
  SINCE MAR 1      0                         0      0        0
  SINCE JAN 1      0                         0      0        0
..................................................................


WIND (MPH)
  HIGHEST WIND SPEED    22   HIGHEST WIND DIRECTION    NW (310)
  HIGHEST GUST SPEED    34   HIGHEST GUST DIRECTION     W (290)
  AVERAGE WIND SPEED    11.5


SKY COVER
  POSSIBLE SUNSHINE  MM
  AVERAGE SKY COVER 0.7


WEATHER CONDITIONS
 THE FOLLOWING WEATHER WAS RECORDED YESTERDAY.
  RAIN
  LIGHT RAIN
  LIGHT SNOW
  FOG


RELATIVE HUMIDITY (PERCENT)
 HIGHEST    96           300 AM
 LOWEST     39           400 PM
 AVERAGE    68

..........................................................


THE CARIBOU ME CLIMATE NORMALS FOR TODAY
                         NORMAL    RECORD    YEAR
 MAXIMUM TEMPERATURE (F)   49        76      2012
 MINIMUM TEMPERATURE (F)   30         5      2003


SUNRISE AND SUNSET
APRIL 17 2014.........SUNRISE   541 AM EDT   SUNSET   723 PM EDT
APRIL 18 2014.........SUNRISE   539 AM EDT   SUNSET   725 PM EDT


-  INDICATES NEGATIVE NUMBERS.
R  INDICATES RECORD WAS SET OR TIED.
MM INDICATES DATA IS MISSING.
T  INDICATES TRACE AMOUNT.




$$
