000
CDUS41 KCAR 210528
CLICAR


CLIMATE REPORT
NATIONAL WEATHER SERVICE CARIBOU, ME
127 AM EDT MON AUG 21 2017


...................................

...THE CARIBOU ME CLIMATE SUMMARY FOR AUGUST 20 2017...

CLIMATE NORMAL PERIOD 1981 TO 2010
CLIMATE RECORD PERIOD 1939 TO 2017


WEATHER ITEM   OBSERVED TIME   RECORD YEAR NORMAL DEPARTURE LAST
                VALUE   (LST)  VALUE       VALUE  FROM      YEAR
                                                  NORMAL
..................................................................
TEMPERATURE (F)
 YESTERDAY
  MAXIMUM         77   1138 AM  87    1945  74      3       74
  MINIMUM         60   1108 PM  38    1990  52      8       51
  AVERAGE         69                        63      6       63

PRECIPITATION (IN)
  YESTERDAY        0.08          1.60 1960   0.12  -0.04     0.00
  MONTH TO DATE    2.01                      2.50  -0.49     4.22
  SINCE JUN 1      9.02                     10.06  -1.04    13.51
  SINCE JAN 1     25.59                     23.48   2.11    29.44

SNOWFALL (IN)
  YESTERDAY        0.0           0.0  2002   0.0    0.0      0.0
                                      2001
  MONTH TO DATE    0.0                       0.0    0.0      0.0
  SINCE JUN 1      0.0                       0.0    0.0      0.0
  SINCE JUL 1      0.0                       0.0    0.0      0.0
  SNOW DEPTH       0

DEGREE DAYS
 HEATING
  YESTERDAY        0                         3     -3        2
  MONTH TO DATE   38                        47     -9       21
  SINCE JUN 1    209                       270    -61      213
  SINCE JUL 1     77                       105    -28       69

 COOLING
  YESTERDAY        4                         1      3        0
  MONTH TO DATE   43                        40      3       57
  SINCE JUN 1    166                       151     15      211
  SINCE JAN 1    172                       156     16      219
..................................................................


WIND (MPH)
  HIGHEST WIND SPEED    17   HIGHEST WIND DIRECTION    NW (320)
  HIGHEST GUST SPEED    24   HIGHEST GUST DIRECTION    NW (320)
  AVERAGE WIND SPEED     6.6


SKY COVER
  POSSIBLE SUNSHINE  MM
  AVERAGE SKY COVER 0.5


WEATHER CONDITIONS
 THE FOLLOWING WEATHER WAS RECORDED YESTERDAY.
  THUNDERSTORM
  RAIN
  LIGHT RAIN
  FOG


RELATIVE HUMIDITY (PERCENT)
 HIGHEST   100           200 AM
 LOWEST     49           500 PM
 AVERAGE    75

..........................................................


THE CARIBOU ME CLIMATE NORMALS FOR TODAY
                         NORMAL    RECORD    YEAR
 MAXIMUM TEMPERATURE (F)   74        93      1976
 MINIMUM TEMPERATURE (F)   52        38      2007
                                             1957


SUNRISE AND SUNSET
AUGUST 21 2017........SUNRISE   538 AM EDT   SUNSET   732 PM EDT
AUGUST 22 2017........SUNRISE   539 AM EDT   SUNSET   730 PM EDT


-  INDICATES NEGATIVE NUMBERS.
R  INDICATES RECORD WAS SET OR TIED.
MM INDICATES DATA IS MISSING.
T  INDICATES TRACE AMOUNT.




$$
