000
CDAK48 PAFC 211515
CLICDB


CLIMATE REPORT
NATIONAL WEATHER SERVICE ANCHORAGE, AK
615 AM AKST WED FEB 21 2018


...................................

...THE COLD BAY CLIMATE SUMMARY FOR FEBRUARY 20 2018...

CLIMATE NORMAL PERIOD 1981 TO 2010
CLIMATE RECORD PERIOD 1942 TO 2018


WEATHER ITEM   OBSERVED TIME   RECORD YEAR NORMAL DEPARTURE LAST
                VALUE   (LST)  VALUE       VALUE  FROM      YEAR
                                                  NORMAL
..................................................................
TEMPERATURE (F)
 YESTERDAY
  MAXIMUM         41        MM  45    1957  34      7       32
  MINIMUM         27        MM  -6    2017  25      2       -6
  AVERAGE         34                        29      5       13

PRECIPITATION (IN)
  YESTERDAY        0.02          0.51 1996   0.11  -0.09     0.01
  MONTH TO DATE    2.17                      2.13   0.04     0.44
  SINCE SEP 1     22.75                     24.22  -1.47    27.94
  SINCE JAN 1      5.19                      5.29  -0.10     5.57

SNOWFALL (IN)
  YESTERDAY        0.0           5.8  1978   0.5   -0.5      0.1
  MONTH TO DATE    T                         9.4   -9.4      3.7
  SINCE SEP 1     33.9                      48.7  -14.8     33.0
  SINCE JUL 1     33.9                      48.7  -14.8     33.0
  SNOW DEPTH       0

DEGREE DAYS
 HEATING
  YESTERDAY       31                        36     -5       52
  MONTH TO DATE  571                       725   -154      798
  SINCE DEC 1   2591                      2915   -324     2966
  SINCE JUL 1   5314                      5935   -621     5316

 COOLING
  YESTERDAY        0                         0      0        0
  MONTH TO DATE    0                         0      0        0
  SINCE DEC 1      0                         0      0        0
  SINCE JAN 1      0                         0      0        0
..................................................................


WIND (MPH)
  RESULTANT WIND SPEED  17   RESULTANT WIND DIRECTION  SE (150)
  HIGHEST WIND SPEED    45   HIGHEST WIND DIRECTION    SE (150)
  HIGHEST GUST SPEED    56   HIGHEST GUST DIRECTION    SE (150)
  AVERAGE WIND SPEED    17.8



WEATHER CONDITIONS
 THE FOLLOWING WEATHER WAS RECORDED YESTERDAY.
  LIGHT RAIN
  LIGHT SNOW
  FOG
  FOG W/VISIBILITY <= 1/4 MILE


RELATIVE HUMIDITY (PERCENT)
 HIGHEST   100
 LOWEST     92
 AVERAGE    96

..........................................................


THE COLD BAY CLIMATE NORMALS FOR TODAY
                         NORMAL    RECORD    YEAR
 MAXIMUM TEMPERATURE (F)   34        50      1957
 MINIMUM TEMPERATURE (F)   25         1      1991


SUNRISE AND SUNSET
FEBRUARY 21 2018......SUNRISE   900 AM AKST  SUNSET   710 PM AKST
FEBRUARY 22 2018......SUNRISE   857 AM AKST  SUNSET   712 PM AKST


-  INDICATES NEGATIVE NUMBERS.
R  INDICATES RECORD WAS SET OR TIED.
MM INDICATES DATA IS MISSING.
T  INDICATES TRACE AMOUNT.




$$
