534
CDAK48 PACD 111111
CLICDB

CLIMATE REPORT
NATIONAL WEATHER SERVICE COLD BAY, AK
211 AM AKST THU FEB 11 2016

...................................
...THE COLD BAY AP CLIMATE SUMMARY FOR FEBRUARY 10 2016...

CLIMATE NORMAL PERIOD  1981 TO  2010
CLIMATE RECORD PERIOD  1942 TO  2016

WEATHER ITEM   OBSERVED TIME    RECORD YEAR NORMAL DEPARTURE LAST
               VALUE    (LST)   VALUE       VALUE  FROM      YEAR
                                                   NORMAL
...................................................................
TEMPERATURE
YESTERDAY
 MAXIMUM            41  1003 PM    44  2001     33       8     40
 MINIMUM            33  0817 AM    -1  1968     24       9     32
 AVERAGE            37                          29       8     36

PRECIPITATION
(INCHES)
 YESTERDAY           T           1.17  2000   0.10   -0.10   0.01
 MONTH TO DATE    0.45                        1.05   -0.60   0.10
 SINCE DEC 1     12.21                        8.67    3.54   4.43
 SINCE JAN 1      4.94                        4.21    0.73   1.51

SNOWFALL
(INCHES)
 YESTERDAY           T            3.5  2009    0.5    -0.5    0.0
 MONTH TO DATE     0.3                         4.6    -4.3    0.9
 SINCE DEC 1      33.7                        31.3     2.4    4.7
 SINCE JUL 1      39.0                        43.9    -4.9    8.6
 SNOW DEPTH (IN)     0                                          0

DEGREE DAYS
 HEATING
  YESTERDAY         28                          36      -8     29
  MONTH TO DATE    303                         365     -62    352
  SINCE DEC 1     2289                        2555    -266   2363
  SINCE JUL 1     5145                        5581    -436   4875

 COOLING
  YESTERDAY          0                           0       0      0
  MONTH TO DATE      0                           0       0      0
  SINCE DEC 1        0                           0       0      0
  SINCE JAN 1        0                           0       0      0
...................................................................

WIND (MPH)
 HIGHEST WIND SPEED    31     HIGHEST WIND DIRECTION     20
 HIGHEST GUST SPEED    38     HIGHEST GUST DIRECTION     20
 AVERAGE WIND SPEED  19.1

WEATHER CONDITIONS
 THE FOLLOWING WEATHER WAS RECORDED YESTERDAY.
  RAIN
  SNOW

...................................................................

THE COLD BAY CLIMATE NORMALS FOR TODAY
                           NORMAL    RECORD   YEAR
 MAXIMUM TEMPERATURE (F)     34        46     1966
 MINIMUM TEMPERATURE (F)     24         1     1969

SUNRISE AND SUNSET
 FEB 11 2016..........SUNRISE  9:24 AM      SUNSET  6:49 PM
 FEB 12 2016..........SUNRISE  9:21 AM      SUNSET  6:51 PM

-  INDICATES NEGATIVE NUMBERS.
R  INDICATES RECORD HAS BEEN SET OR TIED.
MM INDICATES DATA IS MISSING.
T  INDICATES TRACE OF PRECIPITATION.

&&
-------------------------------------------------------------------

AMOUNT OF DAYLIGHT TODAY  (HOUR:MIN)........9 HOURS 25 MINUTES
GAIN SINCE YESTERDAY (HOUR:MIN:SEC).........+0:04:14

$$

RCS FEB 16
