000
CDAK48 PACD 300047
CLICDB


CLIMATE REPORT
NATIONAL WEATHER SERVICE ANCHORAGE, AK
447 PM AKDT SAT APR 29 2017


...................................

...THE COLD BAY CLIMATE SUMMARY FOR APRIL 29 2017...
VALID TODAY AS OF 0400 PM LOCAL TIME.

CLIMATE NORMAL PERIOD 1981 TO 2010
CLIMATE RECORD PERIOD 1942 TO 2017


WEATHER ITEM   OBSERVED TIME   RECORD YEAR NORMAL DEPARTURE LAST
                VALUE   (LST)  VALUE       VALUE  FROM      YEAR
                                                  NORMAL
..................................................................
TEMPERATURE (F)
 TODAY
  MAXIMUM         41    100 PM  53    1981  42     -1       49
  MINIMUM         37        MM  21    1971  32      5       28
  AVERAGE         39                        37      2       39

PRECIPITATION (IN)
  TODAY            0.01          0.55 2004   0.08  -0.07     0.09
  MONTH TO DATE    0.97                      2.35  -1.38     3.05
  SINCE MAR 1      1.01                      5.05  -4.04     4.24
  SINCE JAN 1      7.99                     11.19  -3.20    10.72

SNOWFALL (IN)
  TODAY            0.0           1.1  1959   0.1   -0.1     MM
  MONTH TO DATE    2.6                       6.5   -3.9     MM
  SINCE MAR 1      2.9                      19.5  -16.6      0.0
  SINCE JUL 1     39.5                      71.7  -32.2     38.3
  SNOW DEPTH       0

DEGREE DAYS
 HEATING
  TODAY           26                        28     -2       26
  MONTH TO DATE  834                       902    -68      671
  SINCE MAR 1   2030                      1984     46     1588
  SINCE JUL 1   7590                      8202   -612     6804

 COOLING
  TODAY            0                         0      0        0
  MONTH TO DATE    0                         0      0        0
  SINCE MAR 1      0                         0      0        0
  SINCE JAN 1      0                         0      0        0
..................................................................


WIND (MPH)
  RESULTANT WIND SPEED  23   RESULTANT WIND DIRECTION  SE (140)
  HIGHEST WIND SPEED    36   HIGHEST WIND DIRECTION    SE (130)
  HIGHEST GUST SPEED    46   HIGHEST GUST DIRECTION    SE (140)
  AVERAGE WIND SPEED    23.3



WEATHER CONDITIONS
 THE FOLLOWING WEATHER WAS RECORDED TODAY.
  LIGHT RAIN


RELATIVE HUMIDITY (PERCENT)
 HIGHEST    92
 LOWEST     79
 AVERAGE    86

..........................................................


THE COLD BAY CLIMATE NORMALS FOR TOMORROW
                         NORMAL    RECORD    YEAR
 MAXIMUM TEMPERATURE (F)   42        55      1958
 MINIMUM TEMPERATURE (F)   32        21      2013
                                             1971


SUNRISE AND SUNSET
APRIL 29 2017.........SUNRISE   713 AM AKDT  SUNSET  1024 PM AKDT
APRIL 30 2017.........SUNRISE   711 AM AKDT  SUNSET  1026 PM AKDT


-  INDICATES NEGATIVE NUMBERS.
R  INDICATES RECORD WAS SET OR TIED.
MM INDICATES DATA IS MISSING.
T  INDICATES TRACE AMOUNT.




$$
