915
CDAK48 PACD 302310
CLICDB

CLIMATE REPORT
NATIONAL WEATHER SERVICE COLD BAY, AK
310 PM AKDT MON MAY 30 2016

...................................
...THE COLD BAY AP CLIMATE SUMMARY FOR MAY 30 2016...
VALID TODAY AS OF 2:00 PM LOCAL TIME

CLIMATE NORMAL PERIOD  1981 TO  2010
CLIMATE RECORD PERIOD  1942 TO  2016

WEATHER ITEM   OBSERVED TIME    RECORD YEAR NORMAL DEPARTURE LAST
               VALUE    (LST)   VALUE       VALUE  FROM      YEAR
                                                   NORMAL
...................................................................
TEMPERATURE
TODAY
 MAXIMUM            49  0952 AM    61  1993     48       1     48
 MINIMUM            44  1130 AM    32  1995     38       6     42
 AVERAGE            47                          43       4     45

PRECIPITATION
(INCHES)
 TODAY               T           0.87  1952   0.10   -0.10   0.11
 MONTH TO DATE    1.60                        2.51   -0.91   4.95
 SINCE MAR 1      5.83                        7.63   -1.80  10.06
 SINCE JAN 1     12.32                       13.77   -1.45  12.57

SNOWFALL
(INCHES)
 TODAY             0.0            0.1  1991    0.0     0.0    0.0
 MONTH TO DATE     0.0                         1.3    -1.3      T
 SINCE MAR 1       8.2                        20.9   -12.7   13.6
 SINCE JUL 1      50.1                        73.1   -23.0   22.3
 SNOW DEPTH (IN)     0                                          0

DEGREE DAYS
 HEATING
  TODAY             18                          22      -4     20
  MONTH TO DATE    611                         743    -132    638
  SINCE MAR 1     2345                        2752    -407   2486
  SINCE JUL 1     8070                        8976    -906   7859

 COOLING
  TODAY              0                           0       0      0
  MONTH TO DATE      0                           0       0      0
  SINCE MAR 1        0                           0       0      0
  SINCE JAN 1        0                           0       0      0
...................................................................

WIND (MPH)
 HIGHEST WIND SPEED    30     HIGHEST WIND DIRECTION    130
 HIGHEST GUST SPEED    38     HIGHEST GUST DIRECTION    140
 AVERAGE WIND SPEED    MM

WEATHER CONDITIONS
 THE FOLLOWING WEATHER WAS RECORDED TODAY.
  FOG
  RAIN

...................................................................

THE COLD BAY CLIMATE NORMALS FOR TOMORROW
                        NORMAL    RECORD   YEAR
 MAXIMUM TEMPERATURE      49        65     1964
 MINIMUM TEMPERATURE      38        28     2014

SUNRISE AND SUNSET
 MAY 30 2016..........SUNRISE  6:20 AM      SUNSET 11:19 PM
 MAY 31 2016..........SUNRISE  6:19 AM      SUNSET 11:21 PM

-  INDICATES NEGATIVE NUMBERS.
R  INDICATES RECORD HAS BEEN SET OR TIED.
MM INDICATES DATA IS MISSING.
T  INDICATES TRACE OF PRECIPITATION.

&&
-------------------------------------------------------------------

AMOUNT OF DAYLIGHT TODAY  (HOUR:MIN)........16 HOURS 59 MINUTES
GAIN SINCE YESTERDAY (HOUR:MIN:SEC).........+0:02:26

$$
RCS MAY 16
