000
CDAK48 PACD 031215
CLICDB

CLIMATE REPORT
NATIONAL WEATHER SERVICE COLD BAY, AK
415 AM AKDT MON AUG 3 2015

...................................
...THE COLD BAY AP CLIMATE SUMMARY FOR AUGUST 2 2015...

CLIMATE NORMAL PERIOD  1981 TO  2010
CLIMATE RECORD PERIOD  1955 TO  2015

WEATHER ITEM   OBSERVED TIME    RECORD YEAR NORMAL DEPARTURE LAST
               VALUE    (LST)   VALUE       VALUE  FROM      YEAR
                                                   NORMAL
...................................................................
TEMPERATURE
YESTERDAY
 MAXIMUM            60  0431 PM    66  1961     57       3     61
 MINIMUM            49  0842 AM    41  2002     48       1     55
 AVERAGE            55                          52       3     58

PRECIPITATION
(INCHES)
 YESTERDAY        0.00           1.61  2009   0.11   -0.11   0.08
 MONTH TO DATE    0.00                        0.21   -0.21   0.10
 SINCE JUN 1      3.58                        5.41   -1.83   3.28
 SINCE JAN 1     16.43                       19.27   -2.84  15.26

SNOWFALL
(INCHES)
 YESTERDAY         0.0            0.0  2015    0.0     0.0    0.0
 MONTH TO DATE     0.0                         0.0     0.0    0.0
 SINCE JUN 1       0.0                         0.0     0.0    0.0
 SINCE JUL 1       0.0                         0.0     0.0    0.0
 SNOW DEPTH (IN)     0                                          0

DEGREE DAYS
 HEATING
  YESTERDAY         10                          13      -3      7
  MONTH TO DATE     22                          26      -4     14
  SINCE JUN 1      882                        1026    -144    738
  SINCE JUL 1      422                         464     -42    293

 COOLING
  YESTERDAY          0                           0       0      0
  MONTH TO DATE      0                           0       0      0
  SINCE JUN 1        0                           0       0      0
  SINCE JAN 1        0                           0       0      0
...................................................................

WIND (MPH)
 HIGHEST WIND SPEED    26     HIGHEST WIND DIRECTION    360
 HIGHEST GUST SPEED    33     HIGHEST GUST DIRECTION     10
 AVERAGE WIND SPEED  14.7

WEATHER CONDITIONS
 THE FOLLOWING WEATHER WAS RECORDED YESTERDAY.
  NO SIGNIFICANT WEATHER WAS OBSERVED.

...................................................................

THE COLD BAY CLIMATE NORMALS FOR TODAY
                           NORMAL    RECORD   YEAR
 MAXIMUM TEMPERATURE (F)     57        69     1978
 MINIMUM TEMPERATURE (F)     48        33     2012

SUNRISE AND SUNSET
 AUG 3 2015..........SUNRISE  7:03 AM      SUNSET 10:51 PM
 AUG 4 2015..........SUNRISE  7:05 AM      SUNSET 10:49 PM

-  INDICATES NEGATIVE NUMBERS.
R  INDICATES RECORD HAS BEEN SET OR TIED.
MM INDICATES DATA IS MISSING.
T  INDICATES TRACE OF PRECIPITATION.

&&
-------------------------------------------------------------------

AMOUNT OF DAYLIGHT TODAY  (HOUR:MIN)........15 HOURS 48 MINUTES
LOSS SINCE YESTERDAY (HOUR:MIN:SEC).........-0:03:47

$$
DK AUG 15
