000
CDAK48 PACD 211725 CCA
CLICDB

CLIMATE REPORT...CORRECTED
NATIONAL WEATHER SERVICE COLD BAY, AK
825 AM AKST SUN DEC 21 2014

...................................
...THE COLD BAY AP CLIMATE SUMMARY FOR DECEMBER 20 2014...

CLIMATE NORMAL PERIOD  1981 TO  2010
CLIMATE RECORD PERIOD  1942 TO  2014

WEATHER ITEM   OBSERVED TIME    RECORD YEAR NORMAL DEPARTURE LAST
               VALUE    (LST)   VALUE       VALUE  FROM      YEAR
                                                   NORMAL
...................................................................
TEMPERATURE
YESTERDAY
 MAXIMUM            36  1001 PM    46  2013     35       1     46
 MINIMUM            31  0948 AM     5  2006     26       5     41
 AVERAGE            34                          31       3     44

PRECIPITATION
(INCHES)
 YESTERDAY           T           1.40  1983   0.13   -0.13   0.00
 MONTH TO DATE    1.62                        3.09   -1.47   3.39
 SINCE DEC 1      1.62                        3.09   -1.47   3.39
 SINCE JAN 1     32.51                       40.30   -7.79  45.51

SNOWFALL
(INCHES)
 YESTERDAY         0.0            4.6  1976    0.4    -0.4    0.0
 MONTH TO DATE     1.7                         8.0    -6.3    6.5
 SINCE DEC 1       1.7                         8.0    -6.3    6.5
 SINCE JUL 1       5.6                        20.6   -15.0   10.1
 SNOW DEPTH (IN)     T                                          0

DEGREE DAYS
 HEATING
  YESTERDAY         31                          34      -3     21
  MONTH TO DATE    630                         665     -35    531
  SINCE DEC 1      630                         665     -35    531
  SINCE JUL 1     3142                        3691    -549   3047

 COOLING
  YESTERDAY          0                           0       0      0
  MONTH TO DATE      0                           0       0      0
  SINCE DEC 1        0                           0       0      0
  SINCE JAN 1        0                           0       0      0
...................................................................

WIND (MPH)
 HIGHEST WIND SPEED    15     HIGHEST WIND DIRECTION    360
 HIGHEST GUST SPEED    20     HIGHEST GUST DIRECTION    360
 AVERAGE WIND SPEED   6.1


WEATHER CONDITIONS
 THE FOLLOWING WEATHER WAS RECORDED YESTERDAY.
  FOG
  RAIN


...................................................................

THE COLD BAY CLIMATE NORMALS FOR TODAY
                           NORMAL    RECORD   YEAR
 MAXIMUM TEMPERATURE (F)     35        46     1945
 MINIMUM TEMPERATURE (F)     26         3     2006

SUNRISE AND SUNSET
 DEC 21 2014..........SUNRISE 10:16 AM      SUNSET  5:23 PM
 DEC 22 2014..........SUNRISE 10:17 AM      SUNSET  5:24 PM

-  INDICATES NEGATIVE NUMBERS.
R  INDICATES RECORD HAS BEEN SET OR TIED.
MM INDICATES DATA IS MISSING.
T  INDICATES TRACE OF PRECIPITATION.

&&
-------------------------------------------------------------------

AMOUNT OF DAYLIGHT TODAY  (HOUR:MIN)........7 HOURS 7 MINUTES
LOSS SINCE YESTERDAY (HOUR:MIN:SEC).........-0:00:03

$$
JEG DEC 14
