000
CDAK48 PACD 271123
CLICDB

CLIMATE REPORT
NATIONAL WEATHER SERVICE COLD BAY, AK
223 AM AKST THU NOV 27 2014

...................................
...THE COLD BAY AP CLIMATE SUMMARY FOR NOVEMBER 26 2014...

CLIMATE NORMAL PERIOD  1981 TO  2010
CLIMATE RECORD PERIOD  1942 TO  2014

WEATHER ITEM   OBSERVED TIME    RECORD YEAR NORMAL DEPARTURE LAST
               VALUE    (LST)   VALUE       VALUE  FROM      YEAR
                                                   NORMAL
...................................................................
TEMPERATURE
YESTERDAY
 MAXIMUM            40  1159 PM    54  1970     38       2     38
 MINIMUM            38  0710 PM    11  1988     29       9     28
 AVERAGE            39                          33       6     33

PRECIPITATION
(INCHES)
 YESTERDAY        0.04           3.31  1972   0.18   -0.14   0.01
 MONTH TO DATE    4.36                        4.31    0.05   4.49
 SINCE SEP 1     11.91                       13.80   -1.89  15.19
 SINCE JAN 1     30.32                       36.54   -6.22  42.11

SNOWFALL
(INCHES)
 YESTERDAY           T            8.1  1992    0.4    -0.4      T
 MONTH TO DATE     1.5                         8.5    -7.0    3.6
 SINCE SEP 1       3.9                        10.9    -7.0    3.6
 SINCE JUL 1       3.9                        10.9    -7.0    3.6
 SNOW DEPTH (IN)     0                                          T

DEGREE DAYS
 HEATING
  YESTERDAY         26                          32      -6     32
  MONTH TO DATE    678                         785    -107    669
  SINCE SEP 1     1862                        2054    -192   1708
  SINCE JUL 1     2404                        2898    -494   2379

 COOLING
  YESTERDAY          0                           0       0      0
  MONTH TO DATE      0                           0       0      0
  SINCE SEP 1        0                           0       0      0
  SINCE JAN 1        0                           0       0      0
...................................................................

WIND (MPH)
 HIGHEST WIND SPEED    33     HIGHEST WIND DIRECTION    150
 HIGHEST GUST SPEED    44     HIGHEST GUST DIRECTION    160
 AVERAGE WIND SPEED  23.1


WEATHER CONDITIONS
 THE FOLLOWING WEATHER WAS RECORDED YESTERDAY.
  FOG
  RAIN
  SNOW

...................................................................

THE COLD BAY CLIMATE NORMALS FOR TODAY
                           NORMAL    RECORD   YEAR
 MAXIMUM TEMPERATURE (F)     38        49     1970
 MINIMUM TEMPERATURE (F)     29        11     1948

SUNRISE AND SUNSET
 NOV 27 2014..........SUNRISE  9:48 AM      SUNSET  5:30 PM
 NOV 28 2014..........SUNRISE  9:49 AM      SUNSET  5:29 PM

-  INDICATES NEGATIVE NUMBERS.
R  INDICATES RECORD HAS BEEN SET OR TIED.
MM INDICATES DATA IS MISSING.
T  INDICATES TRACE OF PRECIPITATION.

&&
-------------------------------------------------------------------

AMOUNT OF DAYLIGHT TODAY  (HOUR:MIN)........7 HOURS 42 MINUTES
LOSS SINCE YESTERDAY (HOUR:MIN:SEC).........-0:02:49

$$

RCS NOV 14
