000
CDAK48 PACD 051210
CLICDB

CLIMATE REPORT
NATIONAL WEATHER SERVICE COLD BAY, AK
410 AM AKDT SUN JUL 5 2015

...................................
...THE COLD BAY AP CLIMATE SUMMARY FOR JULY 4 2015...

CLIMATE NORMAL PERIOD  1981 TO  2010
CLIMATE RECORD PERIOD  1942 TO  2015

WEATHER ITEM   OBSERVED TIME    RECORD YEAR NORMAL DEPARTURE LAST
               VALUE    (LST)   VALUE       VALUE  FROM      YEAR
                                                   NORMAL
...................................................................
TEMPERATURE
YESTERDAY
 MAXIMUM            57  0147 PM    70  1991     54       3     60
 MINIMUM            49  1159 PM    38  1982     45       4     51
 AVERAGE            53                          50       3     56

PRECIPITATION
(INCHES)
 YESTERDAY        0.09           0.73  1966   0.07    0.02   0.00
 MONTH TO DATE    0.28                        0.30   -0.02   0.00
 SINCE JUN 1      1.39                        3.02   -1.63   1.05
 SINCE JAN 1     14.24                       16.88   -2.64  13.03

SNOWFALL
(INCHES)
 YESTERDAY         0.0              T  1976    0.0     0.0    0.0
 MONTH TO DATE     0.0                         0.0     0.0    0.0
 SINCE JUN 1       0.0                         0.0     0.0    0.0
 SINCE JUL 1       0.0                         0.0     0.0    0.0
 SNOW DEPTH (IN)     0                                          0

DEGREE DAYS
 HEATING
  YESTERDAY         12                          15      -3      9
  MONTH TO DATE     46                          63     -17     41
  SINCE JUN 1      506                         625    -119    486
  SINCE JUL 1       46                          63     -17     41

 COOLING
  YESTERDAY          0                           0       0      0
  MONTH TO DATE      0                           0       0      0
  SINCE JUN 1        0                           0       0      0
  SINCE JAN 1        0                           0       0      0
...................................................................

WIND (MPH)
 HIGHEST WIND SPEED    36     HIGHEST WIND DIRECTION    150
 HIGHEST GUST SPEED    47     HIGHEST GUST DIRECTION    140
 AVERAGE WIND SPEED  23.6

WEATHER CONDITIONS
 THE FOLLOWING WEATHER WAS RECORDED YESTERDAY.
  FOG
  RAIN

...................................................................

THE COLD BAY CLIMATE NORMALS FOR TODAY
                           NORMAL    RECORD   YEAR
 MAXIMUM TEMPERATURE (F)     54        65     2014
 MINIMUM TEMPERATURE (F)     45        37     1964

SUNRISE AND SUNSET
 JUL 5 2015..........SUNRISE  6:19 AM      SUNSET 11:32 PM
 JUL 6 2015..........SUNRISE  6:20 AM      SUNSET 11:32 PM

-  INDICATES NEGATIVE NUMBERS.
R  INDICATES RECORD HAS BEEN SET OR TIED.
MM INDICATES DATA IS MISSING.
T  INDICATES TRACE OF PRECIPITATION.

&&
-------------------------------------------------------------------

AMOUNT OF DAYLIGHT TODAY  (HOUR:MIN)........17 HOURS 13 MINUTES
LOSS SINCE YESTERDAY (HOUR:MIN:SEC).........-0:01:39

$$
DK JUL 15
