000
CDAK48 PACD 281157
CLICDB


CLIMATE REPORT
NATIONAL WEATHER SERVICE ANCHORAGE, AK
357 AM AKDT WED JUN 28 2017


...................................

...THE COLD BAY CLIMATE SUMMARY FOR JUNE 27 2017...

CLIMATE NORMAL PERIOD 1981 TO 2010
CLIMATE RECORD PERIOD 1942 TO 2017


WEATHER ITEM   OBSERVED TIME   RECORD YEAR NORMAL DEPARTURE LAST
                VALUE   (LST)  VALUE       VALUE  FROM      YEAR
                                                  NORMAL
..................................................................
TEMPERATURE (F)
 YESTERDAY
  MAXIMUM         56        MM  68    1953  53      3       62
  MINIMUM         43        MM  36    2009  44     -1       42
                                      1952
  AVERAGE         50                        48      2       52

PRECIPITATION (IN)
  YESTERDAY        T             0.95 1951   0.08  -0.08     0.00
  MONTH TO DATE    1.54                      2.47  -0.93     1.73
  SINCE JUN 1      1.54                      2.47  -0.93     1.73
  SINCE JAN 1     11.51                     16.33  -4.82    14.14

SNOWFALL (IN)
  YESTERDAY        0.0          MM      MM   0.0    0.0      0.0
  MONTH TO DATE    0.0                       0.0    0.0      0.0
  SINCE JUN 1      0.0                       0.0    0.0      0.0
  SINCE JUL 1     39.5                      73.1  -33.6     38.3
  SNOW DEPTH       0

DEGREE DAYS
 HEATING
  YESTERDAY       15                        17     -2       13
  MONTH TO DATE  458                       514    -56      401
  SINCE JUN 1    458                       514    -56      401
  SINCE JUL 1   8780                      9510   -730     7813

 COOLING
  YESTERDAY        0                         0      0        0
  MONTH TO DATE    0                         0      0        0
  SINCE JUN 1      0                         0      0        0
  SINCE JAN 1      0                         0      0        0
..................................................................


WIND (MPH)
  RESULTANT WIND SPEED  23   RESULTANT WIND DIRECTION  SE (150)
  HIGHEST WIND SPEED    30   HIGHEST WIND DIRECTION    SE (140)
  HIGHEST GUST SPEED    39   HIGHEST GUST DIRECTION     S (160)
  AVERAGE WIND SPEED    22.9



WEATHER CONDITIONS
 THE FOLLOWING WEATHER WAS RECORDED YESTERDAY.
  LIGHT RAIN


RELATIVE HUMIDITY (PERCENT)
 HIGHEST   100
 LOWEST     72
 AVERAGE    86

..........................................................


THE COLD BAY CLIMATE NORMALS FOR TODAY
                         NORMAL    RECORD    YEAR
 MAXIMUM TEMPERATURE (F)   53        72      2001
 MINIMUM TEMPERATURE (F)   44        33      1963


SUNRISE AND SUNSET
JUNE 28 2017..........SUNRISE   613 AM AKDT  SUNSET  1135 PM AKDT
JUNE 29 2017..........SUNRISE   614 AM AKDT  SUNSET  1135 PM AKDT


-  INDICATES NEGATIVE NUMBERS.
R  INDICATES RECORD WAS SET OR TIED.
MM INDICATES DATA IS MISSING.
T  INDICATES TRACE AMOUNT.




$$
