295
CDAK48 PACD 291110
CLICDB

CLIMATE REPORT
NATIONAL WEATHER SERVICE COLD BAY, AK
310 AM AKDT FRI APR 29 2016

...................................
...THE COLD BAY AP CLIMATE SUMMARY FOR APRIL 28 2016...

CLIMATE NORMAL PERIOD  1981 TO  2010
CLIMATE RECORD PERIOD  1950 TO  2016

WEATHER ITEM   OBSERVED TIME    RECORD YEAR NORMAL DEPARTURE LAST
               VALUE    (LST)   VALUE       VALUE  FROM      YEAR
                                                   NORMAL
...................................................................
TEMPERATURE
YESTERDAY
 MAXIMUM            49  0338 PM    52  1993     42       7     41
 MINIMUM            30  1133 PM    15  1976     32      -2     36
 AVERAGE            40                          37       3     39

PRECIPITATION
(INCHES)
 YESTERDAY        0.03           1.16  1977   0.08   -0.05   0.15
 MONTH TO DATE    2.95                        2.27    0.68   1.77
 SINCE MAR 1      4.14                        4.97   -0.83   4.92
 SINCE JAN 1     10.63                       11.11   -0.48   7.43

SNOWFALL
(INCHES)
 YESTERDAY         0.0            2.5  1988    0.2    -0.2    0.0
 MONTH TO DATE     0.7                         6.4    -5.7    8.0
 SINCE MAR 1       8.2                        19.4   -11.2   13.6
 SINCE JUL 1      50.1                        71.6   -21.5   22.3
 SNOW DEPTH (IN)     0                                          0

DEGREE DAYS
 HEATING
  YESTERDAY         25                          28      -3     26
  MONTH TO DATE    695                         874    -179    857
  SINCE MAR 1     1683                        1953    -270   1799
  SINCE JUL 1     7408                        8177    -769   7172

 COOLING
  YESTERDAY          0                           0       0      0
  MONTH TO DATE      0                           0       0      0
  SINCE MAR 1        0                           0       0      0
  SINCE JAN 1        0                           0       0      0
...................................................................

WIND (MPH)
 HIGHEST WIND SPEED    22     HIGHEST WIND DIRECTION    120
 HIGHEST GUST SPEED    26     HIGHEST GUST DIRECTION    130
 AVERAGE WIND SPEED  11.1

WEATHER CONDITIONS
 THE FOLLOWING WEATHER WAS RECORDED YESTERDAY.
  FOG
  RAIN

...................................................................

THE COLD BAY CLIMATE NORMALS FOR TODAY
                           NORMAL    RECORD   YEAR
 MAXIMUM TEMPERATURE (F)     42        53     1981
 MINIMUM TEMPERATURE (F)     32        21     1971

SUNRISE AND SUNSET
 APR 29 2016..........SUNRISE  7:13 AM      SUNSET 10:25 PM
 APR 30 2016..........SUNRISE  7:11 AM      SUNSET 10:27 PM

-  INDICATES NEGATIVE NUMBERS.
R  INDICATES RECORD HAS BEEN SET OR TIED.
MM INDICATES DATA IS MISSING.
T  INDICATES TRACE OF PRECIPITATION.

&&
-------------------------------------------------------------------

AMOUNT OF DAYLIGHT TODAY  (HOUR:MIN)........15 HOURS 12 MINUTES
GAIN SINCE YESTERDAY (HOUR:MIN:SEC).........+0:04:09

$$
RCS APR 16
