000
CDUS45 KSLC 021238
CLICDC


CLIMATE REPORT
NATIONAL WEATHER SERVICE SALT LAKE CITY UT
638 AM MDT MON MAY 2 2016


...................................

...THE CEDAR CITY UT CLIMATE SUMMARY FOR MAY 1 2016...

CLIMATE NORMAL PERIOD 1981 TO 2010
CLIMATE RECORD PERIOD 1928 TO 2016


WEATHER ITEM   OBSERVED TIME   RECORD YEAR NORMAL DEPARTURE LAST
                VALUE   (LST)  VALUE       VALUE  FROM      YEAR
                                                  NORMAL
..................................................................
TEMPERATURE (F)
 YESTERDAY
  MAXIMUM         57    403 PM  82    1985  67    -10       78
  MINIMUM         32    506 AM  16    2011  36     -4       41
  AVERAGE         45                        51     -6       60

PRECIPITATION (IN)
  YESTERDAY        T             0.57 1978   0.03  -0.03     0.00
  MONTH TO DATE    T                         0.03  -0.03     0.00
  SINCE OCT 1      7.61                      7.41   0.20     5.82
  SINCE JAN 1      4.05                      4.30  -0.25     3.69

DEGREE DAYS
 HEATING
  YESTERDAY       20                        14      6        5
  MONTH TO DATE   20                        14      6        5
  SINCE MAR 1   1185                      1338   -153     1173
  SINCE JUL 1   5599                      5900   -301     5011

 COOLING
  YESTERDAY        0                         0      0        0
  MONTH TO DATE    0                         0      0        0
  SINCE MAR 1      0                         0      0        0
  SINCE JAN 1      0                         0      0        0
..................................................................


WIND (MPH)
  RESULTANT WIND SPEED   5   RESULTANT WIND DIRECTION   E (100)
  HIGHEST WIND SPEED    24   HIGHEST WIND DIRECTION    SE (120)
  HIGHEST GUST SPEED    29   HIGHEST GUST DIRECTION    SE (130)
  AVERAGE WIND SPEED     7.2



WEATHER CONDITIONS
 THE FOLLOWING WEATHER WAS RECORDED YESTERDAY.
  LIGHT RAIN


RELATIVE HUMIDITY (PERCENT)
 HIGHEST   100           700 AM
 LOWEST     43           200 PM
 AVERAGE    72

..........................................................


THE CEDAR CITY UT CLIMATE NORMALS FOR TODAY
                         NORMAL    RECORD    YEAR
 MAXIMUM TEMPERATURE (F)   67        82      2000
                                             1976
 MINIMUM TEMPERATURE (F)   36        18      2008


SUNRISE AND SUNSET
MAY  2 2016...........SUNRISE   635 AM MDT   SUNSET   824 PM MDT
MAY  3 2016...........SUNRISE   634 AM MDT   SUNSET   825 PM MDT


-  INDICATES NEGATIVE NUMBERS.
R  INDICATES RECORD WAS SET OR TIED.
MM INDICATES DATA IS MISSING.
T  INDICATES TRACE AMOUNT.




$$
