000
CDUS45 KSLC 290038
CLICDC


CLIMATE REPORT
NATIONAL WEATHER SERVICE SALT LAKE CITY UT
538 PM MST WED JAN 28 2015


...................................

...THE CEDAR CITY UT CLIMATE SUMMARY FOR JANUARY 28 2015...
VALID TODAY AS OF 0500 PM LOCAL TIME.

CLIMATE NORMAL PERIOD 1981 TO 2010
CLIMATE RECORD PERIOD 1928 TO 2015


WEATHER ITEM   OBSERVED TIME   RECORD YEAR NORMAL DEPARTURE LAST
                VALUE   (LST)  VALUE       VALUE  FROM      YEAR
                                                  NORMAL
..................................................................
TEMPERATURE (F)
 TODAY
  MAXIMUM         53    254 PM  64    1986  43     10       51
  MINIMUM         26    741 AM -14    1949  17      9       20
  AVERAGE         40                        30     10       36

PRECIPITATION (IN)
  TODAY            0.00          0.34 2008   0.02  -0.02     0.00
  MONTH TO DATE    0.32                      0.77  -0.45     0.00
  SINCE OCT 1      2.45                      3.88  -1.43     1.94
  SINCE JAN 1      0.32                      0.77  -0.45     0.00

DEGREE DAYS
 HEATING
  TODAY           25                        35    -10       29
  MONTH TO DATE  889                      1009   -120      891
  SINCE DEC 1   1867                      2129   -262     2218
  SINCE JUL 1   3058                      3571   -513     3746

 COOLING
  TODAY            0                         0      0        0
  MONTH TO DATE    0                         0      0        0
  SINCE DEC 1      0                         0      0        0
  SINCE JAN 1      0                         0      0        0
..................................................................


WIND (MPH)
  RESULTANT WIND SPEED   2   RESULTANT WIND DIRECTION   E (80)
  HIGHEST WIND SPEED    10   HIGHEST WIND DIRECTION     N (340)
  HIGHEST GUST SPEED    13   HIGHEST GUST DIRECTION     N (360)
  AVERAGE WIND SPEED     3.9



WEATHER CONDITIONS
 THE FOLLOWING WEATHER WAS RECORDED TODAY.
  NO SIGNIFICANT WEATHER WAS OBSERVED.


RELATIVE HUMIDITY (PERCENT)
 HIGHEST    92          1200 AM
 LOWEST     44           400 PM
 AVERAGE    68

..........................................................


THE CEDAR CITY UT CLIMATE NORMALS FOR TOMORROW
                         NORMAL    RECORD    YEAR
 MAXIMUM TEMPERATURE (F)   43        62      1986
 MINIMUM TEMPERATURE (F)   18       -19      1949


SUNRISE AND SUNSET
JANUARY 28 2015.......SUNRISE   740 AM MST   SUNSET   552 PM MST
JANUARY 29 2015.......SUNRISE   739 AM MST   SUNSET   553 PM MST


-  INDICATES NEGATIVE NUMBERS.
R  INDICATES RECORD WAS SET OR TIED.
MM INDICATES DATA IS MISSING.
T  INDICATES TRACE AMOUNT.




$$
