000
CDUS45 KSLC 181227
CLICDC


CLIMATE REPORT
NATIONAL WEATHER SERVICE SALT LAKE CITY UT
526 AM MST THU JAN 18 2018


...................................

...THE CEDAR CITY UT CLIMATE SUMMARY FOR JANUARY 17 2018...

CLIMATE NORMAL PERIOD 1981 TO 2010
CLIMATE RECORD PERIOD 1928 TO 2018


WEATHER ITEM   OBSERVED TIME   RECORD YEAR NORMAL DEPARTURE LAST
                VALUE   (LST)  VALUE       VALUE  FROM      YEAR
                                                  NORMAL
..................................................................
TEMPERATURE (F)
 YESTERDAY
  MAXIMUM         54    357 PM  65    1971  42     12       37
  MINIMUM         23    741 AM -18    1949  17      6       14
  AVERAGE         39                        29     10       26

PRECIPITATION (IN)
  YESTERDAY        0.00          0.35 1979   0.03  -0.03     0.00
  MONTH TO DATE    0.37                      0.48  -0.11     0.42
  SINCE OCT 1      0.92                      3.59  -2.67     3.25
  SINCE JAN 1      0.37                      0.48  -0.11     0.42

DEGREE DAYS
 HEATING
  YESTERDAY       26                        36    -10       39
  MONTH TO DATE  463                       619   -156      567
  SINCE DEC 1   1459                      1739   -280     1680
  SINCE JUL 1   2658                      3181   -523     2777

 COOLING
  YESTERDAY        0                         0      0        0
  MONTH TO DATE    0                         0      0        0
  SINCE DEC 1      0                         0      0        0
  SINCE JAN 1      0                         0      0        0
..................................................................


WIND (MPH)
  RESULTANT WIND SPEED   1   RESULTANT WIND DIRECTION   E (110)
  HIGHEST WIND SPEED     9   HIGHEST WIND DIRECTION    NW (330)
  HIGHEST GUST SPEED    12   HIGHEST GUST DIRECTION    NW (330)
  AVERAGE WIND SPEED     2.5



WEATHER CONDITIONS
 THE FOLLOWING WEATHER WAS RECORDED YESTERDAY.
  NO SIGNIFICANT WEATHER WAS OBSERVED.


RELATIVE HUMIDITY (PERCENT)
 HIGHEST    96           600 AM
 LOWEST     41           300 PM
 AVERAGE    69

..........................................................


THE CEDAR CITY UT CLIMATE NORMALS FOR TODAY
                         NORMAL    RECORD    YEAR
 MAXIMUM TEMPERATURE (F)   42        66      1971
 MINIMUM TEMPERATURE (F)   17       -11      1949


SUNRISE AND SUNSET
JANUARY 18 2018.......SUNRISE   745 AM MST   SUNSET   541 PM MST
JANUARY 19 2018.......SUNRISE   745 AM MST   SUNSET   542 PM MST


-  INDICATES NEGATIVE NUMBERS.
R  INDICATES RECORD WAS SET OR TIED.
MM INDICATES DATA IS MISSING.
T  INDICATES TRACE AMOUNT.




$$
