000
CDUS45 KSLC 290034
CLICDC


CLIMATE REPORT
NATIONAL WEATHER SERVICE SALT LAKE CITY UT
633 PM MDT FRI APR 28 2017


...................................

...THE CEDAR CITY UT CLIMATE SUMMARY FOR APRIL 28 2017...
VALID TODAY AS OF 0500 PM LOCAL TIME.

CLIMATE NORMAL PERIOD 1981 TO 2010
CLIMATE RECORD PERIOD 1928 TO 2017


WEATHER ITEM   OBSERVED TIME   RECORD YEAR NORMAL DEPARTURE LAST
                VALUE   (LST)  VALUE       VALUE  FROM      YEAR
                                                  NORMAL
..................................................................
TEMPERATURE (F)
 TODAY
  MAXIMUM         48   1215 PM  83    1992  65    -17       52
  MINIMUM         26    609 AM  21    1984  35     -9       33
  AVERAGE         37                        50    -13       43

PRECIPITATION (IN)
  TODAY            T             0.38 1960   0.03  -0.03     0.16
  MONTH TO DATE    0.86                      1.00  -0.14     1.37
  SINCE OCT 1      7.43                      7.32   0.11     7.35
  SINCE JAN 1      4.60                      4.21   0.39     3.79

DEGREE DAYS
 HEATING
  TODAY           28                        15     13       22
  MONTH TO DATE  501                       524    -23      467
  SINCE MAR 1   1092                      1296   -204     1127
  SINCE JUL 1   5113                      5858   -745     5541

 COOLING
  TODAY            0                         0      0        0
  MONTH TO DATE    0                         0      0        0
  SINCE MAR 1      0                         0      0        0
  SINCE JAN 1      0                         0      0        0
..................................................................


WIND (MPH)
  RESULTANT WIND SPEED  11   RESULTANT WIND DIRECTION   N (360)
  HIGHEST WIND SPEED    31   HIGHEST WIND DIRECTION     N (350)
  HIGHEST GUST SPEED    41   HIGHEST GUST DIRECTION     N (360)
  AVERAGE WIND SPEED    11.8



WEATHER CONDITIONS
 THE FOLLOWING WEATHER WAS RECORDED TODAY.
  LIGHT RAIN


RELATIVE HUMIDITY (PERCENT)
 HIGHEST    78           500 AM
 LOWEST     33          1100 AM
 AVERAGE    56

..........................................................


THE CEDAR CITY UT CLIMATE NORMALS FOR TOMORROW
                         NORMAL    RECORD    YEAR
 MAXIMUM TEMPERATURE (F)   66        82      2007
 MINIMUM TEMPERATURE (F)   35        22      1996


SUNRISE AND SUNSET
APRIL 28 2017.........SUNRISE   640 AM MDT   SUNSET   820 PM MDT
APRIL 29 2017.........SUNRISE   639 AM MDT   SUNSET   821 PM MDT


-  INDICATES NEGATIVE NUMBERS.
R  INDICATES RECORD WAS SET OR TIED.
MM INDICATES DATA IS MISSING.
T  INDICATES TRACE AMOUNT.




$$
