744
CDUS45 KSLC 231228
CLICDC


CLIMATE REPORT
NATIONAL WEATHER SERVICE SALT LAKE CITY UT
627 AM MDT WED AUG 23 2017


...................................

...THE CEDAR CITY UT CLIMATE SUMMARY FOR AUGUST 22 2017...

CLIMATE NORMAL PERIOD 1981 TO 2010
CLIMATE RECORD PERIOD 1928 TO 2017


WEATHER ITEM   OBSERVED TIME   RECORD YEAR NORMAL DEPARTURE LAST
                VALUE   (LST)  VALUE       VALUE  FROM      YEAR
                                                  NORMAL
..................................................................
TEMPERATURE (F)
 YESTERDAY
  MAXIMUM         87    156 PM  93    2011  86      1       84
                                      2007
                                      2006
  MINIMUM         54    146 AM  42    1968  54      0       57
  AVERAGE         71                        70      1       71

PRECIPITATION (IN)
  YESTERDAY        0.01          0.39 1968   0.04  -0.03     0.04
  MONTH TO DATE    0.90                      0.85   0.05     1.06
  SINCE OCT 1     10.40                     10.37   0.03    10.39
  SINCE JAN 1      7.57                      7.26   0.31     6.83

DEGREE DAYS
 HEATING
  YESTERDAY        0                         0      0        0
  MONTH TO DATE    0                         0      0        0
  SINCE JUN 1     23                        79    -56        4
  SINCE JUL 1      0                         3     -3        0

 COOLING
  YESTERDAY        6                         5      1        6
  MONTH TO DATE  167                       155     12      192
  SINCE JUN 1    714                       500    214      760
  SINCE JAN 1    719                       508    211      763
..................................................................


WIND (MPH)
  RESULTANT WIND SPEED   2   RESULTANT WIND DIRECTION  SW (220)
  HIGHEST WIND SPEED    21   HIGHEST WIND DIRECTION    SE (150)
  HIGHEST GUST SPEED    27   HIGHEST GUST DIRECTION    SE (150)
  AVERAGE WIND SPEED     6.6



WEATHER CONDITIONS
 THE FOLLOWING WEATHER WAS RECORDED YESTERDAY.
  THUNDERSTORM


RELATIVE HUMIDITY (PERCENT)
 HIGHEST    86           400 AM
 LOWEST     19           400 PM
 AVERAGE    53

..........................................................


THE CEDAR CITY UT CLIMATE NORMALS FOR TODAY
                         NORMAL    RECORD    YEAR
 MAXIMUM TEMPERATURE (F)   86        95      2011
 MINIMUM TEMPERATURE (F)   54        36      1968


SUNRISE AND SUNSET
AUGUST 23 2017........SUNRISE   655 AM MDT   SUNSET   814 PM MDT
AUGUST 24 2017........SUNRISE   656 AM MDT   SUNSET   813 PM MDT


-  INDICATES NEGATIVE NUMBERS.
R  INDICATES RECORD WAS SET OR TIED.
MM INDICATES DATA IS MISSING.
T  INDICATES TRACE AMOUNT.




$$
