000
CDUS45 KSLC 301243
CLICDC


CLIMATE REPORT
NATIONAL WEATHER SERVICE SALT LAKE CITY UT
643 AM MDT THU JUL 30 2015


...................................

...THE CEDAR CITY UT CLIMATE SUMMARY FOR JULY 29 2015...

CLIMATE NORMAL PERIOD 1981 TO 2010
CLIMATE RECORD PERIOD 1928 TO 2015


WEATHER ITEM   OBSERVED TIME   RECORD YEAR NORMAL DEPARTURE LAST
                VALUE   (LST)  VALUE       VALUE  FROM      YEAR
                                                  NORMAL
..................................................................
TEMPERATURE (F)
 YESTERDAY
  MAXIMUM         92    304 PM  99    2000  90      2       82
  MINIMUM         47    442 AM  46    1948  57    -10       61
  AVERAGE         70                        74     -4       72

PRECIPITATION (IN)
  YESTERDAY        0.00          0.68 1985   0.04  -0.04     0.20
  MONTH TO DATE    0.40                      0.76  -0.36     0.39
  SINCE OCT 1     10.06                      9.44   0.62     5.76
  SINCE JAN 1      7.93                      6.33   1.60     3.82

DEGREE DAYS
 HEATING
  YESTERDAY        0                         0      0        0
  MONTH TO DATE    1                         0      1        0
  SINCE JUN 1     26                        76    -50       27
  SINCE JUL 1      1                         0      1        0

 COOLING
  YESTERDAY        5                         9     -4        7
  MONTH TO DATE  182                       237    -55      282
  SINCE JUN 1    369                       330     39      382
  SINCE JAN 1    371                       338     33      407
..................................................................


WIND (MPH)
  RESULTANT WIND SPEED   2   RESULTANT WIND DIRECTION   N (10)
  HIGHEST WIND SPEED    14   HIGHEST WIND DIRECTION    NW (320)
  HIGHEST GUST SPEED    20   HIGHEST GUST DIRECTION    NW (310)
  AVERAGE WIND SPEED     4.6



WEATHER CONDITIONS
 THE FOLLOWING WEATHER WAS RECORDED YESTERDAY.
  NO SIGNIFICANT WEATHER WAS OBSERVED.


RELATIVE HUMIDITY (PERCENT)
 HIGHEST    42           500 AM
 LOWEST      7           300 PM
 AVERAGE    25

..........................................................


THE CEDAR CITY UT CLIMATE NORMALS FOR TODAY
                         NORMAL    RECORD    YEAR
 MAXIMUM TEMPERATURE (F)   90        98      2002
 MINIMUM TEMPERATURE (F)   57        47      1950


SUNRISE AND SUNSET
JULY 30 2015..........SUNRISE   634 AM MDT   SUNSET   843 PM MDT
JULY 31 2015..........SUNRISE   635 AM MDT   SUNSET   842 PM MDT


-  INDICATES NEGATIVE NUMBERS.
R  INDICATES RECORD WAS SET OR TIED.
MM INDICATES DATA IS MISSING.
T  INDICATES TRACE AMOUNT.




$$
