000
CDUS45 KSLC 310045
CLICDC


CLIMATE REPORT
NATIONAL WEATHER SERVICE SALT LAKE CITY UT
645 PM MDT SUN AUG 30 2015


...................................

...THE CEDAR CITY UT CLIMATE SUMMARY FOR AUGUST 30 2015...
VALID TODAY AS OF 0500 PM LOCAL TIME.

CLIMATE NORMAL PERIOD 1981 TO 2010
CLIMATE RECORD PERIOD 1928 TO 2015


WEATHER ITEM   OBSERVED TIME   RECORD YEAR NORMAL DEPARTURE LAST
                VALUE   (LST)  VALUE       VALUE  FROM      YEAR
                                                  NORMAL
..................................................................
TEMPERATURE (F)
 TODAY
  MAXIMUM         88    126 PM  96    1976  85      3       87
  MINIMUM         60    321 AM  42    1968  52      8       53
  AVERAGE         74                        68      6       70

PRECIPITATION (IN)
  TODAY            0.00          0.45 1992   0.03  -0.03     0.00
  MONTH TO DATE    0.98                      1.10  -0.12     1.24
  SINCE OCT 1     11.04                     10.62   0.42     7.05
  SINCE JAN 1      8.91                      7.51   1.40     5.11

DEGREE DAYS
 HEATING
  TODAY            0                         1     -1        0
  MONTH TO DATE    0                         3     -3        6
  SINCE JUN 1     26                        82    -56       33
  SINCE JUL 1      1                         6     -5        6

 COOLING
  TODAY            9                         4      5        5
  MONTH TO DATE  221                       191     30      118
  SINCE JUN 1    613                       536     77      513
  SINCE JAN 1    615                       544     71      538
..................................................................


WIND (MPH)
  RESULTANT WIND SPEED  12   RESULTANT WIND DIRECTION   S (200)
  HIGHEST WIND SPEED    31   HIGHEST WIND DIRECTION     S (190)
  HIGHEST GUST SPEED    37   HIGHEST GUST DIRECTION     S (180)
  AVERAGE WIND SPEED    13.1



WEATHER CONDITIONS
 THE FOLLOWING WEATHER WAS RECORDED TODAY.
  NO SIGNIFICANT WEATHER WAS OBSERVED.


RELATIVE HUMIDITY (PERCENT)
 HIGHEST    52           400 AM
 LOWEST     19           200 PM
 AVERAGE    36

..........................................................


THE CEDAR CITY UT CLIMATE NORMALS FOR TOMORROW
                         NORMAL    RECORD    YEAR
 MAXIMUM TEMPERATURE (F)   84        97      1950
 MINIMUM TEMPERATURE (F)   51        35      2005


SUNRISE AND SUNSET
AUGUST 30 2015........SUNRISE   701 AM MDT   SUNSET   805 PM MDT
AUGUST 31 2015........SUNRISE   702 AM MDT   SUNSET   803 PM MDT


-  INDICATES NEGATIVE NUMBERS.
R  INDICATES RECORD WAS SET OR TIED.
MM INDICATES DATA IS MISSING.
T  INDICATES TRACE AMOUNT.




$$
