000
CDUS45 KCYS 250750
CLICDR


CLIMATE REPORT
NATIONAL WEATHER SERVICE CHEYENNE WY
149 AM MDT WED MAY 25 2016


...................................

...THE CHADRON NE AIRPORT CLIMATE SUMMARY FOR MAY 24 2016...

CLIMATE NORMAL PERIOD 1981 TO 2010
CLIMATE RECORD PERIOD 1895 TO 2016


WEATHER ITEM   OBSERVED TIME   RECORD YEAR NORMAL DEPARTURE LAST
                VALUE   (LST)  VALUE       VALUE  FROM      YEAR
                                                  NORMAL
..................................................................
TEMPERATURE (F)
 YESTERDAY
  MAXIMUM         80    352 PM  90    1984  73      7       67
  MINIMUM         36    439 AM  25    2002  44     -8       52
  AVERAGE         58                        59     -1       60

PRECIPITATION (IN)
  YESTERDAY        0.02          1.54 1965   0.09  -0.07     0.53
  MONTH TO DATE    0.62                      2.06  -1.44     5.42
  SINCE JAN 1      7.07                      6.24   0.83     8.04

DEGREE DAYS
 HEATING
  YESTERDAY        7                         7      0        5
  MONTH TO DATE  284                       260     24      349
  SINCE MAR 1   1499                      1771   -272     1564
  SINCE JUL 1   6231                      7023   -792     6509

 COOLING
  YESTERDAY        0                         1     -1        0
  MONTH TO DATE    4                         8     -4        0
  SINCE MAR 1      6                        10     -4        0
  SINCE JAN 1      6                        10     -4        0
..................................................................


WIND (MPH)
  HIGHEST WIND SPEED    29   HIGHEST WIND DIRECTION     W (290)
  HIGHEST GUST SPEED    36   HIGHEST GUST DIRECTION    NW (300)
  AVERAGE WIND SPEED    10.2


SKY COVER
  AVERAGE SKY COVER 0.2


WEATHER CONDITIONS
 THE FOLLOWING WEATHER WAS RECORDED YESTERDAY.
  THUNDERSTORM
  RAIN
  LIGHT RAIN


RELATIVE HUMIDITY (PERCENT)
 HIGHEST    89           100 AM
 LOWEST     28           100 PM
 AVERAGE    59

..........................................................


THE CHADRON NE AIRPORT CLIMATE NORMALS FOR TODAY
                         NORMAL    RECORD    YEAR
 MAXIMUM TEMPERATURE (F)   74        94      1931
 MINIMUM TEMPERATURE (F)   44        29      2001


SUNRISE AND SUNSET
MAY 25 2016...........SUNRISE   520 AM MDT   SUNSET   819 PM MDT
MAY 26 2016...........SUNRISE   520 AM MDT   SUNSET   820 PM MDT


-  INDICATES NEGATIVE NUMBERS.
R  INDICATES RECORD WAS SET OR TIED.
MM INDICATES DATA IS MISSING.
T  INDICATES TRACE AMOUNT.




$$
