000
CDUS45 KCYS 270730
CLICDR


CLIMATE REPORT
NATIONAL WEATHER SERVICE CHEYENNE WY
129 AM MDT WED JUL 27 2016


...................................

...THE CHADRON NE AIRPORT CLIMATE SUMMARY FOR JULY 26 2016...

CLIMATE NORMAL PERIOD 1981 TO 2010
CLIMATE RECORD PERIOD 1895 TO 2016


WEATHER ITEM   OBSERVED TIME   RECORD YEAR NORMAL DEPARTURE LAST
                VALUE   (LST)  VALUE       VALUE  FROM      YEAR
                                                  NORMAL
..................................................................
TEMPERATURE (F)
 YESTERDAY
  MAXIMUM         96    528 PM 104    1935  91      5      100
  MINIMUM         63   1154 PM  43    1971  59      4       57
  AVERAGE         80                        75      5       79

PRECIPITATION (IN)
  YESTERDAY        0.24          0.78 1921   0.06   0.18     0.00
  MONTH TO DATE    0.98                      1.82  -0.84     2.34
  SINCE JAN 1      9.93                     12.00  -2.07    15.29

DEGREE DAYS
 HEATING
  YESTERDAY        0                         0      0        0
  MONTH TO DATE    0                         5     -5        3
  SINCE JUN 1     13                        86    -73       12
  SINCE JUL 1      0                         5     -5        3

 COOLING
  YESTERDAY       15                        10      5       14
  MONTH TO DATE  292                       226     66      195
  SINCE JUN 1    541                       334    207      328
  SINCE JAN 1    549                       354    195      328
..................................................................


WIND (MPH)
  HIGHEST WIND SPEED    39   HIGHEST WIND DIRECTION     N (20)
  HIGHEST GUST SPEED    49   HIGHEST GUST DIRECTION     N (20)
  AVERAGE WIND SPEED     8.8


SKY COVER
  AVERAGE SKY COVER 0.1


WEATHER CONDITIONS
 THE FOLLOWING WEATHER WAS RECORDED YESTERDAY.
  THUNDERSTORM
  RAIN
  LIGHT RAIN
  HAZE


RELATIVE HUMIDITY (PERCENT)
 HIGHEST    87          1100 PM
 LOWEST     26           500 PM
 AVERAGE    57

..........................................................


THE CHADRON NE AIRPORT CLIMATE NORMALS FOR TODAY
                         NORMAL    RECORD    YEAR
 MAXIMUM TEMPERATURE (F)   91       106      1931
 MINIMUM TEMPERATURE (F)   59        43      2005


SUNRISE AND SUNSET
JULY 27 2016..........SUNRISE   539 AM MDT   SUNSET   818 PM MDT
JULY 28 2016..........SUNRISE   540 AM MDT   SUNSET   817 PM MDT


-  INDICATES NEGATIVE NUMBERS.
R  INDICATES RECORD WAS SET OR TIED.
MM INDICATES DATA IS MISSING.
T  INDICATES TRACE AMOUNT.




$$
