000
CDUS45 KCYS 060736
CLICDR


CLIMATE REPORT
NATIONAL WEATHER SERVICE CHEYENNE WY
1235 AM MST SAT FEB 6 2016


...................................

...THE CHADRON NE AIRPORT CLIMATE SUMMARY FOR FEBRUARY 5 2016...

CLIMATE NORMAL PERIOD 1981 TO 2010
CLIMATE RECORD PERIOD 1895 TO 2016


WEATHER ITEM   OBSERVED TIME   RECORD YEAR NORMAL DEPARTURE LAST
                VALUE   (LST)  VALUE       VALUE  FROM      YEAR
                                                  NORMAL
..................................................................
TEMPERATURE (F)
 YESTERDAY
  MAXIMUM         37    332 PM  62    1991  40     -3       49
  MINIMUM         19   1042 PM -24    1982  11      8        8
  AVERAGE         28                        25      3       29

PRECIPITATION (IN)
  YESTERDAY        0.00          0.29 1946   0.02  -0.02     0.00
  MONTH TO DATE    0.03                      0.09  -0.06     0.21
  SINCE JAN 1      0.20                      0.45  -0.25     0.57

DEGREE DAYS
 HEATING
  YESTERDAY       37                        40     -3       36
  MONTH TO DATE  207                       200      7      198
  SINCE DEC 1   2745                      2715     30     2579
  SINCE JUL 1   4125                      4399   -274     4184

 COOLING
  YESTERDAY        0                         0      0        0
  MONTH TO DATE    0                         0      0        0
  SINCE DEC 1      0                         0      0        0
  SINCE JAN 1      0                         0      0        0
..................................................................


WIND (MPH)
  HIGHEST WIND SPEED    25   HIGHEST WIND DIRECTION     W (290)
  HIGHEST GUST SPEED    32   HIGHEST GUST DIRECTION     W (290)
  AVERAGE WIND SPEED    14.6


SKY COVER
  AVERAGE SKY COVER 0.4


WEATHER CONDITIONS
 THE FOLLOWING WEATHER WAS RECORDED YESTERDAY.
  NO SIGNIFICANT WEATHER WAS OBSERVED.


RELATIVE HUMIDITY (PERCENT)
 HIGHEST    81           700 AM
 LOWEST     59           200 PM
 AVERAGE    70

..........................................................


THE CHADRON NE AIRPORT CLIMATE NORMALS FOR TODAY
                         NORMAL    RECORD    YEAR
 MAXIMUM TEMPERATURE (F)   40        67      2015
 MINIMUM TEMPERATURE (F)   11       -30      1936


SUNRISE AND SUNSET
FEBRUARY  6 2016......SUNRISE   702 AM MST   SUNSET   511 PM MST
FEBRUARY  7 2016......SUNRISE   701 AM MST   SUNSET   513 PM MST


-  INDICATES NEGATIVE NUMBERS.
R  INDICATES RECORD WAS SET OR TIED.
MM INDICATES DATA IS MISSING.
T  INDICATES TRACE AMOUNT.




$$
