825
CDUS44 KLUB 160626
CLICDS


CLIMATE REPORT
NATIONAL WEATHER SERVICE LUBBOCK, TX
1226 AM CST SAT DEC 16 2017


...................................

...THE CHILDRESS CLIMATE SUMMARY FOR DECEMBER 15 2017...

CLIMATE NORMAL PERIOD 1981 TO 2010
CLIMATE RECORD PERIOD 1893 TO 2017


WEATHER ITEM   OBSERVED TIME   RECORD YEAR NORMAL DEPARTURE LAST
                VALUE   (LST)  VALUE       VALUE  FROM      YEAR
                                                  NORMAL
..................................................................
TEMPERATURE (F)
 YESTERDAY
  MAXIMUM         58    422 PM  83    2010  54      4       38
  MINIMUM         27    720 AM   8    1989  29     -2       23
                                      1987
  AVERAGE         43                        42      1       31

PRECIPITATION (IN)
  YESTERDAY        0.00          2.04 1959   0.03  -0.03     0.00
  MONTH TO DATE    0.00                      0.49  -0.49     1.14
  SINCE DEC 1      0.00                      0.49  -0.49     1.14
  SINCE JAN 1     23.51                     23.50   0.01    29.89

SNOWFALL (IN)
  YESTERDAY        0.0          MM      MM   0.1   -0.1      0.0
  MONTH TO DATE    0.0                       0.8   -0.8      0.0
  SINCE DEC 1      0.0                       0.8   -0.8      0.0
  SINCE JUL 1      0.0                       1.7   -1.7      0.0
  SNOW DEPTH       0

DEGREE DAYS
 HEATING
  YESTERDAY       22                        23     -1       34
  MONTH TO DATE  242                       327    -85      370
  SINCE DEC 1    242                       327    -85      370
  SINCE JUL 1    679                       887   -208      637

 COOLING
  YESTERDAY        0                         0      0        0
  MONTH TO DATE    0                         0      0        0
  SINCE DEC 1      0                         0      0        0
  SINCE JAN 1   2307                      2207    100     2370
..................................................................


WIND (MPH)
  RESULTANT WIND SPEED   6   RESULTANT WIND DIRECTION   W (260)
  HIGHEST WIND SPEED    20   HIGHEST WIND DIRECTION     W (260)
  HIGHEST GUST SPEED    24   HIGHEST GUST DIRECTION     W (250)
  AVERAGE WIND SPEED     9.3


SKY COVER
  AVERAGE SKY COVER 0.0


WEATHER CONDITIONS
 THE FOLLOWING WEATHER WAS RECORDED YESTERDAY.
  NO SIGNIFICANT WEATHER WAS OBSERVED.


RELATIVE HUMIDITY (PERCENT)
 HIGHEST    85           800 AM
 LOWEST     24           300 PM
 AVERAGE    55

..........................................................


THE CHILDRESS CLIMATE NORMALS FOR TODAY
                         NORMAL    RECORD    YEAR
 MAXIMUM TEMPERATURE (F)   54        85      2016
 MINIMUM TEMPERATURE (F)   29         7      1987


SUNRISE AND SUNSET
DECEMBER 16 2017......SUNRISE   741 AM CST   SUNSET   533 PM CST
DECEMBER 17 2017......SUNRISE   742 AM CST   SUNSET   533 PM CST


-  INDICATES NEGATIVE NUMBERS.
R  INDICATES RECORD WAS SET OR TIED.
MM INDICATES DATA IS MISSING.
T  INDICATES TRACE AMOUNT.




$$
