000
CDUS44 KLUB 290629
CLICDS


CLIMATE REPORT
NATIONAL WEATHER SERVICE LUBBOCK, TX
129 AM CDT SAT AUG 29 2015


...................................

...THE CHILDRESS CLIMATE SUMMARY FOR AUGUST 28 2015...

CLIMATE NORMAL PERIOD 1981 TO 2010
CLIMATE RECORD PERIOD 1893 TO 2015


WEATHER ITEM   OBSERVED TIME   RECORD YEAR NORMAL DEPARTURE LAST
                VALUE   (LST)  VALUE       VALUE  FROM      YEAR
                                                  NORMAL
..................................................................
TEMPERATURE (F)
 YESTERDAY
  MAXIMUM         98    328 PM 110    2011  93      5       90
  MINIMUM         74    509 AM  53    1941  68      6       67
  AVERAGE         86                        80      6       79

PRECIPITATION (IN)
  YESTERDAY        0.11          1.32 1996   0.09   0.02     0.63
  MONTH TO DATE    1.91                      2.36  -0.45     2.03
  SINCE JUN 1     10.63                      8.26   2.37     9.38
  SINCE JAN 1     30.23                     16.83  13.40    15.61

SNOWFALL (IN)
  YESTERDAY        0.0          MM      MM   0.0    0.0      0.0
  MONTH TO DATE    0.0                       0.0    0.0      0.0
  SINCE JUN 1      0.0                       0.0    0.0      0.0
  SINCE JUL 1      0.0                       0.0    0.0      0.0
  SNOW DEPTH       0

DEGREE DAYS
 HEATING
  YESTERDAY        0                         0      0        0
  MONTH TO DATE    0                         0      0        0
  SINCE JUN 1      0                         2     -2        0
  SINCE JUL 1      0                         0      0        0

 COOLING
  YESTERDAY       21                        15      6       14
  MONTH TO DATE  502                       482     20      509
  SINCE JUN 1   1533                      1472     61     1444
  SINCE JAN 1   1733                      1784    -51     1808
..................................................................


WIND (MPH)
  RESULTANT WIND SPEED   4   RESULTANT WIND DIRECTION  SE (150)
  HIGHEST WIND SPEED    16   HIGHEST WIND DIRECTION    NE (60)
  HIGHEST GUST SPEED    23   HIGHEST GUST DIRECTION     E (90)
  AVERAGE WIND SPEED     8.1


SKY COVER
  AVERAGE SKY COVER 0.2


WEATHER CONDITIONS
 THE FOLLOWING WEATHER WAS RECORDED YESTERDAY.
  THUNDERSTORM
  RAIN
  LIGHT RAIN
  HAZE


RELATIVE HUMIDITY (PERCENT)
 HIGHEST    69           800 AM
 LOWEST     24           300 PM
 AVERAGE    47

..........................................................


THE CHILDRESS CLIMATE NORMALS FOR TODAY
                         NORMAL    RECORD    YEAR
 MAXIMUM TEMPERATURE (F)   93       108      1943
 MINIMUM TEMPERATURE (F)   67        55      1987


SUNRISE AND SUNSET
AUGUST 29 2015........SUNRISE   712 AM CDT   SUNSET   812 PM CDT
AUGUST 30 2015........SUNRISE   713 AM CDT   SUNSET   810 PM CDT


-  INDICATES NEGATIVE NUMBERS.
R  INDICATES RECORD WAS SET OR TIED.
MM INDICATES DATA IS MISSING.
T  INDICATES TRACE AMOUNT.




$$
