000
CDUS44 KLUB 210125
CLICDS


CLIMATE REPORT
NATIONAL WEATHER SERVICE LUBBOCK, TX
825 PM CDT SUN AUG 20 2017


...................................

...THE CHILDRESS CLIMATE SUMMARY FOR AUGUST 20 2017...
VALID TODAY AS OF 0800 PM LOCAL TIME.

CLIMATE NORMAL PERIOD 1981 TO 2010
CLIMATE RECORD PERIOD 1893 TO 2017


WEATHER ITEM   OBSERVED TIME   RECORD YEAR NORMAL DEPARTURE LAST
                VALUE   (LST)  VALUE       VALUE  FROM      YEAR
                                                  NORMAL
..................................................................
TEMPERATURE (F)
 TODAY
  MAXIMUM         96    311 PM 111    1943  95      1       81
  MINIMUM         73    630 AM  56    1941  69      4       67
  AVERAGE         85                        82      3       74

PRECIPITATION (IN)
  TODAY            0.03          1.17 2006   0.09  -0.06     0.65
  MONTH TO DATE    2.01                      1.70   0.31     2.13
  SINCE JUN 1      7.55                      7.60  -0.05     9.02
  SINCE JAN 1     16.82                     16.17   0.65    20.88

SNOWFALL (IN)
  TODAY            0.0          MM      MM   0.0    0.0      0.0
  MONTH TO DATE    0.0                       0.0    0.0      0.0
  SINCE JUN 1      0.0                       0.0    0.0      0.0
  SINCE JUL 1      0.0                       0.0    0.0      0.0
  SNOW DEPTH       0

DEGREE DAYS
 HEATING
  TODAY            0                         0      0        0
  MONTH TO DATE    0                         0      0        0
  SINCE JUN 1      0                         2     -2        0
  SINCE JUL 1      0                         0      0        0

 COOLING
  TODAY           20                        17      3        9
  MONTH TO DATE  305                       354    -49      360
  SINCE JUN 1   1406                      1344     62     1467
  SINCE JAN 1   1757                      1656    101     1731
..................................................................


WIND (MPH)
  RESULTANT WIND SPEED   7   RESULTANT WIND DIRECTION   S (170)
  HIGHEST WIND SPEED    20   HIGHEST WIND DIRECTION     S (200)
  HIGHEST GUST SPEED    25   HIGHEST GUST DIRECTION     S (200)
  AVERAGE WIND SPEED     8.1


SKY COVER
  AVERAGE SKY COVER 0.2


WEATHER CONDITIONS
 THE FOLLOWING WEATHER WAS RECORDED TODAY.
  THUNDERSTORM
  LIGHT RAIN


RELATIVE HUMIDITY (PERCENT)
 HIGHEST    79           100 AM
 LOWEST     36           100 PM
 AVERAGE    58

..........................................................


THE CHILDRESS CLIMATE NORMALS FOR TOMORROW
                         NORMAL    RECORD    YEAR
 MAXIMUM TEMPERATURE (F)   94       106      1952
 MINIMUM TEMPERATURE (F)   69        56      1956


SUNRISE AND SUNSET
AUGUST 20 2017........SUNRISE   706 AM CDT   SUNSET   822 PM CDT
AUGUST 21 2017........SUNRISE   707 AM CDT   SUNSET   821 PM CDT


-  INDICATES NEGATIVE NUMBERS.
R  INDICATES RECORD WAS SET OR TIED.
MM INDICATES DATA IS MISSING.
T  INDICATES TRACE AMOUNT.




$$
