000
CDUS44 KLUB 290627
CLICDS


CLIMATE REPORT
NATIONAL WEATHER SERVICE LUBBOCK, TX
126 AM CDT SUN MAY 29 2016


...................................

...THE CHILDRESS CLIMATE SUMMARY FOR MAY 28 2016...

CLIMATE NORMAL PERIOD 1981 TO 2010
CLIMATE RECORD PERIOD 1893 TO 2016


WEATHER ITEM   OBSERVED TIME   RECORD YEAR NORMAL DEPARTURE LAST
                VALUE   (LST)  VALUE       VALUE  FROM      YEAR
                                                  NORMAL
..................................................................
TEMPERATURE (F)
 YESTERDAY
  MAXIMUM         86    550 PM 101    2011  87     -1       77
                                      1974
  MINIMUM         59    549 AM  43    1907  62     -3       56
  AVERAGE         73                        74     -1       67

PRECIPITATION (IN)
  YESTERDAY        0.00          2.43 1902   0.12  -0.12     1.23
  MONTH TO DATE    6.65                      2.75   3.90    13.21
  SINCE MAR 1      9.42                      6.40   3.02    18.58
  SINCE JAN 1     10.67                      8.18   2.49    19.86

SNOWFALL (IN)
  YESTERDAY        0.0          MM      MM   0.0    0.0      0.0
  MONTH TO DATE    0.0                       0.0    0.0      0.0
  SINCE MAR 1      0.0                       0.6   -0.6      2.5
  SINCE JUL 1      7.0                       7.0    0.0      8.0
  SNOW DEPTH       0

DEGREE DAYS
 HEATING
  YESTERDAY        0                         0      0        0
  MONTH TO DATE   62                        27     35       42
  SINCE MAR 1    387                       555   -168      476
  SINCE JUL 1   2555                      3115   -560     2973

 COOLING
  YESTERDAY        8                        10     -2        2
  MONTH TO DATE  175                       190    -15       92
  SINCE MAR 1    236                       280    -44      188
  SINCE JAN 1    238                       281    -43      188
..................................................................


WIND (MPH)
  RESULTANT WIND SPEED   4   RESULTANT WIND DIRECTION  NE (60)
  HIGHEST WIND SPEED    13   HIGHEST WIND DIRECTION    SE (140)
  HIGHEST GUST SPEED    15   HIGHEST GUST DIRECTION     N (20)
  AVERAGE WIND SPEED     6.2


SKY COVER
  AVERAGE SKY COVER 0.0


WEATHER CONDITIONS
 THE FOLLOWING WEATHER WAS RECORDED YESTERDAY.
  NO SIGNIFICANT WEATHER WAS OBSERVED.


RELATIVE HUMIDITY (PERCENT)
 HIGHEST    67           500 AM
 LOWEST     27           300 PM
 AVERAGE    47

..........................................................


THE CHILDRESS CLIMATE NORMALS FOR TODAY
                         NORMAL    RECORD    YEAR
 MAXIMUM TEMPERATURE (F)   87       104      2012
                                             2011
 MINIMUM TEMPERATURE (F)   62        43      1984


SUNRISE AND SUNSET
MAY 29 2016...........SUNRISE   631 AM CDT   SUNSET   847 PM CDT
MAY 30 2016...........SUNRISE   630 AM CDT   SUNSET   847 PM CDT


-  INDICATES NEGATIVE NUMBERS.
R  INDICATES RECORD WAS SET OR TIED.
MM INDICATES DATA IS MISSING.
T  INDICATES TRACE AMOUNT.




$$
