743
CDUS44 KLUB 270625
CLICDS


CLIMATE REPORT
NATIONAL WEATHER SERVICE LUBBOCK, TX
125 AM CDT MON MAR 27 2017


...................................

...THE CHILDRESS CLIMATE SUMMARY FOR MARCH 26 2017...

CLIMATE NORMAL PERIOD 1981 TO 2010
CLIMATE RECORD PERIOD 1893 TO 2017


WEATHER ITEM   OBSERVED TIME   RECORD YEAR NORMAL DEPARTURE LAST
                VALUE   (LST)  VALUE       VALUE  FROM      YEAR
                                                  NORMAL
..................................................................
TEMPERATURE (F)
 YESTERDAY
  MAXIMUM         85    325 PM  95    1956  71     14       72
  MINIMUM         48    729 AM  18    1965  42      6       41
  AVERAGE         67                        56     11       57

PRECIPITATION (IN)
  YESTERDAY        0.00          1.23 1983   0.06  -0.06     0.00
  MONTH TO DATE    0.02                      1.26  -1.24     0.78
  SINCE MAR 1      0.02                      1.26  -1.24     0.78
  SINCE JAN 1      4.24                      3.04   1.20     2.03

SNOWFALL (IN)
  YESTERDAY        0.0          MM      MM   0.0    0.0      0.0
  MONTH TO DATE    0.0                       0.4   -0.4      0.0
  SINCE MAR 1      0.0                       0.4   -0.4      0.0
  SINCE JUL 1      1.5                       6.8   -5.3      7.0
  SNOW DEPTH       0

DEGREE DAYS
 HEATING
  YESTERDAY        0                        10    -10        8
  MONTH TO DATE  185                       331   -146      202
  SINCE MAR 1    185                       331   -146      202
  SINCE JUL 1   2133                      2891   -758     2370

 COOLING
  YESTERDAY        2                         1      1        0
  MONTH TO DATE   58                        11     47       13
  SINCE MAR 1     58                        11     47       13
  SINCE JAN 1     73                        12     61       15
..................................................................


WIND (MPH)
  RESULTANT WIND SPEED   4   RESULTANT WIND DIRECTION  SW (240)
  HIGHEST WIND SPEED    31   HIGHEST WIND DIRECTION     W (250)
  HIGHEST GUST SPEED    41   HIGHEST GUST DIRECTION    SW (240)
  AVERAGE WIND SPEED    14.2


SKY COVER
  AVERAGE SKY COVER 0.0


WEATHER CONDITIONS
 THE FOLLOWING WEATHER WAS RECORDED YESTERDAY.
  NO SIGNIFICANT WEATHER WAS OBSERVED.


RELATIVE HUMIDITY (PERCENT)
 HIGHEST    71           700 AM
 LOWEST      9           300 PM
 AVERAGE    40

..........................................................


THE CHILDRESS CLIMATE NORMALS FOR TODAY
                         NORMAL    RECORD    YEAR
 MAXIMUM TEMPERATURE (F)   71       100      1971
 MINIMUM TEMPERATURE (F)   42        12      1931


SUNRISE AND SUNSET
MARCH 27 2017.........SUNRISE   735 AM CDT   SUNSET   759 PM CDT
MARCH 28 2017.........SUNRISE   733 AM CDT   SUNSET   759 PM CDT


-  INDICATES NEGATIVE NUMBERS.
R  INDICATES RECORD WAS SET OR TIED.
MM INDICATES DATA IS MISSING.
T  INDICATES TRACE AMOUNT.




$$
