000
CDUS44 KLUB 030125
CLICDS


CLIMATE REPORT
NATIONAL WEATHER SERVICE LUBBOCK, TX
825 PM CDT SUN AUG 2 2015


...................................

...THE CHILDRESS CLIMATE SUMMARY FOR AUGUST 2 2015...
VALID TODAY AS OF 0800 PM LOCAL TIME.

CLIMATE NORMAL PERIOD 1981 TO 2010
CLIMATE RECORD PERIOD 1893 TO 2015


WEATHER ITEM   OBSERVED TIME   RECORD YEAR NORMAL DEPARTURE LAST
                VALUE   (LST)  VALUE       VALUE  FROM      YEAR
                                                  NORMAL
..................................................................
TEMPERATURE (F)
 TODAY
  MAXIMUM         94    431 PM 115    1944  96     -2       91
  MINIMUM         70    628 AM  60    1971  71     -1       66
  AVERAGE         82                        83     -1       79

PRECIPITATION (IN)
  TODAY            0.04          4.53 1995   0.07  -0.03     0.00
  MONTH TO DATE    0.73                      0.15   0.58     0.00
  SINCE JUN 1      9.45                      6.05   3.40     7.35
  SINCE JAN 1     29.05                     14.62  14.43    13.58

SNOWFALL (IN)
  TODAY            0.0          MM      MM   0.0    0.0      0.0
  MONTH TO DATE    0.0                       0.0    0.0      0.0
  SINCE JUN 1      0.0                       0.0    0.0      0.0
  SINCE JUL 1      0.0                       0.0    0.0      0.0
  SNOW DEPTH       0

DEGREE DAYS
 HEATING
  TODAY            0                         0      0        0
  MONTH TO DATE    0                         0      0        0
  SINCE JUN 1      0                         2     -2        0
  SINCE JUL 1      0                         0      0        0

 COOLING
  TODAY           17                        18     -1       14
  MONTH TO DATE   28                        36     -8       24
  SINCE JUN 1   1059                      1026     33      959
  SINCE JAN 1   1259                      1338    -79     1323
..................................................................


WIND (MPH)
  RESULTANT WIND SPEED   7   RESULTANT WIND DIRECTION   S (180)
  HIGHEST WIND SPEED    15   HIGHEST WIND DIRECTION     S (170)
  HIGHEST GUST SPEED    20   HIGHEST GUST DIRECTION     S (160)
  AVERAGE WIND SPEED     7.9


SKY COVER
  AVERAGE SKY COVER 0.1


WEATHER CONDITIONS
 THE FOLLOWING WEATHER WAS RECORDED TODAY.
  THUNDERSTORM
  HEAVY RAIN
  LIGHT RAIN
  FOG


RELATIVE HUMIDITY (PERCENT)
 HIGHEST    93           300 AM
 LOWEST     44           600 PM
 AVERAGE    69

..........................................................


THE CHILDRESS CLIMATE NORMALS FOR TOMORROW
                         NORMAL    RECORD    YEAR
 MAXIMUM TEMPERATURE (F)   96       115      1943
 MINIMUM TEMPERATURE (F)   71        62      1971


SUNRISE AND SUNSET
AUGUST  2 2015........SUNRISE   652 AM CDT   SUNSET   842 PM CDT
AUGUST  3 2015........SUNRISE   653 AM CDT   SUNSET   841 PM CDT


-  INDICATES NEGATIVE NUMBERS.
R  INDICATES RECORD WAS SET OR TIED.
MM INDICATES DATA IS MISSING.
T  INDICATES TRACE AMOUNT.




$$
