713
CDUS44 KLUB 200629
CLICDS


CLIMATE REPORT
NATIONAL WEATHER SERVICE LUBBOCK, TX
1228 AM CST FRI JAN 20 2017


...................................

...THE CHILDRESS CLIMATE SUMMARY FOR JANUARY 19 2017...

CLIMATE NORMAL PERIOD 1981 TO 2010
CLIMATE RECORD PERIOD 1893 TO 2017


WEATHER ITEM   OBSERVED TIME   RECORD YEAR NORMAL DEPARTURE LAST
                VALUE   (LST)  VALUE       VALUE  FROM      YEAR
                                                  NORMAL
..................................................................
TEMPERATURE (F)
 YESTERDAY
  MAXIMUM         66    414 PM  81    1951  55     11       50
  MINIMUM         40    118 AM  -1    1943  28     12       30
  AVERAGE         53                        42     11       40

PRECIPITATION (IN)
  YESTERDAY        0.00          0.48 1958   0.03  -0.03     0.00
  MONTH TO DATE    1.72                      0.38   1.34     0.51
  SINCE DEC 1      3.01                      1.29   1.72     1.36
  SINCE JAN 1      1.72                      0.38   1.34     0.51

SNOWFALL (IN)
  YESTERDAY        0.0          MM      MM   0.1   -0.1      0.0
  MONTH TO DATE    1.5                       1.6   -0.1      1.2
  SINCE DEC 1      1.5                       3.3   -1.8      6.2
  SINCE JUL 1      1.5                       4.2   -2.7      7.0
  SNOW DEPTH       0

DEGREE DAYS
 HEATING
  YESTERDAY       12                        23    -11       25
  MONTH TO DATE  452                       455     -3      495
  SINCE DEC 1   1139                      1168    -29     1086
  SINCE JUL 1   1406                      1728   -322     1539

 COOLING
  YESTERDAY        0                         0      0        0
  MONTH TO DATE    0                         0      0        0
  SINCE DEC 1      0                         0      0        0
  SINCE JAN 1      0                         0      0        0
..................................................................


WIND (MPH)
  RESULTANT WIND SPEED   7   RESULTANT WIND DIRECTION  SW (220)
  HIGHEST WIND SPEED    22   HIGHEST WIND DIRECTION     W (260)
  HIGHEST GUST SPEED    27   HIGHEST GUST DIRECTION     W (260)
  AVERAGE WIND SPEED     9.2


SKY COVER
  AVERAGE SKY COVER 0.0


WEATHER CONDITIONS
 THE FOLLOWING WEATHER WAS RECORDED YESTERDAY.
  NO SIGNIFICANT WEATHER WAS OBSERVED.


RELATIVE HUMIDITY (PERCENT)
 HIGHEST    96           300 AM
 LOWEST     31           500 PM
 AVERAGE    64

..........................................................


THE CHILDRESS CLIMATE NORMALS FOR TODAY
                         NORMAL    RECORD    YEAR
 MAXIMUM TEMPERATURE (F)   55        79      1999
 MINIMUM TEMPERATURE (F)   28        -1      1943


SUNRISE AND SUNSET
JANUARY 20 2017.......SUNRISE   746 AM CST   SUNSET   559 PM CST
JANUARY 21 2017.......SUNRISE   745 AM CST   SUNSET   600 PM CST


-  INDICATES NEGATIVE NUMBERS.
R  INDICATES RECORD WAS SET OR TIED.
MM INDICATES DATA IS MISSING.
T  INDICATES TRACE AMOUNT.




$$
