000
CDUS44 KLUB 200626
CLICDS


CLIMATE REPORT
NATIONAL WEATHER SERVICE LUBBOCK, TX
1225 AM CST MON FEB 20 2017


...................................

...THE CHILDRESS CLIMATE SUMMARY FOR FEBRUARY 19 2017...

CLIMATE NORMAL PERIOD 1981 TO 2010
CLIMATE RECORD PERIOD 1893 TO 2017


WEATHER ITEM   OBSERVED TIME   RECORD YEAR NORMAL DEPARTURE LAST
                VALUE   (LST)  VALUE       VALUE  FROM      YEAR
                                                  NORMAL
..................................................................
TEMPERATURE (F)
 YESTERDAY
  MAXIMUM         74    341 PM  83    1986  59     15       76
  MINIMUM         46    345 AM   9    1936  33     13       51
  AVERAGE         60                        46     14       64

PRECIPITATION (IN)
  YESTERDAY        T             0.70 1997   0.04  -0.04     0.00
  MONTH TO DATE    2.50                      0.70   1.80      T
  SINCE DEC 1      5.51                      2.34   3.17     1.36
  SINCE JAN 1      4.22                      1.43   2.79     0.51

SNOWFALL (IN)
  YESTERDAY        0.0          MM      MM   0.0    0.0      0.0
  MONTH TO DATE    T                         0.9   -0.9      0.0
  SINCE DEC 1      1.5                       5.3   -3.8      6.2
  SINCE JUL 1      1.5                       6.2   -4.7      7.0
  SNOW DEPTH       0

DEGREE DAYS
 HEATING
  YESTERDAY        5                        19    -14        1
  MONTH TO DATE  273                       397   -124      299
  SINCE DEC 1   1598                      1840   -242     1592
  SINCE JUL 1   1865                      2400   -535     2045

 COOLING
  YESTERDAY        0                         0      0        0
  MONTH TO DATE   10                         0     10        2
  SINCE DEC 1     10                         0     10        2
  SINCE JAN 1     10                         0     10        2
..................................................................


WIND (MPH)
  RESULTANT WIND SPEED   6   RESULTANT WIND DIRECTION   S (170)
  HIGHEST WIND SPEED    21   HIGHEST WIND DIRECTION     W (270)
  HIGHEST GUST SPEED    28   HIGHEST GUST DIRECTION     S (170)
  AVERAGE WIND SPEED     9.5


SKY COVER
  AVERAGE SKY COVER 0.5


WEATHER CONDITIONS
 THE FOLLOWING WEATHER WAS RECORDED YESTERDAY.
  FOG
  FOG W/VISIBILITY <= 1/4 MILE


RELATIVE HUMIDITY (PERCENT)
 HIGHEST   100           200 AM
 LOWEST     45           700 PM
 AVERAGE    73

..........................................................


THE CHILDRESS CLIMATE NORMALS FOR TODAY
                         NORMAL    RECORD    YEAR
 MAXIMUM TEMPERATURE (F)   59        87      1981
 MINIMUM TEMPERATURE (F)   33         6      1905


SUNRISE AND SUNSET
FEBRUARY 20 2017......SUNRISE   721 AM CST   SUNSET   630 PM CST
FEBRUARY 21 2017......SUNRISE   719 AM CST   SUNSET   630 PM CST


-  INDICATES NEGATIVE NUMBERS.
R  INDICATES RECORD WAS SET OR TIED.
MM INDICATES DATA IS MISSING.
T  INDICATES TRACE AMOUNT.




$$
