000
CDUS46 KEKA 291214
CLICEC


CLIMATE REPORT
NATIONAL WEATHER SERVICE EUREKA CA
513 AM PDT MON MAY 29 2017


...................................

...THE CRESCENT CITY CA CLIMATE SUMMARY FOR MAY 28 2017...

CLIMATE NORMAL PERIOD 1981 TO 2010
CLIMATE RECORD PERIOD 1894 TO 2017


WEATHER ITEM   OBSERVED TIME   RECORD YEAR NORMAL DEPARTURE LAST
                VALUE   (LST)  VALUE       VALUE  FROM      YEAR
                                                  NORMAL
..................................................................
TEMPERATURE (F)
 YESTERDAY
  MAXIMUM         56    351 PM  76    1984  59     -3       58
  MINIMUM         51    459 AM  37    1976  48      3       48
  AVERAGE         54                        54      0       53

PRECIPITATION (IN)
  YESTERDAY        0.00          0.55 2002   0.07  -0.07     0.00
  MONTH TO DATE    1.80                      2.69  -0.89     0.38
  SINCE OCT 1     92.65                     60.26  32.39    66.15
  SINCE JAN 1     47.55                     35.02  12.53    31.47

SNOWFALL (IN)
  YESTERDAY        0.0          MM      MM  MM     MM        0.0
  MONTH TO DATE    0.0                      MM     MM        0.0
  SINCE MAR 1      0.0                      MM     MM        0.0
  SINCE JUL 1      0.0                      MM     MM        0.0
  SNOW DEPTH       0

DEGREE DAYS
 HEATING
  YESTERDAY       11                        11      0       12
  MONTH TO DATE  358                       360     -2      307
  SINCE MAR 1   1224                      1344   -120     1056
  SINCE JUL 1   4155                      4517   -362     3534

 COOLING
  YESTERDAY        0                         0      0        0
  MONTH TO DATE    0                         0      0        0
  SINCE MAR 1      0                         0      0        0
  SINCE JAN 1      0                         0      0        0
..................................................................


WIND (MPH)
  HIGHEST WIND SPEED    13   HIGHEST WIND DIRECTION    NW (310)
  HIGHEST GUST SPEED    15   HIGHEST GUST DIRECTION    NW (330)
  AVERAGE WIND SPEED     6.5


SKY COVER
  AVERAGE SKY COVER 1.0


WEATHER CONDITIONS
 THE FOLLOWING WEATHER WAS RECORDED YESTERDAY.
  FOG


RELATIVE HUMIDITY (PERCENT)
 HIGHEST   100
 LOWEST     77
 AVERAGE    89

..........................................................


THE CRESCENT CITY CA CLIMATE NORMALS FOR TODAY
                         NORMAL    RECORD    YEAR
 MAXIMUM TEMPERATURE (F)   59        75      1969
 MINIMUM TEMPERATURE (F)   48        39      2001


SUNRISE AND SUNSET
MAY 29 2017...........SUNRISE   446 AM PST   SUNSET   743 PM PST
MAY 30 2017...........SUNRISE   445 AM PST   SUNSET   744 PM PST


-  INDICATES NEGATIVE NUMBERS.
R  INDICATES RECORD WAS SET OR TIED.
MM INDICATES DATA IS MISSING.
T  INDICATES TRACE AMOUNT.




$$
