000
CDUS46 KEKA 290010
CLICEC


CLIMATE REPORT
NATIONAL WEATHER SERVICE EUREKA CA
510 PM PDT THU AUG 28 2014


...................................

...THE CRESCENT CITY CA CLIMATE SUMMARY FOR AUGUST 28 2014...
VALID TODAY AS OF 0500 PM LOCAL TIME.

CLIMATE NORMAL PERIOD 1981 TO 2010
CLIMATE RECORD PERIOD 1894 TO 2014


WEATHER ITEM   OBSERVED TIME   RECORD YEAR NORMAL DEPARTURE LAST
                VALUE   (LST)  VALUE       VALUE  FROM      YEAR
                                                  NORMAL
..................................................................
TEMPERATURE (F)
 TODAY
  MAXIMUM         62    208 PM  79    1979  63     -1       70
  MINIMUM         54    650 AM  43    1985  51      3       59
  AVERAGE         58                        57      1       65

PRECIPITATION (IN)
  TODAY            0.00          1.36 1954   0.02  -0.02      T
  MONTH TO DATE    0.04                      0.45  -0.41     0.19
  SINCE JUL 1      0.24                      0.86  -0.62     0.19
  SINCE JAN 1     24.83                     37.79 -12.96    20.12

SNOWFALL (IN)
  TODAY            0.0          MM      MM  MM     MM        0.0
  MONTH TO DATE    0.0                      MM     MM        0.0
  SINCE JUN 1      0.0                      MM     MM        0.0
  SINCE JUL 1      0.0                      MM     MM        0.0
  SNOW DEPTH      MM

..................................................................


WIND (MPH)
  HIGHEST WIND SPEED    10   HIGHEST WIND DIRECTION     S (180)
  HIGHEST GUST SPEED    26   HIGHEST GUST DIRECTION    SE (140)
  AVERAGE WIND SPEED     4.2


SKY COVER
  AVERAGE SKY COVER 1.0


WEATHER CONDITIONS
 THE FOLLOWING WEATHER WAS RECORDED TODAY.
  FOG W/VISIBILITY <= 1/4 MILE
  HAZE


RELATIVE HUMIDITY (PERCENT)
 HIGHEST   100
 LOWEST     84
 AVERAGE    92

..........................................................


THE CRESCENT CITY CA CLIMATE NORMALS FOR TOMORROW
                         NORMAL    RECORD    YEAR
 MAXIMUM TEMPERATURE (F)   63        83      1968
 MINIMUM TEMPERATURE (F)   51        43      1998


SUNRISE AND SUNSET
AUGUST 28 2014........SUNRISE   639 AM PDT   SUNSET   757 PM PDT
AUGUST 29 2014........SUNRISE   640 AM PDT   SUNSET   755 PM PDT


-  INDICATES NEGATIVE NUMBERS.
R  INDICATES RECORD WAS SET OR TIED.
MM INDICATES DATA IS MISSING.
T  INDICATES TRACE AMOUNT.




$$
