000
CDUS46 KEKA 201217
CLICEC


CLIMATE REPORT
NATIONAL WEATHER SERVICE EUREKA CA
517 AM PDT WED SEP 20 2017


...................................

...THE CRESCENT CITY CA CLIMATE SUMMARY FOR SEPTEMBER 19 2017...

CLIMATE NORMAL PERIOD 1981 TO 2010
CLIMATE RECORD PERIOD 1894 TO 2017


WEATHER ITEM   OBSERVED TIME   RECORD YEAR NORMAL DEPARTURE LAST
                VALUE   (LST)  VALUE       VALUE  FROM      YEAR
                                                  NORMAL
..................................................................
TEMPERATURE (F)
 YESTERDAY
  MAXIMUM         63   1052 AM  87    1983  62      1       66
  MINIMUM         55   1043 PM  43    2001  49      6       52
  AVERAGE         59                        55      4       59

PRECIPITATION (IN)
  YESTERDAY        0.32          1.11 1973   0.03   0.29     0.00
  MONTH TO DATE    1.02                      0.45   0.57     0.00
  SINCE OCT 1     95.34                     63.55  31.79    67.46
  SINCE JAN 1     50.24                     38.31  11.93    32.78

SNOWFALL (IN)
  YESTERDAY        0.0          MM      MM  MM     MM        0.0
  MONTH TO DATE    0.0                      MM     MM        0.0
  SINCE SEP 1      0.0                      MM     MM        0.0
  SINCE JUL 1      0.0                      MM     MM        0.0
  SNOW DEPTH       0

DEGREE DAYS
 HEATING
  YESTERDAY        6                        10     -4        6
  MONTH TO DATE  108                       171    -63      149
  SINCE SEP 1    108                       171    -63      149
  SINCE JUL 1    606                       691    -85      647

 COOLING
  YESTERDAY        0                         0      0        0
  MONTH TO DATE    6                         0      6        0
  SINCE SEP 1      6                         0      6        0
  SINCE JAN 1      6                         0      6        0
..................................................................


WIND (MPH)
  HIGHEST WIND SPEED    29   HIGHEST WIND DIRECTION     S (170)
  HIGHEST GUST SPEED    33   HIGHEST GUST DIRECTION     S (170)
  AVERAGE WIND SPEED    13.1


SKY COVER
  AVERAGE SKY COVER 0.9


WEATHER CONDITIONS
 THE FOLLOWING WEATHER WAS RECORDED YESTERDAY.
  HEAVY RAIN
  RAIN
  LIGHT RAIN
  FOG
  HAZE


RELATIVE HUMIDITY (PERCENT)
 HIGHEST   100
 LOWEST     78
 AVERAGE    89

..........................................................


THE CRESCENT CITY CA CLIMATE NORMALS FOR TODAY
                         NORMAL    RECORD    YEAR
 MAXIMUM TEMPERATURE (F)   62        87      1983
 MINIMUM TEMPERATURE (F)   49        41      1949


SUNRISE AND SUNSET
SEPTEMBER 20 2017.....SUNRISE   703 AM PDT   SUNSET   717 PM PDT
SEPTEMBER 21 2017.....SUNRISE   704 AM PDT   SUNSET   715 PM PDT


-  INDICATES NEGATIVE NUMBERS.
R  INDICATES RECORD WAS SET OR TIED.
MM INDICATES DATA IS MISSING.
T  INDICATES TRACE AMOUNT.




$$
