036
CDUS46 KEKA 080037
CLICEC


CLIMATE REPORT
NATIONAL WEATHER SERVICE EUREKA CA
429 PM PST SUN FEB 7 2016


...................................

...THE CRESCENT CITY CA CLIMATE SUMMARY FOR FEBRUARY 7 2016...
VALID TODAY AS OF 0400 PM LOCAL TIME.

CLIMATE NORMAL PERIOD 1981 TO 2010
CLIMATE RECORD PERIOD 1894 TO 2016


WEATHER ITEM   OBSERVED TIME   RECORD YEAR NORMAL DEPARTURE LAST
                VALUE   (LST)  VALUE       VALUE  FROM      YEAR
                                                  NORMAL
..................................................................
TEMPERATURE (F)
 TODAY
  MAXIMUM         63    328 PM  72    1987  53     10       61
  MINIMUM         47    650 AM  27    1989  42      5       54
  AVERAGE         55                        47      8       58

PRECIPITATION (IN)
  TODAY            0.00          3.15 1985   0.34  -0.34     0.27
  MONTH TO DATE    0.66                      2.40  -1.74     6.71
  SINCE OCT 1     49.77                     38.03  11.74    29.27
  SINCE JAN 1     15.09                     12.79   2.30     8.44

SNOWFALL (IN)
  TODAY            0.0          MM      MM  MM     MM        0.0
  MONTH TO DATE    0.0                      MM     MM        0.0
  SINCE DEC 1      0.0                      MM     MM        0.0
  SINCE JUL 1      0.0                      MM     MM        0.0
  SNOW DEPTH       0

..................................................................


WIND (MPH)
  HIGHEST WIND SPEED    10   HIGHEST WIND DIRECTION     N (350)
  HIGHEST GUST SPEED    14   HIGHEST GUST DIRECTION     N (360)
  AVERAGE WIND SPEED     5.0


SKY COVER
  AVERAGE SKY COVER 0.0


WEATHER CONDITIONS
 THE FOLLOWING WEATHER WAS RECORDED TODAY.
  FOG
  HAZE


RELATIVE HUMIDITY (PERCENT)
 HIGHEST    96
 LOWEST     67
 AVERAGE    82

..........................................................


THE CRESCENT CITY CA CLIMATE NORMALS FOR TOMORROW
                         NORMAL    RECORD    YEAR
 MAXIMUM TEMPERATURE (F)   53        71      1987
 MINIMUM TEMPERATURE (F)   42        28      1989


SUNRISE AND SUNSET
FEBRUARY  7 2016......SUNRISE   723 AM PST   SUNSET   540 PM PST
FEBRUARY  8 2016......SUNRISE   722 AM PST   SUNSET   541 PM PST


-  INDICATES NEGATIVE NUMBERS.
R  INDICATES RECORD WAS SET OR TIED.
MM INDICATES DATA IS MISSING.
T  INDICATES TRACE AMOUNT.




$$
