889
CDUS46 KEKA 250029
CLICEC


CLIMATE REPORT
NATIONAL WEATHER SERVICE EUREKA CA
429 PM PST FRI NOV 24 2017


...................................

...THE CRESCENT CITY CA CLIMATE SUMMARY FOR NOVEMBER 24 2017...
VALID TODAY AS OF 0400 PM LOCAL TIME.

CLIMATE NORMAL PERIOD 1981 TO 2010
CLIMATE RECORD PERIOD 1894 TO 2017


WEATHER ITEM   OBSERVED TIME   RECORD YEAR NORMAL DEPARTURE LAST
                VALUE   (LST)  VALUE       VALUE  FROM      YEAR
                                                  NORMAL
..................................................................
TEMPERATURE (F)
 TODAY
  MAXIMUM         55    156 PM  69    1975  54      1       56
  MINIMUM         43    712 AM  31    2010  43      0       51
                                      1978
  AVERAGE         49                        49      0       54

PRECIPITATION (IN)
  TODAY            T             3.94 1961   0.30  -0.30     0.46
  MONTH TO DATE    8.12                      7.63   0.49    10.90
  SINCE OCT 1     10.15                     11.87  -1.72    29.58
  SINCE JAN 1     60.63                     50.66   9.97    62.36

SNOWFALL (IN)
  TODAY           MM            MM      MM  MM     MM        0.0
  MONTH TO DATE    0.0                      MM     MM        0.0
  SINCE SEP 1      0.0                      MM     MM        0.0
  SINCE JUL 1      0.0                      MM     MM        0.0
  SNOW DEPTH       0

..................................................................


WIND (MPH)
  HIGHEST WIND SPEED     8   HIGHEST WIND DIRECTION    NW (330)
  HIGHEST GUST SPEED    10   HIGHEST GUST DIRECTION    NW (330)
  AVERAGE WIND SPEED     3.3


SKY COVER
  AVERAGE SKY COVER 0.1


WEATHER CONDITIONS
 THE FOLLOWING WEATHER WAS RECORDED TODAY.
  LIGHT RAIN
  FOG


RELATIVE HUMIDITY (PERCENT)
 HIGHEST   100
 LOWEST     77
 AVERAGE    89

..........................................................


THE CRESCENT CITY CA CLIMATE NORMALS FOR TOMORROW
                         NORMAL    RECORD    YEAR
 MAXIMUM TEMPERATURE (F)   54        68      1975
 MINIMUM TEMPERATURE (F)   43        31      1978


SUNRISE AND SUNSET
NOVEMBER 24 2017......SUNRISE   717 AM PST   SUNSET   450 PM PST
NOVEMBER 25 2017......SUNRISE   719 AM PST   SUNSET   449 PM PST


-  INDICATES NEGATIVE NUMBERS.
R  INDICATES RECORD WAS SET OR TIED.
MM INDICATES DATA IS MISSING.
T  INDICATES TRACE AMOUNT.




$$
