000
CDUS46 KEKA 300024
CLICEC


CLIMATE REPORT
NATIONAL WEATHER SERVICE EUREKA CA
518 PM PDT SUN MAR 29 2015


...................................

...THE CRESCENT CITY CA CLIMATE SUMMARY FOR MARCH 29 2015...
VALID TODAY AS OF 0500 PM LOCAL TIME.

CLIMATE NORMAL PERIOD 1981 TO 2010
CLIMATE RECORD PERIOD 1894 TO 2015


WEATHER ITEM   OBSERVED TIME   RECORD YEAR NORMAL DEPARTURE LAST
                VALUE   (LST)  VALUE       VALUE  FROM      YEAR
                                                  NORMAL
..................................................................
TEMPERATURE (F)
 TODAY
  MAXIMUM         59    325 PM  75    2003  55      4       56
  MINIMUM         43    419 AM  32    2008  43      0       47
                                      1985
  AVERAGE         51                        49      2       52

PRECIPITATION (IN)
  TODAY            0.00          2.81 2012   0.29  -0.29     0.25
  MONTH TO DATE    5.25                      7.28  -2.03     6.67
  SINCE OCT 1     35.74                     51.79 -16.05    22.25
  SINCE JAN 1     14.91                     26.55 -11.64    18.31

SNOWFALL (IN)
  TODAY            0.0          MM      MM  MM     MM       MM
  MONTH TO DATE    0.0                      MM     MM        0.0
  SINCE MAR 1      0.0                      MM     MM        0.0
  SINCE JUL 1      0.0                      MM     MM        0.0
  SNOW DEPTH       0

..................................................................


WIND (MPH)
  HIGHEST WIND SPEED    15   HIGHEST WIND DIRECTION     N (340)
  HIGHEST GUST SPEED    19   HIGHEST GUST DIRECTION     N (350)
  AVERAGE WIND SPEED     6.8


SKY COVER
  AVERAGE SKY COVER 0.2


WEATHER CONDITIONS
 THE FOLLOWING WEATHER WAS RECORDED TODAY.
  FOG
  FOG W/VISIBILITY <= 1/4 MILE


RELATIVE HUMIDITY (PERCENT)
 HIGHEST   100
 LOWEST     62
 AVERAGE    81

..........................................................


THE CRESCENT CITY CA CLIMATE NORMALS FOR TOMORROW
                         NORMAL    RECORD    YEAR
 MAXIMUM TEMPERATURE (F)   55        74      1987
 MINIMUM TEMPERATURE (F)   43        32      2010


SUNRISE AND SUNSET
MARCH 29 2015.........SUNRISE   705 AM PDT   SUNSET   739 PM PDT
MARCH 30 2015.........SUNRISE   703 AM PDT   SUNSET   740 PM PDT


-  INDICATES NEGATIVE NUMBERS.
R  INDICATES RECORD WAS SET OR TIED.
MM INDICATES DATA IS MISSING.
T  INDICATES TRACE AMOUNT.




$$
